Build Information
Failed to build arcgis-maps-sdk-swift-toolkit, reference 300.1.0 (3fd435), with Swift 6.1 for watchOS using Xcode 16.3 on 12 Aug 2026 21:14:42 UTC.
Build Command
No build command. This typically means the build failed at an early stage where we determine the build command.Build Log
========================================
RunAll
========================================
Builder version: undefined version: run 'make version' to update
Interrupt handler set up.
========================================
Checkout
========================================
Clone URL: https://github.com/Esri/arcgis-maps-sdk-swift-toolkit.git
Reference: 300.1.0
Initialized empty Git repository in /Users/admin/builder/spi-builder-workspace/.git/
From https://github.com/Esri/arcgis-maps-sdk-swift-toolkit
* tag 300.1.0 -> FETCH_HEAD
HEAD is now at 3fd435e Merge pull request #1528 from Esri/v.next
Cloned https://github.com/Esri/arcgis-maps-sdk-swift-toolkit.git
Revision (git rev-parse @):
3fd435e5c77fcb3df87ba48d36dd97bbd19be269
SPI manifest file found: $PWD/.spi.yml
SUCCESS checkout https://github.com/Esri/arcgis-maps-sdk-swift-toolkit.git at 300.1.0
========================================
Build
========================================
Selected platform: watchOS
Swift version: 6.1
Building package at path: $PWD
https://github.com/Esri/arcgis-maps-sdk-swift-toolkit.git
https://github.com/Esri/arcgis-maps-sdk-swift-toolkit.git
error: 'spi-builder-workspace': package 'spi-builder-workspace' is using Swift tools version 6.2.0 but the installed version is 6.1.0
error: fatalError
Command line invocation:
/Applications/Xcode-16.3.0.app/Contents/Developer/usr/bin/xcodebuild -IDEClonedSourcePackagesDirPathOverride=/Users/admin/builder/spi-builder-workspace/.dependencies -resolvePackageDependencies
Resolve Package Graph
package 'spi-builder-workspace' is using Swift tools version 6.2.0 but the installed version is 6.1.0
Resolved source packages:
spi-builder-workspace: (null)
2026-08-12 14:14:41.637 xcodebuild[505:2926] Writing error result bundle to /var/folders/5k/5yc19ymj0jqd5v0zvgfqz0xw0000gn/T/ResultBundle_2026-12-08_14-14-0041.xcresult
xcodebuild: error: Could not resolve package dependencies:
package 'spi-builder-workspace' is using Swift tools version 6.2.0 but the installed version is 6.1.0
Command line invocation:
/Applications/Xcode-16.3.0.app/Contents/Developer/usr/bin/xcodebuild -IDEClonedSourcePackagesDirPathOverride=/Users/admin/builder/spi-builder-workspace/.dependencies -resolvePackageDependencies
Resolve Package Graph
package 'spi-builder-workspace' is using Swift tools version 6.2.0 but the installed version is 6.1.0
Resolved source packages:
spi-builder-workspace: (null)
2026-08-12 14:14:42.422 xcodebuild[521:3061] Writing error result bundle to /var/folders/5k/5yc19ymj0jqd5v0zvgfqz0xw0000gn/T/ResultBundle_2026-12-08_14-14-0042.xcresult
xcodebuild: error: Could not resolve package dependencies:
package 'spi-builder-workspace' is using Swift tools version 6.2.0 but the installed version is 6.1.0
BUILD FAILURE 6.1 watchOS