Build Information
Failed to build swift-hls-kit, reference 0.6.1 (36e481), with Swift 6.4 for watchOS using Xcode 27.0 on 25 Sep 2026 10:44:23 UTC.
Build Command
env DEVELOPER_DIR=/Applications/Xcode-27.0.0-Release.Candidate.app xcrun xcodebuild -IDEClonedSourcePackagesDirPathOverride=$PWD/.dependencies -skipMacroValidation -skipPackagePluginValidation -derivedDataPath $PWD/.derivedData build -scheme swift-hls-kit-Package -destination generic/platform=watchOSBuild Log
builtin-SwiftPerFileCompile TSSegmenter.swift
SwiftCompile normal arm64 /Users/admin/builder/spi-builder-workspace/Sources/HLSKit/Segmenter/TSSegmenterCodecExtraction.swift (in target 'HLSKit' from project 'swift-hls-kit')
cd /Users/admin/builder/spi-builder-workspace/.swiftpm/xcode
builtin-SwiftPerFileCompile TSSegmenterCodecExtraction.swift
SwiftCompile normal arm64 /Users/admin/builder/spi-builder-workspace/Sources/HLSKit/Segmenter/TSSegmenterPlaylist.swift (in target 'HLSKit' from project 'swift-hls-kit')
cd /Users/admin/builder/spi-builder-workspace/.swiftpm/xcode
builtin-SwiftPerFileCompile TSSegmenterPlaylist.swift
SwiftCompile normal arm64 /Users/admin/builder/spi-builder-workspace/Sources/HLSKit/Spatial/MVHEVCEncoder.swift (in target 'HLSKit' from project 'swift-hls-kit')
cd /Users/admin/builder/spi-builder-workspace/.swiftpm/xcode
builtin-SwiftPerFileCompile MVHEVCEncoder.swift
SwiftCompile normal arm64 /Users/admin/builder/spi-builder-workspace/Sources/HLSKit/Spatial/MVHEVCMediaSegmentBoxes.swift (in target 'HLSKit' from project 'swift-hls-kit')
cd /Users/admin/builder/spi-builder-workspace/.swiftpm/xcode
builtin-SwiftPerFileCompile MVHEVCMediaSegmentBoxes.swift
SwiftCompile normal arm64 /Users/admin/builder/spi-builder-workspace/Sources/HLSKit/Spatial/MVHEVCPackager.swift (in target 'HLSKit' from project 'swift-hls-kit')
cd /Users/admin/builder/spi-builder-workspace/.swiftpm/xcode
builtin-SwiftPerFileCompile MVHEVCPackager.swift
SwiftCompile normal arm64 /Users/admin/builder/spi-builder-workspace/Sources/HLSKit/Spatial/MVHEVCPackagerBoxes.swift (in target 'HLSKit' from project 'swift-hls-kit')
cd /Users/admin/builder/spi-builder-workspace/.swiftpm/xcode
builtin-SwiftPerFileCompile MVHEVCPackagerBoxes.swift
SwiftCompile normal arm64 /Users/admin/builder/spi-builder-workspace/Sources/HLSKit/Spatial/MVHEVCSampleProcessor.swift (in target 'HLSKit' from project 'swift-hls-kit')
cd /Users/admin/builder/spi-builder-workspace/.swiftpm/xcode
builtin-SwiftPerFileCompile MVHEVCSampleProcessor.swift
SwiftCompile normal arm64 /Users/admin/builder/spi-builder-workspace/Sources/HLSKit/Spatial/SpatialVideoConfiguration.swift (in target 'HLSKit' from project 'swift-hls-kit')
cd /Users/admin/builder/spi-builder-workspace/.swiftpm/xcode
builtin-SwiftPerFileCompile SpatialVideoConfiguration.swift
SwiftCompile normal arm64 /Users/admin/builder/spi-builder-workspace/Sources/HLSKit/Spatial/VideoChannelLayout.swift (in target 'HLSKit' from project 'swift-hls-kit')
cd /Users/admin/builder/spi-builder-workspace/.swiftpm/xcode
builtin-SwiftPerFileCompile VideoChannelLayout.swift
SwiftCompile normal arm64 /Users/admin/builder/spi-builder-workspace/Sources/HLSKit/Spatial/VideoLayoutDescriptor.swift (in target 'HLSKit' from project 'swift-hls-kit')
cd /Users/admin/builder/spi-builder-workspace/.swiftpm/xcode
builtin-SwiftPerFileCompile VideoLayoutDescriptor.swift
SwiftCompile normal arm64 /Users/admin/builder/spi-builder-workspace/Sources/HLSKit/Spatial/VideoProjection.swift (in target 'HLSKit' from project 'swift-hls-kit')
cd /Users/admin/builder/spi-builder-workspace/.swiftpm/xcode
builtin-SwiftPerFileCompile VideoProjection.swift
SwiftCompile normal arm64 /Users/admin/builder/spi-builder-workspace/Sources/HLSKit/SpatialAudio/AC3Encoder.swift (in target 'HLSKit' from project 'swift-hls-kit')
cd /Users/admin/builder/spi-builder-workspace/.swiftpm/xcode
builtin-SwiftPerFileCompile AC3Encoder.swift
SwiftCompile normal arm64 /Users/admin/builder/spi-builder-workspace/Sources/HLSKit/SpatialAudio/DolbyAtmosEncoder.swift (in target 'HLSKit' from project 'swift-hls-kit')
cd /Users/admin/builder/spi-builder-workspace/.swiftpm/xcode
builtin-SwiftPerFileCompile DolbyAtmosEncoder.swift
SwiftCompile normal arm64 /Users/admin/builder/spi-builder-workspace/Sources/HLSKit/SpatialAudio/HiResAudioConfig.swift (in target 'HLSKit' from project 'swift-hls-kit')
cd /Users/admin/builder/spi-builder-workspace/.swiftpm/xcode
builtin-SwiftPerFileCompile HiResAudioConfig.swift
SwiftCompile normal arm64 /Users/admin/builder/spi-builder-workspace/Sources/HLSKit/SpatialAudio/MultiChannelLayout.swift (in target 'HLSKit' from project 'swift-hls-kit')
cd /Users/admin/builder/spi-builder-workspace/.swiftpm/xcode
builtin-SwiftPerFileCompile MultiChannelLayout.swift
SwiftCompile normal arm64 /Users/admin/builder/spi-builder-workspace/Sources/HLSKit/SpatialAudio/SpatialAudioConfig.swift (in target 'HLSKit' from project 'swift-hls-kit')
cd /Users/admin/builder/spi-builder-workspace/.swiftpm/xcode
builtin-SwiftPerFileCompile SpatialAudioConfig.swift
SwiftCompile normal arm64 /Users/admin/builder/spi-builder-workspace/Sources/HLSKit/SpatialAudio/SpatialAudioEncoder.swift (in target 'HLSKit' from project 'swift-hls-kit')
cd /Users/admin/builder/spi-builder-workspace/.swiftpm/xcode
builtin-SwiftPerFileCompile SpatialAudioEncoder.swift
SwiftCompile normal arm64 /Users/admin/builder/spi-builder-workspace/Sources/HLSKit/SpatialAudio/SpatialRenditionGenerator.swift (in target 'HLSKit' from project 'swift-hls-kit')
cd /Users/admin/builder/spi-builder-workspace/.swiftpm/xcode
builtin-SwiftPerFileCompile SpatialRenditionGenerator.swift
SwiftCompile normal arm64 /Users/admin/builder/spi-builder-workspace/Sources/HLSKit/Subtitles/IMSC1Document.swift (in target 'HLSKit' from project 'swift-hls-kit')
cd /Users/admin/builder/spi-builder-workspace/.swiftpm/xcode
builtin-SwiftPerFileCompile IMSC1Document.swift
SwiftCompile normal arm64 /Users/admin/builder/spi-builder-workspace/Sources/HLSKit/Subtitles/IMSC1Parser.swift (in target 'HLSKit' from project 'swift-hls-kit')
cd /Users/admin/builder/spi-builder-workspace/.swiftpm/xcode
builtin-SwiftPerFileCompile IMSC1Parser.swift
SwiftCompile normal arm64 /Users/admin/builder/spi-builder-workspace/Sources/HLSKit/Subtitles/IMSC1Renderer.swift (in target 'HLSKit' from project 'swift-hls-kit')
cd /Users/admin/builder/spi-builder-workspace/.swiftpm/xcode
builtin-SwiftPerFileCompile IMSC1Renderer.swift
SwiftDriverJobDiscovery normal arm64_32 Compiling SourceAnalyzer.swift, TrackProcessing.swift, TranscodingConfig.swift, TranscodingError.swift, TranscodingProtocol.swift, TranscodingResult.swift, TranscodingSession.swift, VariantPlaylistBuilder.swift, VideoProfile.swift, ADTSConverter.swift, AnnexBConverter.swift, PESPacketizer.swift, ProgramTables.swift, TSPacket.swift, TSPacketWriter.swift, TSSegmentBuilder.swift, TransportError.swift, LockedState.swift, AppleHLSRules.swift, HLSValidator.swift, RFC8216MediaRules.swift, RFC8216Rules.swift, ValidationReport.swift, VariableRules.swift (in target 'HLSKit' from project 'swift-hls-kit')
SwiftCompile normal arm64_32 Compiling\ AccessibilityRenditionGenerator.swift,\ AudioDescriptionConfig.swift,\ ClosedCaptionConfig.swift,\ LiveSubtitlePlaylist.swift,\ LiveWebVTTWriter.swift,\ AudioFormatConverter.swift,\ AudioNormalizer.swift,\ ChannelMixer.swift,\ LevelMeter.swift,\ LoudnessMeter.swift,\ SampleRateConverter.swift,\ SilenceDetector.swift,\ MasterPlaylistBuilder.swift,\ MediaPlaylistBuilder.swift,\ BinaryReader.swift,\ BinaryWriter.swift,\ InitSegmentWriter.swift,\ MP4Box.swift,\ MP4BoxReader.swift,\ MP4Error.swift,\ MP4InfoParser.swift,\ MP4TrackInfo.swift,\ MediaSegmentWriter.swift,\ MediaSegmentWriterTypes.swift,\ SampleLocator.swift /Users/admin/builder/spi-builder-workspace/Sources/HLSKit/Accessibility/AccessibilityRenditionGenerator.swift /Users/admin/builder/spi-builder-workspace/Sources/HLSKit/Accessibility/AudioDescriptionConfig.swift /Users/admin/builder/spi-builder-workspace/Sources/HLSKit/Accessibility/ClosedCaptionConfig.swift /Users/admin/builder/spi-builder-workspace/Sources/HLSKit/Accessibility/LiveSubtitlePlaylist.swift /Users/admin/builder/spi-builder-workspace/Sources/HLSKit/Accessibility/LiveWebVTTWriter.swift /Users/admin/builder/spi-builder-workspace/Sources/HLSKit/Audio/AudioFormatConverter.swift /Users/admin/builder/spi-builder-workspace/Sources/HLSKit/Audio/AudioNormalizer.swift /Users/admin/builder/spi-builder-workspace/Sources/HLSKit/Audio/ChannelMixer.swift /Users/admin/builder/spi-builder-workspace/Sources/HLSKit/Audio/LevelMeter.swift /Users/admin/builder/spi-builder-workspace/Sources/HLSKit/Audio/LoudnessMeter.swift /Users/admin/builder/spi-builder-workspace/Sources/HLSKit/Audio/SampleRateConverter.swift /Users/admin/builder/spi-builder-workspace/Sources/HLSKit/Audio/SilenceDetector.swift /Users/admin/builder/spi-builder-workspace/Sources/HLSKit/Builder/MasterPlaylistBuilder.swift /Users/admin/builder/spi-builder-workspace/Sources/HLSKit/Builder/MediaPlaylistBuilder.swift /Users/admin/builder/spi-builder-workspace/Sources/HLSKit/Container/BinaryReader.swift /Users/admin/builder/spi-builder-workspace/Sources/HLSKit/Container/BinaryWriter.swift /Users/admin/builder/spi-builder-workspace/Sources/HLSKit/Container/InitSegmentWriter.swift /Users/admin/builder/spi-builder-workspace/Sources/HLSKit/Container/MP4Box.swift /Users/admin/builder/spi-builder-workspace/Sources/HLSKit/Container/MP4BoxReader.swift /Users/admin/builder/spi-builder-workspace/Sources/HLSKit/Container/MP4Error.swift /Users/admin/builder/spi-builder-workspace/Sources/HLSKit/Container/MP4InfoParser.swift /Users/admin/builder/spi-builder-workspace/Sources/HLSKit/Container/MP4TrackInfo.swift /Users/admin/builder/spi-builder-workspace/Sources/HLSKit/Container/MediaSegmentWriter.swift /Users/admin/builder/spi-builder-workspace/Sources/HLSKit/Container/MediaSegmentWriterTypes.swift /Users/admin/builder/spi-builder-workspace/Sources/HLSKit/Container/SampleLocator.swift (in target 'HLSKit' from project 'swift-hls-kit')
SwiftCompile normal arm64_32 /Users/admin/builder/spi-builder-workspace/Sources/HLSKit/Accessibility/AccessibilityRenditionGenerator.swift (in target 'HLSKit' from project 'swift-hls-kit')
cd /Users/admin/builder/spi-builder-workspace/.swiftpm/xcode
builtin-SwiftPerFileCompile AccessibilityRenditionGenerator.swift
SwiftCompile normal arm64_32 /Users/admin/builder/spi-builder-workspace/Sources/HLSKit/Accessibility/AudioDescriptionConfig.swift (in target 'HLSKit' from project 'swift-hls-kit')
cd /Users/admin/builder/spi-builder-workspace/.swiftpm/xcode
builtin-SwiftPerFileCompile AudioDescriptionConfig.swift
SwiftCompile normal arm64_32 /Users/admin/builder/spi-builder-workspace/Sources/HLSKit/Accessibility/ClosedCaptionConfig.swift (in target 'HLSKit' from project 'swift-hls-kit')
cd /Users/admin/builder/spi-builder-workspace/.swiftpm/xcode
builtin-SwiftPerFileCompile ClosedCaptionConfig.swift
SwiftCompile normal arm64_32 /Users/admin/builder/spi-builder-workspace/Sources/HLSKit/Accessibility/LiveSubtitlePlaylist.swift (in target 'HLSKit' from project 'swift-hls-kit')
cd /Users/admin/builder/spi-builder-workspace/.swiftpm/xcode
builtin-SwiftPerFileCompile LiveSubtitlePlaylist.swift
SwiftCompile normal arm64_32 /Users/admin/builder/spi-builder-workspace/Sources/HLSKit/Accessibility/LiveWebVTTWriter.swift (in target 'HLSKit' from project 'swift-hls-kit')
cd /Users/admin/builder/spi-builder-workspace/.swiftpm/xcode
builtin-SwiftPerFileCompile LiveWebVTTWriter.swift
SwiftCompile normal arm64_32 /Users/admin/builder/spi-builder-workspace/Sources/HLSKit/Audio/AudioFormatConverter.swift (in target 'HLSKit' from project 'swift-hls-kit')
cd /Users/admin/builder/spi-builder-workspace/.swiftpm/xcode
builtin-SwiftPerFileCompile AudioFormatConverter.swift
SwiftCompile normal arm64_32 /Users/admin/builder/spi-builder-workspace/Sources/HLSKit/Audio/AudioNormalizer.swift (in target 'HLSKit' from project 'swift-hls-kit')
cd /Users/admin/builder/spi-builder-workspace/.swiftpm/xcode
builtin-SwiftPerFileCompile AudioNormalizer.swift
SwiftCompile normal arm64_32 /Users/admin/builder/spi-builder-workspace/Sources/HLSKit/Audio/ChannelMixer.swift (in target 'HLSKit' from project 'swift-hls-kit')
cd /Users/admin/builder/spi-builder-workspace/.swiftpm/xcode
builtin-SwiftPerFileCompile ChannelMixer.swift
SwiftCompile normal arm64_32 /Users/admin/builder/spi-builder-workspace/Sources/HLSKit/Audio/LevelMeter.swift (in target 'HLSKit' from project 'swift-hls-kit')
cd /Users/admin/builder/spi-builder-workspace/.swiftpm/xcode
builtin-SwiftPerFileCompile LevelMeter.swift
SwiftCompile normal arm64_32 /Users/admin/builder/spi-builder-workspace/Sources/HLSKit/Audio/LoudnessMeter.swift (in target 'HLSKit' from project 'swift-hls-kit')
cd /Users/admin/builder/spi-builder-workspace/.swiftpm/xcode
builtin-SwiftPerFileCompile LoudnessMeter.swift
SwiftCompile normal arm64_32 /Users/admin/builder/spi-builder-workspace/Sources/HLSKit/Audio/SampleRateConverter.swift (in target 'HLSKit' from project 'swift-hls-kit')
cd /Users/admin/builder/spi-builder-workspace/.swiftpm/xcode
builtin-SwiftPerFileCompile SampleRateConverter.swift
SwiftCompile normal arm64_32 /Users/admin/builder/spi-builder-workspace/Sources/HLSKit/Audio/SilenceDetector.swift (in target 'HLSKit' from project 'swift-hls-kit')
cd /Users/admin/builder/spi-builder-workspace/.swiftpm/xcode
builtin-SwiftPerFileCompile SilenceDetector.swift
SwiftCompile normal arm64_32 /Users/admin/builder/spi-builder-workspace/Sources/HLSKit/Builder/MasterPlaylistBuilder.swift (in target 'HLSKit' from project 'swift-hls-kit')
cd /Users/admin/builder/spi-builder-workspace/.swiftpm/xcode
builtin-SwiftPerFileCompile MasterPlaylistBuilder.swift
SwiftCompile normal arm64_32 /Users/admin/builder/spi-builder-workspace/Sources/HLSKit/Builder/MediaPlaylistBuilder.swift (in target 'HLSKit' from project 'swift-hls-kit')
cd /Users/admin/builder/spi-builder-workspace/.swiftpm/xcode
builtin-SwiftPerFileCompile MediaPlaylistBuilder.swift
SwiftCompile normal arm64_32 /Users/admin/builder/spi-builder-workspace/Sources/HLSKit/Container/BinaryReader.swift (in target 'HLSKit' from project 'swift-hls-kit')
cd /Users/admin/builder/spi-builder-workspace/.swiftpm/xcode
builtin-SwiftPerFileCompile BinaryReader.swift
SwiftCompile normal arm64_32 /Users/admin/builder/spi-builder-workspace/Sources/HLSKit/Container/BinaryWriter.swift (in target 'HLSKit' from project 'swift-hls-kit')
cd /Users/admin/builder/spi-builder-workspace/.swiftpm/xcode
builtin-SwiftPerFileCompile BinaryWriter.swift
SwiftCompile normal arm64_32 /Users/admin/builder/spi-builder-workspace/Sources/HLSKit/Container/InitSegmentWriter.swift (in target 'HLSKit' from project 'swift-hls-kit')
cd /Users/admin/builder/spi-builder-workspace/.swiftpm/xcode
builtin-SwiftPerFileCompile InitSegmentWriter.swift
SwiftCompile normal arm64_32 /Users/admin/builder/spi-builder-workspace/Sources/HLSKit/Container/MP4Box.swift (in target 'HLSKit' from project 'swift-hls-kit')
cd /Users/admin/builder/spi-builder-workspace/.swiftpm/xcode
builtin-SwiftPerFileCompile MP4Box.swift
SwiftCompile normal arm64_32 /Users/admin/builder/spi-builder-workspace/Sources/HLSKit/Container/MP4BoxReader.swift (in target 'HLSKit' from project 'swift-hls-kit')
cd /Users/admin/builder/spi-builder-workspace/.swiftpm/xcode
builtin-SwiftPerFileCompile MP4BoxReader.swift
SwiftCompile normal arm64_32 /Users/admin/builder/spi-builder-workspace/Sources/HLSKit/Container/MP4Error.swift (in target 'HLSKit' from project 'swift-hls-kit')
cd /Users/admin/builder/spi-builder-workspace/.swiftpm/xcode
builtin-SwiftPerFileCompile MP4Error.swift
SwiftCompile normal arm64_32 /Users/admin/builder/spi-builder-workspace/Sources/HLSKit/Container/MP4InfoParser.swift (in target 'HLSKit' from project 'swift-hls-kit')
cd /Users/admin/builder/spi-builder-workspace/.swiftpm/xcode
builtin-SwiftPerFileCompile MP4InfoParser.swift
SwiftCompile normal arm64_32 /Users/admin/builder/spi-builder-workspace/Sources/HLSKit/Container/MP4TrackInfo.swift (in target 'HLSKit' from project 'swift-hls-kit')
cd /Users/admin/builder/spi-builder-workspace/.swiftpm/xcode
builtin-SwiftPerFileCompile MP4TrackInfo.swift
SwiftCompile normal arm64_32 /Users/admin/builder/spi-builder-workspace/Sources/HLSKit/Container/MediaSegmentWriter.swift (in target 'HLSKit' from project 'swift-hls-kit')
cd /Users/admin/builder/spi-builder-workspace/.swiftpm/xcode
builtin-SwiftPerFileCompile MediaSegmentWriter.swift
SwiftCompile normal arm64_32 /Users/admin/builder/spi-builder-workspace/Sources/HLSKit/Container/MediaSegmentWriterTypes.swift (in target 'HLSKit' from project 'swift-hls-kit')
cd /Users/admin/builder/spi-builder-workspace/.swiftpm/xcode
builtin-SwiftPerFileCompile MediaSegmentWriterTypes.swift
SwiftCompile normal arm64_32 /Users/admin/builder/spi-builder-workspace/Sources/HLSKit/Container/SampleLocator.swift (in target 'HLSKit' from project 'swift-hls-kit')
cd /Users/admin/builder/spi-builder-workspace/.swiftpm/xcode
builtin-SwiftPerFileCompile SampleLocator.swift
SwiftCompile normal arm64 Compiling\ AccessibilityRenditionGenerator.swift,\ AudioDescriptionConfig.swift,\ ClosedCaptionConfig.swift,\ LiveSubtitlePlaylist.swift,\ LiveWebVTTWriter.swift,\ AudioFormatConverter.swift,\ AudioNormalizer.swift,\ ChannelMixer.swift,\ LevelMeter.swift,\ LoudnessMeter.swift,\ SampleRateConverter.swift,\ SilenceDetector.swift,\ MasterPlaylistBuilder.swift,\ MediaPlaylistBuilder.swift,\ BinaryReader.swift,\ BinaryWriter.swift,\ InitSegmentWriter.swift,\ MP4Box.swift,\ MP4BoxReader.swift,\ MP4Error.swift,\ MP4InfoParser.swift,\ MP4TrackInfo.swift,\ MediaSegmentWriter.swift,\ MediaSegmentWriterTypes.swift,\ SampleLocator.swift /Users/admin/builder/spi-builder-workspace/Sources/HLSKit/Accessibility/AccessibilityRenditionGenerator.swift /Users/admin/builder/spi-builder-workspace/Sources/HLSKit/Accessibility/AudioDescriptionConfig.swift /Users/admin/builder/spi-builder-workspace/Sources/HLSKit/Accessibility/ClosedCaptionConfig.swift /Users/admin/builder/spi-builder-workspace/Sources/HLSKit/Accessibility/LiveSubtitlePlaylist.swift /Users/admin/builder/spi-builder-workspace/Sources/HLSKit/Accessibility/LiveWebVTTWriter.swift /Users/admin/builder/spi-builder-workspace/Sources/HLSKit/Audio/AudioFormatConverter.swift /Users/admin/builder/spi-builder-workspace/Sources/HLSKit/Audio/AudioNormalizer.swift /Users/admin/builder/spi-builder-workspace/Sources/HLSKit/Audio/ChannelMixer.swift /Users/admin/builder/spi-builder-workspace/Sources/HLSKit/Audio/LevelMeter.swift /Users/admin/builder/spi-builder-workspace/Sources/HLSKit/Audio/LoudnessMeter.swift /Users/admin/builder/spi-builder-workspace/Sources/HLSKit/Audio/SampleRateConverter.swift /Users/admin/builder/spi-builder-workspace/Sources/HLSKit/Audio/SilenceDetector.swift /Users/admin/builder/spi-builder-workspace/Sources/HLSKit/Builder/MasterPlaylistBuilder.swift /Users/admin/builder/spi-builder-workspace/Sources/HLSKit/Builder/MediaPlaylistBuilder.swift /Users/admin/builder/spi-builder-workspace/Sources/HLSKit/Container/BinaryReader.swift /Users/admin/builder/spi-builder-workspace/Sources/HLSKit/Container/BinaryWriter.swift /Users/admin/builder/spi-builder-workspace/Sources/HLSKit/Container/InitSegmentWriter.swift /Users/admin/builder/spi-builder-workspace/Sources/HLSKit/Container/MP4Box.swift /Users/admin/builder/spi-builder-workspace/Sources/HLSKit/Container/MP4BoxReader.swift /Users/admin/builder/spi-builder-workspace/Sources/HLSKit/Container/MP4Error.swift /Users/admin/builder/spi-builder-workspace/Sources/HLSKit/Container/MP4InfoParser.swift /Users/admin/builder/spi-builder-workspace/Sources/HLSKit/Container/MP4TrackInfo.swift /Users/admin/builder/spi-builder-workspace/Sources/HLSKit/Container/MediaSegmentWriter.swift /Users/admin/builder/spi-builder-workspace/Sources/HLSKit/Container/MediaSegmentWriterTypes.swift /Users/admin/builder/spi-builder-workspace/Sources/HLSKit/Container/SampleLocator.swift (in target 'HLSKit' from project 'swift-hls-kit')
SwiftCompile normal arm64 /Users/admin/builder/spi-builder-workspace/Sources/HLSKit/Accessibility/AccessibilityRenditionGenerator.swift (in target 'HLSKit' from project 'swift-hls-kit')
cd /Users/admin/builder/spi-builder-workspace/.swiftpm/xcode
builtin-SwiftPerFileCompile AccessibilityRenditionGenerator.swift
SwiftCompile normal arm64 /Users/admin/builder/spi-builder-workspace/Sources/HLSKit/Accessibility/AudioDescriptionConfig.swift (in target 'HLSKit' from project 'swift-hls-kit')
cd /Users/admin/builder/spi-builder-workspace/.swiftpm/xcode
builtin-SwiftPerFileCompile AudioDescriptionConfig.swift
SwiftCompile normal arm64 /Users/admin/builder/spi-builder-workspace/Sources/HLSKit/Accessibility/ClosedCaptionConfig.swift (in target 'HLSKit' from project 'swift-hls-kit')
cd /Users/admin/builder/spi-builder-workspace/.swiftpm/xcode
builtin-SwiftPerFileCompile ClosedCaptionConfig.swift
SwiftCompile normal arm64 /Users/admin/builder/spi-builder-workspace/Sources/HLSKit/Accessibility/LiveSubtitlePlaylist.swift (in target 'HLSKit' from project 'swift-hls-kit')
cd /Users/admin/builder/spi-builder-workspace/.swiftpm/xcode
builtin-SwiftPerFileCompile LiveSubtitlePlaylist.swift
SwiftCompile normal arm64 /Users/admin/builder/spi-builder-workspace/Sources/HLSKit/Accessibility/LiveWebVTTWriter.swift (in target 'HLSKit' from project 'swift-hls-kit')
cd /Users/admin/builder/spi-builder-workspace/.swiftpm/xcode
builtin-SwiftPerFileCompile LiveWebVTTWriter.swift
SwiftCompile normal arm64 /Users/admin/builder/spi-builder-workspace/Sources/HLSKit/Audio/AudioFormatConverter.swift (in target 'HLSKit' from project 'swift-hls-kit')
cd /Users/admin/builder/spi-builder-workspace/.swiftpm/xcode
builtin-SwiftPerFileCompile AudioFormatConverter.swift
SwiftCompile normal arm64 /Users/admin/builder/spi-builder-workspace/Sources/HLSKit/Audio/AudioNormalizer.swift (in target 'HLSKit' from project 'swift-hls-kit')
cd /Users/admin/builder/spi-builder-workspace/.swiftpm/xcode
builtin-SwiftPerFileCompile AudioNormalizer.swift
SwiftCompile normal arm64 /Users/admin/builder/spi-builder-workspace/Sources/HLSKit/Audio/ChannelMixer.swift (in target 'HLSKit' from project 'swift-hls-kit')
cd /Users/admin/builder/spi-builder-workspace/.swiftpm/xcode
builtin-SwiftPerFileCompile ChannelMixer.swift
SwiftCompile normal arm64 /Users/admin/builder/spi-builder-workspace/Sources/HLSKit/Audio/LevelMeter.swift (in target 'HLSKit' from project 'swift-hls-kit')
cd /Users/admin/builder/spi-builder-workspace/.swiftpm/xcode
builtin-SwiftPerFileCompile LevelMeter.swift
SwiftCompile normal arm64 /Users/admin/builder/spi-builder-workspace/Sources/HLSKit/Audio/LoudnessMeter.swift (in target 'HLSKit' from project 'swift-hls-kit')
cd /Users/admin/builder/spi-builder-workspace/.swiftpm/xcode
builtin-SwiftPerFileCompile LoudnessMeter.swift
SwiftCompile normal arm64 /Users/admin/builder/spi-builder-workspace/Sources/HLSKit/Audio/SampleRateConverter.swift (in target 'HLSKit' from project 'swift-hls-kit')
cd /Users/admin/builder/spi-builder-workspace/.swiftpm/xcode
builtin-SwiftPerFileCompile SampleRateConverter.swift
SwiftCompile normal arm64 /Users/admin/builder/spi-builder-workspace/Sources/HLSKit/Audio/SilenceDetector.swift (in target 'HLSKit' from project 'swift-hls-kit')
cd /Users/admin/builder/spi-builder-workspace/.swiftpm/xcode
builtin-SwiftPerFileCompile SilenceDetector.swift
SwiftCompile normal arm64 /Users/admin/builder/spi-builder-workspace/Sources/HLSKit/Builder/MasterPlaylistBuilder.swift (in target 'HLSKit' from project 'swift-hls-kit')
cd /Users/admin/builder/spi-builder-workspace/.swiftpm/xcode
builtin-SwiftPerFileCompile MasterPlaylistBuilder.swift
SwiftCompile normal arm64 /Users/admin/builder/spi-builder-workspace/Sources/HLSKit/Builder/MediaPlaylistBuilder.swift (in target 'HLSKit' from project 'swift-hls-kit')
cd /Users/admin/builder/spi-builder-workspace/.swiftpm/xcode
builtin-SwiftPerFileCompile MediaPlaylistBuilder.swift
SwiftCompile normal arm64 /Users/admin/builder/spi-builder-workspace/Sources/HLSKit/Container/BinaryReader.swift (in target 'HLSKit' from project 'swift-hls-kit')
cd /Users/admin/builder/spi-builder-workspace/.swiftpm/xcode
builtin-SwiftPerFileCompile BinaryReader.swift
SwiftCompile normal arm64 /Users/admin/builder/spi-builder-workspace/Sources/HLSKit/Container/BinaryWriter.swift (in target 'HLSKit' from project 'swift-hls-kit')
cd /Users/admin/builder/spi-builder-workspace/.swiftpm/xcode
builtin-SwiftPerFileCompile BinaryWriter.swift
SwiftCompile normal arm64 /Users/admin/builder/spi-builder-workspace/Sources/HLSKit/Container/InitSegmentWriter.swift (in target 'HLSKit' from project 'swift-hls-kit')
cd /Users/admin/builder/spi-builder-workspace/.swiftpm/xcode
builtin-SwiftPerFileCompile InitSegmentWriter.swift
SwiftCompile normal arm64 /Users/admin/builder/spi-builder-workspace/Sources/HLSKit/Container/MP4Box.swift (in target 'HLSKit' from project 'swift-hls-kit')
cd /Users/admin/builder/spi-builder-workspace/.swiftpm/xcode
builtin-SwiftPerFileCompile MP4Box.swift
SwiftCompile normal arm64 /Users/admin/builder/spi-builder-workspace/Sources/HLSKit/Container/MP4BoxReader.swift (in target 'HLSKit' from project 'swift-hls-kit')
cd /Users/admin/builder/spi-builder-workspace/.swiftpm/xcode
builtin-SwiftPerFileCompile MP4BoxReader.swift
SwiftCompile normal arm64 /Users/admin/builder/spi-builder-workspace/Sources/HLSKit/Container/MP4Error.swift (in target 'HLSKit' from project 'swift-hls-kit')
cd /Users/admin/builder/spi-builder-workspace/.swiftpm/xcode
builtin-SwiftPerFileCompile MP4Error.swift
SwiftCompile normal arm64 /Users/admin/builder/spi-builder-workspace/Sources/HLSKit/Container/MP4InfoParser.swift (in target 'HLSKit' from project 'swift-hls-kit')
cd /Users/admin/builder/spi-builder-workspace/.swiftpm/xcode
builtin-SwiftPerFileCompile MP4InfoParser.swift
SwiftCompile normal arm64 /Users/admin/builder/spi-builder-workspace/Sources/HLSKit/Container/MP4TrackInfo.swift (in target 'HLSKit' from project 'swift-hls-kit')
cd /Users/admin/builder/spi-builder-workspace/.swiftpm/xcode
builtin-SwiftPerFileCompile MP4TrackInfo.swift
SwiftCompile normal arm64 /Users/admin/builder/spi-builder-workspace/Sources/HLSKit/Container/MediaSegmentWriter.swift (in target 'HLSKit' from project 'swift-hls-kit')
cd /Users/admin/builder/spi-builder-workspace/.swiftpm/xcode
builtin-SwiftPerFileCompile MediaSegmentWriter.swift
SwiftCompile normal arm64 /Users/admin/builder/spi-builder-workspace/Sources/HLSKit/Container/MediaSegmentWriterTypes.swift (in target 'HLSKit' from project 'swift-hls-kit')
cd /Users/admin/builder/spi-builder-workspace/.swiftpm/xcode
builtin-SwiftPerFileCompile MediaSegmentWriterTypes.swift
SwiftCompile normal arm64 /Users/admin/builder/spi-builder-workspace/Sources/HLSKit/Container/SampleLocator.swift (in target 'HLSKit' from project 'swift-hls-kit')
cd /Users/admin/builder/spi-builder-workspace/.swiftpm/xcode
builtin-SwiftPerFileCompile SampleLocator.swift
SwiftDriverJobDiscovery normal arm64_32 Compiling EncryptionConfig.swift, EncryptionError.swift, KeyManager.swift, SampleEncryptor.swift, SampleEncryptorTS.swift, SegmentEncryptor.swift, HLSEngine.swift, HLSEngineEncryption.swift, HLSEngineSegmentation.swift, HLSEngineTranscoding.swift, ManifestGenerator.swift, TagWriter.swift, DolbyVisionConfig.swift, HDRConfig.swift, HDRVariantGenerator.swift, UltraResolutionPresets.swift, VideoRangeMapper.swift, IFramePlaylistGenerator.swift, IFrameStreamInfo.swift, ThumbnailExtractor.swift, AudioFormat.swift, FileSource.swift, InputError.swift, MediaFormatDescription.swift, MediaSource.swift (in target 'HLSKit' from project 'swift-hls-kit')
SwiftCompile normal arm64 Compiling\ SCTE35Marker.swift,\ AttributeParser.swift,\ ManifestParser.swift,\ ParserError.swift,\ TagParser.swift,\ TagParserLowLatency.swift,\ VariableSubstitution.swift,\ BandwidthMonitor.swift,\ HTTPPusher.swift,\ HTTPPusherConfiguration.swift,\ IcecastPusher.swift,\ IcecastPusherConfiguration.swift,\ IcecastStreamStatistics.swift,\ IcecastTransport.swift,\ MultiDestinationPusher.swift,\ PushConnectionState.swift,\ PushError.swift,\ PushRetryPolicy.swift,\ PushStats.swift,\ QualityAwareTransport.swift,\ RTMPPusher.swift,\ RTMPPusherConfiguration.swift,\ RTMPServerCapabilities.swift,\ RTMPTransport.swift,\ SRTConnectionQuality.swift /Users/admin/builder/spi-builder-workspace/Sources/HLSKit/Metadata/SCTE35Marker.swift /Users/admin/builder/spi-builder-workspace/Sources/HLSKit/Parser/AttributeParser.swift /Users/admin/builder/spi-builder-workspace/Sources/HLSKit/Parser/ManifestParser.swift /Users/admin/builder/spi-builder-workspace/Sources/HLSKit/Parser/ParserError.swift /Users/admin/builder/spi-builder-workspace/Sources/HLSKit/Parser/TagParser.swift /Users/admin/builder/spi-builder-workspace/Sources/HLSKit/Parser/TagParserLowLatency.swift /Users/admin/builder/spi-builder-workspace/Sources/HLSKit/Parser/VariableSubstitution.swift /Users/admin/builder/spi-builder-workspace/Sources/HLSKit/Push/BandwidthMonitor.swift /Users/admin/builder/spi-builder-workspace/Sources/HLSKit/Push/HTTPPusher.swift /Users/admin/builder/spi-builder-workspace/Sources/HLSKit/Push/HTTPPusherConfiguration.swift /Users/admin/builder/spi-builder-workspace/Sources/HLSKit/Push/IcecastPusher.swift /Users/admin/builder/spi-builder-workspace/Sources/HLSKit/Push/IcecastPusherConfiguration.swift /Users/admin/builder/spi-builder-workspace/Sources/HLSKit/Push/IcecastStreamStatistics.swift /Users/admin/builder/spi-builder-workspace/Sources/HLSKit/Push/IcecastTransport.swift /Users/admin/builder/spi-builder-workspace/Sources/HLSKit/Push/MultiDestinationPusher.swift /Users/admin/builder/spi-builder-workspace/Sources/HLSKit/Push/PushConnectionState.swift /Users/admin/builder/spi-builder-workspace/Sources/HLSKit/Push/PushError.swift /Users/admin/builder/spi-builder-workspace/Sources/HLSKit/Push/PushRetryPolicy.swift /Users/admin/builder/spi-builder-workspace/Sources/HLSKit/Push/PushStats.swift /Users/admin/builder/spi-builder-workspace/Sources/HLSKit/Push/QualityAwareTransport.swift /Users/admin/builder/spi-builder-workspace/Sources/HLSKit/Push/RTMPPusher.swift /Users/admin/builder/spi-builder-workspace/Sources/HLSKit/Push/RTMPPusherConfiguration.swift /Users/admin/builder/spi-builder-workspace/Sources/HLSKit/Push/RTMPServerCapabilities.swift /Users/admin/builder/spi-builder-workspace/Sources/HLSKit/Push/RTMPTransport.swift /Users/admin/builder/spi-builder-workspace/Sources/HLSKit/Push/SRTConnectionQuality.swift (in target 'HLSKit' from project 'swift-hls-kit')
SwiftCompile normal arm64 /Users/admin/builder/spi-builder-workspace/Sources/HLSKit/Metadata/SCTE35Marker.swift (in target 'HLSKit' from project 'swift-hls-kit')
cd /Users/admin/builder/spi-builder-workspace/.swiftpm/xcode
builtin-SwiftPerFileCompile SCTE35Marker.swift
SwiftCompile normal arm64 /Users/admin/builder/spi-builder-workspace/Sources/HLSKit/Parser/AttributeParser.swift (in target 'HLSKit' from project 'swift-hls-kit')
cd /Users/admin/builder/spi-builder-workspace/.swiftpm/xcode
builtin-SwiftPerFileCompile AttributeParser.swift
SwiftCompile normal arm64 /Users/admin/builder/spi-builder-workspace/Sources/HLSKit/Parser/ManifestParser.swift (in target 'HLSKit' from project 'swift-hls-kit')
cd /Users/admin/builder/spi-builder-workspace/.swiftpm/xcode
builtin-SwiftPerFileCompile ManifestParser.swift
SwiftCompile normal arm64 /Users/admin/builder/spi-builder-workspace/Sources/HLSKit/Parser/ParserError.swift (in target 'HLSKit' from project 'swift-hls-kit')
cd /Users/admin/builder/spi-builder-workspace/.swiftpm/xcode
builtin-SwiftPerFileCompile ParserError.swift
SwiftCompile normal arm64 /Users/admin/builder/spi-builder-workspace/Sources/HLSKit/Parser/TagParser.swift (in target 'HLSKit' from project 'swift-hls-kit')
cd /Users/admin/builder/spi-builder-workspace/.swiftpm/xcode
builtin-SwiftPerFileCompile TagParser.swift
SwiftCompile normal arm64 /Users/admin/builder/spi-builder-workspace/Sources/HLSKit/Parser/TagParserLowLatency.swift (in target 'HLSKit' from project 'swift-hls-kit')
cd /Users/admin/builder/spi-builder-workspace/.swiftpm/xcode
builtin-SwiftPerFileCompile TagParserLowLatency.swift
SwiftCompile normal arm64 /Users/admin/builder/spi-builder-workspace/Sources/HLSKit/Parser/VariableSubstitution.swift (in target 'HLSKit' from project 'swift-hls-kit')
cd /Users/admin/builder/spi-builder-workspace/.swiftpm/xcode
builtin-SwiftPerFileCompile VariableSubstitution.swift
SwiftCompile normal arm64 /Users/admin/builder/spi-builder-workspace/Sources/HLSKit/Push/BandwidthMonitor.swift (in target 'HLSKit' from project 'swift-hls-kit')
cd /Users/admin/builder/spi-builder-workspace/.swiftpm/xcode
builtin-SwiftPerFileCompile BandwidthMonitor.swift
SwiftCompile normal arm64 /Users/admin/builder/spi-builder-workspace/Sources/HLSKit/Push/HTTPPusher.swift (in target 'HLSKit' from project 'swift-hls-kit')
cd /Users/admin/builder/spi-builder-workspace/.swiftpm/xcode
builtin-SwiftPerFileCompile HTTPPusher.swift
SwiftCompile normal arm64 /Users/admin/builder/spi-builder-workspace/Sources/HLSKit/Push/HTTPPusherConfiguration.swift (in target 'HLSKit' from project 'swift-hls-kit')
cd /Users/admin/builder/spi-builder-workspace/.swiftpm/xcode
builtin-SwiftPerFileCompile HTTPPusherConfiguration.swift
SwiftCompile normal arm64 /Users/admin/builder/spi-builder-workspace/Sources/HLSKit/Push/IcecastPusher.swift (in target 'HLSKit' from project 'swift-hls-kit')
cd /Users/admin/builder/spi-builder-workspace/.swiftpm/xcode
builtin-SwiftPerFileCompile IcecastPusher.swift
SwiftCompile normal arm64 /Users/admin/builder/spi-builder-workspace/Sources/HLSKit/Push/IcecastPusherConfiguration.swift (in target 'HLSKit' from project 'swift-hls-kit')
cd /Users/admin/builder/spi-builder-workspace/.swiftpm/xcode
builtin-SwiftPerFileCompile IcecastPusherConfiguration.swift
SwiftCompile normal arm64 /Users/admin/builder/spi-builder-workspace/Sources/HLSKit/Push/IcecastStreamStatistics.swift (in target 'HLSKit' from project 'swift-hls-kit')
cd /Users/admin/builder/spi-builder-workspace/.swiftpm/xcode
builtin-SwiftPerFileCompile IcecastStreamStatistics.swift
SwiftCompile normal arm64 /Users/admin/builder/spi-builder-workspace/Sources/HLSKit/Push/IcecastTransport.swift (in target 'HLSKit' from project 'swift-hls-kit')
cd /Users/admin/builder/spi-builder-workspace/.swiftpm/xcode
builtin-SwiftPerFileCompile IcecastTransport.swift
SwiftCompile normal arm64 /Users/admin/builder/spi-builder-workspace/Sources/HLSKit/Push/MultiDestinationPusher.swift (in target 'HLSKit' from project 'swift-hls-kit')
cd /Users/admin/builder/spi-builder-workspace/.swiftpm/xcode
builtin-SwiftPerFileCompile MultiDestinationPusher.swift
SwiftCompile normal arm64 /Users/admin/builder/spi-builder-workspace/Sources/HLSKit/Push/PushConnectionState.swift (in target 'HLSKit' from project 'swift-hls-kit')
cd /Users/admin/builder/spi-builder-workspace/.swiftpm/xcode
builtin-SwiftPerFileCompile PushConnectionState.swift
SwiftCompile normal arm64 /Users/admin/builder/spi-builder-workspace/Sources/HLSKit/Push/PushError.swift (in target 'HLSKit' from project 'swift-hls-kit')
cd /Users/admin/builder/spi-builder-workspace/.swiftpm/xcode
builtin-SwiftPerFileCompile PushError.swift
SwiftCompile normal arm64 /Users/admin/builder/spi-builder-workspace/Sources/HLSKit/Push/PushRetryPolicy.swift (in target 'HLSKit' from project 'swift-hls-kit')
cd /Users/admin/builder/spi-builder-workspace/.swiftpm/xcode
builtin-SwiftPerFileCompile PushRetryPolicy.swift
SwiftCompile normal arm64 /Users/admin/builder/spi-builder-workspace/Sources/HLSKit/Push/PushStats.swift (in target 'HLSKit' from project 'swift-hls-kit')
cd /Users/admin/builder/spi-builder-workspace/.swiftpm/xcode
builtin-SwiftPerFileCompile PushStats.swift
SwiftCompile normal arm64 /Users/admin/builder/spi-builder-workspace/Sources/HLSKit/Push/QualityAwareTransport.swift (in target 'HLSKit' from project 'swift-hls-kit')
cd /Users/admin/builder/spi-builder-workspace/.swiftpm/xcode
builtin-SwiftPerFileCompile QualityAwareTransport.swift
SwiftCompile normal arm64 /Users/admin/builder/spi-builder-workspace/Sources/HLSKit/Push/RTMPPusher.swift (in target 'HLSKit' from project 'swift-hls-kit')
cd /Users/admin/builder/spi-builder-workspace/.swiftpm/xcode
builtin-SwiftPerFileCompile RTMPPusher.swift
SwiftCompile normal arm64 /Users/admin/builder/spi-builder-workspace/Sources/HLSKit/Push/RTMPPusherConfiguration.swift (in target 'HLSKit' from project 'swift-hls-kit')
cd /Users/admin/builder/spi-builder-workspace/.swiftpm/xcode
builtin-SwiftPerFileCompile RTMPPusherConfiguration.swift
SwiftCompile normal arm64 /Users/admin/builder/spi-builder-workspace/Sources/HLSKit/Push/RTMPServerCapabilities.swift (in target 'HLSKit' from project 'swift-hls-kit')
cd /Users/admin/builder/spi-builder-workspace/.swiftpm/xcode
builtin-SwiftPerFileCompile RTMPServerCapabilities.swift
SwiftCompile normal arm64 /Users/admin/builder/spi-builder-workspace/Sources/HLSKit/Push/RTMPTransport.swift (in target 'HLSKit' from project 'swift-hls-kit')
cd /Users/admin/builder/spi-builder-workspace/.swiftpm/xcode
builtin-SwiftPerFileCompile RTMPTransport.swift
SwiftCompile normal arm64 /Users/admin/builder/spi-builder-workspace/Sources/HLSKit/Push/SRTConnectionQuality.swift (in target 'HLSKit' from project 'swift-hls-kit')
cd /Users/admin/builder/spi-builder-workspace/.swiftpm/xcode
builtin-SwiftPerFileCompile SRTConnectionQuality.swift
SwiftDriverJobDiscovery normal arm64_32 Compiling AudioSegmenter.swift, CMAFWriter.swift, CMAFWriterBoxes.swift, CMAFWriterCodecConfig.swift, CMAFWriterMoof.swift, CMAFWriterVideoMoov.swift, IncrementalSegmenter.swift, LiveSegment.swift, LiveSegmenter.swift, LiveSegmenterConfiguration.swift, LiveSegmenterError.swift, PartialSegment.swift, SegmentRingBuffer.swift, VideoSegmenter.swift, BlockingPlaylistHandler.swift, BlockingPlaylistRequest.swift, DeltaUpdateGenerator.swift, HLSSkipRequest.swift, LLHLSConfiguration.swift, LLHLSError.swift, LLHLSEvent.swift, LLHLSManager.swift, LLHLSPlaylistRenderer.swift, LLPartialSegment.swift, PartialSegmentManager.swift (in target 'HLSKit' from project 'swift-hls-kit')
SwiftCompile normal arm64_32 Compiling\ IMSC1Segmenter.swift,\ IMSC1SegmenterBoxes.swift,\ IMSC1Style.swift,\ AppleTranscoder.swift,\ AppleTranscoderFastPath.swift,\ AppleTranscoderHelpers.swift,\ AppleTranscoderSetup.swift,\ EncodingSettings.swift,\ FFmpegCommandBuilder.swift,\ FFmpegProcessRunner.swift,\ FFmpegSourceAnalyzer.swift,\ FFmpegTranscoder.swift,\ HTTPClient.swift,\ ManagedTranscoder.swift,\ ManagedTranscodingConfig.swift,\ ManagedTranscodingJob.swift,\ ManagedTranscodingProvider.swift,\ AWSJobSettingsBuilder.swift,\ AWSMediaConvertHelpers.swift,\ AWSMediaConvertProvider.swift,\ AWSSignatureV4.swift,\ CloudflareStreamProvider.swift,\ MuxProvider.swift,\ QualityPreset.swift /Users/admin/builder/spi-builder-workspace/Sources/HLSKit/Subtitles/IMSC1Segmenter.swift /Users/admin/builder/spi-builder-workspace/Sources/HLSKit/Subtitles/IMSC1SegmenterBoxes.swift /Users/admin/builder/spi-builder-workspace/Sources/HLSKit/Subtitles/IMSC1Style.swift /Users/admin/builder/spi-builder-workspace/Sources/HLSKit/Transcoder/AppleTranscoder.swift /Users/admin/builder/spi-builder-workspace/Sources/HLSKit/Transcoder/AppleTranscoderFastPath.swift /Users/admin/builder/spi-builder-workspace/Sources/HLSKit/Transcoder/AppleTranscoderHelpers.swift /Users/admin/builder/spi-builder-workspace/Sources/HLSKit/Transcoder/AppleTranscoderSetup.swift /Users/admin/builder/spi-builder-workspace/Sources/HLSKit/Transcoder/EncodingSettings.swift /Users/admin/builder/spi-builder-workspace/Sources/HLSKit/Transcoder/FFmpegCommandBuilder.swift /Users/admin/builder/spi-builder-workspace/Sources/HLSKit/Transcoder/FFmpegProcessRunner.swift /Users/admin/builder/spi-builder-workspace/Sources/HLSKit/Transcoder/FFmpegSourceAnalyzer.swift /Users/admin/builder/spi-builder-workspace/Sources/HLSKit/Transcoder/FFmpegTranscoder.swift /Users/admin/builder/spi-builder-workspace/Sources/HLSKit/Transcoder/Managed/HTTPClient.swift /Users/admin/builder/spi-builder-workspace/Sources/HLSKit/Transcoder/Managed/ManagedTranscoder.swift /Users/admin/builder/spi-builder-workspace/Sources/HLSKit/Transcoder/Managed/ManagedTranscodingConfig.swift /Users/admin/builder/spi-builder-workspace/Sources/HLSKit/Transcoder/Managed/ManagedTranscodingJob.swift /Users/admin/builder/spi-builder-workspace/Sources/HLSKit/Transcoder/Managed/ManagedTranscodingProvider.swift /Users/admin/builder/spi-builder-workspace/Sources/HLSKit/Transcoder/Managed/Providers/AWSJobSettingsBuilder.swift /Users/admin/builder/spi-builder-workspace/Sources/HLSKit/Transcoder/Managed/Providers/AWSMediaConvertHelpers.swift /Users/admin/builder/spi-builder-workspace/Sources/HLSKit/Transcoder/Managed/Providers/AWSMediaConvertProvider.swift /Users/admin/builder/spi-builder-workspace/Sources/HLSKit/Transcoder/Managed/Providers/AWSSignatureV4.swift /Users/admin/builder/spi-builder-workspace/Sources/HLSKit/Transcoder/Managed/Providers/CloudflareStreamProvider.swift /Users/admin/builder/spi-builder-workspace/Sources/HLSKit/Transcoder/Managed/Providers/MuxProvider.swift /Users/admin/builder/spi-builder-workspace/Sources/HLSKit/Transcoder/QualityPreset.swift (in target 'HLSKit' from project 'swift-hls-kit')
SwiftCompile normal arm64_32 /Users/admin/builder/spi-builder-workspace/Sources/HLSKit/Subtitles/IMSC1Segmenter.swift (in target 'HLSKit' from project 'swift-hls-kit')
cd /Users/admin/builder/spi-builder-workspace/.swiftpm/xcode
builtin-SwiftPerFileCompile IMSC1Segmenter.swift
SwiftCompile normal arm64_32 /Users/admin/builder/spi-builder-workspace/Sources/HLSKit/Subtitles/IMSC1SegmenterBoxes.swift (in target 'HLSKit' from project 'swift-hls-kit')
cd /Users/admin/builder/spi-builder-workspace/.swiftpm/xcode
builtin-SwiftPerFileCompile IMSC1SegmenterBoxes.swift
SwiftCompile normal arm64_32 /Users/admin/builder/spi-builder-workspace/Sources/HLSKit/Subtitles/IMSC1Style.swift (in target 'HLSKit' from project 'swift-hls-kit')
cd /Users/admin/builder/spi-builder-workspace/.swiftpm/xcode
builtin-SwiftPerFileCompile IMSC1Style.swift
SwiftCompile normal arm64_32 /Users/admin/builder/spi-builder-workspace/Sources/HLSKit/Transcoder/AppleTranscoder.swift (in target 'HLSKit' from project 'swift-hls-kit')
cd /Users/admin/builder/spi-builder-workspace/.swiftpm/xcode
builtin-SwiftPerFileCompile AppleTranscoder.swift
SwiftCompile normal arm64_32 /Users/admin/builder/spi-builder-workspace/Sources/HLSKit/Transcoder/AppleTranscoderFastPath.swift (in target 'HLSKit' from project 'swift-hls-kit')
cd /Users/admin/builder/spi-builder-workspace/.swiftpm/xcode
builtin-SwiftPerFileCompile AppleTranscoderFastPath.swift
SwiftCompile normal arm64_32 /Users/admin/builder/spi-builder-workspace/Sources/HLSKit/Transcoder/AppleTranscoderHelpers.swift (in target 'HLSKit' from project 'swift-hls-kit')
cd /Users/admin/builder/spi-builder-workspace/.swiftpm/xcode
builtin-SwiftPerFileCompile AppleTranscoderHelpers.swift
SwiftCompile normal arm64_32 /Users/admin/builder/spi-builder-workspace/Sources/HLSKit/Transcoder/AppleTranscoderSetup.swift (in target 'HLSKit' from project 'swift-hls-kit')
cd /Users/admin/builder/spi-builder-workspace/.swiftpm/xcode
builtin-SwiftPerFileCompile AppleTranscoderSetup.swift
SwiftCompile normal arm64_32 /Users/admin/builder/spi-builder-workspace/Sources/HLSKit/Transcoder/EncodingSettings.swift (in target 'HLSKit' from project 'swift-hls-kit')
cd /Users/admin/builder/spi-builder-workspace/.swiftpm/xcode
builtin-SwiftPerFileCompile EncodingSettings.swift
SwiftCompile normal arm64_32 /Users/admin/builder/spi-builder-workspace/Sources/HLSKit/Transcoder/FFmpegCommandBuilder.swift (in target 'HLSKit' from project 'swift-hls-kit')
cd /Users/admin/builder/spi-builder-workspace/.swiftpm/xcode
builtin-SwiftPerFileCompile FFmpegCommandBuilder.swift
SwiftCompile normal arm64_32 /Users/admin/builder/spi-builder-workspace/Sources/HLSKit/Transcoder/FFmpegProcessRunner.swift (in target 'HLSKit' from project 'swift-hls-kit')
cd /Users/admin/builder/spi-builder-workspace/.swiftpm/xcode
builtin-SwiftPerFileCompile FFmpegProcessRunner.swift
SwiftCompile normal arm64_32 /Users/admin/builder/spi-builder-workspace/Sources/HLSKit/Transcoder/FFmpegSourceAnalyzer.swift (in target 'HLSKit' from project 'swift-hls-kit')
cd /Users/admin/builder/spi-builder-workspace/.swiftpm/xcode
builtin-SwiftPerFileCompile FFmpegSourceAnalyzer.swift
SwiftCompile normal arm64_32 /Users/admin/builder/spi-builder-workspace/Sources/HLSKit/Transcoder/FFmpegTranscoder.swift (in target 'HLSKit' from project 'swift-hls-kit')
cd /Users/admin/builder/spi-builder-workspace/.swiftpm/xcode
builtin-SwiftPerFileCompile FFmpegTranscoder.swift
SwiftCompile normal arm64_32 /Users/admin/builder/spi-builder-workspace/Sources/HLSKit/Transcoder/Managed/HTTPClient.swift (in target 'HLSKit' from project 'swift-hls-kit')
cd /Users/admin/builder/spi-builder-workspace/.swiftpm/xcode
builtin-SwiftPerFileCompile HTTPClient.swift
SwiftCompile normal arm64_32 /Users/admin/builder/spi-builder-workspace/Sources/HLSKit/Transcoder/Managed/ManagedTranscoder.swift (in target 'HLSKit' from project 'swift-hls-kit')
cd /Users/admin/builder/spi-builder-workspace/.swiftpm/xcode
builtin-SwiftPerFileCompile ManagedTranscoder.swift
SwiftCompile normal arm64_32 /Users/admin/builder/spi-builder-workspace/Sources/HLSKit/Transcoder/Managed/ManagedTranscodingConfig.swift (in target 'HLSKit' from project 'swift-hls-kit')
cd /Users/admin/builder/spi-builder-workspace/.swiftpm/xcode
builtin-SwiftPerFileCompile ManagedTranscodingConfig.swift
SwiftCompile normal arm64_32 /Users/admin/builder/spi-builder-workspace/Sources/HLSKit/Transcoder/Managed/ManagedTranscodingJob.swift (in target 'HLSKit' from project 'swift-hls-kit')
cd /Users/admin/builder/spi-builder-workspace/.swiftpm/xcode
builtin-SwiftPerFileCompile ManagedTranscodingJob.swift
SwiftCompile normal arm64_32 /Users/admin/builder/spi-builder-workspace/Sources/HLSKit/Transcoder/Managed/ManagedTranscodingProvider.swift (in target 'HLSKit' from project 'swift-hls-kit')
cd /Users/admin/builder/spi-builder-workspace/.swiftpm/xcode
builtin-SwiftPerFileCompile ManagedTranscodingProvider.swift
SwiftCompile normal arm64_32 /Users/admin/builder/spi-builder-workspace/Sources/HLSKit/Transcoder/Managed/Providers/AWSJobSettingsBuilder.swift (in target 'HLSKit' from project 'swift-hls-kit')
cd /Users/admin/builder/spi-builder-workspace/.swiftpm/xcode
builtin-SwiftPerFileCompile AWSJobSettingsBuilder.swift
SwiftCompile normal arm64_32 /Users/admin/builder/spi-builder-workspace/Sources/HLSKit/Transcoder/Managed/Providers/AWSMediaConvertHelpers.swift (in target 'HLSKit' from project 'swift-hls-kit')
cd /Users/admin/builder/spi-builder-workspace/.swiftpm/xcode
builtin-SwiftPerFileCompile AWSMediaConvertHelpers.swift
SwiftCompile normal arm64_32 /Users/admin/builder/spi-builder-workspace/Sources/HLSKit/Transcoder/Managed/Providers/AWSMediaConvertProvider.swift (in target 'HLSKit' from project 'swift-hls-kit')
cd /Users/admin/builder/spi-builder-workspace/.swiftpm/xcode
builtin-SwiftPerFileCompile AWSMediaConvertProvider.swift
SwiftCompile normal arm64_32 /Users/admin/builder/spi-builder-workspace/Sources/HLSKit/Transcoder/Managed/Providers/AWSSignatureV4.swift (in target 'HLSKit' from project 'swift-hls-kit')
cd /Users/admin/builder/spi-builder-workspace/.swiftpm/xcode
builtin-SwiftPerFileCompile AWSSignatureV4.swift
SwiftCompile normal arm64_32 /Users/admin/builder/spi-builder-workspace/Sources/HLSKit/Transcoder/Managed/Providers/CloudflareStreamProvider.swift (in target 'HLSKit' from project 'swift-hls-kit')
cd /Users/admin/builder/spi-builder-workspace/.swiftpm/xcode
builtin-SwiftPerFileCompile CloudflareStreamProvider.swift
SwiftCompile normal arm64_32 /Users/admin/builder/spi-builder-workspace/Sources/HLSKit/Transcoder/Managed/Providers/MuxProvider.swift (in target 'HLSKit' from project 'swift-hls-kit')
cd /Users/admin/builder/spi-builder-workspace/.swiftpm/xcode
builtin-SwiftPerFileCompile MuxProvider.swift
SwiftCompile normal arm64_32 /Users/admin/builder/spi-builder-workspace/Sources/HLSKit/Transcoder/QualityPreset.swift (in target 'HLSKit' from project 'swift-hls-kit')
cd /Users/admin/builder/spi-builder-workspace/.swiftpm/xcode
builtin-SwiftPerFileCompile QualityPreset.swift
SwiftDriverJobDiscovery normal arm64_32 Compiling SegmentationConfig.swift, SegmentationResult.swift, TSSegmenter.swift, TSSegmenterCodecExtraction.swift, TSSegmenterPlaylist.swift, MVHEVCEncoder.swift, MVHEVCMediaSegmentBoxes.swift, MVHEVCPackager.swift, MVHEVCPackagerBoxes.swift, MVHEVCSampleProcessor.swift, SpatialVideoConfiguration.swift, VideoChannelLayout.swift, VideoLayoutDescriptor.swift, VideoProjection.swift, AC3Encoder.swift, DolbyAtmosEncoder.swift, HiResAudioConfig.swift, MultiChannelLayout.swift, SpatialAudioConfig.swift, SpatialAudioEncoder.swift, SpatialRenditionGenerator.swift, IMSC1Document.swift, IMSC1Parser.swift, IMSC1Renderer.swift (in target 'HLSKit' from project 'swift-hls-kit')
SwiftCompile normal arm64 Compiling\ EncryptionConfig.swift,\ EncryptionError.swift,\ KeyManager.swift,\ SampleEncryptor.swift,\ SampleEncryptorTS.swift,\ SegmentEncryptor.swift,\ HLSEngine.swift,\ HLSEngineEncryption.swift,\ HLSEngineSegmentation.swift,\ HLSEngineTranscoding.swift,\ ManifestGenerator.swift,\ TagWriter.swift,\ DolbyVisionConfig.swift,\ HDRConfig.swift,\ HDRVariantGenerator.swift,\ UltraResolutionPresets.swift,\ VideoRangeMapper.swift,\ IFramePlaylistGenerator.swift,\ IFrameStreamInfo.swift,\ ThumbnailExtractor.swift,\ AudioFormat.swift,\ FileSource.swift,\ InputError.swift,\ MediaFormatDescription.swift,\ MediaSource.swift /Users/admin/builder/spi-builder-workspace/Sources/HLSKit/Encryption/EncryptionConfig.swift /Users/admin/builder/spi-builder-workspace/Sources/HLSKit/Encryption/EncryptionError.swift /Users/admin/builder/spi-builder-workspace/Sources/HLSKit/Encryption/KeyManager.swift /Users/admin/builder/spi-builder-workspace/Sources/HLSKit/Encryption/SampleEncryptor.swift /Users/admin/builder/spi-builder-workspace/Sources/HLSKit/Encryption/SampleEncryptorTS.swift /Users/admin/builder/spi-builder-workspace/Sources/HLSKit/Encryption/SegmentEncryptor.swift /Users/admin/builder/spi-builder-workspace/Sources/HLSKit/Engine/HLSEngine.swift /Users/admin/builder/spi-builder-workspace/Sources/HLSKit/Engine/HLSEngineEncryption.swift /Users/admin/builder/spi-builder-workspace/Sources/HLSKit/Engine/HLSEngineSegmentation.swift /Users/admin/builder/spi-builder-workspace/Sources/HLSKit/Engine/HLSEngineTranscoding.swift /Users/admin/builder/spi-builder-workspace/Sources/HLSKit/Generator/ManifestGenerator.swift /Users/admin/builder/spi-builder-workspace/Sources/HLSKit/Generator/TagWriter.swift /Users/admin/builder/spi-builder-workspace/Sources/HLSKit/HDR/DolbyVisionConfig.swift /Users/admin/builder/spi-builder-workspace/Sources/HLSKit/HDR/HDRConfig.swift /Users/admin/builder/spi-builder-workspace/Sources/HLSKit/HDR/HDRVariantGenerator.swift /Users/admin/builder/spi-builder-workspace/Sources/HLSKit/HDR/UltraResolutionPresets.swift /Users/admin/builder/spi-builder-workspace/Sources/HLSKit/HDR/VideoRangeMapper.swift /Users/admin/builder/spi-builder-workspace/Sources/HLSKit/IFrame/IFramePlaylistGenerator.swift /Users/admin/builder/spi-builder-workspace/Sources/HLSKit/IFrame/IFrameStreamInfo.swift /Users/admin/builder/spi-builder-workspace/Sources/HLSKit/IFrame/ThumbnailExtractor.swift /Users/admin/builder/spi-builder-workspace/Sources/HLSKit/Input/AudioFormat.swift /Users/admin/builder/spi-builder-workspace/Sources/HLSKit/Input/FileSource.swift /Users/admin/builder/spi-builder-workspace/Sources/HLSKit/Input/InputError.swift /Users/admin/builder/spi-builder-workspace/Sources/HLSKit/Input/MediaFormatDescription.swift /Users/admin/builder/spi-builder-workspace/Sources/HLSKit/Input/MediaSource.swift (in target 'HLSKit' from project 'swift-hls-kit')
SwiftCompile normal arm64 /Users/admin/builder/spi-builder-workspace/Sources/HLSKit/Encryption/EncryptionConfig.swift (in target 'HLSKit' from project 'swift-hls-kit')
cd /Users/admin/builder/spi-builder-workspace/.swiftpm/xcode
builtin-SwiftPerFileCompile EncryptionConfig.swift
SwiftCompile normal arm64 /Users/admin/builder/spi-builder-workspace/Sources/HLSKit/Encryption/EncryptionError.swift (in target 'HLSKit' from project 'swift-hls-kit')
cd /Users/admin/builder/spi-builder-workspace/.swiftpm/xcode
builtin-SwiftPerFileCompile EncryptionError.swift
SwiftCompile normal arm64 /Users/admin/builder/spi-builder-workspace/Sources/HLSKit/Encryption/KeyManager.swift (in target 'HLSKit' from project 'swift-hls-kit')
cd /Users/admin/builder/spi-builder-workspace/.swiftpm/xcode
builtin-SwiftPerFileCompile KeyManager.swift
SwiftCompile normal arm64 /Users/admin/builder/spi-builder-workspace/Sources/HLSKit/Encryption/SampleEncryptor.swift (in target 'HLSKit' from project 'swift-hls-kit')
cd /Users/admin/builder/spi-builder-workspace/.swiftpm/xcode
builtin-SwiftPerFileCompile SampleEncryptor.swift
SwiftCompile normal arm64 /Users/admin/builder/spi-builder-workspace/Sources/HLSKit/Encryption/SampleEncryptorTS.swift (in target 'HLSKit' from project 'swift-hls-kit')
cd /Users/admin/builder/spi-builder-workspace/.swiftpm/xcode
builtin-SwiftPerFileCompile SampleEncryptorTS.swift
SwiftCompile normal arm64 /Users/admin/builder/spi-builder-workspace/Sources/HLSKit/Encryption/SegmentEncryptor.swift (in target 'HLSKit' from project 'swift-hls-kit')
cd /Users/admin/builder/spi-builder-workspace/.swiftpm/xcode
builtin-SwiftPerFileCompile SegmentEncryptor.swift
SwiftCompile normal arm64 /Users/admin/builder/spi-builder-workspace/Sources/HLSKit/Engine/HLSEngine.swift (in target 'HLSKit' from project 'swift-hls-kit')
cd /Users/admin/builder/spi-builder-workspace/.swiftpm/xcode
builtin-SwiftPerFileCompile HLSEngine.swift
SwiftCompile normal arm64 /Users/admin/builder/spi-builder-workspace/Sources/HLSKit/Engine/HLSEngineEncryption.swift (in target 'HLSKit' from project 'swift-hls-kit')
cd /Users/admin/builder/spi-builder-workspace/.swiftpm/xcode
builtin-SwiftPerFileCompile HLSEngineEncryption.swift
SwiftCompile normal arm64 /Users/admin/builder/spi-builder-workspace/Sources/HLSKit/Engine/HLSEngineSegmentation.swift (in target 'HLSKit' from project 'swift-hls-kit')
cd /Users/admin/builder/spi-builder-workspace/.swiftpm/xcode
builtin-SwiftPerFileCompile HLSEngineSegmentation.swift
SwiftCompile normal arm64 /Users/admin/builder/spi-builder-workspace/Sources/HLSKit/Engine/HLSEngineTranscoding.swift (in target 'HLSKit' from project 'swift-hls-kit')
cd /Users/admin/builder/spi-builder-workspace/.swiftpm/xcode
builtin-SwiftPerFileCompile HLSEngineTranscoding.swift
SwiftCompile normal arm64 /Users/admin/builder/spi-builder-workspace/Sources/HLSKit/Generator/ManifestGenerator.swift (in target 'HLSKit' from project 'swift-hls-kit')
cd /Users/admin/builder/spi-builder-workspace/.swiftpm/xcode
builtin-SwiftPerFileCompile ManifestGenerator.swift
SwiftCompile normal arm64 /Users/admin/builder/spi-builder-workspace/Sources/HLSKit/Generator/TagWriter.swift (in target 'HLSKit' from project 'swift-hls-kit')
cd /Users/admin/builder/spi-builder-workspace/.swiftpm/xcode
builtin-SwiftPerFileCompile TagWriter.swift
SwiftCompile normal arm64 /Users/admin/builder/spi-builder-workspace/Sources/HLSKit/HDR/DolbyVisionConfig.swift (in target 'HLSKit' from project 'swift-hls-kit')
cd /Users/admin/builder/spi-builder-workspace/.swiftpm/xcode
builtin-SwiftPerFileCompile DolbyVisionConfig.swift
SwiftCompile normal arm64 /Users/admin/builder/spi-builder-workspace/Sources/HLSKit/HDR/HDRConfig.swift (in target 'HLSKit' from project 'swift-hls-kit')
cd /Users/admin/builder/spi-builder-workspace/.swiftpm/xcode
builtin-SwiftPerFileCompile HDRConfig.swift
SwiftCompile normal arm64 /Users/admin/builder/spi-builder-workspace/Sources/HLSKit/HDR/HDRVariantGenerator.swift (in target 'HLSKit' from project 'swift-hls-kit')
cd /Users/admin/builder/spi-builder-workspace/.swiftpm/xcode
builtin-SwiftPerFileCompile HDRVariantGenerator.swift
SwiftCompile normal arm64 /Users/admin/builder/spi-builder-workspace/Sources/HLSKit/HDR/UltraResolutionPresets.swift (in target 'HLSKit' from project 'swift-hls-kit')
cd /Users/admin/builder/spi-builder-workspace/.swiftpm/xcode
builtin-SwiftPerFileCompile UltraResolutionPresets.swift
SwiftCompile normal arm64 /Users/admin/builder/spi-builder-workspace/Sources/HLSKit/HDR/VideoRangeMapper.swift (in target 'HLSKit' from project 'swift-hls-kit')
cd /Users/admin/builder/spi-builder-workspace/.swiftpm/xcode
builtin-SwiftPerFileCompile VideoRangeMapper.swift
SwiftCompile normal arm64 /Users/admin/builder/spi-builder-workspace/Sources/HLSKit/IFrame/IFramePlaylistGenerator.swift (in target 'HLSKit' from project 'swift-hls-kit')
cd /Users/admin/builder/spi-builder-workspace/.swiftpm/xcode
builtin-SwiftPerFileCompile IFramePlaylistGenerator.swift
SwiftCompile normal arm64 /Users/admin/builder/spi-builder-workspace/Sources/HLSKit/IFrame/IFrameStreamInfo.swift (in target 'HLSKit' from project 'swift-hls-kit')
cd /Users/admin/builder/spi-builder-workspace/.swiftpm/xcode
builtin-SwiftPerFileCompile IFrameStreamInfo.swift
SwiftCompile normal arm64 /Users/admin/builder/spi-builder-workspace/Sources/HLSKit/IFrame/ThumbnailExtractor.swift (in target 'HLSKit' from project 'swift-hls-kit')
cd /Users/admin/builder/spi-builder-workspace/.swiftpm/xcode
builtin-SwiftPerFileCompile ThumbnailExtractor.swift
SwiftCompile normal arm64 /Users/admin/builder/spi-builder-workspace/Sources/HLSKit/Input/AudioFormat.swift (in target 'HLSKit' from project 'swift-hls-kit')
cd /Users/admin/builder/spi-builder-workspace/.swiftpm/xcode
builtin-SwiftPerFileCompile AudioFormat.swift
SwiftCompile normal arm64 /Users/admin/builder/spi-builder-workspace/Sources/HLSKit/Input/FileSource.swift (in target 'HLSKit' from project 'swift-hls-kit')
cd /Users/admin/builder/spi-builder-workspace/.swiftpm/xcode
builtin-SwiftPerFileCompile FileSource.swift
SwiftCompile normal arm64 /Users/admin/builder/spi-builder-workspace/Sources/HLSKit/Input/InputError.swift (in target 'HLSKit' from project 'swift-hls-kit')
cd /Users/admin/builder/spi-builder-workspace/.swiftpm/xcode
builtin-SwiftPerFileCompile InputError.swift
SwiftCompile normal arm64 /Users/admin/builder/spi-builder-workspace/Sources/HLSKit/Input/MediaFormatDescription.swift (in target 'HLSKit' from project 'swift-hls-kit')
cd /Users/admin/builder/spi-builder-workspace/.swiftpm/xcode
builtin-SwiftPerFileCompile MediaFormatDescription.swift
SwiftCompile normal arm64 /Users/admin/builder/spi-builder-workspace/Sources/HLSKit/Input/MediaSource.swift (in target 'HLSKit' from project 'swift-hls-kit')
cd /Users/admin/builder/spi-builder-workspace/.swiftpm/xcode
builtin-SwiftPerFileCompile MediaSource.swift
SwiftDriverJobDiscovery normal arm64_32 Compiling ServerControlConfig.swift, ServerControlRenderer.swift, ContentSteering.swift, DateRange.swift, EncryptionMethod.swift, HLSTag.swift, HLSVersion.swift, MasterPlaylist.swift, MediaPlaylist.swift, MediaType.swift, PlaylistType.swift, RenditionGroup.swift, Resolution.swift, Segment.swift, SessionData.swift, SubtitleCodec.swift, SupplementalCodecs.swift, Variant.swift, VideoRange.swift, DateRangeManager.swift, HLSInterstitial.swift, ID3TimedMetadata.swift, InterstitialManager.swift, LiveMetadataInjector.swift, ProgramDateTimeSync.swift (in target 'HLSKit' from project 'swift-hls-kit')
SwiftDriverJobDiscovery normal arm64 Compiling SRTPusher.swift, SRTPusherConfiguration.swift, SRTTransport.swift, SegmentPusher.swift, TransportAwarePipelinePolicy.swift, TransportAwarePusher.swift, TransportBitrateRecommendation.swift, TransportEvent.swift, TransportHealthDashboard.swift, TransportQuality.swift, TransportRecordingState.swift, TransportStatisticsSnapshot.swift, AutoChapterGenerator.swift, LiveToVODConverter.swift, RecordingStorage.swift, SimultaneousRecorder.swift, ContentSteeringConfig.swift, FailoverManager.swift, GapHandler.swift, RedundantStreamConfig.swift, SessionDataConfig.swift, MP4Segmenter.swift, MP4SegmenterHelpers.swift, MP4SegmenterPlaylist.swift (in target 'HLSKit' from project 'swift-hls-kit')
SwiftCompile normal arm64_32 Compiling\ InputOrigin.swift,\ Name.swift,\ Parsed.swift,\ ParsedValues.swift,\ ParserError.swift /Users/admin/builder/spi-builder-workspace/.dependencies/checkouts/swift-argument-parser/Sources/ArgumentParser/Parsing/InputOrigin.swift /Users/admin/builder/spi-builder-workspace/.dependencies/checkouts/swift-argument-parser/Sources/ArgumentParser/Parsing/Name.swift /Users/admin/builder/spi-builder-workspace/.dependencies/checkouts/swift-argument-parser/Sources/ArgumentParser/Parsing/Parsed.swift /Users/admin/builder/spi-builder-workspace/.dependencies/checkouts/swift-argument-parser/Sources/ArgumentParser/Parsing/ParsedValues.swift /Users/admin/builder/spi-builder-workspace/.dependencies/checkouts/swift-argument-parser/Sources/ArgumentParser/Parsing/ParserError.swift (in target 'ArgumentParser' from project 'swift-argument-parser')
SwiftCompile normal arm64_32 /Users/admin/builder/spi-builder-workspace/.dependencies/checkouts/swift-argument-parser/Sources/ArgumentParser/Parsing/InputOrigin.swift (in target 'ArgumentParser' from project 'swift-argument-parser')
cd /Users/admin/builder/spi-builder-workspace/.swiftpm/xcode
builtin-SwiftPerFileCompile InputOrigin.swift
SwiftCompile normal arm64_32 /Users/admin/builder/spi-builder-workspace/.dependencies/checkouts/swift-argument-parser/Sources/ArgumentParser/Parsing/Name.swift (in target 'ArgumentParser' from project 'swift-argument-parser')
cd /Users/admin/builder/spi-builder-workspace/.swiftpm/xcode
builtin-SwiftPerFileCompile Name.swift
SwiftCompile normal arm64_32 /Users/admin/builder/spi-builder-workspace/.dependencies/checkouts/swift-argument-parser/Sources/ArgumentParser/Parsing/Parsed.swift (in target 'ArgumentParser' from project 'swift-argument-parser')
cd /Users/admin/builder/spi-builder-workspace/.swiftpm/xcode
builtin-SwiftPerFileCompile Parsed.swift
SwiftCompile normal arm64_32 /Users/admin/builder/spi-builder-workspace/.dependencies/checkouts/swift-argument-parser/Sources/ArgumentParser/Parsing/ParsedValues.swift (in target 'ArgumentParser' from project 'swift-argument-parser')
cd /Users/admin/builder/spi-builder-workspace/.swiftpm/xcode
builtin-SwiftPerFileCompile ParsedValues.swift
SwiftCompile normal arm64_32 /Users/admin/builder/spi-builder-workspace/.dependencies/checkouts/swift-argument-parser/Sources/ArgumentParser/Parsing/ParserError.swift (in target 'ArgumentParser' from project 'swift-argument-parser')
cd /Users/admin/builder/spi-builder-workspace/.swiftpm/xcode
builtin-SwiftPerFileCompile ParserError.swift
SwiftDriverJobDiscovery normal arm64 Compiling MediaSourceConfiguration.swift, RawMediaBuffer.swift, LivePipeline.swift, LivePipelineComponents.swift, LivePipelineConfiguration.swift, LivePipelineOrchestration.swift, LivePipelinePresets.swift, LivePipelinePresetsExtended.swift, LivePipelineProPresets.swift, LivePipelineState.swift, LivePipelineStatistics.swift, LivePipelineTransportMonitor.swift, DVRBuffer.swift, DVRPlaylist.swift, DVRPlaylistConfiguration.swift, EventPlaylist.swift, EventPlaylistConfiguration.swift, LivePlaylistError.swift, LivePlaylistEvent.swift, LivePlaylistManager.swift, LivePlaylistMetadata.swift, MediaSequenceTracker.swift, PlaylistRenderer.swift, SlidingWindowConfiguration.swift, SlidingWindowPlaylist.swift (in target 'HLSKit' from project 'swift-hls-kit')
SwiftCompile normal arm64_32 Compiling\ CommandGroup.swift,\ EnumerableFlag.swift,\ ExpressibleByArgument.swift,\ ParsableArguments.swift,\ ParsableCommand.swift /Users/admin/builder/spi-builder-workspace/.dependencies/checkouts/swift-argument-parser/Sources/ArgumentParser/Parsable\ Types/CommandGroup.swift /Users/admin/builder/spi-builder-workspace/.dependencies/checkouts/swift-argument-parser/Sources/ArgumentParser/Parsable\ Types/EnumerableFlag.swift /Users/admin/builder/spi-builder-workspace/.dependencies/checkouts/swift-argument-parser/Sources/ArgumentParser/Parsable\ Types/ExpressibleByArgument.swift /Users/admin/builder/spi-builder-workspace/.dependencies/checkouts/swift-argument-parser/Sources/ArgumentParser/Parsable\ Types/ParsableArguments.swift /Users/admin/builder/spi-builder-workspace/.dependencies/checkouts/swift-argument-parser/Sources/ArgumentParser/Parsable\ Types/ParsableCommand.swift (in target 'ArgumentParser' from project 'swift-argument-parser')
SwiftCompile normal arm64_32 /Users/admin/builder/spi-builder-workspace/.dependencies/checkouts/swift-argument-parser/Sources/ArgumentParser/Parsable\ Types/CommandGroup.swift (in target 'ArgumentParser' from project 'swift-argument-parser')
cd /Users/admin/builder/spi-builder-workspace/.swiftpm/xcode
builtin-SwiftPerFileCompile CommandGroup.swift
SwiftCompile normal arm64_32 /Users/admin/builder/spi-builder-workspace/.dependencies/checkouts/swift-argument-parser/Sources/ArgumentParser/Parsable\ Types/EnumerableFlag.swift (in target 'ArgumentParser' from project 'swift-argument-parser')
cd /Users/admin/builder/spi-builder-workspace/.swiftpm/xcode
builtin-SwiftPerFileCompile EnumerableFlag.swift
SwiftCompile normal arm64_32 /Users/admin/builder/spi-builder-workspace/.dependencies/checkouts/swift-argument-parser/Sources/ArgumentParser/Parsable\ Types/ExpressibleByArgument.swift (in target 'ArgumentParser' from project 'swift-argument-parser')
cd /Users/admin/builder/spi-builder-workspace/.swiftpm/xcode
builtin-SwiftPerFileCompile ExpressibleByArgument.swift
SwiftCompile normal arm64_32 /Users/admin/builder/spi-builder-workspace/.dependencies/checkouts/swift-argument-parser/Sources/ArgumentParser/Parsable\ Types/ParsableArguments.swift (in target 'ArgumentParser' from project 'swift-argument-parser')
cd /Users/admin/builder/spi-builder-workspace/.swiftpm/xcode
builtin-SwiftPerFileCompile ParsableArguments.swift
SwiftCompile normal arm64_32 /Users/admin/builder/spi-builder-workspace/.dependencies/checkouts/swift-argument-parser/Sources/ArgumentParser/Parsable\ Types/ParsableCommand.swift (in target 'ArgumentParser' from project 'swift-argument-parser')
cd /Users/admin/builder/spi-builder-workspace/.swiftpm/xcode
builtin-SwiftPerFileCompile ParsableCommand.swift
SwiftDriverJobDiscovery normal arm64 Compiling SampleLocatorAudioAlignment.swift, SampleTable.swift, SampleTableParser.swift, DRMInterop.swift, FairPlayLiveConfig.swift, KeyRotationPolicy.swift, LiveDRMPipeline.swift, LiveDRMPipelineConfig.swift, LiveKeyManager.swift, SessionKeyManager.swift, ADTSParser.swift, AudioConverterBridge.swift, AudioEncoder.swift, EncodedFrame.swift, FFmpegAudioEncoder.swift, FFmpegVideoEncoder.swift, LiveEncoder.swift, LiveEncoderConfiguration.swift, LiveEncoderError.swift, MultiBitrateEncoder.swift, NALUnitParser.swift, VideoEncoder+PixelBuffer.swift, VideoEncoder.swift, CryptoProvider.swift, EncryptedPlaylistBuilder.swift (in target 'HLSKit' from project 'swift-hls-kit')
SwiftCompile normal arm64 Compiling\ Option.swift,\ OptionGroup.swift,\ ParentCommand.swift,\ AsyncParsableCommand.swift,\ CommandConfiguration.swift /Users/admin/builder/spi-builder-workspace/.dependencies/checkouts/swift-argument-parser/Sources/ArgumentParser/Parsable\ Properties/Option.swift /Users/admin/builder/spi-builder-workspace/.dependencies/checkouts/swift-argument-parser/Sources/ArgumentParser/Parsable\ Properties/OptionGroup.swift /Users/admin/builder/spi-builder-workspace/.dependencies/checkouts/swift-argument-parser/Sources/ArgumentParser/Parsable\ Properties/ParentCommand.swift /Users/admin/builder/spi-builder-workspace/.dependencies/checkouts/swift-argument-parser/Sources/ArgumentParser/Parsable\ Types/AsyncParsableCommand.swift /Users/admin/builder/spi-builder-workspace/.dependencies/checkouts/swift-argument-parser/Sources/ArgumentParser/Parsable\ Types/CommandConfiguration.swift (in target 'ArgumentParser' from project 'swift-argument-parser')
SwiftCompile normal arm64 /Users/admin/builder/spi-builder-workspace/.dependencies/checkouts/swift-argument-parser/Sources/ArgumentParser/Parsable\ Properties/Option.swift (in target 'ArgumentParser' from project 'swift-argument-parser')
cd /Users/admin/builder/spi-builder-workspace/.swiftpm/xcode
builtin-SwiftPerFileCompile Option.swift
SwiftCompile normal arm64 /Users/admin/builder/spi-builder-workspace/.dependencies/checkouts/swift-argument-parser/Sources/ArgumentParser/Parsable\ Properties/OptionGroup.swift (in target 'ArgumentParser' from project 'swift-argument-parser')
cd /Users/admin/builder/spi-builder-workspace/.swiftpm/xcode
builtin-SwiftPerFileCompile OptionGroup.swift
SwiftCompile normal arm64 /Users/admin/builder/spi-builder-workspace/.dependencies/checkouts/swift-argument-parser/Sources/ArgumentParser/Parsable\ Properties/ParentCommand.swift (in target 'ArgumentParser' from project 'swift-argument-parser')
cd /Users/admin/builder/spi-builder-workspace/.swiftpm/xcode
builtin-SwiftPerFileCompile ParentCommand.swift
SwiftCompile normal arm64 /Users/admin/builder/spi-builder-workspace/.dependencies/checkouts/swift-argument-parser/Sources/ArgumentParser/Parsable\ Types/AsyncParsableCommand.swift (in target 'ArgumentParser' from project 'swift-argument-parser')
cd /Users/admin/builder/spi-builder-workspace/.swiftpm/xcode
builtin-SwiftPerFileCompile AsyncParsableCommand.swift
SwiftCompile normal arm64 /Users/admin/builder/spi-builder-workspace/.dependencies/checkouts/swift-argument-parser/Sources/ArgumentParser/Parsable\ Types/CommandConfiguration.swift (in target 'ArgumentParser' from project 'swift-argument-parser')
cd /Users/admin/builder/spi-builder-workspace/.swiftpm/xcode
builtin-SwiftPerFileCompile CommandConfiguration.swift
SwiftCompile normal arm64 Compiling\ UsageGenerator.swift,\ CollectionExtensions.swift,\ Foundation.swift,\ Mutex.swift,\ Platform.swift /Users/admin/builder/spi-builder-workspace/.dependencies/checkouts/swift-argument-parser/Sources/ArgumentParser/Usage/UsageGenerator.swift /Users/admin/builder/spi-builder-workspace/.dependencies/checkouts/swift-argument-parser/Sources/ArgumentParser/Utilities/CollectionExtensions.swift /Users/admin/builder/spi-builder-workspace/.dependencies/checkouts/swift-argument-parser/Sources/ArgumentParser/Utilities/Foundation.swift /Users/admin/builder/spi-builder-workspace/.dependencies/checkouts/swift-argument-parser/Sources/ArgumentParser/Utilities/Mutex.swift /Users/admin/builder/spi-builder-workspace/.dependencies/checkouts/swift-argument-parser/Sources/ArgumentParser/Utilities/Platform.swift (in target 'ArgumentParser' from project 'swift-argument-parser')
SwiftCompile normal arm64 /Users/admin/builder/spi-builder-workspace/.dependencies/checkouts/swift-argument-parser/Sources/ArgumentParser/Usage/UsageGenerator.swift (in target 'ArgumentParser' from project 'swift-argument-parser')
cd /Users/admin/builder/spi-builder-workspace/.swiftpm/xcode
builtin-SwiftPerFileCompile UsageGenerator.swift
SwiftCompile normal arm64 /Users/admin/builder/spi-builder-workspace/.dependencies/checkouts/swift-argument-parser/Sources/ArgumentParser/Utilities/CollectionExtensions.swift (in target 'ArgumentParser' from project 'swift-argument-parser')
cd /Users/admin/builder/spi-builder-workspace/.swiftpm/xcode
builtin-SwiftPerFileCompile CollectionExtensions.swift
SwiftCompile normal arm64 /Users/admin/builder/spi-builder-workspace/.dependencies/checkouts/swift-argument-parser/Sources/ArgumentParser/Utilities/Foundation.swift (in target 'ArgumentParser' from project 'swift-argument-parser')
cd /Users/admin/builder/spi-builder-workspace/.swiftpm/xcode
builtin-SwiftPerFileCompile Foundation.swift
SwiftCompile normal arm64 /Users/admin/builder/spi-builder-workspace/.dependencies/checkouts/swift-argument-parser/Sources/ArgumentParser/Utilities/Mutex.swift (in target 'ArgumentParser' from project 'swift-argument-parser')
cd /Users/admin/builder/spi-builder-workspace/.swiftpm/xcode
builtin-SwiftPerFileCompile Mutex.swift
SwiftCompile normal arm64 /Users/admin/builder/spi-builder-workspace/.dependencies/checkouts/swift-argument-parser/Sources/ArgumentParser/Utilities/Platform.swift (in target 'ArgumentParser' from project 'swift-argument-parser')
cd /Users/admin/builder/spi-builder-workspace/.swiftpm/xcode
builtin-SwiftPerFileCompile Platform.swift
SwiftDriverJobDiscovery normal arm64_32 Compiling InputOrigin.swift, Name.swift, Parsed.swift, ParsedValues.swift, ParserError.swift (in target 'ArgumentParser' from project 'swift-argument-parser')
SwiftCompile normal arm64 Compiling\ ArgumentDecoder.swift,\ ArgumentDefinition.swift,\ ArgumentSet.swift,\ CommandParser.swift,\ InputKey.swift /Users/admin/builder/spi-builder-workspace/.dependencies/checkouts/swift-argument-parser/Sources/ArgumentParser/Parsing/ArgumentDecoder.swift /Users/admin/builder/spi-builder-workspace/.dependencies/checkouts/swift-argument-parser/Sources/ArgumentParser/Parsing/ArgumentDefinition.swift /Users/admin/builder/spi-builder-workspace/.dependencies/checkouts/swift-argument-parser/Sources/ArgumentParser/Parsing/ArgumentSet.swift /Users/admin/builder/spi-builder-workspace/.dependencies/checkouts/swift-argument-parser/Sources/ArgumentParser/Parsing/CommandParser.swift /Users/admin/builder/spi-builder-workspace/.dependencies/checkouts/swift-argument-parser/Sources/ArgumentParser/Parsing/InputKey.swift (in target 'ArgumentParser' from project 'swift-argument-parser')
SwiftCompile normal arm64 /Users/admin/builder/spi-builder-workspace/.dependencies/checkouts/swift-argument-parser/Sources/ArgumentParser/Parsing/ArgumentDecoder.swift (in target 'ArgumentParser' from project 'swift-argument-parser')
cd /Users/admin/builder/spi-builder-workspace/.swiftpm/xcode
builtin-SwiftPerFileCompile ArgumentDecoder.swift
SwiftCompile normal arm64 /Users/admin/builder/spi-builder-workspace/.dependencies/checkouts/swift-argument-parser/Sources/ArgumentParser/Parsing/ArgumentDefinition.swift (in target 'ArgumentParser' from project 'swift-argument-parser')
cd /Users/admin/builder/spi-builder-workspace/.swiftpm/xcode
builtin-SwiftPerFileCompile ArgumentDefinition.swift
SwiftCompile normal arm64 /Users/admin/builder/spi-builder-workspace/.dependencies/checkouts/swift-argument-parser/Sources/ArgumentParser/Parsing/ArgumentSet.swift (in target 'ArgumentParser' from project 'swift-argument-parser')
cd /Users/admin/builder/spi-builder-workspace/.swiftpm/xcode
builtin-SwiftPerFileCompile ArgumentSet.swift
SwiftCompile normal arm64 /Users/admin/builder/spi-builder-workspace/.dependencies/checkouts/swift-argument-parser/Sources/ArgumentParser/Parsing/CommandParser.swift (in target 'ArgumentParser' from project 'swift-argument-parser')
cd /Users/admin/builder/spi-builder-workspace/.swiftpm/xcode
builtin-SwiftPerFileCompile CommandParser.swift
SwiftCompile normal arm64 /Users/admin/builder/spi-builder-workspace/.dependencies/checkouts/swift-argument-parser/Sources/ArgumentParser/Parsing/InputKey.swift (in target 'ArgumentParser' from project 'swift-argument-parser')
cd /Users/admin/builder/spi-builder-workspace/.swiftpm/xcode
builtin-SwiftPerFileCompile InputKey.swift
SwiftDriverJobDiscovery normal arm64 Compiling SegmentationConfig.swift, SegmentationResult.swift, TSSegmenter.swift, TSSegmenterCodecExtraction.swift, TSSegmenterPlaylist.swift, MVHEVCEncoder.swift, MVHEVCMediaSegmentBoxes.swift, MVHEVCPackager.swift, MVHEVCPackagerBoxes.swift, MVHEVCSampleProcessor.swift, SpatialVideoConfiguration.swift, VideoChannelLayout.swift, VideoLayoutDescriptor.swift, VideoProjection.swift, AC3Encoder.swift, DolbyAtmosEncoder.swift, HiResAudioConfig.swift, MultiChannelLayout.swift, SpatialAudioConfig.swift, SpatialAudioEncoder.swift, SpatialRenditionGenerator.swift, IMSC1Document.swift, IMSC1Parser.swift, IMSC1Renderer.swift (in target 'HLSKit' from project 'swift-hls-kit')
SwiftCompile normal arm64_32 Compiling\ ArgumentHelp.swift,\ ArgumentVisibility.swift,\ CompletionKind.swift,\ Errors.swift,\ Flag.swift,\ NameSpecification.swift /Users/admin/builder/spi-builder-workspace/.dependencies/checkouts/swift-argument-parser/Sources/ArgumentParser/Parsable\ Properties/ArgumentHelp.swift /Users/admin/builder/spi-builder-workspace/.dependencies/checkouts/swift-argument-parser/Sources/ArgumentParser/Parsable\ Properties/ArgumentVisibility.swift /Users/admin/builder/spi-builder-workspace/.dependencies/checkouts/swift-argument-parser/Sources/ArgumentParser/Parsable\ Properties/CompletionKind.swift /Users/admin/builder/spi-builder-workspace/.dependencies/checkouts/swift-argument-parser/Sources/ArgumentParser/Parsable\ Properties/Errors.swift /Users/admin/builder/spi-builder-workspace/.dependencies/checkouts/swift-argument-parser/Sources/ArgumentParser/Parsable\ Properties/Flag.swift /Users/admin/builder/spi-builder-workspace/.dependencies/checkouts/swift-argument-parser/Sources/ArgumentParser/Parsable\ Properties/NameSpecification.swift (in target 'ArgumentParser' from project 'swift-argument-parser')
SwiftCompile normal arm64_32 /Users/admin/builder/spi-builder-workspace/.dependencies/checkouts/swift-argument-parser/Sources/ArgumentParser/Parsable\ Properties/ArgumentHelp.swift (in target 'ArgumentParser' from project 'swift-argument-parser')
cd /Users/admin/builder/spi-builder-workspace/.swiftpm/xcode
builtin-SwiftPerFileCompile ArgumentHelp.swift
SwiftCompile normal arm64_32 /Users/admin/builder/spi-builder-workspace/.dependencies/checkouts/swift-argument-parser/Sources/ArgumentParser/Parsable\ Properties/ArgumentVisibility.swift (in target 'ArgumentParser' from project 'swift-argument-parser')
cd /Users/admin/builder/spi-builder-workspace/.swiftpm/xcode
builtin-SwiftPerFileCompile ArgumentVisibility.swift
SwiftCompile normal arm64_32 /Users/admin/builder/spi-builder-workspace/.dependencies/checkouts/swift-argument-parser/Sources/ArgumentParser/Parsable\ Properties/CompletionKind.swift (in target 'ArgumentParser' from project 'swift-argument-parser')
cd /Users/admin/builder/spi-builder-workspace/.swiftpm/xcode
builtin-SwiftPerFileCompile CompletionKind.swift
SwiftCompile normal arm64_32 /Users/admin/builder/spi-builder-workspace/.dependencies/checkouts/swift-argument-parser/Sources/ArgumentParser/Parsable\ Properties/Errors.swift (in target 'ArgumentParser' from project 'swift-argument-parser')
cd /Users/admin/builder/spi-builder-workspace/.swiftpm/xcode
builtin-SwiftPerFileCompile Errors.swift
SwiftCompile normal arm64_32 /Users/admin/builder/spi-builder-workspace/.dependencies/checkouts/swift-argument-parser/Sources/ArgumentParser/Parsable\ Properties/Flag.swift (in target 'ArgumentParser' from project 'swift-argument-parser')
cd /Users/admin/builder/spi-builder-workspace/.swiftpm/xcode
builtin-SwiftPerFileCompile Flag.swift
SwiftCompile normal arm64_32 /Users/admin/builder/spi-builder-workspace/.dependencies/checkouts/swift-argument-parser/Sources/ArgumentParser/Parsable\ Properties/NameSpecification.swift (in target 'ArgumentParser' from project 'swift-argument-parser')
cd /Users/admin/builder/spi-builder-workspace/.swiftpm/xcode
builtin-SwiftPerFileCompile NameSpecification.swift
SwiftDriverJobDiscovery normal arm64_32 Compiling CommandGroup.swift, EnumerableFlag.swift, ExpressibleByArgument.swift, ParsableArguments.swift, ParsableCommand.swift (in target 'ArgumentParser' from project 'swift-argument-parser')
SwiftDriverJobDiscovery normal arm64_32 Compiling SampleLocatorAudioAlignment.swift, SampleTable.swift, SampleTableParser.swift, DRMInterop.swift, FairPlayLiveConfig.swift, KeyRotationPolicy.swift, LiveDRMPipeline.swift, LiveDRMPipelineConfig.swift, LiveKeyManager.swift, SessionKeyManager.swift, ADTSParser.swift, AudioConverterBridge.swift, AudioEncoder.swift, EncodedFrame.swift, FFmpegAudioEncoder.swift, FFmpegVideoEncoder.swift, LiveEncoder.swift, LiveEncoderConfiguration.swift, LiveEncoderError.swift, MultiBitrateEncoder.swift, NALUnitParser.swift, VideoEncoder+PixelBuffer.swift, VideoEncoder.swift, CryptoProvider.swift, EncryptedPlaylistBuilder.swift (in target 'HLSKit' from project 'swift-hls-kit')
SwiftDriver HLSKitCommands normal arm64 com.apple.xcode.tools.swift.compiler (in target 'HLSKitCommands' from project 'swift-hls-kit')
cd /Users/admin/builder/spi-builder-workspace/.swiftpm/xcode
builtin-SwiftDriver -- /Applications/Xcode-27.0.0-Release.Candidate.app/Contents/Developer/Toolchains/XcodeDefault.xctoolchain/usr/bin/swiftc -parse-as-library -module-name HLSKitCommands -Onone @/Users/admin/builder/spi-builder-workspace/.derivedData/Build/Intermediates.noindex/swift-hls-kit.build/Debug-watchos/HLSKitCommands-t.build/Objects-normal/arm64/HLSKitCommands.SwiftFileList -DSWIFT_PACKAGE -DDEBUG -DSWIFT_MODULE_RESOURCE_BUNDLE_UNAVAILABLE -DXcode -plugin-path /Applications/Xcode-27.0.0-Release.Candidate.app/Contents/Developer/Toolchains/XcodeDefault.xctoolchain/usr/lib/swift/host/plugins/testing -enable-experimental-feature DebugDescriptionMacro -sdk /Applications/Xcode-27.0.0-Release.Candidate.app/Contents/Developer/Platforms/WatchOS.platform/Developer/SDKs/WatchOS27.0.sdk -target arm64-apple-watchos10.0 -g -module-cache-path /Users/admin/builder/spi-builder-workspace/.derivedData/ModuleCache.noindex -Xfrontend -serialize-debugging-options -profile-coverage-mapping -profile-generate -enable-testing -index-store-path /Users/admin/builder/spi-builder-workspace/.derivedData/Index.noindex/DataStore -Xcc -D_LIBCPP_HARDENING_MODE\=_LIBCPP_HARDENING_MODE_DEBUG -swift-version 6 -I /Users/admin/builder/spi-builder-workspace/.derivedData/Build/Products/Debug-watchos -Isystem /Applications/Xcode-27.0.0-Release.Candidate.app/Contents/Developer/Platforms/WatchOS.platform/Developer/usr/lib -F /Users/admin/builder/spi-builder-workspace/.derivedData/Build/Products/Debug-watchos/PackageFrameworks -F /Users/admin/builder/spi-builder-workspace/.derivedData/Build/Products/Debug-watchos -F /Applications/Xcode-27.0.0-Release.Candidate.app/Contents/Developer/Platforms/WatchOS.platform/Developer/Library/Frameworks -F /Applications/Xcode-27.0.0-Release.Candidate.app/Contents/Developer/Platforms/WatchOS.platform/Developer/SDKs/WatchOS27.0.sdk/Developer/Library/Frameworks -c -j10 -enable-batch-mode -incremental -Xcc -ivfsstatcache -Xcc /Users/admin/builder/spi-builder-workspace/.derivedData/SDKStatCaches.noindex/watchos27.0-24R360-e829b21a6f8c9b70876ba0858053c04477534ef55a1706bf4c1112bbb242f0a2.sdkstatcache -output-file-map /Users/admin/builder/spi-builder-workspace/.derivedData/Build/Intermediates.noindex/swift-hls-kit.build/Debug-watchos/HLSKitCommands-t.build/Objects-normal/arm64/HLSKitCommands-OutputFileMap.json -save-temps -no-color-diagnostics -explicit-module-build -module-cache-path /Users/admin/builder/spi-builder-workspace/.derivedData/Build/Intermediates.noindex/SwiftExplicitPrecompiledModules -clang-scanner-module-cache-path /Users/admin/builder/spi-builder-workspace/.derivedData/ModuleCache.noindex -sdk-module-cache-path /Users/admin/builder/spi-builder-workspace/.derivedData/SDKExplicitPrecompiledModules -emit-dependencies -emit-module -emit-module-path /Users/admin/builder/spi-builder-workspace/.derivedData/Build/Intermediates.noindex/swift-hls-kit.build/Debug-watchos/HLSKitCommands-t.build/Objects-normal/arm64/HLSKitCommands.swiftmodule -serialize-diagnostics -dependency-scan-serialize-diagnostics-path /Users/admin/builder/spi-builder-workspace/.derivedData/Build/Intermediates.noindex/swift-hls-kit.build/Debug-watchos/HLSKitCommands-t.build/Objects-normal/arm64/HLSKitCommands-dependency-scan.dia -validate-clang-modules-once -clang-build-session-file /Users/admin/builder/spi-builder-workspace/.derivedData/ModuleCache.noindex/Session.modulevalidation -Xcc -fmodules-prune-interval\=86400 -Xcc -fmodules-prune-after\=345600 -package-name spi_builder_workspace -emit-const-values -const-gather-protocols-list /Users/admin/builder/spi-builder-workspace/.derivedData/Build/Intermediates.noindex/swift-hls-kit.build/Debug-watchos/HLSKitCommands-t.build/Objects-normal/arm64/HLSKitCommands_const_extract_protocols.json -Xcc -I/Users/admin/builder/spi-builder-workspace/.derivedData/Build/Products/Debug-watchos/include -Xcc -I/Users/admin/builder/spi-builder-workspace/.derivedData/Build/Intermediates.noindex/swift-hls-kit.build/Debug-watchos/HLSKitCommands-t.build/DerivedSources-normal/arm64 -Xcc -I/Users/admin/builder/spi-builder-workspace/.derivedData/Build/Intermediates.noindex/swift-hls-kit.build/Debug-watchos/HLSKitCommands-t.build/DerivedSources/arm64 -Xcc -I/Users/admin/builder/spi-builder-workspace/.derivedData/Build/Intermediates.noindex/swift-hls-kit.build/Debug-watchos/HLSKitCommands-t.build/DerivedSources -Xcc -DSWIFT_PACKAGE -Xcc -DDEBUG\=1 -emit-objc-header -emit-objc-header-path /Users/admin/builder/spi-builder-workspace/.derivedData/Build/Intermediates.noindex/swift-hls-kit.build/Debug-watchos/HLSKitCommands-t.build/Objects-normal/arm64/HLSKitCommands-Swift.h -working-directory /Users/admin/builder/spi-builder-workspace/.swiftpm/xcode -experimental-emit-module-separately -disable-cmo
SwiftDriver HLSKitCommands normal arm64_32 com.apple.xcode.tools.swift.compiler (in target 'HLSKitCommands' from project 'swift-hls-kit')
cd /Users/admin/builder/spi-builder-workspace/.swiftpm/xcode
builtin-SwiftDriver -- /Applications/Xcode-27.0.0-Release.Candidate.app/Contents/Developer/Toolchains/XcodeDefault.xctoolchain/usr/bin/swiftc -parse-as-library -module-name HLSKitCommands -Onone @/Users/admin/builder/spi-builder-workspace/.derivedData/Build/Intermediates.noindex/swift-hls-kit.build/Debug-watchos/HLSKitCommands-t.build/Objects-normal/arm64_32/HLSKitCommands.SwiftFileList -DSWIFT_PACKAGE -DDEBUG -DSWIFT_MODULE_RESOURCE_BUNDLE_UNAVAILABLE -DXcode -plugin-path /Applications/Xcode-27.0.0-Release.Candidate.app/Contents/Developer/Toolchains/XcodeDefault.xctoolchain/usr/lib/swift/host/plugins/testing -enable-experimental-feature DebugDescriptionMacro -sdk /Applications/Xcode-27.0.0-Release.Candidate.app/Contents/Developer/Platforms/WatchOS.platform/Developer/SDKs/WatchOS27.0.sdk -target arm64_32-apple-watchos10.0 -g -module-cache-path /Users/admin/builder/spi-builder-workspace/.derivedData/ModuleCache.noindex -Xfrontend -serialize-debugging-options -profile-coverage-mapping -profile-generate -enable-testing -index-store-path /Users/admin/builder/spi-builder-workspace/.derivedData/Index.noindex/DataStore -Xcc -D_LIBCPP_HARDENING_MODE\=_LIBCPP_HARDENING_MODE_DEBUG -swift-version 6 -I /Users/admin/builder/spi-builder-workspace/.derivedData/Build/Products/Debug-watchos -Isystem /Applications/Xcode-27.0.0-Release.Candidate.app/Contents/Developer/Platforms/WatchOS.platform/Developer/usr/lib -F /Users/admin/builder/spi-builder-workspace/.derivedData/Build/Products/Debug-watchos/PackageFrameworks -F /Users/admin/builder/spi-builder-workspace/.derivedData/Build/Products/Debug-watchos -F /Applications/Xcode-27.0.0-Release.Candidate.app/Contents/Developer/Platforms/WatchOS.platform/Developer/Library/Frameworks -F /Applications/Xcode-27.0.0-Release.Candidate.app/Contents/Developer/Platforms/WatchOS.platform/Developer/SDKs/WatchOS27.0.sdk/Developer/Library/Frameworks -c -j10 -enable-batch-mode -incremental -Xcc -ivfsstatcache -Xcc /Users/admin/builder/spi-builder-workspace/.derivedData/SDKStatCaches.noindex/watchos27.0-24R360-e829b21a6f8c9b70876ba0858053c04477534ef55a1706bf4c1112bbb242f0a2.sdkstatcache -output-file-map /Users/admin/builder/spi-builder-workspace/.derivedData/Build/Intermediates.noindex/swift-hls-kit.build/Debug-watchos/HLSKitCommands-t.build/Objects-normal/arm64_32/HLSKitCommands-OutputFileMap.json -save-temps -no-color-diagnostics -explicit-module-build -module-cache-path /Users/admin/builder/spi-builder-workspace/.derivedData/Build/Intermediates.noindex/SwiftExplicitPrecompiledModules -clang-scanner-module-cache-path /Users/admin/builder/spi-builder-workspace/.derivedData/ModuleCache.noindex -sdk-module-cache-path /Users/admin/builder/spi-builder-workspace/.derivedData/SDKExplicitPrecompiledModules -emit-dependencies -emit-module -emit-module-path /Users/admin/builder/spi-builder-workspace/.derivedData/Build/Intermediates.noindex/swift-hls-kit.build/Debug-watchos/HLSKitCommands-t.build/Objects-normal/arm64_32/HLSKitCommands.swiftmodule -serialize-diagnostics -dependency-scan-serialize-diagnostics-path /Users/admin/builder/spi-builder-workspace/.derivedData/Build/Intermediates.noindex/swift-hls-kit.build/Debug-watchos/HLSKitCommands-t.build/Objects-normal/arm64_32/HLSKitCommands-dependency-scan.dia -validate-clang-modules-once -clang-build-session-file /Users/admin/builder/spi-builder-workspace/.derivedData/ModuleCache.noindex/Session.modulevalidation -Xcc -fmodules-prune-interval\=86400 -Xcc -fmodules-prune-after\=345600 -package-name spi_builder_workspace -emit-const-values -const-gather-protocols-list /Users/admin/builder/spi-builder-workspace/.derivedData/Build/Intermediates.noindex/swift-hls-kit.build/Debug-watchos/HLSKitCommands-t.build/Objects-normal/arm64_32/HLSKitCommands_const_extract_protocols.json -Xcc -I/Users/admin/builder/spi-builder-workspace/.derivedData/Build/Products/Debug-watchos/include -Xcc -I/Users/admin/builder/spi-builder-workspace/.derivedData/Build/Intermediates.noindex/swift-hls-kit.build/Debug-watchos/HLSKitCommands-t.build/DerivedSources-normal/arm64_32 -Xcc -I/Users/admin/builder/spi-builder-workspace/.derivedData/Build/Intermediates.noindex/swift-hls-kit.build/Debug-watchos/HLSKitCommands-t.build/DerivedSources/arm64_32 -Xcc -I/Users/admin/builder/spi-builder-workspace/.derivedData/Build/Intermediates.noindex/swift-hls-kit.build/Debug-watchos/HLSKitCommands-t.build/DerivedSources -Xcc -DSWIFT_PACKAGE -Xcc -DDEBUG\=1 -emit-objc-header -emit-objc-header-path /Users/admin/builder/spi-builder-workspace/.derivedData/Build/Intermediates.noindex/swift-hls-kit.build/Debug-watchos/HLSKitCommands-t.build/Objects-normal/arm64_32/HLSKitCommands-Swift.h -working-directory /Users/admin/builder/spi-builder-workspace/.swiftpm/xcode -experimental-emit-module-separately -disable-cmo
SwiftDriverJobDiscovery normal arm64 Compiling Option.swift, OptionGroup.swift, ParentCommand.swift, AsyncParsableCommand.swift, CommandConfiguration.swift (in target 'ArgumentParser' from project 'swift-argument-parser')
SwiftDriverJobDiscovery normal arm64 Compiling UsageGenerator.swift, CollectionExtensions.swift, Foundation.swift, Mutex.swift, Platform.swift (in target 'ArgumentParser' from project 'swift-argument-parser')
SwiftEmitModule normal arm64 Emitting\ module\ for\ HLSKitCommands (in target 'HLSKitCommands' from project 'swift-hls-kit')
SwiftCompile normal arm64 (in target 'HLSKitCommands' from project 'swift-hls-kit')
cd /Users/admin/builder/spi-builder-workspace/.swiftpm/xcode
SwiftCompile normal arm64 Compiling\ SegmentCommand.swift,\ TranscodeCommand.swift /Users/admin/builder/spi-builder-workspace/Sources/HLSKitCommands/SegmentCommand.swift /Users/admin/builder/spi-builder-workspace/Sources/HLSKitCommands/TranscodeCommand.swift (in target 'HLSKitCommands' from project 'swift-hls-kit')
/Users/admin/builder/spi-builder-workspace/Sources/HLSKitCommands/SegmentCommand.swift:104:61: error: incorrect argument label in call (have 'url:outputDirectory:config:', expected 'data:outputDirectory:config:')
102 | let engine = HLSEngine()
103 | #if canImport(AVFoundation)
104 | let result = try await engine.segmentToDirectory(
| `- error: incorrect argument label in call (have 'url:outputDirectory:config:', expected 'data:outputDirectory:config:')
105 | url: inputURL,
106 | outputDirectory: outputURL,
/Users/admin/builder/spi-builder-workspace/Sources/HLSKitCommands/SegmentCommand.swift:105:22: error: cannot convert value of type 'URL' to expected argument type 'Data'
103 | #if canImport(AVFoundation)
104 | let result = try await engine.segmentToDirectory(
105 | url: inputURL,
| `- error: cannot convert value of type 'URL' to expected argument type 'Data'
106 | outputDirectory: outputURL,
107 | config: config
Failed frontend command:
/Applications/Xcode-27.0.0-Release.Candidate.app/Contents/Developer/Toolchains/XcodeDefault.xctoolchain/usr/bin/swift-frontend -frontend -c /Users/admin/builder/spi-builder-workspace/Sources/HLSKitCommands/EncryptCommand.swift /Users/admin/builder/spi-builder-workspace/Sources/HLSKitCommands/HLSKitCommand.swift /Users/admin/builder/spi-builder-workspace/Sources/HLSKitCommands/Helpers/AVInfoProvider.swift /Users/admin/builder/spi-builder-workspace/Sources/HLSKitCommands/Helpers/ColorOutput.swift /Users/admin/builder/spi-builder-workspace/Sources/HLSKitCommands/Helpers/ExitCodes.swift /Users/admin/builder/spi-builder-workspace/Sources/HLSKitCommands/Helpers/OutputFormatter.swift /Users/admin/builder/spi-builder-workspace/Sources/HLSKitCommands/Helpers/OutputFormatterLive.swift /Users/admin/builder/spi-builder-workspace/Sources/HLSKitCommands/IFrameCommand.swift /Users/admin/builder/spi-builder-workspace/Sources/HLSKitCommands/IMSC1Command.swift /Users/admin/builder/spi-builder-workspace/Sources/HLSKitCommands/InfoCommand.swift /Users/admin/builder/spi-builder-workspace/Sources/HLSKitCommands/LiveCommand.swift /Users/admin/builder/spi-builder-workspace/Sources/HLSKitCommands/LiveMetadataCommand.swift /Users/admin/builder/spi-builder-workspace/Sources/HLSKitCommands/MVHEVCCommand.swift /Users/admin/builder/spi-builder-workspace/Sources/HLSKitCommands/ManifestCommand.swift /Users/admin/builder/spi-builder-workspace/Sources/HLSKitCommands/ManifestDisplayHelpers.swift /Users/admin/builder/spi-builder-workspace/Sources/HLSKitCommands/ManifestParseCommand.swift -primary-file /Users/admin/builder/spi-builder-workspace/Sources/HLSKitCommands/SegmentCommand.swift -primary-file /Users/admin/builder/spi-builder-workspace/Sources/HLSKitCommands/TranscodeCommand.swift /Users/admin/builder/spi-builder-workspace/Sources/HLSKitCommands/ValidateCommand.swift -emit-dependencies-path /Users/admin/builder/spi-builder-workspace/.derivedData/Build/Intermediates.noindex/swift-hls-kit.build/Debug-watchos/HLSKitCommands-t.build/Objects-normal/arm64/SegmentCommand.d -emit-const-values-path /Users/admin/builder/spi-builder-workspace/.derivedData/Build/Intermediates.noindex/swift-hls-kit.build/Debug-watchos/HLSKitCommands-t.build/Objects-normal/arm64/SegmentCommand.swiftconstvalues -emit-reference-dependencies-path /Users/admin/builder/spi-builder-workspace/.derivedData/Build/Intermediates.noindex/swift-hls-kit.build/Debug-watchos/HLSKitCommands-t.build/Objects-normal/arm64/SegmentCommand.swiftdeps -serialize-diagnostics-path /Users/admin/builder/spi-builder-workspace/.derivedData/Build/Intermediates.noindex/swift-hls-kit.build/Debug-watchos/HLSKitCommands-t.build/Objects-normal/arm64/SegmentCommand.dia -emit-dependencies-path /Users/admin/builder/spi-builder-workspace/.derivedData/Build/Intermediates.noindex/swift-hls-kit.build/Debug-watchos/HLSKitCommands-t.build/Objects-normal/arm64/TranscodeCommand.d -emit-const-values-path /Users/admin/builder/spi-builder-workspace/.derivedData/Build/Intermediates.noindex/swift-hls-kit.build/Debug-watchos/HLSKitCommands-t.build/Objects-normal/arm64/TranscodeCommand.swiftconstvalues -emit-reference-dependencies-path /Users/admin/builder/spi-builder-workspace/.derivedData/Build/Intermediates.noindex/swift-hls-kit.build/Debug-watchos/HLSKitCommands-t.build/Objects-normal/arm64/TranscodeCommand.swiftdeps -serialize-diagnostics-path /Users/admin/builder/spi-builder-workspace/.derivedData/Build/Intermediates.noindex/swift-hls-kit.build/Debug-watchos/HLSKitCommands-t.build/Objects-normal/arm64/TranscodeCommand.dia -target arm64-apple-watchos10.0 -module-can-import-version AVFoundation 2450.77.3.1 2.0.0 -module-can-import-version Darwin 428.0.10 0 -disable-cross-import-overlay-search -swift-module-cross-import Darwin /Applications/Xcode-27.0.0-Release.Candidate.app/Contents/Developer/Platforms/WatchOS.platform/Developer/SDKs/WatchOS.sdk/usr/include/Darwin.swiftcrossimport/xlocale.swiftoverlay -load-resolved-plugin /Applications/Xcode-27.0.0-Release.Candidate.app/Contents/Developer/Platforms/WatchOS.platform/Developer/usr/lib/swift/host/plugins/libFoundationMacros.dylib\#/Applications/Xcode-27.0.0-Release.Candidate.app/Contents/Developer/Platforms/WatchOS.platform/Developer/usr/bin/swift-plugin-server\#FoundationMacros -load-resolved-plugin /Applications/Xcode-27.0.0-Release.Candidate.app/Contents/Developer/Platforms/WatchOS.platform/Developer/usr/lib/swift/host/plugins/libObservationMacros.dylib\#/Applications/Xcode-27.0.0-Release.Candidate.app/Contents/Developer/Platforms/WatchOS.platform/Developer/usr/bin/swift-plugin-server\#ObservationMacros -load-resolved-plugin /Applications/Xcode-27.0.0-Release.Candidate.app/Contents/Developer/Platforms/WatchOS.platform/Developer/usr/lib/swift/host/plugins/libSwiftMacros.dylib\#/Applications/Xcode-27.0.0-Release.Candidate.app/Contents/Developer/Platforms/WatchOS.platform/Developer/usr/bin/swift-plugin-server\#SwiftMacros -disable-implicit-swift-modules -Xcc -fno-implicit-modules -Xcc -fno-implicit-module-maps -explicit-swift-module-map-file /Users/admin/builder/spi-builder-workspace/.derivedData/Build/Intermediates.noindex/swift-hls-kit.build/Debug-watchos/HLSKitCommands-t.build/Objects-normal/arm64/HLSKitCommands-dependencies-1.json -Xllvm -aarch64-use-tbi -enable-objc-interop -stack-check -sdk /Applications/Xcode-27.0.0-Release.Candidate.app/Contents/Developer/Platforms/WatchOS.platform/Developer/SDKs/WatchOS27.0.sdk -I /Users/admin/builder/spi-builder-workspace/.derivedData/Build/Products/Debug-watchos -Isystem /Applications/Xcode-27.0.0-Release.Candidate.app/Contents/Developer/Platforms/WatchOS.platform/Developer/usr/lib -F /Users/admin/builder/spi-builder-workspace/.derivedData/Build/Products/Debug-watchos/PackageFrameworks -F /Users/admin/builder/spi-builder-workspace/.derivedData/Build/Products/Debug-watchos -F /Applications/Xcode-27.0.0-Release.Candidate.app/Contents/Developer/Platforms/WatchOS.platform/Developer/Library/Frameworks -F /Applications/Xcode-27.0.0-Release.Candidate.app/Contents/Developer/Platforms/WatchOS.platform/Developer/SDKs/WatchOS27.0.sdk/Developer/Library/Frameworks -module-cache-path /Users/admin/builder/spi-builder-workspace/.derivedData/Build/Intermediates.noindex/SwiftExplicitPrecompiledModules -no-color-diagnostics -Xcc -fno-color-diagnostics -enable-testing -g -debug-info-format\=dwarf -dwarf-version\=4 -profile-generate -profile-coverage-mapping -swift-version 6 -Onone -D SWIFT_PACKAGE -D DEBUG -D SWIFT_MODULE_RESOURCE_BUNDLE_UNAVAILABLE -D Xcode -serialize-debugging-options -enable-experimental-feature DebugDescriptionMacro -empty-abi-descriptor -validate-clang-modules-once -clang-build-session-file /Users/admin/builder/spi-builder-workspace/.derivedData/ModuleCache.noindex/Session.modulevalidation -Xcc -working-directory -Xcc /Users/admin/builder/spi-builder-workspace/.swiftpm/xcode -enable-anonymous-context-mangled-names -file-compilation-dir /Users/admin/builder/spi-builder-workspace/.swiftpm/xcode -Xcc -D_LIBCPP_HARDENING_MODE\=_LIBCPP_HARDENING_MODE_DEBUG -Xcc -ivfsstatcache -Xcc /Users/admin/builder/spi-builder-workspace/.derivedData/SDKStatCaches.noindex/watchos27.0-24R360-e829b21a6f8c9b70876ba0858053c04477534ef55a1706bf4c1112bbb242f0a2.sdkstatcache -Xcc -fmodules-prune-interval\=86400 -Xcc -fmodules-prune-after\=345600 -Xcc -I/Users/admin/builder/spi-builder-workspace/.derivedData/Build/Products/Debug-watchos/include -Xcc -I/Users/admin/builder/spi-builder-workspace/.derivedData/Build/Intermediates.noindex/swift-hls-kit.build/Debug-watchos/HLSKitCommands-t.build/DerivedSources-normal/arm64 -Xcc -I/Users/admin/builder/spi-builder-workspace/.derivedData/Build/Intermediates.noindex/swift-hls-kit.build/Debug-watchos/HLSKitCommands-t.build/DerivedSources/arm64 -Xcc -I/Users/admin/builder/spi-builder-workspace/.derivedData/Build/Intermediates.noindex/swift-hls-kit.build/Debug-watchos/HLSKitCommands-t.build/DerivedSources -Xcc -DSWIFT_PACKAGE -Xcc -DDEBUG\=1 -no-auto-bridging-header-chaining -module-name HLSKitCommands -package-name spi_builder_workspace -const-gather-protocols-file /Users/admin/builder/spi-builder-workspace/.derivedData/Build/Intermediates.noindex/swift-hls-kit.build/Debug-watchos/HLSKitCommands-t.build/Objects-normal/arm64/HLSKitCommands_const_extract_protocols.json -disable-clang-spi -clang-target arm64-apple-watchos27.0 -target-sdk-version 27.0 -target-sdk-name watchos27.0 -in-process-plugin-server-path /Applications/Xcode-27.0.0-Release.Candidate.app/Contents/Developer/Toolchains/XcodeDefault.xctoolchain/usr/lib/swift/host/libSwiftInProcPluginServer.dylib -parse-as-library -o /Users/admin/builder/spi-builder-workspace/.derivedData/Build/Intermediates.noindex/swift-hls-kit.build/Debug-watchos/HLSKitCommands-t.build/Objects-normal/arm64/SegmentCommand.o -o /Users/admin/builder/spi-builder-workspace/.derivedData/Build/Intermediates.noindex/swift-hls-kit.build/Debug-watchos/HLSKitCommands-t.build/Objects-normal/arm64/TranscodeCommand.o -debug-module-path /Users/admin/builder/spi-builder-workspace/.derivedData/Build/Intermediates.noindex/swift-hls-kit.build/Debug-watchos/HLSKitCommands-t.build/Objects-normal/arm64/HLSKitCommands.swiftmodule -index-unit-output-path /swift-hls-kit.build/Debug-watchos/HLSKitCommands-t.build/Objects-normal/arm64/SegmentCommand.o -index-unit-output-path /swift-hls-kit.build/Debug-watchos/HLSKitCommands-t.build/Objects-normal/arm64/TranscodeCommand.o -index-store-path /Users/admin/builder/spi-builder-workspace/.derivedData/Index.noindex/DataStore -index-system-modules
SwiftCompile normal arm64 /Users/admin/builder/spi-builder-workspace/Sources/HLSKitCommands/SegmentCommand.swift (in target 'HLSKitCommands' from project 'swift-hls-kit')
cd /Users/admin/builder/spi-builder-workspace/.swiftpm/xcode
builtin-SwiftPerFileCompile SegmentCommand.swift
SwiftCompile normal arm64 /Users/admin/builder/spi-builder-workspace/Sources/HLSKitCommands/TranscodeCommand.swift (in target 'HLSKitCommands' from project 'swift-hls-kit')
cd /Users/admin/builder/spi-builder-workspace/.swiftpm/xcode
builtin-SwiftPerFileCompile TranscodeCommand.swift
SwiftCompile normal arm64 Compiling\ MVHEVCCommand.swift,\ ManifestCommand.swift /Users/admin/builder/spi-builder-workspace/Sources/HLSKitCommands/MVHEVCCommand.swift /Users/admin/builder/spi-builder-workspace/Sources/HLSKitCommands/ManifestCommand.swift (in target 'HLSKitCommands' from project 'swift-hls-kit')
SwiftCompile normal arm64 /Users/admin/builder/spi-builder-workspace/Sources/HLSKitCommands/MVHEVCCommand.swift (in target 'HLSKitCommands' from project 'swift-hls-kit')
cd /Users/admin/builder/spi-builder-workspace/.swiftpm/xcode
builtin-SwiftPerFileCompile MVHEVCCommand.swift
SwiftCompile normal arm64 /Users/admin/builder/spi-builder-workspace/Sources/HLSKitCommands/ManifestCommand.swift (in target 'HLSKitCommands' from project 'swift-hls-kit')
cd /Users/admin/builder/spi-builder-workspace/.swiftpm/xcode
builtin-SwiftPerFileCompile ManifestCommand.swift
SwiftEmitModule normal arm64_32 Emitting\ module\ for\ HLSKitCommands (in target 'HLSKitCommands' from project 'swift-hls-kit')
SwiftCompile normal arm64_32 (in target 'HLSKitCommands' from project 'swift-hls-kit')
cd /Users/admin/builder/spi-builder-workspace/.swiftpm/xcode
SwiftDriverJobDiscovery normal arm64_32 Compiling ArgumentHelp.swift, ArgumentVisibility.swift, CompletionKind.swift, Errors.swift, Flag.swift, NameSpecification.swift (in target 'ArgumentParser' from project 'swift-argument-parser')
SwiftCompile normal arm64 Compiling\ ManifestDisplayHelpers.swift,\ ManifestParseCommand.swift /Users/admin/builder/spi-builder-workspace/Sources/HLSKitCommands/ManifestDisplayHelpers.swift /Users/admin/builder/spi-builder-workspace/Sources/HLSKitCommands/ManifestParseCommand.swift (in target 'HLSKitCommands' from project 'swift-hls-kit')
SwiftCompile normal arm64 /Users/admin/builder/spi-builder-workspace/Sources/HLSKitCommands/ManifestDisplayHelpers.swift (in target 'HLSKitCommands' from project 'swift-hls-kit')
cd /Users/admin/builder/spi-builder-workspace/.swiftpm/xcode
builtin-SwiftPerFileCompile ManifestDisplayHelpers.swift
SwiftCompile normal arm64 /Users/admin/builder/spi-builder-workspace/Sources/HLSKitCommands/ManifestParseCommand.swift (in target 'HLSKitCommands' from project 'swift-hls-kit')
cd /Users/admin/builder/spi-builder-workspace/.swiftpm/xcode
builtin-SwiftPerFileCompile ManifestParseCommand.swift
PruneExplicitPrecompiledModules /Users/admin/builder/spi-builder-workspace/.derivedData/SDKExplicitPrecompiledModules
PruneExplicitPrecompiledModules /Users/admin/builder/spi-builder-workspace/.derivedData/Build/Intermediates.noindex/ExplicitPrecompiledModules
PruneExplicitPrecompiledModules /Users/admin/builder/spi-builder-workspace/.derivedData/Build/Intermediates.noindex/SwiftExplicitPrecompiledModules
2026-09-25 06:43:36.661 xcodebuild[936:5723] [MT] IDERunDestination: Supported platforms for the buildables in the current scheme is empty.
** BUILD FAILED **
The following build commands failed:
SwiftCompile normal arm64 Compiling\ SegmentCommand.swift,\ TranscodeCommand.swift /Users/admin/builder/spi-builder-workspace/Sources/HLSKitCommands/SegmentCommand.swift /Users/admin/builder/spi-builder-workspace/Sources/HLSKitCommands/TranscodeCommand.swift (in target 'HLSKitCommands' from project 'swift-hls-kit')
SwiftCompile normal arm64 /Users/admin/builder/spi-builder-workspace/Sources/HLSKitCommands/SegmentCommand.swift (in target 'HLSKitCommands' from project 'swift-hls-kit')
Building workspace swift-hls-kit with scheme swift-hls-kit-Package
(3 failures)
Command line invocation:
/Applications/Xcode-27.0.0-Release.Candidate.app/Contents/Developer/usr/bin/xcodebuild -IDEClonedSourcePackagesDirPathOverride=/Users/admin/builder/spi-builder-workspace/.dependencies -resolvePackageDependencies
Resolve Package Graph
Resolved source packages:
swift-hls-kit: /Users/admin/builder/spi-builder-workspace
swift-argument-parser: https://github.com/apple/swift-argument-parser.git @ 1.8.2
SwiftDocCPlugin: https://github.com/swiftlang/swift-docc-plugin @ 1.5.0
SymbolKit: https://github.com/swiftlang/swift-docc-symbolkit @ 1.0.0
resolved source packages: swift-hls-kit, swift-argument-parser, SwiftDocCPlugin, SymbolKit
2026-09-25 06:44:04.330 xcodebuild[1287:8077] [MT] IDERunDestination: Supported platforms for the buildables in the current scheme is empty.
{
"dependencies" : [
{
"identity" : "swift-docc-plugin",
"requirement" : {
"range" : [
{
"lower_bound" : "1.4.3",
"upper_bound" : "2.0.0"
}
]
},
"type" : "sourceControl",
"url" : "https://github.com/swiftlang/swift-docc-plugin"
},
{
"identity" : "swift-argument-parser",
"requirement" : {
"range" : [
{
"lower_bound" : "1.7.0",
"upper_bound" : "2.0.0"
}
]
},
"type" : "sourceControl",
"url" : "https://github.com/apple/swift-argument-parser.git"
}
],
"manifest_display_name" : "swift-hls-kit",
"name" : "swift-hls-kit",
"path" : "/Users/admin/builder/spi-builder-workspace",
"platforms" : [
{
"name" : "ios",
"version" : "17.0"
},
{
"name" : "macos",
"version" : "14.0"
},
{
"name" : "tvos",
"version" : "17.0"
},
{
"name" : "watchos",
"version" : "10.0"
},
{
"name" : "visionos",
"version" : "1.0"
},
{
"name" : "maccatalyst",
"version" : "17.0"
}
],
"products" : [
{
"name" : "HLSKit",
"targets" : [
"HLSKit"
],
"type" : {
"library" : [
"automatic"
]
}
},
{
"name" : "hlskit-cli",
"targets" : [
"HLSKitCLI"
],
"type" : {
"executable" : null
}
}
],
"targets" : [
{
"c99name" : "HLSKitTests",
"module_type" : "SwiftTarget",
"name" : "HLSKitTests",
"path" : "Tests/HLSKitTests",
"sources" : [
"AccessibilityRenditionGeneratorTests.swift",
"AccessibilityResilienceShowcaseTests.swift",
"AudioDescriptionConfigTests.swift",
"AudioTests/AudioFormatConverterTests.swift",
"AudioTests/AudioHelpersIntegrationTests.swift",
"AudioTests/AudioHelpersShowcaseTests.swift",
"AudioTests/AudioMeteringIntegrationTests.swift",
"AudioTests/AudioMeteringShowcaseTests.swift",
"AudioTests/AudioNormalizerTests.swift",
"AudioTests/ChannelMixerTests.swift",
"AudioTests/LevelMeterTests.swift",
"AudioTests/LoudnessMeterTests.swift",
"AudioTests/SampleRateConverterTests.swift",
"AudioTests/SilenceDetectorTests.swift",
"BuilderTests/BuilderCoverageTests.swift",
"BuilderTests/BuilderIntegrationTests.swift",
"BuilderTests/VariableBuilderTests.swift",
"ClosedCaptionConfigTests.swift",
"ContainerTests/AudioAlignmentTests.swift",
"ContainerTests/BinaryReaderTests.swift",
"ContainerTests/BinaryWriterTests.swift",
"ContainerTests/ContainerCoverageTests.swift",
"ContainerTests/InitSegmentWriterTests.swift",
"ContainerTests/MP4BoxReaderTests.swift",
"ContainerTests/MP4BoxTests.swift",
"ContainerTests/MP4ErrorTests.swift",
"ContainerTests/MP4InfoParserTests.swift",
"ContainerTests/MP4SegmentTestHelper.swift",
"ContainerTests/MP4TestDataBuilder.swift",
"ContainerTests/MP4TestDataSampleTableBuilders.swift",
"ContainerTests/MP4TestDataWithMdat.swift",
"ContainerTests/MP4TrackAnalysisTests.swift",
"ContainerTests/MediaSegmentCoverageTests.swift",
"ContainerTests/MediaSegmentWriterTests.swift",
"ContainerTests/MuxedSegmentWriterTests.swift",
"ContainerTests/SampleLocatorTests.swift",
"ContainerTests/SampleTableParserTests.swift",
"ContainerTests/TestDataWritingHelpers.swift",
"ContentSteeringConfigTests.swift",
"DRMInteropTests.swift",
"DRMShowcaseTests.swift",
"DolbyVisionConfigTests.swift",
"EncoderTests/ADTSParserTests.swift",
"EncoderTests/AudioEncoderTests.swift",
"EncoderTests/EncodedFrameTests.swift",
"EncoderTests/FFmpegAudioEncoderTests.swift",
"EncoderTests/FFmpegVideoEncoderTests.swift",
"EncoderTests/Helpers/PCMTestDataGenerator.swift",
"EncoderTests/Helpers/VideoTestDataGenerator.swift",
"EncoderTests/LiveEncoderProtocolTests.swift",
"EncoderTests/MultiBitrateEncoderTests.swift",
"EncoderTests/NALUnitParserTests.swift",
"EncoderTests/VideoEncoderProfileTests.swift",
"EncoderTests/VideoEncoderTests.swift",
"EncryptionTests/CryptoProviderTests.swift",
"EncryptionTests/EncryptedPlaylistBuilderTests.swift",
"EncryptionTests/EncryptionConfigTests.swift",
"EncryptionTests/EncryptionCoverageTests.swift",
"EncryptionTests/EncryptionEndToEndTests.swift",
"EncryptionTests/EncryptionErrorTests.swift",
"EncryptionTests/EncryptionIntegrationTests.swift",
"EncryptionTests/KeyManagerTests.swift",
"EncryptionTests/SampleAESCTRTests.swift",
"EncryptionTests/SampleEncryptorTests.swift",
"EncryptionTests/SegmentEncryptorEdgeCaseTests.swift",
"EncryptionTests/SegmentEncryptorTests.swift",
"EngineTests/EngineCoverageTests.swift",
"FailoverManagerTests.swift",
"FairPlayLiveConfigTests.swift",
"GapHandlerTests.swift",
"GeneratorTests/GeneratorCoverageTests.swift",
"GeneratorTests/ManifestGeneratorMediaMetadataTests.swift",
"GeneratorTests/ManifestGeneratorTests.swift",
"GeneratorTests/TagWriterTests.swift",
"GeneratorTests/VariableGeneratorTests.swift",
"HDRConfigTests.swift",
"HDRShowcaseTests.swift",
"HDRTests/HDRVariantGeneratorCodecTests.swift",
"HDRVariantGeneratorTests.swift",
"HiResAudioConfigTests.swift",
"IFrameTests/IFrameIntegrationTests.swift",
"IFrameTests/IFramePlaylistGeneratorTests.swift",
"IFrameTests/IFrameShowcaseTests.swift",
"IFrameTests/IFrameStreamInfoTests.swift",
"IFrameTests/ThumbnailExtractorTests.swift",
"InputTests/AudioFormatTests.swift",
"InputTests/FileSourceTests.swift",
"InputTests/MediaFormatDescriptionTests.swift",
"InputTests/MediaSourceTests.swift",
"InputTests/RawMediaBufferTests.swift",
"IntegrationTests/EdgeCaseTests.swift",
"IntegrationTests/EndToEndSegmentationTests.swift",
"IntegrationTests/EndToEndTSSegmentationTests.swift",
"IntegrationTests/SegmentStructureTests.swift",
"IntegrationTests/TSCrossFormatAndConfigTests.swift",
"IntegrationTests/TSEdgeCaseDataBuilder.swift",
"IntegrationTests/TSEdgeCaseTests.swift",
"IntegrationTests/TSSegmentStructureTests.swift",
"KeyRotationPolicyTests.swift",
"LiveDRMPipelineConfigTests.swift",
"LiveDRMPipelineTests.swift",
"LiveKeyManagerTests.swift",
"LivePipelineComponentsExtensionTests.swift",
"LivePipelineProPresetTests.swift",
"LivePipelineTests/LivePipelineAccessorTests.swift",
"LivePipelineTests/LivePipelineComponentsTests.swift",
"LivePipelineTests/LivePipelineConfigurationTests.swift",
"LivePipelineTests/LivePipelineEnrichedTests.swift",
"LivePipelineTests/LivePipelineFacadeIntegrationTests.swift",
"LivePipelineTests/LivePipelinePresetsExtendedTests.swift",
"LivePipelineTests/LivePipelinePresetsIntegrationTests.swift",
"LivePipelineTests/LivePipelinePresetsProductionShowcaseTests.swift",
"LivePipelineTests/LivePipelinePresetsShowcaseTests.swift",
"LivePipelineTests/LivePipelinePresetsTests.swift",
"LivePipelineTests/LivePipelineSpatialPresetTests.swift",
"LivePipelineTests/LivePipelineStateTests.swift",
"LivePipelineTests/LivePipelineStatisticsTests.swift",
"LivePipelineTests/LivePipelineTests.swift",
"LivePipelineTests/LivePipelineTransportDashboardTests.swift",
"LivePipelineTests/LivePipelineTransportEventTests.swift",
"LivePipelineTests/LivePipelineTransportOrchestrationTests.swift",
"LivePipelineTests/LivePipelineWiringExtendedShowcaseTests.swift",
"LivePipelineTests/LivePipelineWiringShowcaseTests.swift",
"LivePlaylistTests/DVRBufferTests.swift",
"LivePlaylistTests/DVRPlaylistConfigurationTests.swift",
"LivePlaylistTests/DVRPlaylistTests.swift",
"LivePlaylistTests/EdgeCases/LivePlaylistEdgeCaseTests.swift",
"LivePlaylistTests/EventPlaylistConfigurationTests.swift",
"LivePlaylistTests/EventPlaylistTests.swift",
"LivePlaylistTests/Helpers/LiveSegmentFactory.swift",
"LivePlaylistTests/Integration/LivePlaylistIntegrationTests.swift",
"LivePlaylistTests/LivePlaylistErrorTests.swift",
"LivePlaylistTests/LivePlaylistEventTests.swift",
"LivePlaylistTests/LivePlaylistMetadataTests.swift",
"LivePlaylistTests/MediaSequenceTrackerTests.swift",
"LivePlaylistTests/PlaylistRendererMapTests.swift",
"LivePlaylistTests/PlaylistRendererTests.swift",
"LivePlaylistTests/ShowcaseTests/LivePlaylistShowcaseTests.swift",
"LivePlaylistTests/SlidingWindowConfigurationTests.swift",
"LivePlaylistTests/SlidingWindowPlaylistEdgeCaseTests.swift",
"LivePlaylistTests/SlidingWindowPlaylistTests.swift",
"LiveSegmenterTests/AudioSegmenterTests.swift",
"LiveSegmenterTests/AuditBoxImprovementTests.swift",
"LiveSegmenterTests/AuditImprovementTests.swift",
"LiveSegmenterTests/CMAFWriterMediaSegmentTests.swift",
"LiveSegmenterTests/CMAFWriterTests.swift",
"LiveSegmenterTests/CMAFWriterVideoInitTests.swift",
"LiveSegmenterTests/EdgeCases/CMAFWriterEdgeCaseTests.swift",
"LiveSegmenterTests/EdgeCases/SegmenterEdgeCaseTests.swift",
"LiveSegmenterTests/EdgeCases/SpecializedSegmenterEdgeCaseTests.swift",
"LiveSegmenterTests/HEVCInitSegmentTests.swift",
"LiveSegmenterTests/Helpers/EncodedFrameFactory.swift",
"LiveSegmenterTests/Helpers/EncodedFrameFactoryTests.swift",
"LiveSegmenterTests/IncrementalSegmenterLifecycleTests.swift",
"LiveSegmenterTests/IncrementalSegmenterTests.swift",
"LiveSegmenterTests/Integration/LivePipelineIntegrationTests.swift",
"LiveSegmenterTests/Integration/SegmenterCMAFIntegrationTests.swift",
"LiveSegmenterTests/LiveSegmentTests.swift",
"LiveSegmenterTests/LiveSegmenterConfigurationTests.swift",
"LiveSegmenterTests/LiveSegmenterErrorTests.swift",
"LiveSegmenterTests/PartialSegmentTests.swift",
"LiveSegmenterTests/SegmentRingBufferTests.swift",
"LiveSegmenterTests/VideoSegmenterAudioSyncTests.swift",
"LiveSegmenterTests/VideoSegmenterTests.swift",
"LiveSubtitlePlaylistTests.swift",
"LiveWebVTTWriterTests.swift",
"LowLatencyTests/BlockingHandlerBehaviorTests.swift",
"LowLatencyTests/BlockingPlaylistHandlerTests.swift",
"LowLatencyTests/BlockingPlaylistRequestTests.swift",
"LowLatencyTests/DeltaUpdateGeneratorTests.swift",
"LowLatencyTests/EdgeCases/DeltaUpdateEdgeCaseTests.swift",
"LowLatencyTests/EdgeCases/LLHLSEdgeCaseTests.swift",
"LowLatencyTests/HLSSkipRequestTests.swift",
"LowLatencyTests/Integration/BlockingIntegrationTests.swift",
"LowLatencyTests/Integration/LLHLSIntegrationTests.swift",
"LowLatencyTests/LLHLSConfigurationTests.swift",
"LowLatencyTests/LLHLSErrorTests.swift",
"LowLatencyTests/LLHLSManagerDeltaTests.swift",
"LowLatencyTests/LLHLSManagerTests.swift",
"LowLatencyTests/LLHLSPlaylistRendererTests.swift",
"LowLatencyTests/LLHLSRenditionReportTests.swift",
"LowLatencyTests/LLPartialSegmentTests.swift",
"LowLatencyTests/PartialSegmentManagerTests.swift",
"LowLatencyTests/PreloadHintTests.swift",
"LowLatencyTests/ServerControlConfigTests.swift",
"LowLatencyTests/ServerControlRendererTests.swift",
"LowLatencyTests/ShowcaseTests/LLHLSShowcaseTests.swift",
"LowLatencyTests/ShowcaseTests/LowLatencyExtendedShowcaseTests.swift",
"LowLatencyTests/ShowcaseTests/ServerControlShowcaseTests.swift",
"ManifestTests/GapTests.swift",
"ManifestTests/RenditionCodecTests.swift",
"ManifestTests/SessionKeyTests.swift",
"ManifestTests/SubtitleCodecTests.swift",
"ManifestTests/SupplementalCodecsTests.swift",
"ManifestTests/SupplementalCodecsTypeTests.swift",
"ManifestTests/SupplementalCodecsWiringTests.swift",
"ManifestTests/VideoRangeTests.swift",
"MetadataTests/DateRangeManagerTests.swift",
"MetadataTests/HLSInterstitialTests.swift",
"MetadataTests/ID3TimedMetadataTests.swift",
"MetadataTests/InterstitialManagerTests.swift",
"MetadataTests/LiveMetadataInjectorTests.swift",
"MetadataTests/MetadataInjectionIntegrationTests.swift",
"MetadataTests/MetadataInjectionShowcaseTests.swift",
"MetadataTests/MetadataShowcaseTests.swift",
"MetadataTests/ProgramDateTimeSyncTests.swift",
"MetadataTests/SCTE35MarkerParseEdgeCaseTests.swift",
"MetadataTests/SCTE35MarkerTests.swift",
"MultiChannelLayoutTests.swift",
"ParserTests/AttributeParserTests.swift",
"ParserTests/ManifestParserErrorPathTests.swift",
"ParserTests/ManifestParserIntegrationTests.swift",
"ParserTests/ManifestParserTests.swift",
"ParserTests/ManifestParserVariableResolutionTests.swift",
"ParserTests/ParserCoverageTests.swift",
"ParserTests/ParserErrorTests.swift",
"ParserTests/TagParserLowLatencyEdgeCaseTests.swift",
"ParserTests/TagParserTests.swift",
"ParserTests/VariableEndToEndTests.swift",
"ParserTests/VariableSubstitutionCompleteTests.swift",
"ParserTests/VariableSubstitutionTests.swift",
"ProPresetsShowcaseTests.swift",
"PushTests/BandwidthMonitorTests.swift",
"PushTests/EdgeCases/HTTPPusherEdgeCaseTests.swift",
"PushTests/EdgeCases/MultiDestinationEdgeCaseTests.swift",
"PushTests/EdgeCases/PusherProtocolEdgeCaseTests.swift",
"PushTests/EdgeCases/RTMPPusherEdgeCaseTests.swift",
"PushTests/HTTPPusherConfigurationTests.swift",
"PushTests/HTTPPusherRetryTests.swift",
"PushTests/HTTPPusherTests.swift",
"PushTests/Helpers/MockHTTPPushClient.swift",
"PushTests/Helpers/MockIcecastTransport.swift",
"PushTests/Helpers/MockPusher.swift",
"PushTests/Helpers/MockRTMPTransport.swift",
"PushTests/Helpers/MockSRTTransport.swift",
"PushTests/IcecastConfigTests.swift",
"PushTests/IcecastPusherConfigurationPresetsTests.swift",
"PushTests/IcecastPusherTests.swift",
"PushTests/IcecastPusherV2Tests.swift",
"PushTests/IcecastStreamStatisticsTests.swift",
"PushTests/IcecastTransportV2Tests.swift",
"PushTests/MultiDestinationPusherTests.swift",
"PushTests/PushConnectionStateTests.swift",
"PushTests/PushDeliveryIntegrationTests.swift",
"PushTests/PushErrorTests.swift",
"PushTests/PushRetryPolicyTests.swift",
"PushTests/PushStatsTests.swift",
"PushTests/QualityAwareTransportTests.swift",
"PushTests/RTMPPusherConfigurationPresetsTests.swift",
"PushTests/RTMPPusherConfigurationTests.swift",
"PushTests/RTMPPusherTests.swift",
"PushTests/RTMPPusherV2Tests.swift",
"PushTests/RTMPServerCapabilitiesTests.swift",
"PushTests/RTMPTransportV2Tests.swift",
"PushTests/SRTConnectionQualityTests.swift",
"PushTests/SRTOptionsTests.swift",
"PushTests/SRTPusherConfigurationPresetsTests.swift",
"PushTests/SRTPusherConfigurationTests.swift",
"PushTests/SRTPusherTests.swift",
"PushTests/SRTPusherV2Tests.swift",
"PushTests/SRTTransportV2Tests.swift",
"PushTests/ShowcaseTests/PushDeliveryShowcaseTests.swift",
"PushTests/ShowcaseTests/PushShowcaseTests.swift",
"PushTests/ShowcaseTests/StreamingShowcaseTests.swift",
"PushTests/TransportAwarePipelinePolicyTests.swift",
"PushTests/TransportAwarePusherTests.swift",
"PushTests/TransportBitrateRecommendationTests.swift",
"PushTests/TransportCompletenessTests.swift",
"PushTests/TransportEventTests.swift",
"PushTests/TransportHealthDashboardTests.swift",
"PushTests/TransportQualityTests.swift",
"PushTests/TransportRecordingStateTests.swift",
"PushTests/TransportStatisticsSnapshotTests.swift",
"RecordingTests/AutoChapterGeneratorTests.swift",
"RecordingTests/LiveToVODConverterTests.swift",
"RecordingTests/RecordingIntegrationTests.swift",
"RecordingTests/RecordingShowcaseTests.swift",
"RecordingTests/SimultaneousRecorderTests.swift",
"RedundantStreamConfigTests.swift",
"RoundTripTests/RoundTripTests.swift",
"SegmenterTests/ByteRangeSegmenterTests.swift",
"SegmenterTests/CoverArtMP4Builder.swift",
"SegmenterTests/HLSEngineAutoTranscodeTests.swift",
"SegmenterTests/HLSEngineSegmentTests.swift",
"SegmenterTests/MP4SegmenterTests.swift",
"SegmenterTests/MultiTrackMediaTests.swift",
"SegmenterTests/PlaylistGenerationTests.swift",
"SegmenterTests/QuickTimeWaveEsdsTests.swift",
"SegmenterTests/SegmentationConfigTests.swift",
"SegmenterTests/SegmentationResultTests.swift",
"SegmenterTests/SegmenterCoverageTests.swift",
"SegmenterTests/SegmenterErrorTests.swift",
"SegmenterTests/TSPlaylistTests.swift",
"SegmenterTests/TSSegmenterCoverageTests.swift",
"SegmenterTests/TSSegmenterTests.swift",
"SegmenterTests/TSTestDataBuilder.swift",
"SegmenterTests/TSTestDataBuilderAudio.swift",
"SegmenterTests/UnifiedSegmentationTests.swift",
"SessionDataConfigTests.swift",
"SessionKeyManagerTests.swift",
"ShowcaseTests/BuilderValidationShowcaseTests.swift",
"ShowcaseTests/EncryptionShowcaseTests.swift",
"ShowcaseTests/EndToEndShowcaseTests.swift",
"ShowcaseTests/EngineParserWriterShowcaseTests.swift",
"ShowcaseTests/EngineShowcaseTests.swift",
"ShowcaseTests/ErrorShowcaseTests.swift",
"ShowcaseTests/FullPipelineShowcaseTests.swift",
"ShowcaseTests/HLSEngineExtendedShowcaseTests.swift",
"ShowcaseTests/IMSC1ShowcaseTests.swift",
"ShowcaseTests/IcecastTransportV2ShowcaseTests.swift",
"ShowcaseTests/LiveSegmentationShowcaseTests.swift",
"ShowcaseTests/MVHEVCShowcaseTests.swift",
"ShowcaseTests/ManagedAWSMuxShowcaseTests.swift",
"ShowcaseTests/ManagedProvidersShowcaseTests.swift",
"ShowcaseTests/ManagedTranscodingShowcaseTests.swift",
"ShowcaseTests/ManifestShowcaseTests.swift",
"ShowcaseTests/ManifestValidationRoundTripShowcaseTests.swift",
"ShowcaseTests/ModelPlaylistShowcaseTests.swift",
"ShowcaseTests/ModelShowcaseTests.swift",
"ShowcaseTests/ProjectionShowcaseTests.swift",
"ShowcaseTests/RTMPTransportV2ShowcaseTests.swift",
"ShowcaseTests/SRTTransportV2ShowcaseTests.swift",
"ShowcaseTests/SegmentationShowcaseTests.swift",
"ShowcaseTests/TranscodingShowcaseTests.swift",
"ShowcaseTests/TransportAwarePipelineShowcaseTests.swift",
"ShowcaseTests/TransportQualityShowcaseTests.swift",
"ShowcaseTests/VariableSubstitutionShowcaseTests.swift",
"SpatialAudioConfigTests.swift",
"SpatialAudioEncoderTests.swift",
"SpatialAudioShowcaseTests.swift",
"SpatialRenditionGeneratorTests.swift",
"SpatialTests/MVHEVCEncoderTests.swift",
"SpatialTests/MVHEVCPackagerTests.swift",
"SpatialTests/MVHEVCSampleProcessorTests.swift",
"SpatialTests/SpatialVideoConfigurationTests.swift",
"SpatialTests/VideoChannelLayoutTests.swift",
"SpatialTests/VideoLayoutDescriptorTests.swift",
"SpatialTests/VideoLayoutParsingTests.swift",
"SpatialTests/VideoLayoutValidationTests.swift",
"SpatialTests/VideoProjectionTests.swift",
"SubtitleTests/IMSC1DocumentTests.swift",
"SubtitleTests/IMSC1ParserTests.swift",
"SubtitleTests/IMSC1RendererTests.swift",
"SubtitleTests/IMSC1SegmenterTests.swift",
"SubtitleTests/IMSC1StyleTests.swift",
"TranscoderTests/AWSJobSettingsBuilderTests.swift",
"TranscoderTests/AWSMediaConvertHelperTests.swift",
"TranscoderTests/AWSMediaConvertProviderTests.swift",
"TranscoderTests/AWSMediaConvertStatusTests.swift",
"TranscoderTests/AWSSignatureV4Tests.swift",
"TranscoderTests/AppleTranscoderIntegrationTests.swift",
"TranscoderTests/AppleTranscoderPipelineTests.swift",
"TranscoderTests/AppleTranscoderTests.swift",
"TranscoderTests/CloudflareStreamProviderTests.swift",
"TranscoderTests/CloudflareStreamStatusTests.swift",
"TranscoderTests/CrossTranscoderTests.swift",
"TranscoderTests/EncodingSettingsMappingTests.swift",
"TranscoderTests/EncodingSettingsTests.swift",
"TranscoderTests/FFmpegCommandBuilderTests.swift",
"TranscoderTests/FFmpegCoverageTests.swift",
"TranscoderTests/FFmpegEdgeCaseTests.swift",
"TranscoderTests/FFmpegEndToEndTests.swift",
"TranscoderTests/FFmpegHLSEngineTests.swift",
"TranscoderTests/FFmpegIntegrationTests.swift",
"TranscoderTests/FFmpegMultiVariantTests.swift",
"TranscoderTests/FFmpegProgressParsingTests.swift",
"TranscoderTests/FFmpegSourceAnalyzerTests.swift",
"TranscoderTests/FFmpegTranscoderTests.swift",
"TranscoderTests/HLSEngineTranscoderTests.swift",
"TranscoderTests/HLSEngineTranscodingIntegrationTests.swift",
"TranscoderTests/HTTPClientTests.swift",
"TranscoderTests/Helpers/MediaFixtureGenerator.swift",
"TranscoderTests/ManagedTestHelper.swift",
"TranscoderTests/ManagedTranscoderErrorTests.swift",
"TranscoderTests/ManagedTranscoderInitTests.swift",
"TranscoderTests/ManagedTranscoderTests.swift",
"TranscoderTests/ManagedTranscodingConfigTests.swift",
"TranscoderTests/ManagedTranscodingJobTests.swift",
"TranscoderTests/MediaFixtureTests.swift",
"TranscoderTests/MockAWSHTTP.swift",
"TranscoderTests/MockCFHTTP.swift",
"TranscoderTests/MuxProviderEdgeCaseTests.swift",
"TranscoderTests/MuxProviderStatusTests.swift",
"TranscoderTests/MuxProviderTests.swift",
"TranscoderTests/QualityPresetTests.swift",
"TranscoderTests/SendableProviderTests.swift",
"TranscoderTests/SourceAnalyzerTests.swift",
"TranscoderTests/StubURLProtocol.swift",
"TranscoderTests/SyntheticAudioHelper.swift",
"TranscoderTests/TranscodeTimeoutTests.swift",
"TranscoderTests/TranscoderProtocolTests.swift",
"TranscoderTests/TranscodingConfigTests.swift",
"TranscoderTests/TranscodingErrorTests.swift",
"TranscoderTests/TranscodingResultTests.swift",
"TranscoderTests/TranscodingSessionTests.swift",
"TranscoderTests/URLSessionHTTPClientStreamingCoverageTests.swift",
"TranscoderTests/URLSessionHTTPClientStreamingTests.swift",
"TranscoderTests/URLSessionHTTPClientTests.swift",
"TranscoderTests/VariantPlaylistBuilderTests.swift",
"TransportTests/ADTSConverterTests.swift",
"TransportTests/AnnexBConverterTests.swift",
"TransportTests/CodecConfigExtractionTests.swift",
"TransportTests/HEVCCodecConfigTests.swift",
"TransportTests/PESPacketizerTests.swift",
"TransportTests/ProgramTableTests.swift",
"TransportTests/TSPacketTests.swift",
"TransportTests/TSPacketWriterTests.swift",
"TransportTests/TSSegmentBuilderCoverageTests.swift",
"TransportTests/TSSegmentBuilderTests.swift",
"TransportTests/TransportCoverageTests.swift",
"TransportTests/TransportErrorTests.swift",
"UltraResolutionPresetTests.swift",
"ValidatorTests/AppleHLSRulesTests.swift",
"ValidatorTests/AppleHLSVideoRangeValidationTests.swift",
"ValidatorTests/HLSValidatorTests.swift",
"ValidatorTests/RFC8216GroupReferenceTests.swift",
"ValidatorTests/RFC8216LLHLSRulesTests.swift",
"ValidatorTests/RFC8216MediaVersionTests.swift",
"ValidatorTests/RFC8216RulesTests.swift",
"ValidatorTests/ValidationReportTests.swift",
"ValidatorTests/VariableValidationTests.swift",
"VideoRangeMapperTests.swift"
],
"target_dependencies" : [
"HLSKit"
],
"type" : "test"
},
{
"c99name" : "HLSKitCommandsTests",
"module_type" : "SwiftTarget",
"name" : "HLSKitCommandsTests",
"path" : "Tests/HLSKitCommandsTests",
"sources" : [
"CLICoverageTests.swift",
"CLIErrorCaseTests.swift",
"CLIFormatDetectionTests.swift",
"CLIIntegrationTests.swift",
"CLILiveIntegrationTests.swift",
"CLILiveShowcaseTests.swift",
"CLIShowcaseTests.swift",
"CommandRunCoverageTests.swift",
"CommandUpdateTests.swift",
"EncryptCommandTests.swift",
"Helpers/ColorOutputTests.swift",
"Helpers/MP4TestHelper.swift",
"Helpers/OutputFormatterTests.swift",
"IFrameCommandTests.swift",
"IMSC1MVHEVCCommandTests.swift",
"InfoCommandTests.swift",
"LiveCommandCoverageTests.swift",
"LiveCommandShowcaseTests.swift",
"LiveCommandTests.swift",
"LiveMetadataCommandTests.swift",
"ManifestCommandCoverageTests.swift",
"ManifestCommandTests.swift",
"OutputFormatterLiveTests.swift",
"SegmentCommandTests.swift",
"TranscodeCommandTests.swift",
"ValidateCommandTests.swift"
],
"target_dependencies" : [
"HLSKitCommands"
],
"type" : "test"
},
{
"c99name" : "HLSKitCommands",
"module_type" : "SwiftTarget",
"name" : "HLSKitCommands",
"path" : "Sources/HLSKitCommands",
"product_dependencies" : [
"ArgumentParser"
],
"product_memberships" : [
"hlskit-cli"
],
"sources" : [
"EncryptCommand.swift",
"HLSKitCommand.swift",
"Helpers/AVInfoProvider.swift",
"Helpers/ColorOutput.swift",
"Helpers/ExitCodes.swift",
"Helpers/OutputFormatter.swift",
"Helpers/OutputFormatterLive.swift",
"IFrameCommand.swift",
"IMSC1Command.swift",
"InfoCommand.swift",
"LiveCommand.swift",
"LiveMetadataCommand.swift",
"MVHEVCCommand.swift",
"ManifestCommand.swift",
"ManifestDisplayHelpers.swift",
"ManifestParseCommand.swift",
"SegmentCommand.swift",
"TranscodeCommand.swift",
"ValidateCommand.swift"
],
"target_dependencies" : [
"HLSKit"
],
"type" : "library"
},
{
"c99name" : "HLSKitCLI",
"module_type" : "SwiftTarget",
"name" : "HLSKitCLI",
"path" : "Sources/HLSKitCLI",
"product_memberships" : [
"hlskit-cli"
],
"sources" : [
"HLSKitCLI.swift"
],
"target_dependencies" : [
"HLSKitCommands"
],
"type" : "executable"
},
{
"c99name" : "HLSKit",
"module_type" : "SwiftTarget",
"name" : "HLSKit",
"path" : "Sources/HLSKit",
"product_memberships" : [
"HLSKit",
"hlskit-cli"
],
"sources" : [
"Accessibility/AccessibilityRenditionGenerator.swift",
"Accessibility/AudioDescriptionConfig.swift",
"Accessibility/ClosedCaptionConfig.swift",
"Accessibility/LiveSubtitlePlaylist.swift",
"Accessibility/LiveWebVTTWriter.swift",
"Audio/AudioFormatConverter.swift",
"Audio/AudioNormalizer.swift",
"Audio/ChannelMixer.swift",
"Audio/LevelMeter.swift",
"Audio/LoudnessMeter.swift",
"Audio/SampleRateConverter.swift",
"Audio/SilenceDetector.swift",
"Builder/MasterPlaylistBuilder.swift",
"Builder/MediaPlaylistBuilder.swift",
"Container/BinaryReader.swift",
"Container/BinaryWriter.swift",
"Container/InitSegmentWriter.swift",
"Container/MP4Box.swift",
"Container/MP4BoxReader.swift",
"Container/MP4Error.swift",
"Container/MP4InfoParser.swift",
"Container/MP4TrackInfo.swift",
"Container/MediaSegmentWriter.swift",
"Container/MediaSegmentWriterTypes.swift",
"Container/SampleLocator.swift",
"Container/SampleLocatorAudioAlignment.swift",
"Container/SampleTable.swift",
"Container/SampleTableParser.swift",
"DRM/DRMInterop.swift",
"DRM/FairPlayLiveConfig.swift",
"DRM/KeyRotationPolicy.swift",
"DRM/LiveDRMPipeline.swift",
"DRM/LiveDRMPipelineConfig.swift",
"DRM/LiveKeyManager.swift",
"DRM/SessionKeyManager.swift",
"Encoder/ADTSParser.swift",
"Encoder/AudioConverterBridge.swift",
"Encoder/AudioEncoder.swift",
"Encoder/EncodedFrame.swift",
"Encoder/FFmpegAudioEncoder.swift",
"Encoder/FFmpegVideoEncoder.swift",
"Encoder/LiveEncoder.swift",
"Encoder/LiveEncoderConfiguration.swift",
"Encoder/LiveEncoderError.swift",
"Encoder/MultiBitrateEncoder.swift",
"Encoder/NALUnitParser.swift",
"Encoder/VideoEncoder+PixelBuffer.swift",
"Encoder/VideoEncoder.swift",
"Encryption/CryptoProvider.swift",
"Encryption/EncryptedPlaylistBuilder.swift",
"Encryption/EncryptionConfig.swift",
"Encryption/EncryptionError.swift",
"Encryption/KeyManager.swift",
"Encryption/SampleEncryptor.swift",
"Encryption/SampleEncryptorTS.swift",
"Encryption/SegmentEncryptor.swift",
"Engine/HLSEngine.swift",
"Engine/HLSEngineEncryption.swift",
"Engine/HLSEngineSegmentation.swift",
"Engine/HLSEngineTranscoding.swift",
"Generator/ManifestGenerator.swift",
"Generator/TagWriter.swift",
"HDR/DolbyVisionConfig.swift",
"HDR/HDRConfig.swift",
"HDR/HDRVariantGenerator.swift",
"HDR/UltraResolutionPresets.swift",
"HDR/VideoRangeMapper.swift",
"IFrame/IFramePlaylistGenerator.swift",
"IFrame/IFrameStreamInfo.swift",
"IFrame/ThumbnailExtractor.swift",
"Input/AudioFormat.swift",
"Input/FileSource.swift",
"Input/InputError.swift",
"Input/MediaFormatDescription.swift",
"Input/MediaSource.swift",
"Input/MediaSourceConfiguration.swift",
"Input/RawMediaBuffer.swift",
"LivePipeline/LivePipeline.swift",
"LivePipeline/LivePipelineComponents.swift",
"LivePipeline/LivePipelineConfiguration.swift",
"LivePipeline/LivePipelineOrchestration.swift",
"LivePipeline/LivePipelinePresets.swift",
"LivePipeline/LivePipelinePresetsExtended.swift",
"LivePipeline/LivePipelineProPresets.swift",
"LivePipeline/LivePipelineState.swift",
"LivePipeline/LivePipelineStatistics.swift",
"LivePipeline/LivePipelineTransportMonitor.swift",
"LivePlaylist/DVRBuffer.swift",
"LivePlaylist/DVRPlaylist.swift",
"LivePlaylist/DVRPlaylistConfiguration.swift",
"LivePlaylist/EventPlaylist.swift",
"LivePlaylist/EventPlaylistConfiguration.swift",
"LivePlaylist/LivePlaylistError.swift",
"LivePlaylist/LivePlaylistEvent.swift",
"LivePlaylist/LivePlaylistManager.swift",
"LivePlaylist/LivePlaylistMetadata.swift",
"LivePlaylist/MediaSequenceTracker.swift",
"LivePlaylist/PlaylistRenderer.swift",
"LivePlaylist/SlidingWindowConfiguration.swift",
"LivePlaylist/SlidingWindowPlaylist.swift",
"LiveSegmenter/AudioSegmenter.swift",
"LiveSegmenter/CMAFWriter.swift",
"LiveSegmenter/CMAFWriterBoxes.swift",
"LiveSegmenter/CMAFWriterCodecConfig.swift",
"LiveSegmenter/CMAFWriterMoof.swift",
"LiveSegmenter/CMAFWriterVideoMoov.swift",
"LiveSegmenter/IncrementalSegmenter.swift",
"LiveSegmenter/LiveSegment.swift",
"LiveSegmenter/LiveSegmenter.swift",
"LiveSegmenter/LiveSegmenterConfiguration.swift",
"LiveSegmenter/LiveSegmenterError.swift",
"LiveSegmenter/PartialSegment.swift",
"LiveSegmenter/SegmentRingBuffer.swift",
"LiveSegmenter/VideoSegmenter.swift",
"LowLatency/BlockingPlaylistHandler.swift",
"LowLatency/BlockingPlaylistRequest.swift",
"LowLatency/DeltaUpdateGenerator.swift",
"LowLatency/HLSSkipRequest.swift",
"LowLatency/LLHLSConfiguration.swift",
"LowLatency/LLHLSError.swift",
"LowLatency/LLHLSEvent.swift",
"LowLatency/LLHLSManager.swift",
"LowLatency/LLHLSPlaylistRenderer.swift",
"LowLatency/LLPartialSegment.swift",
"LowLatency/PartialSegmentManager.swift",
"LowLatency/ServerControlConfig.swift",
"LowLatency/ServerControlRenderer.swift",
"Manifest/ContentSteering.swift",
"Manifest/DateRange.swift",
"Manifest/EncryptionMethod.swift",
"Manifest/HLSTag.swift",
"Manifest/HLSVersion.swift",
"Manifest/MasterPlaylist.swift",
"Manifest/MediaPlaylist.swift",
"Manifest/MediaType.swift",
"Manifest/PlaylistType.swift",
"Manifest/RenditionGroup.swift",
"Manifest/Resolution.swift",
"Manifest/Segment.swift",
"Manifest/SessionData.swift",
"Manifest/SubtitleCodec.swift",
"Manifest/SupplementalCodecs.swift",
"Manifest/Variant.swift",
"Manifest/VideoRange.swift",
"Metadata/DateRangeManager.swift",
"Metadata/HLSInterstitial.swift",
"Metadata/ID3TimedMetadata.swift",
"Metadata/InterstitialManager.swift",
"Metadata/LiveMetadataInjector.swift",
"Metadata/ProgramDateTimeSync.swift",
"Metadata/SCTE35Marker.swift",
"Parser/AttributeParser.swift",
"Parser/ManifestParser.swift",
"Parser/ParserError.swift",
"Parser/TagParser.swift",
"Parser/TagParserLowLatency.swift",
"Parser/VariableSubstitution.swift",
"Push/BandwidthMonitor.swift",
"Push/HTTPPusher.swift",
"Push/HTTPPusherConfiguration.swift",
"Push/IcecastPusher.swift",
"Push/IcecastPusherConfiguration.swift",
"Push/IcecastStreamStatistics.swift",
"Push/IcecastTransport.swift",
"Push/MultiDestinationPusher.swift",
"Push/PushConnectionState.swift",
"Push/PushError.swift",
"Push/PushRetryPolicy.swift",
"Push/PushStats.swift",
"Push/QualityAwareTransport.swift",
"Push/RTMPPusher.swift",
"Push/RTMPPusherConfiguration.swift",
"Push/RTMPServerCapabilities.swift",
"Push/RTMPTransport.swift",
"Push/SRTConnectionQuality.swift",
"Push/SRTPusher.swift",
"Push/SRTPusherConfiguration.swift",
"Push/SRTTransport.swift",
"Push/SegmentPusher.swift",
"Push/TransportAwarePipelinePolicy.swift",
"Push/TransportAwarePusher.swift",
"Push/TransportBitrateRecommendation.swift",
"Push/TransportEvent.swift",
"Push/TransportHealthDashboard.swift",
"Push/TransportQuality.swift",
"Push/TransportRecordingState.swift",
"Push/TransportStatisticsSnapshot.swift",
"Recording/AutoChapterGenerator.swift",
"Recording/LiveToVODConverter.swift",
"Recording/RecordingStorage.swift",
"Recording/SimultaneousRecorder.swift",
"Resilience/ContentSteeringConfig.swift",
"Resilience/FailoverManager.swift",
"Resilience/GapHandler.swift",
"Resilience/RedundantStreamConfig.swift",
"Resilience/SessionDataConfig.swift",
"Segmenter/MP4Segmenter.swift",
"Segmenter/MP4SegmenterHelpers.swift",
"Segmenter/MP4SegmenterPlaylist.swift",
"Segmenter/SegmentationConfig.swift",
"Segmenter/SegmentationResult.swift",
"Segmenter/TSSegmenter.swift",
"Segmenter/TSSegmenterCodecExtraction.swift",
"Segmenter/TSSegmenterPlaylist.swift",
"Spatial/MVHEVCEncoder.swift",
"Spatial/MVHEVCMediaSegmentBoxes.swift",
"Spatial/MVHEVCPackager.swift",
"Spatial/MVHEVCPackagerBoxes.swift",
"Spatial/MVHEVCSampleProcessor.swift",
"Spatial/SpatialVideoConfiguration.swift",
"Spatial/VideoChannelLayout.swift",
"Spatial/VideoLayoutDescriptor.swift",
"Spatial/VideoProjection.swift",
"SpatialAudio/AC3Encoder.swift",
"SpatialAudio/DolbyAtmosEncoder.swift",
"SpatialAudio/HiResAudioConfig.swift",
"SpatialAudio/MultiChannelLayout.swift",
"SpatialAudio/SpatialAudioConfig.swift",
"SpatialAudio/SpatialAudioEncoder.swift",
"SpatialAudio/SpatialRenditionGenerator.swift",
"Subtitles/IMSC1Document.swift",
"Subtitles/IMSC1Parser.swift",
"Subtitles/IMSC1Renderer.swift",
"Subtitles/IMSC1Segmenter.swift",
"Subtitles/IMSC1SegmenterBoxes.swift",
"Subtitles/IMSC1Style.swift",
"Transcoder/AppleTranscoder.swift",
"Transcoder/AppleTranscoderFastPath.swift",
"Transcoder/AppleTranscoderHelpers.swift",
"Transcoder/AppleTranscoderSetup.swift",
"Transcoder/EncodingSettings.swift",
"Transcoder/FFmpegCommandBuilder.swift",
"Transcoder/FFmpegProcessRunner.swift",
"Transcoder/FFmpegSourceAnalyzer.swift",
"Transcoder/FFmpegTranscoder.swift",
"Transcoder/Managed/HTTPClient.swift",
"Transcoder/Managed/ManagedTranscoder.swift",
"Transcoder/Managed/ManagedTranscodingConfig.swift",
"Transcoder/Managed/ManagedTranscodingJob.swift",
"Transcoder/Managed/ManagedTranscodingProvider.swift",
"Transcoder/Managed/Providers/AWSJobSettingsBuilder.swift",
"Transcoder/Managed/Providers/AWSMediaConvertHelpers.swift",
"Transcoder/Managed/Providers/AWSMediaConvertProvider.swift",
"Transcoder/Managed/Providers/AWSSignatureV4.swift",
"Transcoder/Managed/Providers/CloudflareStreamProvider.swift",
"Transcoder/Managed/Providers/MuxProvider.swift",
"Transcoder/QualityPreset.swift",
"Transcoder/SourceAnalyzer.swift",
"Transcoder/TrackProcessing.swift",
"Transcoder/TranscodingConfig.swift",
"Transcoder/TranscodingError.swift",
"Transcoder/TranscodingProtocol.swift",
"Transcoder/TranscodingResult.swift",
"Transcoder/TranscodingSession.swift",
"Transcoder/VariantPlaylistBuilder.swift",
"Transcoder/VideoProfile.swift",
"Transport/ADTSConverter.swift",
"Transport/AnnexBConverter.swift",
"Transport/PESPacketizer.swift",
"Transport/ProgramTables.swift",
"Transport/TSPacket.swift",
"Transport/TSPacketWriter.swift",
"Transport/TSSegmentBuilder.swift",
"Transport/TransportError.swift",
"Utilities/LockedState.swift",
"Validator/AppleHLSRules.swift",
"Validator/HLSValidator.swift",
"Validator/RFC8216MediaRules.swift",
"Validator/RFC8216Rules.swift",
"Validator/ValidationReport.swift",
"Validator/VariableRules.swift"
],
"type" : "library"
}
],
"tools_version" : "6.2"
}
{
"workspace" : {
"name" : "swift-hls-kit",
"schemes" : [
"HLSKit",
"hlskit-cli",
"swift-hls-kit-Package"
]
}
}
2026-09-25 06:44:12.800 xcodebuild[1353:8519] [MT] IDERunDestination: Supported platforms for the buildables in the current scheme is empty.
Running build ...
env DEVELOPER_DIR=/Applications/Xcode-27.0.0-Release.Candidate.app xcrun xcodebuild -IDEClonedSourcePackagesDirPathOverride=$PWD/.dependencies -skipMacroValidation -skipPackagePluginValidation -derivedDataPath $PWD/.derivedData build -scheme swift-hls-kit-Package -destination generic/platform=watchOS
Command line invocation:
/Applications/Xcode-27.0.0-Release.Candidate.app/Contents/Developer/usr/bin/xcodebuild -IDEClonedSourcePackagesDirPathOverride=/Users/admin/builder/spi-builder-workspace/.dependencies -skipMacroValidation -skipPackagePluginValidation -derivedDataPath /Users/admin/builder/spi-builder-workspace/.derivedData build -scheme swift-hls-kit-Package -destination generic/platform=watchOS
Resolve Package Graph
Resolved source packages:
swift-hls-kit: /Users/admin/builder/spi-builder-workspace
SwiftDocCPlugin: https://github.com/swiftlang/swift-docc-plugin @ 1.5.0
swift-argument-parser: https://github.com/apple/swift-argument-parser.git @ 1.8.2
SymbolKit: https://github.com/swiftlang/swift-docc-symbolkit @ 1.0.0
ComputePackagePrebuildTargetDependencyGraph
Prepare packages
CreateBuildRequest
SendProjectDescription
CreateBuildOperation
ComputeTargetDependencyGraph
note: Building targets in dependency order
note: Target dependency graph (7 targets)
Target 'hlskit-cli-product' in project 'swift-hls-kit'
➜ Explicit dependency on target 'HLSKit' in project 'swift-hls-kit'
➜ Explicit dependency on target 'HLSKitCommands' in project 'swift-hls-kit'
➜ Explicit dependency on target 'ArgumentParser-product' in project 'swift-argument-parser'
Target 'HLSKitCommands' in project 'swift-hls-kit'
➜ Explicit dependency on target 'HLSKit' in project 'swift-hls-kit'
➜ Explicit dependency on target 'ArgumentParser-product' in project 'swift-argument-parser'
Target 'ArgumentParser-product' in project 'swift-argument-parser'
➜ Explicit dependency on target 'ArgumentParser' in project 'swift-argument-parser'
➜ Explicit dependency on target 'ArgumentParserToolInfo' in project 'swift-argument-parser'
Target 'ArgumentParser' in project 'swift-argument-parser'
➜ Explicit dependency on target 'ArgumentParserToolInfo' in project 'swift-argument-parser'
Target 'ArgumentParserToolInfo' in project 'swift-argument-parser' (no dependencies)
Target 'HLSKit-product' in project 'swift-hls-kit'
➜ Explicit dependency on target 'HLSKit' in project 'swift-hls-kit'
Target 'HLSKit' in project 'swift-hls-kit' (no dependencies)
GatherProvisioningInputs
CreateBuildDescription
ClangStatCache /Applications/Xcode-27.0.0-Release.Candidate.app/Contents/Developer/Toolchains/XcodeDefault.xctoolchain/usr/bin/clang-stat-cache /Applications/Xcode-27.0.0-Release.Candidate.app/Contents/Developer/Platforms/WatchOS.platform/Developer/SDKs/WatchOS27.0.sdk /Users/admin/builder/spi-builder-workspace/.derivedData/SDKStatCaches.noindex/watchos27.0-24R360-e829b21a6f8c9b70876ba0858053c04477534ef55a1706bf4c1112bbb242f0a2.sdkstatcache
cd /Users/admin/builder/spi-builder-workspace/.swiftpm/xcode
/Applications/Xcode-27.0.0-Release.Candidate.app/Contents/Developer/Toolchains/XcodeDefault.xctoolchain/usr/bin/clang-stat-cache /Applications/Xcode-27.0.0-Release.Candidate.app/Contents/Developer/Platforms/WatchOS.platform/Developer/SDKs/WatchOS27.0.sdk -o /Users/admin/builder/spi-builder-workspace/.derivedData/SDKStatCaches.noindex/watchos27.0-24R360-e829b21a6f8c9b70876ba0858053c04477534ef55a1706bf4c1112bbb242f0a2.sdkstatcache
SwiftDriver HLSKitCommands normal arm64_32 com.apple.xcode.tools.swift.compiler (in target 'HLSKitCommands' from project 'swift-hls-kit')
cd /Users/admin/builder/spi-builder-workspace/.swiftpm/xcode
builtin-SwiftDriver -- /Applications/Xcode-27.0.0-Release.Candidate.app/Contents/Developer/Toolchains/XcodeDefault.xctoolchain/usr/bin/swiftc -parse-as-library -module-name HLSKitCommands -Onone @/Users/admin/builder/spi-builder-workspace/.derivedData/Build/Intermediates.noindex/swift-hls-kit.build/Debug-watchos/HLSKitCommands-t.build/Objects-normal/arm64_32/HLSKitCommands.SwiftFileList -DSWIFT_PACKAGE -DDEBUG -DSWIFT_MODULE_RESOURCE_BUNDLE_UNAVAILABLE -DXcode -plugin-path /Applications/Xcode-27.0.0-Release.Candidate.app/Contents/Developer/Toolchains/XcodeDefault.xctoolchain/usr/lib/swift/host/plugins/testing -enable-experimental-feature DebugDescriptionMacro -sdk /Applications/Xcode-27.0.0-Release.Candidate.app/Contents/Developer/Platforms/WatchOS.platform/Developer/SDKs/WatchOS27.0.sdk -target arm64_32-apple-watchos10.0 -g -module-cache-path /Users/admin/builder/spi-builder-workspace/.derivedData/ModuleCache.noindex -Xfrontend -serialize-debugging-options -profile-coverage-mapping -profile-generate -enable-testing -index-store-path /Users/admin/builder/spi-builder-workspace/.derivedData/Index.noindex/DataStore -Xcc -D_LIBCPP_HARDENING_MODE\=_LIBCPP_HARDENING_MODE_DEBUG -swift-version 6 -I /Users/admin/builder/spi-builder-workspace/.derivedData/Build/Products/Debug-watchos -Isystem /Applications/Xcode-27.0.0-Release.Candidate.app/Contents/Developer/Platforms/WatchOS.platform/Developer/usr/lib -F /Users/admin/builder/spi-builder-workspace/.derivedData/Build/Products/Debug-watchos/PackageFrameworks -F /Users/admin/builder/spi-builder-workspace/.derivedData/Build/Products/Debug-watchos -F /Applications/Xcode-27.0.0-Release.Candidate.app/Contents/Developer/Platforms/WatchOS.platform/Developer/Library/Frameworks -F /Applications/Xcode-27.0.0-Release.Candidate.app/Contents/Developer/Platforms/WatchOS.platform/Developer/SDKs/WatchOS27.0.sdk/Developer/Library/Frameworks -c -j10 -enable-batch-mode -incremental -Xcc -ivfsstatcache -Xcc /Users/admin/builder/spi-builder-workspace/.derivedData/SDKStatCaches.noindex/watchos27.0-24R360-e829b21a6f8c9b70876ba0858053c04477534ef55a1706bf4c1112bbb242f0a2.sdkstatcache -output-file-map /Users/admin/builder/spi-builder-workspace/.derivedData/Build/Intermediates.noindex/swift-hls-kit.build/Debug-watchos/HLSKitCommands-t.build/Objects-normal/arm64_32/HLSKitCommands-OutputFileMap.json -save-temps -no-color-diagnostics -explicit-module-build -module-cache-path /Users/admin/builder/spi-builder-workspace/.derivedData/Build/Intermediates.noindex/SwiftExplicitPrecompiledModules -clang-scanner-module-cache-path /Users/admin/builder/spi-builder-workspace/.derivedData/ModuleCache.noindex -sdk-module-cache-path /Users/admin/builder/spi-builder-workspace/.derivedData/SDKExplicitPrecompiledModules -emit-dependencies -emit-module -emit-module-path /Users/admin/builder/spi-builder-workspace/.derivedData/Build/Intermediates.noindex/swift-hls-kit.build/Debug-watchos/HLSKitCommands-t.build/Objects-normal/arm64_32/HLSKitCommands.swiftmodule -serialize-diagnostics -dependency-scan-serialize-diagnostics-path /Users/admin/builder/spi-builder-workspace/.derivedData/Build/Intermediates.noindex/swift-hls-kit.build/Debug-watchos/HLSKitCommands-t.build/Objects-normal/arm64_32/HLSKitCommands-dependency-scan.dia -validate-clang-modules-once -clang-build-session-file /Users/admin/builder/spi-builder-workspace/.derivedData/ModuleCache.noindex/Session.modulevalidation -Xcc -fmodules-prune-interval\=86400 -Xcc -fmodules-prune-after\=345600 -package-name spi_builder_workspace -emit-const-values -const-gather-protocols-list /Users/admin/builder/spi-builder-workspace/.derivedData/Build/Intermediates.noindex/swift-hls-kit.build/Debug-watchos/HLSKitCommands-t.build/Objects-normal/arm64_32/HLSKitCommands_const_extract_protocols.json -Xcc -I/Users/admin/builder/spi-builder-workspace/.derivedData/Build/Products/Debug-watchos/include -Xcc -I/Users/admin/builder/spi-builder-workspace/.derivedData/Build/Intermediates.noindex/swift-hls-kit.build/Debug-watchos/HLSKitCommands-t.build/DerivedSources-normal/arm64_32 -Xcc -I/Users/admin/builder/spi-builder-workspace/.derivedData/Build/Intermediates.noindex/swift-hls-kit.build/Debug-watchos/HLSKitCommands-t.build/DerivedSources/arm64_32 -Xcc -I/Users/admin/builder/spi-builder-workspace/.derivedData/Build/Intermediates.noindex/swift-hls-kit.build/Debug-watchos/HLSKitCommands-t.build/DerivedSources -Xcc -DSWIFT_PACKAGE -Xcc -DDEBUG\=1 -emit-objc-header -emit-objc-header-path /Users/admin/builder/spi-builder-workspace/.derivedData/Build/Intermediates.noindex/swift-hls-kit.build/Debug-watchos/HLSKitCommands-t.build/Objects-normal/arm64_32/HLSKitCommands-Swift.h -working-directory /Users/admin/builder/spi-builder-workspace/.swiftpm/xcode -experimental-emit-module-separately -disable-cmo
SwiftDriver HLSKit normal arm64 com.apple.xcode.tools.swift.compiler (in target 'HLSKit' from project 'swift-hls-kit')
cd /Users/admin/builder/spi-builder-workspace/.swiftpm/xcode
builtin-SwiftDriver -- /Applications/Xcode-27.0.0-Release.Candidate.app/Contents/Developer/Toolchains/XcodeDefault.xctoolchain/usr/bin/swiftc -parse-as-library -module-name HLSKit -Onone @/Users/admin/builder/spi-builder-workspace/.derivedData/Build/Intermediates.noindex/swift-hls-kit.build/Debug-watchos/HLSKit-t.build/Objects-normal/arm64/HLSKit.SwiftFileList -DSWIFT_PACKAGE -DDEBUG -DSWIFT_MODULE_RESOURCE_BUNDLE_UNAVAILABLE -DXcode -plugin-path /Applications/Xcode-27.0.0-Release.Candidate.app/Contents/Developer/Toolchains/XcodeDefault.xctoolchain/usr/lib/swift/host/plugins/testing -enable-experimental-feature DebugDescriptionMacro -sdk /Applications/Xcode-27.0.0-Release.Candidate.app/Contents/Developer/Platforms/WatchOS.platform/Developer/SDKs/WatchOS27.0.sdk -target arm64-apple-watchos10.0 -g -module-cache-path /Users/admin/builder/spi-builder-workspace/.derivedData/ModuleCache.noindex -Xfrontend -serialize-debugging-options -profile-coverage-mapping -profile-generate -enable-testing -index-store-path /Users/admin/builder/spi-builder-workspace/.derivedData/Index.noindex/DataStore -Xcc -D_LIBCPP_HARDENING_MODE\=_LIBCPP_HARDENING_MODE_DEBUG -swift-version 6 -I /Users/admin/builder/spi-builder-workspace/.derivedData/Build/Products/Debug-watchos -Isystem /Applications/Xcode-27.0.0-Release.Candidate.app/Contents/Developer/Platforms/WatchOS.platform/Developer/usr/lib -F /Users/admin/builder/spi-builder-workspace/.derivedData/Build/Products/Debug-watchos -F /Applications/Xcode-27.0.0-Release.Candidate.app/Contents/Developer/Platforms/WatchOS.platform/Developer/Library/Frameworks -F /Applications/Xcode-27.0.0-Release.Candidate.app/Contents/Developer/Platforms/WatchOS.platform/Developer/SDKs/WatchOS27.0.sdk/Developer/Library/Frameworks -c -j10 -enable-batch-mode -incremental -Xcc -ivfsstatcache -Xcc /Users/admin/builder/spi-builder-workspace/.derivedData/SDKStatCaches.noindex/watchos27.0-24R360-e829b21a6f8c9b70876ba0858053c04477534ef55a1706bf4c1112bbb242f0a2.sdkstatcache -output-file-map /Users/admin/builder/spi-builder-workspace/.derivedData/Build/Intermediates.noindex/swift-hls-kit.build/Debug-watchos/HLSKit-t.build/Objects-normal/arm64/HLSKit-OutputFileMap.json -save-temps -no-color-diagnostics -explicit-module-build -module-cache-path /Users/admin/builder/spi-builder-workspace/.derivedData/Build/Intermediates.noindex/SwiftExplicitPrecompiledModules -clang-scanner-module-cache-path /Users/admin/builder/spi-builder-workspace/.derivedData/ModuleCache.noindex -sdk-module-cache-path /Users/admin/builder/spi-builder-workspace/.derivedData/SDKExplicitPrecompiledModules -emit-dependencies -emit-module -emit-module-path /Users/admin/builder/spi-builder-workspace/.derivedData/Build/Intermediates.noindex/swift-hls-kit.build/Debug-watchos/HLSKit-t.build/Objects-normal/arm64/HLSKit.swiftmodule -serialize-diagnostics -dependency-scan-serialize-diagnostics-path /Users/admin/builder/spi-builder-workspace/.derivedData/Build/Intermediates.noindex/swift-hls-kit.build/Debug-watchos/HLSKit-t.build/Objects-normal/arm64/HLSKit-dependency-scan.dia -validate-clang-modules-once -clang-build-session-file /Users/admin/builder/spi-builder-workspace/.derivedData/ModuleCache.noindex/Session.modulevalidation -Xcc -fmodules-prune-interval\=86400 -Xcc -fmodules-prune-after\=345600 -package-name spi_builder_workspace -emit-const-values -const-gather-protocols-list /Users/admin/builder/spi-builder-workspace/.derivedData/Build/Intermediates.noindex/swift-hls-kit.build/Debug-watchos/HLSKit-t.build/Objects-normal/arm64/HLSKit_const_extract_protocols.json -Xcc -I/Users/admin/builder/spi-builder-workspace/.derivedData/Build/Products/Debug-watchos/include -Xcc -I/Users/admin/builder/spi-builder-workspace/.derivedData/Build/Intermediates.noindex/swift-hls-kit.build/Debug-watchos/HLSKit-t.build/DerivedSources-normal/arm64 -Xcc -I/Users/admin/builder/spi-builder-workspace/.derivedData/Build/Intermediates.noindex/swift-hls-kit.build/Debug-watchos/HLSKit-t.build/DerivedSources/arm64 -Xcc -I/Users/admin/builder/spi-builder-workspace/.derivedData/Build/Intermediates.noindex/swift-hls-kit.build/Debug-watchos/HLSKit-t.build/DerivedSources -Xcc -DSWIFT_PACKAGE -Xcc -DDEBUG\=1 -emit-objc-header -emit-objc-header-path /Users/admin/builder/spi-builder-workspace/.derivedData/Build/Intermediates.noindex/swift-hls-kit.build/Debug-watchos/HLSKit-t.build/Objects-normal/arm64/HLSKit-Swift.h -working-directory /Users/admin/builder/spi-builder-workspace/.swiftpm/xcode -experimental-emit-module-separately -disable-cmo
SwiftDriver HLSKit normal arm64_32 com.apple.xcode.tools.swift.compiler (in target 'HLSKit' from project 'swift-hls-kit')
cd /Users/admin/builder/spi-builder-workspace/.swiftpm/xcode
builtin-SwiftDriver -- /Applications/Xcode-27.0.0-Release.Candidate.app/Contents/Developer/Toolchains/XcodeDefault.xctoolchain/usr/bin/swiftc -parse-as-library -module-name HLSKit -Onone @/Users/admin/builder/spi-builder-workspace/.derivedData/Build/Intermediates.noindex/swift-hls-kit.build/Debug-watchos/HLSKit-t.build/Objects-normal/arm64_32/HLSKit.SwiftFileList -DSWIFT_PACKAGE -DDEBUG -DSWIFT_MODULE_RESOURCE_BUNDLE_UNAVAILABLE -DXcode -plugin-path /Applications/Xcode-27.0.0-Release.Candidate.app/Contents/Developer/Toolchains/XcodeDefault.xctoolchain/usr/lib/swift/host/plugins/testing -enable-experimental-feature DebugDescriptionMacro -sdk /Applications/Xcode-27.0.0-Release.Candidate.app/Contents/Developer/Platforms/WatchOS.platform/Developer/SDKs/WatchOS27.0.sdk -target arm64_32-apple-watchos10.0 -g -module-cache-path /Users/admin/builder/spi-builder-workspace/.derivedData/ModuleCache.noindex -Xfrontend -serialize-debugging-options -profile-coverage-mapping -profile-generate -enable-testing -index-store-path /Users/admin/builder/spi-builder-workspace/.derivedData/Index.noindex/DataStore -Xcc -D_LIBCPP_HARDENING_MODE\=_LIBCPP_HARDENING_MODE_DEBUG -swift-version 6 -I /Users/admin/builder/spi-builder-workspace/.derivedData/Build/Products/Debug-watchos -Isystem /Applications/Xcode-27.0.0-Release.Candidate.app/Contents/Developer/Platforms/WatchOS.platform/Developer/usr/lib -F /Users/admin/builder/spi-builder-workspace/.derivedData/Build/Products/Debug-watchos -F /Applications/Xcode-27.0.0-Release.Candidate.app/Contents/Developer/Platforms/WatchOS.platform/Developer/Library/Frameworks -F /Applications/Xcode-27.0.0-Release.Candidate.app/Contents/Developer/Platforms/WatchOS.platform/Developer/SDKs/WatchOS27.0.sdk/Developer/Library/Frameworks -c -j10 -enable-batch-mode -incremental -Xcc -ivfsstatcache -Xcc /Users/admin/builder/spi-builder-workspace/.derivedData/SDKStatCaches.noindex/watchos27.0-24R360-e829b21a6f8c9b70876ba0858053c04477534ef55a1706bf4c1112bbb242f0a2.sdkstatcache -output-file-map /Users/admin/builder/spi-builder-workspace/.derivedData/Build/Intermediates.noindex/swift-hls-kit.build/Debug-watchos/HLSKit-t.build/Objects-normal/arm64_32/HLSKit-OutputFileMap.json -save-temps -no-color-diagnostics -explicit-module-build -module-cache-path /Users/admin/builder/spi-builder-workspace/.derivedData/Build/Intermediates.noindex/SwiftExplicitPrecompiledModules -clang-scanner-module-cache-path /Users/admin/builder/spi-builder-workspace/.derivedData/ModuleCache.noindex -sdk-module-cache-path /Users/admin/builder/spi-builder-workspace/.derivedData/SDKExplicitPrecompiledModules -emit-dependencies -emit-module -emit-module-path /Users/admin/builder/spi-builder-workspace/.derivedData/Build/Intermediates.noindex/swift-hls-kit.build/Debug-watchos/HLSKit-t.build/Objects-normal/arm64_32/HLSKit.swiftmodule -serialize-diagnostics -dependency-scan-serialize-diagnostics-path /Users/admin/builder/spi-builder-workspace/.derivedData/Build/Intermediates.noindex/swift-hls-kit.build/Debug-watchos/HLSKit-t.build/Objects-normal/arm64_32/HLSKit-dependency-scan.dia -validate-clang-modules-once -clang-build-session-file /Users/admin/builder/spi-builder-workspace/.derivedData/ModuleCache.noindex/Session.modulevalidation -Xcc -fmodules-prune-interval\=86400 -Xcc -fmodules-prune-after\=345600 -package-name spi_builder_workspace -emit-const-values -const-gather-protocols-list /Users/admin/builder/spi-builder-workspace/.derivedData/Build/Intermediates.noindex/swift-hls-kit.build/Debug-watchos/HLSKit-t.build/Objects-normal/arm64_32/HLSKit_const_extract_protocols.json -Xcc -I/Users/admin/builder/spi-builder-workspace/.derivedData/Build/Products/Debug-watchos/include -Xcc -I/Users/admin/builder/spi-builder-workspace/.derivedData/Build/Intermediates.noindex/swift-hls-kit.build/Debug-watchos/HLSKit-t.build/DerivedSources-normal/arm64_32 -Xcc -I/Users/admin/builder/spi-builder-workspace/.derivedData/Build/Intermediates.noindex/swift-hls-kit.build/Debug-watchos/HLSKit-t.build/DerivedSources/arm64_32 -Xcc -I/Users/admin/builder/spi-builder-workspace/.derivedData/Build/Intermediates.noindex/swift-hls-kit.build/Debug-watchos/HLSKit-t.build/DerivedSources -Xcc -DSWIFT_PACKAGE -Xcc -DDEBUG\=1 -emit-objc-header -emit-objc-header-path /Users/admin/builder/spi-builder-workspace/.derivedData/Build/Intermediates.noindex/swift-hls-kit.build/Debug-watchos/HLSKit-t.build/Objects-normal/arm64_32/HLSKit-Swift.h -working-directory /Users/admin/builder/spi-builder-workspace/.swiftpm/xcode -experimental-emit-module-separately -disable-cmo
SwiftDriver ArgumentParser normal arm64 com.apple.xcode.tools.swift.compiler (in target 'ArgumentParser' from project 'swift-argument-parser')
cd /Users/admin/builder/spi-builder-workspace/.swiftpm/xcode
builtin-SwiftDriver -- /Applications/Xcode-27.0.0-Release.Candidate.app/Contents/Developer/Toolchains/XcodeDefault.xctoolchain/usr/bin/swiftc -parse-as-library -module-name ArgumentParser -Onone @/Users/admin/builder/spi-builder-workspace/.derivedData/Build/Intermediates.noindex/swift-argument-parser.build/Debug-watchos/ArgumentParser-t.build/Objects-normal/arm64/ArgumentParser.SwiftFileList -DSWIFT_PACKAGE -DDEBUG -DSWIFT_MODULE_RESOURCE_BUNDLE_UNAVAILABLE -DXcode -plugin-path /Applications/Xcode-27.0.0-Release.Candidate.app/Contents/Developer/Toolchains/XcodeDefault.xctoolchain/usr/lib/swift/host/plugins/testing -enable-experimental-feature DebugDescriptionMacro -sdk /Applications/Xcode-27.0.0-Release.Candidate.app/Contents/Developer/Platforms/WatchOS.platform/Developer/SDKs/WatchOS27.0.sdk -target arm64-apple-watchos9.0 -g -module-cache-path /Users/admin/builder/spi-builder-workspace/.derivedData/ModuleCache.noindex -Xfrontend -serialize-debugging-options -profile-coverage-mapping -profile-generate -enable-testing -suppress-warnings -index-store-path /Users/admin/builder/spi-builder-workspace/.derivedData/Index.noindex/DataStore -Xcc -D_LIBCPP_HARDENING_MODE\=_LIBCPP_HARDENING_MODE_DEBUG -swift-version 6 -I /Users/admin/builder/spi-builder-workspace/.derivedData/Build/Products/Debug-watchos -Isystem /Applications/Xcode-27.0.0-Release.Candidate.app/Contents/Developer/Platforms/WatchOS.platform/Developer/usr/lib -F /Users/admin/builder/spi-builder-workspace/.derivedData/Build/Products/Debug-watchos/PackageFrameworks -F /Users/admin/builder/spi-builder-workspace/.derivedData/Build/Products/Debug-watchos -F /Applications/Xcode-27.0.0-Release.Candidate.app/Contents/Developer/Platforms/WatchOS.platform/Developer/Library/Frameworks -F /Applications/Xcode-27.0.0-Release.Candidate.app/Contents/Developer/Platforms/WatchOS.platform/Developer/SDKs/WatchOS27.0.sdk/Developer/Library/Frameworks -c -j10 -enable-batch-mode -incremental -Xcc -ivfsstatcache -Xcc /Users/admin/builder/spi-builder-workspace/.derivedData/SDKStatCaches.noindex/watchos27.0-24R360-e829b21a6f8c9b70876ba0858053c04477534ef55a1706bf4c1112bbb242f0a2.sdkstatcache -output-file-map /Users/admin/builder/spi-builder-workspace/.derivedData/Build/Intermediates.noindex/swift-argument-parser.build/Debug-watchos/ArgumentParser-t.build/Objects-normal/arm64/ArgumentParser-OutputFileMap.json -save-temps -no-color-diagnostics -explicit-module-build -module-cache-path /Users/admin/builder/spi-builder-workspace/.derivedData/Build/Intermediates.noindex/SwiftExplicitPrecompiledModules -clang-scanner-module-cache-path /Users/admin/builder/spi-builder-workspace/.derivedData/ModuleCache.noindex -sdk-module-cache-path /Users/admin/builder/spi-builder-workspace/.derivedData/SDKExplicitPrecompiledModules -emit-dependencies -emit-module -emit-module-path /Users/admin/builder/spi-builder-workspace/.derivedData/Build/Intermediates.noindex/swift-argument-parser.build/Debug-watchos/ArgumentParser-t.build/Objects-normal/arm64/ArgumentParser.swiftmodule -serialize-diagnostics -dependency-scan-serialize-diagnostics-path /Users/admin/builder/spi-builder-workspace/.derivedData/Build/Intermediates.noindex/swift-argument-parser.build/Debug-watchos/ArgumentParser-t.build/Objects-normal/arm64/ArgumentParser-dependency-scan.dia -user-module-version 1.8.2 -validate-clang-modules-once -clang-build-session-file /Users/admin/builder/spi-builder-workspace/.derivedData/ModuleCache.noindex/Session.modulevalidation -Xcc -fmodules-prune-interval\=86400 -Xcc -fmodules-prune-after\=345600 -package-name swift_argument_parser -emit-const-values -const-gather-protocols-list /Users/admin/builder/spi-builder-workspace/.derivedData/Build/Intermediates.noindex/swift-argument-parser.build/Debug-watchos/ArgumentParser-t.build/Objects-normal/arm64/ArgumentParser_const_extract_protocols.json -Xcc -I/Users/admin/builder/spi-builder-workspace/.derivedData/Build/Products/Debug-watchos/include -Xcc -I/Users/admin/builder/spi-builder-workspace/.derivedData/Build/Intermediates.noindex/swift-argument-parser.build/Debug-watchos/ArgumentParser-t.build/DerivedSources-normal/arm64 -Xcc -I/Users/admin/builder/spi-builder-workspace/.derivedData/Build/Intermediates.noindex/swift-argument-parser.build/Debug-watchos/ArgumentParser-t.build/DerivedSources/arm64 -Xcc -I/Users/admin/builder/spi-builder-workspace/.derivedData/Build/Intermediates.noindex/swift-argument-parser.build/Debug-watchos/ArgumentParser-t.build/DerivedSources -Xcc -DSWIFT_PACKAGE -Xcc -DDEBUG\=1 -emit-objc-header -emit-objc-header-path /Users/admin/builder/spi-builder-workspace/.derivedData/Build/Intermediates.noindex/swift-argument-parser.build/Debug-watchos/ArgumentParser-t.build/Objects-normal/arm64/ArgumentParser-Swift.h -working-directory /Users/admin/builder/spi-builder-workspace/.swiftpm/xcode -experimental-emit-module-separately -disable-cmo
SwiftDriver ArgumentParser normal arm64_32 com.apple.xcode.tools.swift.compiler (in target 'ArgumentParser' from project 'swift-argument-parser')
cd /Users/admin/builder/spi-builder-workspace/.swiftpm/xcode
builtin-SwiftDriver -- /Applications/Xcode-27.0.0-Release.Candidate.app/Contents/Developer/Toolchains/XcodeDefault.xctoolchain/usr/bin/swiftc -parse-as-library -module-name ArgumentParser -Onone @/Users/admin/builder/spi-builder-workspace/.derivedData/Build/Intermediates.noindex/swift-argument-parser.build/Debug-watchos/ArgumentParser-t.build/Objects-normal/arm64_32/ArgumentParser.SwiftFileList -DSWIFT_PACKAGE -DDEBUG -DSWIFT_MODULE_RESOURCE_BUNDLE_UNAVAILABLE -DXcode -plugin-path /Applications/Xcode-27.0.0-Release.Candidate.app/Contents/Developer/Toolchains/XcodeDefault.xctoolchain/usr/lib/swift/host/plugins/testing -enable-experimental-feature DebugDescriptionMacro -sdk /Applications/Xcode-27.0.0-Release.Candidate.app/Contents/Developer/Platforms/WatchOS.platform/Developer/SDKs/WatchOS27.0.sdk -target arm64_32-apple-watchos9.0 -g -module-cache-path /Users/admin/builder/spi-builder-workspace/.derivedData/ModuleCache.noindex -Xfrontend -serialize-debugging-options -profile-coverage-mapping -profile-generate -enable-testing -suppress-warnings -index-store-path /Users/admin/builder/spi-builder-workspace/.derivedData/Index.noindex/DataStore -Xcc -D_LIBCPP_HARDENING_MODE\=_LIBCPP_HARDENING_MODE_DEBUG -swift-version 6 -I /Users/admin/builder/spi-builder-workspace/.derivedData/Build/Products/Debug-watchos -Isystem /Applications/Xcode-27.0.0-Release.Candidate.app/Contents/Developer/Platforms/WatchOS.platform/Developer/usr/lib -F /Users/admin/builder/spi-builder-workspace/.derivedData/Build/Products/Debug-watchos/PackageFrameworks -F /Users/admin/builder/spi-builder-workspace/.derivedData/Build/Products/Debug-watchos -F /Applications/Xcode-27.0.0-Release.Candidate.app/Contents/Developer/Platforms/WatchOS.platform/Developer/Library/Frameworks -F /Applications/Xcode-27.0.0-Release.Candidate.app/Contents/Developer/Platforms/WatchOS.platform/Developer/SDKs/WatchOS27.0.sdk/Developer/Library/Frameworks -c -j10 -enable-batch-mode -incremental -Xcc -ivfsstatcache -Xcc /Users/admin/builder/spi-builder-workspace/.derivedData/SDKStatCaches.noindex/watchos27.0-24R360-e829b21a6f8c9b70876ba0858053c04477534ef55a1706bf4c1112bbb242f0a2.sdkstatcache -output-file-map /Users/admin/builder/spi-builder-workspace/.derivedData/Build/Intermediates.noindex/swift-argument-parser.build/Debug-watchos/ArgumentParser-t.build/Objects-normal/arm64_32/ArgumentParser-OutputFileMap.json -save-temps -no-color-diagnostics -explicit-module-build -module-cache-path /Users/admin/builder/spi-builder-workspace/.derivedData/Build/Intermediates.noindex/SwiftExplicitPrecompiledModules -clang-scanner-module-cache-path /Users/admin/builder/spi-builder-workspace/.derivedData/ModuleCache.noindex -sdk-module-cache-path /Users/admin/builder/spi-builder-workspace/.derivedData/SDKExplicitPrecompiledModules -emit-dependencies -emit-module -emit-module-path /Users/admin/builder/spi-builder-workspace/.derivedData/Build/Intermediates.noindex/swift-argument-parser.build/Debug-watchos/ArgumentParser-t.build/Objects-normal/arm64_32/ArgumentParser.swiftmodule -serialize-diagnostics -dependency-scan-serialize-diagnostics-path /Users/admin/builder/spi-builder-workspace/.derivedData/Build/Intermediates.noindex/swift-argument-parser.build/Debug-watchos/ArgumentParser-t.build/Objects-normal/arm64_32/ArgumentParser-dependency-scan.dia -user-module-version 1.8.2 -validate-clang-modules-once -clang-build-session-file /Users/admin/builder/spi-builder-workspace/.derivedData/ModuleCache.noindex/Session.modulevalidation -Xcc -fmodules-prune-interval\=86400 -Xcc -fmodules-prune-after\=345600 -package-name swift_argument_parser -emit-const-values -const-gather-protocols-list /Users/admin/builder/spi-builder-workspace/.derivedData/Build/Intermediates.noindex/swift-argument-parser.build/Debug-watchos/ArgumentParser-t.build/Objects-normal/arm64_32/ArgumentParser_const_extract_protocols.json -Xcc -I/Users/admin/builder/spi-builder-workspace/.derivedData/Build/Products/Debug-watchos/include -Xcc -I/Users/admin/builder/spi-builder-workspace/.derivedData/Build/Intermediates.noindex/swift-argument-parser.build/Debug-watchos/ArgumentParser-t.build/DerivedSources-normal/arm64_32 -Xcc -I/Users/admin/builder/spi-builder-workspace/.derivedData/Build/Intermediates.noindex/swift-argument-parser.build/Debug-watchos/ArgumentParser-t.build/DerivedSources/arm64_32 -Xcc -I/Users/admin/builder/spi-builder-workspace/.derivedData/Build/Intermediates.noindex/swift-argument-parser.build/Debug-watchos/ArgumentParser-t.build/DerivedSources -Xcc -DSWIFT_PACKAGE -Xcc -DDEBUG\=1 -emit-objc-header -emit-objc-header-path /Users/admin/builder/spi-builder-workspace/.derivedData/Build/Intermediates.noindex/swift-argument-parser.build/Debug-watchos/ArgumentParser-t.build/Objects-normal/arm64_32/ArgumentParser-Swift.h -working-directory /Users/admin/builder/spi-builder-workspace/.swiftpm/xcode -experimental-emit-module-separately -disable-cmo
SwiftDriver HLSKitCommands normal arm64 com.apple.xcode.tools.swift.compiler (in target 'HLSKitCommands' from project 'swift-hls-kit')
cd /Users/admin/builder/spi-builder-workspace/.swiftpm/xcode
builtin-SwiftDriver -- /Applications/Xcode-27.0.0-Release.Candidate.app/Contents/Developer/Toolchains/XcodeDefault.xctoolchain/usr/bin/swiftc -parse-as-library -module-name HLSKitCommands -Onone @/Users/admin/builder/spi-builder-workspace/.derivedData/Build/Intermediates.noindex/swift-hls-kit.build/Debug-watchos/HLSKitCommands-t.build/Objects-normal/arm64/HLSKitCommands.SwiftFileList -DSWIFT_PACKAGE -DDEBUG -DSWIFT_MODULE_RESOURCE_BUNDLE_UNAVAILABLE -DXcode -plugin-path /Applications/Xcode-27.0.0-Release.Candidate.app/Contents/Developer/Toolchains/XcodeDefault.xctoolchain/usr/lib/swift/host/plugins/testing -enable-experimental-feature DebugDescriptionMacro -sdk /Applications/Xcode-27.0.0-Release.Candidate.app/Contents/Developer/Platforms/WatchOS.platform/Developer/SDKs/WatchOS27.0.sdk -target arm64-apple-watchos10.0 -g -module-cache-path /Users/admin/builder/spi-builder-workspace/.derivedData/ModuleCache.noindex -Xfrontend -serialize-debugging-options -profile-coverage-mapping -profile-generate -enable-testing -index-store-path /Users/admin/builder/spi-builder-workspace/.derivedData/Index.noindex/DataStore -Xcc -D_LIBCPP_HARDENING_MODE\=_LIBCPP_HARDENING_MODE_DEBUG -swift-version 6 -I /Users/admin/builder/spi-builder-workspace/.derivedData/Build/Products/Debug-watchos -Isystem /Applications/Xcode-27.0.0-Release.Candidate.app/Contents/Developer/Platforms/WatchOS.platform/Developer/usr/lib -F /Users/admin/builder/spi-builder-workspace/.derivedData/Build/Products/Debug-watchos/PackageFrameworks -F /Users/admin/builder/spi-builder-workspace/.derivedData/Build/Products/Debug-watchos -F /Applications/Xcode-27.0.0-Release.Candidate.app/Contents/Developer/Platforms/WatchOS.platform/Developer/Library/Frameworks -F /Applications/Xcode-27.0.0-Release.Candidate.app/Contents/Developer/Platforms/WatchOS.platform/Developer/SDKs/WatchOS27.0.sdk/Developer/Library/Frameworks -c -j10 -enable-batch-mode -incremental -Xcc -ivfsstatcache -Xcc /Users/admin/builder/spi-builder-workspace/.derivedData/SDKStatCaches.noindex/watchos27.0-24R360-e829b21a6f8c9b70876ba0858053c04477534ef55a1706bf4c1112bbb242f0a2.sdkstatcache -output-file-map /Users/admin/builder/spi-builder-workspace/.derivedData/Build/Intermediates.noindex/swift-hls-kit.build/Debug-watchos/HLSKitCommands-t.build/Objects-normal/arm64/HLSKitCommands-OutputFileMap.json -save-temps -no-color-diagnostics -explicit-module-build -module-cache-path /Users/admin/builder/spi-builder-workspace/.derivedData/Build/Intermediates.noindex/SwiftExplicitPrecompiledModules -clang-scanner-module-cache-path /Users/admin/builder/spi-builder-workspace/.derivedData/ModuleCache.noindex -sdk-module-cache-path /Users/admin/builder/spi-builder-workspace/.derivedData/SDKExplicitPrecompiledModules -emit-dependencies -emit-module -emit-module-path /Users/admin/builder/spi-builder-workspace/.derivedData/Build/Intermediates.noindex/swift-hls-kit.build/Debug-watchos/HLSKitCommands-t.build/Objects-normal/arm64/HLSKitCommands.swiftmodule -serialize-diagnostics -dependency-scan-serialize-diagnostics-path /Users/admin/builder/spi-builder-workspace/.derivedData/Build/Intermediates.noindex/swift-hls-kit.build/Debug-watchos/HLSKitCommands-t.build/Objects-normal/arm64/HLSKitCommands-dependency-scan.dia -validate-clang-modules-once -clang-build-session-file /Users/admin/builder/spi-builder-workspace/.derivedData/ModuleCache.noindex/Session.modulevalidation -Xcc -fmodules-prune-interval\=86400 -Xcc -fmodules-prune-after\=345600 -package-name spi_builder_workspace -emit-const-values -const-gather-protocols-list /Users/admin/builder/spi-builder-workspace/.derivedData/Build/Intermediates.noindex/swift-hls-kit.build/Debug-watchos/HLSKitCommands-t.build/Objects-normal/arm64/HLSKitCommands_const_extract_protocols.json -Xcc -I/Users/admin/builder/spi-builder-workspace/.derivedData/Build/Products/Debug-watchos/include -Xcc -I/Users/admin/builder/spi-builder-workspace/.derivedData/Build/Intermediates.noindex/swift-hls-kit.build/Debug-watchos/HLSKitCommands-t.build/DerivedSources-normal/arm64 -Xcc -I/Users/admin/builder/spi-builder-workspace/.derivedData/Build/Intermediates.noindex/swift-hls-kit.build/Debug-watchos/HLSKitCommands-t.build/DerivedSources/arm64 -Xcc -I/Users/admin/builder/spi-builder-workspace/.derivedData/Build/Intermediates.noindex/swift-hls-kit.build/Debug-watchos/HLSKitCommands-t.build/DerivedSources -Xcc -DSWIFT_PACKAGE -Xcc -DDEBUG\=1 -emit-objc-header -emit-objc-header-path /Users/admin/builder/spi-builder-workspace/.derivedData/Build/Intermediates.noindex/swift-hls-kit.build/Debug-watchos/HLSKitCommands-t.build/Objects-normal/arm64/HLSKitCommands-Swift.h -working-directory /Users/admin/builder/spi-builder-workspace/.swiftpm/xcode -experimental-emit-module-separately -disable-cmo
SwiftCompile normal arm64 Compiling\ AVInfoProvider.swift,\ ColorOutput.swift /Users/admin/builder/spi-builder-workspace/Sources/HLSKitCommands/Helpers/AVInfoProvider.swift /Users/admin/builder/spi-builder-workspace/Sources/HLSKitCommands/Helpers/ColorOutput.swift (in target 'HLSKitCommands' from project 'swift-hls-kit')
SwiftCompile normal arm64 /Users/admin/builder/spi-builder-workspace/Sources/HLSKitCommands/Helpers/AVInfoProvider.swift (in target 'HLSKitCommands' from project 'swift-hls-kit')
cd /Users/admin/builder/spi-builder-workspace/.swiftpm/xcode
builtin-SwiftPerFileCompile AVInfoProvider.swift
SwiftCompile normal arm64 /Users/admin/builder/spi-builder-workspace/Sources/HLSKitCommands/Helpers/ColorOutput.swift (in target 'HLSKitCommands' from project 'swift-hls-kit')
cd /Users/admin/builder/spi-builder-workspace/.swiftpm/xcode
builtin-SwiftPerFileCompile ColorOutput.swift
SwiftCompile normal arm64 Compiling\ IMSC1Command.swift,\ InfoCommand.swift /Users/admin/builder/spi-builder-workspace/Sources/HLSKitCommands/IMSC1Command.swift /Users/admin/builder/spi-builder-workspace/Sources/HLSKitCommands/InfoCommand.swift (in target 'HLSKitCommands' from project 'swift-hls-kit')
SwiftCompile normal arm64 /Users/admin/builder/spi-builder-workspace/Sources/HLSKitCommands/IMSC1Command.swift (in target 'HLSKitCommands' from project 'swift-hls-kit')
cd /Users/admin/builder/spi-builder-workspace/.swiftpm/xcode
builtin-SwiftPerFileCompile IMSC1Command.swift
SwiftCompile normal arm64 /Users/admin/builder/spi-builder-workspace/Sources/HLSKitCommands/InfoCommand.swift (in target 'HLSKitCommands' from project 'swift-hls-kit')
cd /Users/admin/builder/spi-builder-workspace/.swiftpm/xcode
builtin-SwiftPerFileCompile InfoCommand.swift
SwiftCompile normal arm64 Compiling\ LiveCommand.swift,\ LiveMetadataCommand.swift /Users/admin/builder/spi-builder-workspace/Sources/HLSKitCommands/LiveCommand.swift /Users/admin/builder/spi-builder-workspace/Sources/HLSKitCommands/LiveMetadataCommand.swift (in target 'HLSKitCommands' from project 'swift-hls-kit')
SwiftCompile normal arm64 /Users/admin/builder/spi-builder-workspace/Sources/HLSKitCommands/LiveCommand.swift (in target 'HLSKitCommands' from project 'swift-hls-kit')
cd /Users/admin/builder/spi-builder-workspace/.swiftpm/xcode
builtin-SwiftPerFileCompile LiveCommand.swift
SwiftCompile normal arm64 /Users/admin/builder/spi-builder-workspace/Sources/HLSKitCommands/LiveMetadataCommand.swift (in target 'HLSKitCommands' from project 'swift-hls-kit')
cd /Users/admin/builder/spi-builder-workspace/.swiftpm/xcode
builtin-SwiftPerFileCompile LiveMetadataCommand.swift
SwiftEmitModule normal arm64 Emitting\ module\ for\ HLSKitCommands (in target 'HLSKitCommands' from project 'swift-hls-kit')
SwiftCompile normal arm64 (in target 'HLSKitCommands' from project 'swift-hls-kit')
cd /Users/admin/builder/spi-builder-workspace/.swiftpm/xcode
SwiftCompile normal arm64 Compiling\ ManifestDisplayHelpers.swift,\ ManifestParseCommand.swift /Users/admin/builder/spi-builder-workspace/Sources/HLSKitCommands/ManifestDisplayHelpers.swift /Users/admin/builder/spi-builder-workspace/Sources/HLSKitCommands/ManifestParseCommand.swift (in target 'HLSKitCommands' from project 'swift-hls-kit')
SwiftCompile normal arm64 /Users/admin/builder/spi-builder-workspace/Sources/HLSKitCommands/ManifestDisplayHelpers.swift (in target 'HLSKitCommands' from project 'swift-hls-kit')
cd /Users/admin/builder/spi-builder-workspace/.swiftpm/xcode
builtin-SwiftPerFileCompile ManifestDisplayHelpers.swift
SwiftCompile normal arm64 /Users/admin/builder/spi-builder-workspace/Sources/HLSKitCommands/ManifestParseCommand.swift (in target 'HLSKitCommands' from project 'swift-hls-kit')
cd /Users/admin/builder/spi-builder-workspace/.swiftpm/xcode
builtin-SwiftPerFileCompile ManifestParseCommand.swift
SwiftCompile normal arm64 Compiling\ SegmentCommand.swift,\ TranscodeCommand.swift /Users/admin/builder/spi-builder-workspace/Sources/HLSKitCommands/SegmentCommand.swift /Users/admin/builder/spi-builder-workspace/Sources/HLSKitCommands/TranscodeCommand.swift (in target 'HLSKitCommands' from project 'swift-hls-kit')
/Users/admin/builder/spi-builder-workspace/Sources/HLSKitCommands/SegmentCommand.swift:104:61: error: incorrect argument label in call (have 'url:outputDirectory:config:', expected 'data:outputDirectory:config:')
102 | let engine = HLSEngine()
103 | #if canImport(AVFoundation)
104 | let result = try await engine.segmentToDirectory(
| `- error: incorrect argument label in call (have 'url:outputDirectory:config:', expected 'data:outputDirectory:config:')
105 | url: inputURL,
106 | outputDirectory: outputURL,
/Users/admin/builder/spi-builder-workspace/Sources/HLSKitCommands/SegmentCommand.swift:105:22: error: cannot convert value of type 'URL' to expected argument type 'Data'
103 | #if canImport(AVFoundation)
104 | let result = try await engine.segmentToDirectory(
105 | url: inputURL,
| `- error: cannot convert value of type 'URL' to expected argument type 'Data'
106 | outputDirectory: outputURL,
107 | config: config
Failed frontend command:
/Applications/Xcode-27.0.0-Release.Candidate.app/Contents/Developer/Toolchains/XcodeDefault.xctoolchain/usr/bin/swift-frontend -frontend -c /Users/admin/builder/spi-builder-workspace/Sources/HLSKitCommands/EncryptCommand.swift /Users/admin/builder/spi-builder-workspace/Sources/HLSKitCommands/HLSKitCommand.swift /Users/admin/builder/spi-builder-workspace/Sources/HLSKitCommands/Helpers/AVInfoProvider.swift /Users/admin/builder/spi-builder-workspace/Sources/HLSKitCommands/Helpers/ColorOutput.swift /Users/admin/builder/spi-builder-workspace/Sources/HLSKitCommands/Helpers/ExitCodes.swift /Users/admin/builder/spi-builder-workspace/Sources/HLSKitCommands/Helpers/OutputFormatter.swift /Users/admin/builder/spi-builder-workspace/Sources/HLSKitCommands/Helpers/OutputFormatterLive.swift /Users/admin/builder/spi-builder-workspace/Sources/HLSKitCommands/IFrameCommand.swift /Users/admin/builder/spi-builder-workspace/Sources/HLSKitCommands/IMSC1Command.swift /Users/admin/builder/spi-builder-workspace/Sources/HLSKitCommands/InfoCommand.swift /Users/admin/builder/spi-builder-workspace/Sources/HLSKitCommands/LiveCommand.swift /Users/admin/builder/spi-builder-workspace/Sources/HLSKitCommands/LiveMetadataCommand.swift /Users/admin/builder/spi-builder-workspace/Sources/HLSKitCommands/MVHEVCCommand.swift /Users/admin/builder/spi-builder-workspace/Sources/HLSKitCommands/ManifestCommand.swift /Users/admin/builder/spi-builder-workspace/Sources/HLSKitCommands/ManifestDisplayHelpers.swift /Users/admin/builder/spi-builder-workspace/Sources/HLSKitCommands/ManifestParseCommand.swift -primary-file /Users/admin/builder/spi-builder-workspace/Sources/HLSKitCommands/SegmentCommand.swift -primary-file /Users/admin/builder/spi-builder-workspace/Sources/HLSKitCommands/TranscodeCommand.swift /Users/admin/builder/spi-builder-workspace/Sources/HLSKitCommands/ValidateCommand.swift -emit-dependencies-path /Users/admin/builder/spi-builder-workspace/.derivedData/Build/Intermediates.noindex/swift-hls-kit.build/Debug-watchos/HLSKitCommands-t.build/Objects-normal/arm64/SegmentCommand.d -emit-const-values-path /Users/admin/builder/spi-builder-workspace/.derivedData/Build/Intermediates.noindex/swift-hls-kit.build/Debug-watchos/HLSKitCommands-t.build/Objects-normal/arm64/SegmentCommand.swiftconstvalues -emit-reference-dependencies-path /Users/admin/builder/spi-builder-workspace/.derivedData/Build/Intermediates.noindex/swift-hls-kit.build/Debug-watchos/HLSKitCommands-t.build/Objects-normal/arm64/SegmentCommand.swiftdeps -serialize-diagnostics-path /Users/admin/builder/spi-builder-workspace/.derivedData/Build/Intermediates.noindex/swift-hls-kit.build/Debug-watchos/HLSKitCommands-t.build/Objects-normal/arm64/SegmentCommand.dia -emit-dependencies-path /Users/admin/builder/spi-builder-workspace/.derivedData/Build/Intermediates.noindex/swift-hls-kit.build/Debug-watchos/HLSKitCommands-t.build/Objects-normal/arm64/TranscodeCommand.d -emit-const-values-path /Users/admin/builder/spi-builder-workspace/.derivedData/Build/Intermediates.noindex/swift-hls-kit.build/Debug-watchos/HLSKitCommands-t.build/Objects-normal/arm64/TranscodeCommand.swiftconstvalues -emit-reference-dependencies-path /Users/admin/builder/spi-builder-workspace/.derivedData/Build/Intermediates.noindex/swift-hls-kit.build/Debug-watchos/HLSKitCommands-t.build/Objects-normal/arm64/TranscodeCommand.swiftdeps -serialize-diagnostics-path /Users/admin/builder/spi-builder-workspace/.derivedData/Build/Intermediates.noindex/swift-hls-kit.build/Debug-watchos/HLSKitCommands-t.build/Objects-normal/arm64/TranscodeCommand.dia -target arm64-apple-watchos10.0 -module-can-import-version AVFoundation 2450.77.3.1 2.0.0 -module-can-import-version Darwin 428.0.10 0 -disable-cross-import-overlay-search -swift-module-cross-import Darwin /Applications/Xcode-27.0.0-Release.Candidate.app/Contents/Developer/Platforms/WatchOS.platform/Developer/SDKs/WatchOS.sdk/usr/include/Darwin.swiftcrossimport/xlocale.swiftoverlay -load-resolved-plugin /Applications/Xcode-27.0.0-Release.Candidate.app/Contents/Developer/Platforms/WatchOS.platform/Developer/usr/lib/swift/host/plugins/libFoundationMacros.dylib\#/Applications/Xcode-27.0.0-Release.Candidate.app/Contents/Developer/Platforms/WatchOS.platform/Developer/usr/bin/swift-plugin-server\#FoundationMacros -load-resolved-plugin /Applications/Xcode-27.0.0-Release.Candidate.app/Contents/Developer/Platforms/WatchOS.platform/Developer/usr/lib/swift/host/plugins/libObservationMacros.dylib\#/Applications/Xcode-27.0.0-Release.Candidate.app/Contents/Developer/Platforms/WatchOS.platform/Developer/usr/bin/swift-plugin-server\#ObservationMacros -load-resolved-plugin /Applications/Xcode-27.0.0-Release.Candidate.app/Contents/Developer/Platforms/WatchOS.platform/Developer/usr/lib/swift/host/plugins/libSwiftMacros.dylib\#/Applications/Xcode-27.0.0-Release.Candidate.app/Contents/Developer/Platforms/WatchOS.platform/Developer/usr/bin/swift-plugin-server\#SwiftMacros -disable-implicit-swift-modules -Xcc -fno-implicit-modules -Xcc -fno-implicit-module-maps -explicit-swift-module-map-file /Users/admin/builder/spi-builder-workspace/.derivedData/Build/Intermediates.noindex/swift-hls-kit.build/Debug-watchos/HLSKitCommands-t.build/Objects-normal/arm64/HLSKitCommands-dependencies-1.json -Xllvm -aarch64-use-tbi -enable-objc-interop -stack-check -sdk /Applications/Xcode-27.0.0-Release.Candidate.app/Contents/Developer/Platforms/WatchOS.platform/Developer/SDKs/WatchOS27.0.sdk -I /Users/admin/builder/spi-builder-workspace/.derivedData/Build/Products/Debug-watchos -Isystem /Applications/Xcode-27.0.0-Release.Candidate.app/Contents/Developer/Platforms/WatchOS.platform/Developer/usr/lib -F /Users/admin/builder/spi-builder-workspace/.derivedData/Build/Products/Debug-watchos/PackageFrameworks -F /Users/admin/builder/spi-builder-workspace/.derivedData/Build/Products/Debug-watchos -F /Applications/Xcode-27.0.0-Release.Candidate.app/Contents/Developer/Platforms/WatchOS.platform/Developer/Library/Frameworks -F /Applications/Xcode-27.0.0-Release.Candidate.app/Contents/Developer/Platforms/WatchOS.platform/Developer/SDKs/WatchOS27.0.sdk/Developer/Library/Frameworks -module-cache-path /Users/admin/builder/spi-builder-workspace/.derivedData/Build/Intermediates.noindex/SwiftExplicitPrecompiledModules -no-color-diagnostics -Xcc -fno-color-diagnostics -enable-testing -g -debug-info-format\=dwarf -dwarf-version\=4 -profile-generate -profile-coverage-mapping -swift-version 6 -Onone -D SWIFT_PACKAGE -D DEBUG -D SWIFT_MODULE_RESOURCE_BUNDLE_UNAVAILABLE -D Xcode -serialize-debugging-options -enable-experimental-feature DebugDescriptionMacro -empty-abi-descriptor -validate-clang-modules-once -clang-build-session-file /Users/admin/builder/spi-builder-workspace/.derivedData/ModuleCache.noindex/Session.modulevalidation -Xcc -working-directory -Xcc /Users/admin/builder/spi-builder-workspace/.swiftpm/xcode -enable-anonymous-context-mangled-names -file-compilation-dir /Users/admin/builder/spi-builder-workspace/.swiftpm/xcode -Xcc -D_LIBCPP_HARDENING_MODE\=_LIBCPP_HARDENING_MODE_DEBUG -Xcc -ivfsstatcache -Xcc /Users/admin/builder/spi-builder-workspace/.derivedData/SDKStatCaches.noindex/watchos27.0-24R360-e829b21a6f8c9b70876ba0858053c04477534ef55a1706bf4c1112bbb242f0a2.sdkstatcache -Xcc -fmodules-prune-interval\=86400 -Xcc -fmodules-prune-after\=345600 -Xcc -I/Users/admin/builder/spi-builder-workspace/.derivedData/Build/Products/Debug-watchos/include -Xcc -I/Users/admin/builder/spi-builder-workspace/.derivedData/Build/Intermediates.noindex/swift-hls-kit.build/Debug-watchos/HLSKitCommands-t.build/DerivedSources-normal/arm64 -Xcc -I/Users/admin/builder/spi-builder-workspace/.derivedData/Build/Intermediates.noindex/swift-hls-kit.build/Debug-watchos/HLSKitCommands-t.build/DerivedSources/arm64 -Xcc -I/Users/admin/builder/spi-builder-workspace/.derivedData/Build/Intermediates.noindex/swift-hls-kit.build/Debug-watchos/HLSKitCommands-t.build/DerivedSources -Xcc -DSWIFT_PACKAGE -Xcc -DDEBUG\=1 -no-auto-bridging-header-chaining -module-name HLSKitCommands -package-name spi_builder_workspace -const-gather-protocols-file /Users/admin/builder/spi-builder-workspace/.derivedData/Build/Intermediates.noindex/swift-hls-kit.build/Debug-watchos/HLSKitCommands-t.build/Objects-normal/arm64/HLSKitCommands_const_extract_protocols.json -disable-clang-spi -clang-target arm64-apple-watchos27.0 -target-sdk-version 27.0 -target-sdk-name watchos27.0 -in-process-plugin-server-path /Applications/Xcode-27.0.0-Release.Candidate.app/Contents/Developer/Toolchains/XcodeDefault.xctoolchain/usr/lib/swift/host/libSwiftInProcPluginServer.dylib -parse-as-library -o /Users/admin/builder/spi-builder-workspace/.derivedData/Build/Intermediates.noindex/swift-hls-kit.build/Debug-watchos/HLSKitCommands-t.build/Objects-normal/arm64/SegmentCommand.o -o /Users/admin/builder/spi-builder-workspace/.derivedData/Build/Intermediates.noindex/swift-hls-kit.build/Debug-watchos/HLSKitCommands-t.build/Objects-normal/arm64/TranscodeCommand.o -debug-module-path /Users/admin/builder/spi-builder-workspace/.derivedData/Build/Intermediates.noindex/swift-hls-kit.build/Debug-watchos/HLSKitCommands-t.build/Objects-normal/arm64/HLSKitCommands.swiftmodule -index-unit-output-path /swift-hls-kit.build/Debug-watchos/HLSKitCommands-t.build/Objects-normal/arm64/SegmentCommand.o -index-unit-output-path /swift-hls-kit.build/Debug-watchos/HLSKitCommands-t.build/Objects-normal/arm64/TranscodeCommand.o -index-store-path /Users/admin/builder/spi-builder-workspace/.derivedData/Index.noindex/DataStore -index-system-modules
SwiftCompile normal arm64 /Users/admin/builder/spi-builder-workspace/Sources/HLSKitCommands/SegmentCommand.swift (in target 'HLSKitCommands' from project 'swift-hls-kit')
cd /Users/admin/builder/spi-builder-workspace/.swiftpm/xcode
builtin-SwiftPerFileCompile SegmentCommand.swift
SwiftCompile normal arm64 /Users/admin/builder/spi-builder-workspace/Sources/HLSKitCommands/TranscodeCommand.swift (in target 'HLSKitCommands' from project 'swift-hls-kit')
cd /Users/admin/builder/spi-builder-workspace/.swiftpm/xcode
builtin-SwiftPerFileCompile TranscodeCommand.swift
SwiftEmitModule normal arm64_32 Emitting\ module\ for\ HLSKitCommands (in target 'HLSKitCommands' from project 'swift-hls-kit')
SwiftCompile normal arm64_32 (in target 'HLSKitCommands' from project 'swift-hls-kit')
cd /Users/admin/builder/spi-builder-workspace/.swiftpm/xcode
SwiftCompile normal arm64_32 Compiling\ AVInfoProvider.swift,\ ColorOutput.swift /Users/admin/builder/spi-builder-workspace/Sources/HLSKitCommands/Helpers/AVInfoProvider.swift /Users/admin/builder/spi-builder-workspace/Sources/HLSKitCommands/Helpers/ColorOutput.swift (in target 'HLSKitCommands' from project 'swift-hls-kit')
SwiftCompile normal arm64_32 /Users/admin/builder/spi-builder-workspace/Sources/HLSKitCommands/Helpers/AVInfoProvider.swift (in target 'HLSKitCommands' from project 'swift-hls-kit')
cd /Users/admin/builder/spi-builder-workspace/.swiftpm/xcode
builtin-SwiftPerFileCompile AVInfoProvider.swift
SwiftCompile normal arm64_32 /Users/admin/builder/spi-builder-workspace/Sources/HLSKitCommands/Helpers/ColorOutput.swift (in target 'HLSKitCommands' from project 'swift-hls-kit')
cd /Users/admin/builder/spi-builder-workspace/.swiftpm/xcode
builtin-SwiftPerFileCompile ColorOutput.swift
SwiftEmitModule normal arm64_32 Emitting\ module\ for\ ArgumentParser (in target 'ArgumentParser' from project 'swift-argument-parser')
SwiftCompile normal arm64_32 (in target 'ArgumentParser' from project 'swift-argument-parser')
cd /Users/admin/builder/spi-builder-workspace/.swiftpm/xcode
SwiftDriverJobDiscovery normal arm64 Compiling AVInfoProvider.swift, ColorOutput.swift (in target 'HLSKitCommands' from project 'swift-hls-kit')
PruneExplicitPrecompiledModules /Users/admin/builder/spi-builder-workspace/.derivedData/Build/Intermediates.noindex/SwiftExplicitPrecompiledModules
PruneExplicitPrecompiledModules /Users/admin/builder/spi-builder-workspace/.derivedData/Build/Intermediates.noindex/ExplicitPrecompiledModules
PruneExplicitPrecompiledModules /Users/admin/builder/spi-builder-workspace/.derivedData/SDKExplicitPrecompiledModules
2026-09-25 06:44:21.026 xcodebuild[1412:8927] [MT] IDERunDestination: Supported platforms for the buildables in the current scheme is empty.
** BUILD FAILED **
The following build commands failed:
SwiftCompile normal arm64 Compiling\ SegmentCommand.swift,\ TranscodeCommand.swift /Users/admin/builder/spi-builder-workspace/Sources/HLSKitCommands/SegmentCommand.swift /Users/admin/builder/spi-builder-workspace/Sources/HLSKitCommands/TranscodeCommand.swift (in target 'HLSKitCommands' from project 'swift-hls-kit')
SwiftCompile normal arm64 /Users/admin/builder/spi-builder-workspace/Sources/HLSKitCommands/SegmentCommand.swift (in target 'HLSKitCommands' from project 'swift-hls-kit')
Building workspace swift-hls-kit with scheme swift-hls-kit-Package
(3 failures)
BUILD FAILURE 6.4 watchOS