Build Information
Failed to build LetMeIn, reference main (dfb130), with Swift 6.4 for watchOS using Xcode 27.0 on 17 Sep 2026 09:10:18 UTC.
Build Command
env DEVELOPER_DIR=/Applications/Xcode-27.0.0-Release.Candidate.app xcrun xcodebuild -IDEClonedSourcePackagesDirPathOverride=$PWD/.dependencies -skipMacroValidation -skipPackagePluginValidation -derivedDataPath $PWD/.derivedData build -scheme LetMeIn -destination generic/platform=watchOSBuild Log
========================================
RunAll
========================================
Builder version: 5.1.0
Interrupt handler set up.
========================================
Checkout
========================================
Clone URL: https://github.com/julianschiavo/letmein.git
Reference: main
Initialized empty Git repository in /Users/admin/builder/spi-builder-workspace/.git/
From https://github.com/julianschiavo/letmein
* branch main -> FETCH_HEAD
* [new branch] main -> origin/main
HEAD is now at dfb1303 Add public CertificateFile init
Cloned https://github.com/julianschiavo/letmein.git
Revision (git rev-parse @):
dfb13036da8d22b6747f54f16b97a40b0875622d
SUCCESS checkout https://github.com/julianschiavo/letmein.git at main
========================================
Build
========================================
Selected platform: watchOS
Swift version: 6.4
Building package at path: $PWD
https://github.com/julianschiavo/letmein.git
Command line invocation:
/Applications/Xcode-27.0.0-Release.Candidate.app/Contents/Developer/usr/bin/xcodebuild -IDEClonedSourcePackagesDirPathOverride=/Users/admin/builder/spi-builder-workspace/.dependencies -resolvePackageDependencies
Resolve Package Graph
Resolve Package Graph
Resolved source packages:
LetMeIn: /Users/admin/builder/spi-builder-workspace
resolved source packages: LetMeIn
2026-09-17 05:09:26.285 xcodebuild[528:3036] [MT] IDERunDestination: Supported platforms for the buildables in the current scheme is empty.
{
"dependencies" : [
],
"manifest_display_name" : "LetMeIn",
"name" : "LetMeIn",
"path" : "/Users/admin/builder/spi-builder-workspace",
"platforms" : [
{
"name" : "ios",
"version" : "14.0"
},
{
"name" : "macos",
"version" : "11.0"
}
],
"products" : [
{
"name" : "LetMeIn",
"targets" : [
"LetMeIn"
],
"type" : {
"library" : [
"automatic"
]
}
}
],
"targets" : [
{
"c99name" : "LetMeIn",
"module_type" : "SwiftTarget",
"name" : "LetMeIn",
"path" : "Sources/LetMeIn",
"product_memberships" : [
"LetMeIn"
],
"sources" : [
"Certificate.swift",
"CertificateFile.swift",
"CertificateType.swift",
"ClientCertificateAuthenticator.swift",
"Extensions/Logger-Custom.swift",
"PKCS12Certificate.swift"
],
"type" : "library"
}
],
"tools_version" : "5.3"
}
{
"workspace" : {
"name" : "LetMeIn",
"schemes" : [
"LetMeIn"
]
}
}
2026-09-17 05:10:07.460 xcodebuild[646:4121] [MT] IDERunDestination: Supported platforms for the buildables in the current scheme is empty.
Running build ...
env DEVELOPER_DIR=/Applications/Xcode-27.0.0-Release.Candidate.app xcrun xcodebuild -IDEClonedSourcePackagesDirPathOverride=$PWD/.dependencies -skipMacroValidation -skipPackagePluginValidation -derivedDataPath $PWD/.derivedData build -scheme LetMeIn -destination generic/platform=watchOS
Command line invocation:
/Applications/Xcode-27.0.0-Release.Candidate.app/Contents/Developer/usr/bin/xcodebuild -IDEClonedSourcePackagesDirPathOverride=/Users/admin/builder/spi-builder-workspace/.dependencies -skipMacroValidation -skipPackagePluginValidation -derivedDataPath /Users/admin/builder/spi-builder-workspace/.derivedData build -scheme LetMeIn -destination generic/platform=watchOS
Resolve Package Graph
Resolved source packages:
LetMeIn: /Users/admin/builder/spi-builder-workspace
ComputePackagePrebuildTargetDependencyGraph
Prepare packages
CreateBuildRequest
SendProjectDescription
CreateBuildOperation
ComputeTargetDependencyGraph
note: Building targets in dependency order
note: Target dependency graph (2 targets)
Target 'LetMeIn-product' in project 'LetMeIn'
➜ Explicit dependency on target 'LetMeIn' in project 'LetMeIn'
Target 'LetMeIn' in project 'LetMeIn' (no dependencies)
GatherProvisioningInputs
CreateBuildDescription
ExecuteExternalTool /Applications/Xcode-27.0.0-Release.Candidate.app/Contents/Developer/Toolchains/XcodeDefault.xctoolchain/usr/bin/clang -v -E -dM -isysroot /Applications/Xcode-27.0.0-Release.Candidate.app/Contents/Developer/Platforms/WatchOS.platform/Developer/SDKs/WatchOS27.0.sdk -x c -c /dev/null
ExecuteExternalTool /Applications/Xcode-27.0.0-Release.Candidate.app/Contents/Developer/Toolchains/XcodeDefault.xctoolchain/usr/bin/swiftc --version
ExecuteExternalTool /Applications/Xcode-27.0.0-Release.Candidate.app/Contents/Developer/Toolchains/XcodeDefault.xctoolchain/usr/bin/ld -version_details
Build description signature: 8b7fb30c4030881b95aacb75f5dc7cdc
Build description path: /Users/admin/builder/spi-builder-workspace/.derivedData/Build/Intermediates.noindex/XCBuildData/8b7fb30c4030881b95aacb75f5dc7cdc.xcbuilddata
CreateBuildDirectory /Users/admin/builder/spi-builder-workspace/.derivedData/SDKExplicitPrecompiledModules
cd /Users/admin/builder/spi-builder-workspace/.swiftpm/xcode
builtin-create-build-directory /Users/admin/builder/spi-builder-workspace/.derivedData/SDKExplicitPrecompiledModules
CreateBuildDirectory /Users/admin/builder/spi-builder-workspace/.derivedData/ModuleCache.noindex
cd /Users/admin/builder/spi-builder-workspace/.swiftpm/xcode
builtin-create-build-directory /Users/admin/builder/spi-builder-workspace/.derivedData/ModuleCache.noindex
CreateBuildDirectory /Users/admin/builder/spi-builder-workspace/.derivedData/CompilationCache.noindex
cd /Users/admin/builder/spi-builder-workspace/.swiftpm/xcode
builtin-create-build-directory /Users/admin/builder/spi-builder-workspace/.derivedData/CompilationCache.noindex
CreateBuildDirectory /Users/admin/builder/spi-builder-workspace/.derivedData/Build/Products
cd /Users/admin/builder/spi-builder-workspace/.swiftpm/xcode
builtin-create-build-directory /Users/admin/builder/spi-builder-workspace/.derivedData/Build/Products
CreateBuildDirectory /Users/admin/builder/spi-builder-workspace/.derivedData/Build/Intermediates.noindex
cd /Users/admin/builder/spi-builder-workspace/.swiftpm/xcode
builtin-create-build-directory /Users/admin/builder/spi-builder-workspace/.derivedData/Build/Intermediates.noindex
ClangStatCache /Applications/Xcode-27.0.0-Release.Candidate.app/Contents/Developer/Toolchains/XcodeDefault.xctoolchain/usr/bin/clang-stat-cache /Applications/Xcode-27.0.0-Release.Candidate.app/Contents/Developer/Platforms/WatchOS.platform/Developer/SDKs/WatchOS27.0.sdk /Users/admin/builder/spi-builder-workspace/.derivedData/SDKStatCaches.noindex/watchos27.0-24R360-e829b21a6f8c9b70876ba0858053c04477534ef55a1706bf4c1112bbb242f0a2.sdkstatcache
cd /Users/admin/builder/spi-builder-workspace/.swiftpm/xcode
/Applications/Xcode-27.0.0-Release.Candidate.app/Contents/Developer/Toolchains/XcodeDefault.xctoolchain/usr/bin/clang-stat-cache /Applications/Xcode-27.0.0-Release.Candidate.app/Contents/Developer/Platforms/WatchOS.platform/Developer/SDKs/WatchOS27.0.sdk -o /Users/admin/builder/spi-builder-workspace/.derivedData/SDKStatCaches.noindex/watchos27.0-24R360-e829b21a6f8c9b70876ba0858053c04477534ef55a1706bf4c1112bbb242f0a2.sdkstatcache
CreateBuildDirectory /Users/admin/builder/spi-builder-workspace/.derivedData/Build/Intermediates.noindex/SwiftExplicitPrecompiledModules
cd /Users/admin/builder/spi-builder-workspace/.swiftpm/xcode
builtin-create-build-directory /Users/admin/builder/spi-builder-workspace/.derivedData/Build/Intermediates.noindex/SwiftExplicitPrecompiledModules
CreateBuildDirectory /Users/admin/builder/spi-builder-workspace/.derivedData/Build/Intermediates.noindex/PrecompiledHeaders
cd /Users/admin/builder/spi-builder-workspace/.swiftpm/xcode
builtin-create-build-directory /Users/admin/builder/spi-builder-workspace/.derivedData/Build/Intermediates.noindex/PrecompiledHeaders
CreateBuildDirectory /Users/admin/builder/spi-builder-workspace/.derivedData/Build/Intermediates.noindex/ExplicitPrecompiledModules
cd /Users/admin/builder/spi-builder-workspace/.swiftpm/xcode
builtin-create-build-directory /Users/admin/builder/spi-builder-workspace/.derivedData/Build/Intermediates.noindex/ExplicitPrecompiledModules
CreateBuildDirectory /Users/admin/builder/spi-builder-workspace/.derivedData/Build/Intermediates.noindex/EagerLinkingTBDs/Debug-watchos
cd /Users/admin/builder/spi-builder-workspace/.swiftpm/xcode
builtin-create-build-directory /Users/admin/builder/spi-builder-workspace/.derivedData/Build/Intermediates.noindex/EagerLinkingTBDs/Debug-watchos
CreateBuildDirectory /Users/admin/builder/spi-builder-workspace/.derivedData/Build/Products/Debug-watchos
cd /Users/admin/builder/spi-builder-workspace/.swiftpm/xcode
builtin-create-build-directory /Users/admin/builder/spi-builder-workspace/.derivedData/Build/Products/Debug-watchos
CreateBuildDirectory /Users/admin/builder/spi-builder-workspace/.derivedData/Build/Products/Debug-watchos/PackageFrameworks
cd /Users/admin/builder/spi-builder-workspace/.swiftpm/xcode
builtin-create-build-directory /Users/admin/builder/spi-builder-workspace/.derivedData/Build/Products/Debug-watchos/PackageFrameworks
WriteAuxiliaryFile /Users/admin/builder/spi-builder-workspace/.derivedData/Build/Intermediates.noindex/LetMeIn.build/Debug-watchos/LetMeIn-t.build/LetMeIn.modulemap (in target 'LetMeIn' from project 'LetMeIn')
cd /Users/admin/builder/spi-builder-workspace
write-file /Users/admin/builder/spi-builder-workspace/.derivedData/Build/Intermediates.noindex/LetMeIn.build/Debug-watchos/LetMeIn-t.build/LetMeIn.modulemap
WriteAuxiliaryFile /Users/admin/builder/spi-builder-workspace/.derivedData/Build/Intermediates.noindex/LetMeIn.build/Debug-watchos/LetMeIn-t.build/Objects-normal/arm64/LetMeIn_const_extract_protocols.json (in target 'LetMeIn' from project 'LetMeIn')
cd /Users/admin/builder/spi-builder-workspace
write-file /Users/admin/builder/spi-builder-workspace/.derivedData/Build/Intermediates.noindex/LetMeIn.build/Debug-watchos/LetMeIn-t.build/Objects-normal/arm64/LetMeIn_const_extract_protocols.json
WriteAuxiliaryFile /Users/admin/builder/spi-builder-workspace/.derivedData/Build/Intermediates.noindex/LetMeIn.build/Debug-watchos/LetMeIn-t.build/Objects-normal/arm64_32/LetMeIn.SwiftConstValuesFileList (in target 'LetMeIn' from project 'LetMeIn')
cd /Users/admin/builder/spi-builder-workspace
write-file /Users/admin/builder/spi-builder-workspace/.derivedData/Build/Intermediates.noindex/LetMeIn.build/Debug-watchos/LetMeIn-t.build/Objects-normal/arm64_32/LetMeIn.SwiftConstValuesFileList
WriteAuxiliaryFile /Users/admin/builder/spi-builder-workspace/.derivedData/Build/Intermediates.noindex/LetMeIn.build/Debug-watchos/LetMeIn-t.build/Objects-normal/arm64/LetMeIn.SwiftFileList (in target 'LetMeIn' from project 'LetMeIn')
cd /Users/admin/builder/spi-builder-workspace
write-file /Users/admin/builder/spi-builder-workspace/.derivedData/Build/Intermediates.noindex/LetMeIn.build/Debug-watchos/LetMeIn-t.build/Objects-normal/arm64/LetMeIn.SwiftFileList
WriteAuxiliaryFile /Users/admin/builder/spi-builder-workspace/.derivedData/Build/Intermediates.noindex/LetMeIn.build/Debug-watchos/LetMeIn-t.build/Objects-normal/arm64_32/LetMeIn.SwiftFileList (in target 'LetMeIn' from project 'LetMeIn')
cd /Users/admin/builder/spi-builder-workspace
write-file /Users/admin/builder/spi-builder-workspace/.derivedData/Build/Intermediates.noindex/LetMeIn.build/Debug-watchos/LetMeIn-t.build/Objects-normal/arm64_32/LetMeIn.SwiftFileList
WriteAuxiliaryFile /Users/admin/builder/spi-builder-workspace/.derivedData/Build/Intermediates.noindex/LetMeIn.build/Debug-watchos/LetMeIn-t.build/Objects-normal/arm64_32/LetMeIn-OutputFileMap.json (in target 'LetMeIn' from project 'LetMeIn')
cd /Users/admin/builder/spi-builder-workspace
write-file /Users/admin/builder/spi-builder-workspace/.derivedData/Build/Intermediates.noindex/LetMeIn.build/Debug-watchos/LetMeIn-t.build/Objects-normal/arm64_32/LetMeIn-OutputFileMap.json
WriteAuxiliaryFile /Users/admin/builder/spi-builder-workspace/.derivedData/Build/Intermediates.noindex/LetMeIn.build/Debug-watchos/LetMeIn-t.build/Objects-normal/arm64_32/LetMeIn_const_extract_protocols.json (in target 'LetMeIn' from project 'LetMeIn')
cd /Users/admin/builder/spi-builder-workspace
write-file /Users/admin/builder/spi-builder-workspace/.derivedData/Build/Intermediates.noindex/LetMeIn.build/Debug-watchos/LetMeIn-t.build/Objects-normal/arm64_32/LetMeIn_const_extract_protocols.json
WriteAuxiliaryFile /Users/admin/builder/spi-builder-workspace/.derivedData/Build/Intermediates.noindex/LetMeIn.build/Debug-watchos/LetMeIn-t.build/Objects-normal/arm64_32/LetMeIn.LinkFileList (in target 'LetMeIn' from project 'LetMeIn')
cd /Users/admin/builder/spi-builder-workspace
write-file /Users/admin/builder/spi-builder-workspace/.derivedData/Build/Intermediates.noindex/LetMeIn.build/Debug-watchos/LetMeIn-t.build/Objects-normal/arm64_32/LetMeIn.LinkFileList
WriteAuxiliaryFile /Users/admin/builder/spi-builder-workspace/.derivedData/Build/Intermediates.noindex/LetMeIn.build/Debug-watchos/LetMeIn-t.build/Objects-normal/arm64/LetMeIn.SwiftConstValuesFileList (in target 'LetMeIn' from project 'LetMeIn')
cd /Users/admin/builder/spi-builder-workspace
write-file /Users/admin/builder/spi-builder-workspace/.derivedData/Build/Intermediates.noindex/LetMeIn.build/Debug-watchos/LetMeIn-t.build/Objects-normal/arm64/LetMeIn.SwiftConstValuesFileList
WriteAuxiliaryFile /Users/admin/builder/spi-builder-workspace/.derivedData/Build/Intermediates.noindex/LetMeIn.build/Debug-watchos/LetMeIn-t.build/Objects-normal/arm64/LetMeIn.LinkFileList (in target 'LetMeIn' from project 'LetMeIn')
cd /Users/admin/builder/spi-builder-workspace
write-file /Users/admin/builder/spi-builder-workspace/.derivedData/Build/Intermediates.noindex/LetMeIn.build/Debug-watchos/LetMeIn-t.build/Objects-normal/arm64/LetMeIn.LinkFileList
WriteAuxiliaryFile /Users/admin/builder/spi-builder-workspace/.derivedData/Build/Intermediates.noindex/LetMeIn.build/Debug-watchos/LetMeIn-t.build/Objects-normal/arm64/LetMeIn-OutputFileMap.json (in target 'LetMeIn' from project 'LetMeIn')
cd /Users/admin/builder/spi-builder-workspace
write-file /Users/admin/builder/spi-builder-workspace/.derivedData/Build/Intermediates.noindex/LetMeIn.build/Debug-watchos/LetMeIn-t.build/Objects-normal/arm64/LetMeIn-OutputFileMap.json
WriteAuxiliaryFile /Users/admin/builder/spi-builder-workspace/.derivedData/Build/Intermediates.noindex/LetMeIn.build/Debug-watchos/LetMeIn-t.build/LetMeIn.DependencyStaticMetadataFileList (in target 'LetMeIn' from project 'LetMeIn')
cd /Users/admin/builder/spi-builder-workspace
write-file /Users/admin/builder/spi-builder-workspace/.derivedData/Build/Intermediates.noindex/LetMeIn.build/Debug-watchos/LetMeIn-t.build/LetMeIn.DependencyStaticMetadataFileList
WriteAuxiliaryFile /Users/admin/builder/spi-builder-workspace/.derivedData/Build/Intermediates.noindex/LetMeIn.build/Debug-watchos/LetMeIn-t.build/LetMeIn.DependencyMetadataFileList (in target 'LetMeIn' from project 'LetMeIn')
cd /Users/admin/builder/spi-builder-workspace
write-file /Users/admin/builder/spi-builder-workspace/.derivedData/Build/Intermediates.noindex/LetMeIn.build/Debug-watchos/LetMeIn-t.build/LetMeIn.DependencyMetadataFileList
Copy /Users/admin/builder/spi-builder-workspace/.derivedData/Build/Intermediates.noindex/GeneratedModuleMaps-watchos/LetMeIn.modulemap /Users/admin/builder/spi-builder-workspace/.derivedData/Build/Intermediates.noindex/LetMeIn.build/Debug-watchos/LetMeIn-t.build/LetMeIn.modulemap (in target 'LetMeIn' from project 'LetMeIn')
cd /Users/admin/builder/spi-builder-workspace
builtin-copy -exclude .DS_Store -exclude CVS -exclude .svn -exclude .git -exclude .hg -resolve-src-symlinks /Users/admin/builder/spi-builder-workspace/.derivedData/Build/Intermediates.noindex/LetMeIn.build/Debug-watchos/LetMeIn-t.build/LetMeIn.modulemap /Users/admin/builder/spi-builder-workspace/.derivedData/Build/Intermediates.noindex/GeneratedModuleMaps-watchos
SwiftDriver LetMeIn normal arm64_32 com.apple.xcode.tools.swift.compiler (in target 'LetMeIn' from project 'LetMeIn')
cd /Users/admin/builder/spi-builder-workspace/.swiftpm/xcode
builtin-SwiftDriver -- /Applications/Xcode-27.0.0-Release.Candidate.app/Contents/Developer/Toolchains/XcodeDefault.xctoolchain/usr/bin/swiftc -parse-as-library -module-name LetMeIn -Onone @/Users/admin/builder/spi-builder-workspace/.derivedData/Build/Intermediates.noindex/LetMeIn.build/Debug-watchos/LetMeIn-t.build/Objects-normal/arm64_32/LetMeIn.SwiftFileList -DSWIFT_PACKAGE -DDEBUG -DSWIFT_MODULE_RESOURCE_BUNDLE_UNAVAILABLE -DXcode -plugin-path /Applications/Xcode-27.0.0-Release.Candidate.app/Contents/Developer/Toolchains/XcodeDefault.xctoolchain/usr/lib/swift/host/plugins/testing -enable-experimental-feature DebugDescriptionMacro -sdk /Applications/Xcode-27.0.0-Release.Candidate.app/Contents/Developer/Platforms/WatchOS.platform/Developer/SDKs/WatchOS27.0.sdk -target arm64_32-apple-watchos9.0 -g -module-cache-path /Users/admin/builder/spi-builder-workspace/.derivedData/ModuleCache.noindex -Xfrontend -serialize-debugging-options -enable-testing -index-store-path /Users/admin/builder/spi-builder-workspace/.derivedData/Index.noindex/DataStore -Xcc -D_LIBCPP_HARDENING_MODE\=_LIBCPP_HARDENING_MODE_DEBUG -swift-version 5 -I /Users/admin/builder/spi-builder-workspace/.derivedData/Build/Products/Debug-watchos -Isystem /Applications/Xcode-27.0.0-Release.Candidate.app/Contents/Developer/Platforms/WatchOS.platform/Developer/usr/lib -F /Users/admin/builder/spi-builder-workspace/.derivedData/Build/Products/Debug-watchos -F /Applications/Xcode-27.0.0-Release.Candidate.app/Contents/Developer/Platforms/WatchOS.platform/Developer/Library/Frameworks -F /Applications/Xcode-27.0.0-Release.Candidate.app/Contents/Developer/Platforms/WatchOS.platform/Developer/SDKs/WatchOS27.0.sdk/Developer/Library/Frameworks -c -j10 -enable-batch-mode -incremental -Xcc -ivfsstatcache -Xcc /Users/admin/builder/spi-builder-workspace/.derivedData/SDKStatCaches.noindex/watchos27.0-24R360-e829b21a6f8c9b70876ba0858053c04477534ef55a1706bf4c1112bbb242f0a2.sdkstatcache -output-file-map /Users/admin/builder/spi-builder-workspace/.derivedData/Build/Intermediates.noindex/LetMeIn.build/Debug-watchos/LetMeIn-t.build/Objects-normal/arm64_32/LetMeIn-OutputFileMap.json -save-temps -no-color-diagnostics -explicit-module-build -module-cache-path /Users/admin/builder/spi-builder-workspace/.derivedData/Build/Intermediates.noindex/SwiftExplicitPrecompiledModules -clang-scanner-module-cache-path /Users/admin/builder/spi-builder-workspace/.derivedData/ModuleCache.noindex -sdk-module-cache-path /Users/admin/builder/spi-builder-workspace/.derivedData/SDKExplicitPrecompiledModules -emit-dependencies -emit-module -emit-module-path /Users/admin/builder/spi-builder-workspace/.derivedData/Build/Intermediates.noindex/LetMeIn.build/Debug-watchos/LetMeIn-t.build/Objects-normal/arm64_32/LetMeIn.swiftmodule -serialize-diagnostics -dependency-scan-serialize-diagnostics-path /Users/admin/builder/spi-builder-workspace/.derivedData/Build/Intermediates.noindex/LetMeIn.build/Debug-watchos/LetMeIn-t.build/Objects-normal/arm64_32/LetMeIn-dependency-scan.dia -validate-clang-modules-once -clang-build-session-file /Users/admin/builder/spi-builder-workspace/.derivedData/ModuleCache.noindex/Session.modulevalidation -Xcc -fmodules-prune-interval\=86400 -Xcc -fmodules-prune-after\=345600 -emit-const-values -const-gather-protocols-list /Users/admin/builder/spi-builder-workspace/.derivedData/Build/Intermediates.noindex/LetMeIn.build/Debug-watchos/LetMeIn-t.build/Objects-normal/arm64_32/LetMeIn_const_extract_protocols.json -Xcc -I/Users/admin/builder/spi-builder-workspace/.derivedData/Build/Products/Debug-watchos/include -Xcc -I/Users/admin/builder/spi-builder-workspace/.derivedData/Build/Intermediates.noindex/LetMeIn.build/Debug-watchos/LetMeIn-t.build/DerivedSources-normal/arm64_32 -Xcc -I/Users/admin/builder/spi-builder-workspace/.derivedData/Build/Intermediates.noindex/LetMeIn.build/Debug-watchos/LetMeIn-t.build/DerivedSources/arm64_32 -Xcc -I/Users/admin/builder/spi-builder-workspace/.derivedData/Build/Intermediates.noindex/LetMeIn.build/Debug-watchos/LetMeIn-t.build/DerivedSources -Xcc -DSWIFT_PACKAGE -Xcc -DDEBUG\=1 -emit-objc-header -emit-objc-header-path /Users/admin/builder/spi-builder-workspace/.derivedData/Build/Intermediates.noindex/LetMeIn.build/Debug-watchos/LetMeIn-t.build/Objects-normal/arm64_32/LetMeIn-Swift.h -working-directory /Users/admin/builder/spi-builder-workspace/.swiftpm/xcode -experimental-emit-module-separately -disable-cmo
SwiftDriver LetMeIn normal arm64 com.apple.xcode.tools.swift.compiler (in target 'LetMeIn' from project 'LetMeIn')
cd /Users/admin/builder/spi-builder-workspace/.swiftpm/xcode
builtin-SwiftDriver -- /Applications/Xcode-27.0.0-Release.Candidate.app/Contents/Developer/Toolchains/XcodeDefault.xctoolchain/usr/bin/swiftc -parse-as-library -module-name LetMeIn -Onone @/Users/admin/builder/spi-builder-workspace/.derivedData/Build/Intermediates.noindex/LetMeIn.build/Debug-watchos/LetMeIn-t.build/Objects-normal/arm64/LetMeIn.SwiftFileList -DSWIFT_PACKAGE -DDEBUG -DSWIFT_MODULE_RESOURCE_BUNDLE_UNAVAILABLE -DXcode -plugin-path /Applications/Xcode-27.0.0-Release.Candidate.app/Contents/Developer/Toolchains/XcodeDefault.xctoolchain/usr/lib/swift/host/plugins/testing -enable-experimental-feature DebugDescriptionMacro -sdk /Applications/Xcode-27.0.0-Release.Candidate.app/Contents/Developer/Platforms/WatchOS.platform/Developer/SDKs/WatchOS27.0.sdk -target arm64-apple-watchos9.0 -g -module-cache-path /Users/admin/builder/spi-builder-workspace/.derivedData/ModuleCache.noindex -Xfrontend -serialize-debugging-options -enable-testing -index-store-path /Users/admin/builder/spi-builder-workspace/.derivedData/Index.noindex/DataStore -Xcc -D_LIBCPP_HARDENING_MODE\=_LIBCPP_HARDENING_MODE_DEBUG -swift-version 5 -I /Users/admin/builder/spi-builder-workspace/.derivedData/Build/Products/Debug-watchos -Isystem /Applications/Xcode-27.0.0-Release.Candidate.app/Contents/Developer/Platforms/WatchOS.platform/Developer/usr/lib -F /Users/admin/builder/spi-builder-workspace/.derivedData/Build/Products/Debug-watchos -F /Applications/Xcode-27.0.0-Release.Candidate.app/Contents/Developer/Platforms/WatchOS.platform/Developer/Library/Frameworks -F /Applications/Xcode-27.0.0-Release.Candidate.app/Contents/Developer/Platforms/WatchOS.platform/Developer/SDKs/WatchOS27.0.sdk/Developer/Library/Frameworks -c -j10 -enable-batch-mode -incremental -Xcc -ivfsstatcache -Xcc /Users/admin/builder/spi-builder-workspace/.derivedData/SDKStatCaches.noindex/watchos27.0-24R360-e829b21a6f8c9b70876ba0858053c04477534ef55a1706bf4c1112bbb242f0a2.sdkstatcache -output-file-map /Users/admin/builder/spi-builder-workspace/.derivedData/Build/Intermediates.noindex/LetMeIn.build/Debug-watchos/LetMeIn-t.build/Objects-normal/arm64/LetMeIn-OutputFileMap.json -save-temps -no-color-diagnostics -explicit-module-build -module-cache-path /Users/admin/builder/spi-builder-workspace/.derivedData/Build/Intermediates.noindex/SwiftExplicitPrecompiledModules -clang-scanner-module-cache-path /Users/admin/builder/spi-builder-workspace/.derivedData/ModuleCache.noindex -sdk-module-cache-path /Users/admin/builder/spi-builder-workspace/.derivedData/SDKExplicitPrecompiledModules -emit-dependencies -emit-module -emit-module-path /Users/admin/builder/spi-builder-workspace/.derivedData/Build/Intermediates.noindex/LetMeIn.build/Debug-watchos/LetMeIn-t.build/Objects-normal/arm64/LetMeIn.swiftmodule -serialize-diagnostics -dependency-scan-serialize-diagnostics-path /Users/admin/builder/spi-builder-workspace/.derivedData/Build/Intermediates.noindex/LetMeIn.build/Debug-watchos/LetMeIn-t.build/Objects-normal/arm64/LetMeIn-dependency-scan.dia -validate-clang-modules-once -clang-build-session-file /Users/admin/builder/spi-builder-workspace/.derivedData/ModuleCache.noindex/Session.modulevalidation -Xcc -fmodules-prune-interval\=86400 -Xcc -fmodules-prune-after\=345600 -emit-const-values -const-gather-protocols-list /Users/admin/builder/spi-builder-workspace/.derivedData/Build/Intermediates.noindex/LetMeIn.build/Debug-watchos/LetMeIn-t.build/Objects-normal/arm64/LetMeIn_const_extract_protocols.json -Xcc -I/Users/admin/builder/spi-builder-workspace/.derivedData/Build/Products/Debug-watchos/include -Xcc -I/Users/admin/builder/spi-builder-workspace/.derivedData/Build/Intermediates.noindex/LetMeIn.build/Debug-watchos/LetMeIn-t.build/DerivedSources-normal/arm64 -Xcc -I/Users/admin/builder/spi-builder-workspace/.derivedData/Build/Intermediates.noindex/LetMeIn.build/Debug-watchos/LetMeIn-t.build/DerivedSources/arm64 -Xcc -I/Users/admin/builder/spi-builder-workspace/.derivedData/Build/Intermediates.noindex/LetMeIn.build/Debug-watchos/LetMeIn-t.build/DerivedSources -Xcc -DSWIFT_PACKAGE -Xcc -DDEBUG\=1 -emit-objc-header -emit-objc-header-path /Users/admin/builder/spi-builder-workspace/.derivedData/Build/Intermediates.noindex/LetMeIn.build/Debug-watchos/LetMeIn-t.build/Objects-normal/arm64/LetMeIn-Swift.h -working-directory /Users/admin/builder/spi-builder-workspace/.swiftpm/xcode -experimental-emit-module-separately -disable-cmo
SwiftExplicitDependencyGeneratePcm arm64_32 /Users/admin/builder/spi-builder-workspace/.derivedData/SDKExplicitPrecompiledModules/_SwiftConcurrencyShims-6RTBPQ03V7BM9SPRK8SUE055H.pcm
SwiftExplicitDependencyGeneratePcm arm64_32 /Users/admin/builder/spi-builder-workspace/.derivedData/SDKExplicitPrecompiledModules/_Builtin_stdbool-A967K8W8YUYEC9SN52KJ7OO88.pcm
SwiftExplicitDependencyGeneratePcm arm64_32 /Users/admin/builder/spi-builder-workspace/.derivedData/SDKExplicitPrecompiledModules/SwiftShims-9CQQGWTSNTN9EB5NSHDWUJICH.pcm
SwiftExplicitDependencyGeneratePcm arm64_32 /Users/admin/builder/spi-builder-workspace/.derivedData/SDKExplicitPrecompiledModules/_Builtin_float-6KO8O3PEWRCA4WC6PPLOYO6WJ.pcm
SwiftExplicitDependencyGeneratePcm arm64 /Users/admin/builder/spi-builder-workspace/.derivedData/SDKExplicitPrecompiledModules/_Builtin_stddef-1FU30Y8SWFB7OUUHMJQH5J6FM.pcm
SwiftExplicitDependencyGeneratePcm arm64_32 /Users/admin/builder/spi-builder-workspace/.derivedData/SDKExplicitPrecompiledModules/_AvailabilityInternal-244WAN3Z1QBT7PIA64EZEFY1R.pcm
SwiftExplicitDependencyGeneratePcm arm64_32 /Users/admin/builder/spi-builder-workspace/.derivedData/SDKExplicitPrecompiledModules/_Builtin_stdarg-D305JG44A2WPI6CJY37X3QJE8.pcm
SwiftExplicitDependencyGeneratePcm arm64 /Users/admin/builder/spi-builder-workspace/.derivedData/SDKExplicitPrecompiledModules/SwiftShims-4MXFZPV6FEB0XBYXCGPWAMQGL.pcm
SwiftExplicitDependencyGeneratePcm arm64 /Users/admin/builder/spi-builder-workspace/.derivedData/SDKExplicitPrecompiledModules/_Builtin_stdbool-83J96QSOFE9VX04AAS6310UAE.pcm
SwiftExplicitDependencyGeneratePcm arm64_32 /Users/admin/builder/spi-builder-workspace/.derivedData/SDKExplicitPrecompiledModules/_Builtin_stddef-H44EFHQX6XSS5MZ7QP6YJZ76.pcm
SwiftExplicitDependencyGeneratePcm arm64 /Users/admin/builder/spi-builder-workspace/.derivedData/SDKExplicitPrecompiledModules/ptrauth-3TZ9WJCGLYD25HQPWH4968ONX.pcm
SwiftExplicitDependencyGeneratePcm arm64 /Users/admin/builder/spi-builder-workspace/.derivedData/SDKExplicitPrecompiledModules/ptrcheck-AIF0NDOYZ8ORBNHQAQR5NNB8M.pcm
SwiftExplicitDependencyGeneratePcm arm64 /Users/admin/builder/spi-builder-workspace/.derivedData/SDKExplicitPrecompiledModules/_Builtin_stdarg-A7UU8LE6MP85SM26YO7PBZNUQ.pcm
SwiftExplicitDependencyGeneratePcm arm64 /Users/admin/builder/spi-builder-workspace/.derivedData/SDKExplicitPrecompiledModules/_SwiftConcurrencyShims-659N52XSKR5F0QSB880BH2FJR.pcm
SwiftExplicitDependencyGeneratePcm arm64_32 /Users/admin/builder/spi-builder-workspace/.derivedData/SDKExplicitPrecompiledModules/ptrcheck-7ELIH9BTIGVKX3UBITM9N72WD.pcm
SwiftExplicitDependencyGeneratePcm arm64 /Users/admin/builder/spi-builder-workspace/.derivedData/SDKExplicitPrecompiledModules/_AvailabilityInternal-BUNV3UXM65NT37THI4W1AM0SF.pcm
SwiftExplicitDependencyGeneratePcm arm64_32 /Users/admin/builder/spi-builder-workspace/.derivedData/SDKExplicitPrecompiledModules/ptrauth-BFXF358ME5AK535N5A9Z766WU.pcm
SwiftExplicitDependencyGeneratePcm arm64 /Users/admin/builder/spi-builder-workspace/.derivedData/SDKExplicitPrecompiledModules/_Builtin_float-C0CW5Q4HGBQYKE77TC42IAFB5.pcm
SwiftExplicitDependencyGeneratePcm arm64_32 /Users/admin/builder/spi-builder-workspace/.derivedData/SDKExplicitPrecompiledModules/_DarwinFoundation1-2GWF9RFMPLQW4PDHS3NARVI3G.pcm
SwiftExplicitDependencyGeneratePcm arm64 /Users/admin/builder/spi-builder-workspace/.derivedData/SDKExplicitPrecompiledModules/_DarwinFoundation1-7SPX3MD0HMP55E4OLNCPNDQ53.pcm
SwiftExplicitDependencyGeneratePcm arm64_32 /Users/admin/builder/spi-builder-workspace/.derivedData/SDKExplicitPrecompiledModules/_DarwinFoundation2-9MY8GOSYRO0M9MKNXF6D3MBNK.pcm
SwiftExplicitDependencyGeneratePcm arm64_32 /Users/admin/builder/spi-builder-workspace/.derivedData/SDKExplicitPrecompiledModules/_Builtin_limits-3VKBU2AFTD65PAJZ5CJ3LHFM2.pcm
SwiftExplicitDependencyGeneratePcm arm64 /Users/admin/builder/spi-builder-workspace/.derivedData/SDKExplicitPrecompiledModules/_DarwinFoundation2-D0XAPJU49S5E9XMKYOFGSTB1Q.pcm
SwiftExplicitDependencyGeneratePcm arm64 /Users/admin/builder/spi-builder-workspace/.derivedData/SDKExplicitPrecompiledModules/_Builtin_limits-9GWPA2B0H20DYUNYHYCWKABJG.pcm
SwiftExplicitDependencyGeneratePcm arm64_32 /Users/admin/builder/spi-builder-workspace/.derivedData/SDKExplicitPrecompiledModules/_Builtin_stdint-1HMXWI3V0V4TXHRWZOMZGZ80Y.pcm
SwiftExplicitDependencyGeneratePcm arm64_32 /Users/admin/builder/spi-builder-workspace/.derivedData/SDKExplicitPrecompiledModules/_Builtin_tgmath-23PGCKURCQILXMK0MYZRYDCOU.pcm
SwiftExplicitDependencyGeneratePcm arm64_32 /Users/admin/builder/spi-builder-workspace/.derivedData/SDKExplicitPrecompiledModules/sys_types-8TLLMW08ZJWDGIIPKOYFGHHZW.pcm
SwiftExplicitDependencyGeneratePcm arm64_32 /Users/admin/builder/spi-builder-workspace/.derivedData/SDKExplicitPrecompiledModules/string_h-BFVLUQUSBZWYMLCU9QI7VZALW.pcm
SwiftExplicitDependencyGeneratePcm arm64 /Users/admin/builder/spi-builder-workspace/.derivedData/SDKExplicitPrecompiledModules/_Builtin_stdint-8XMILLJZEGRN2XG7XZUXZ5RLX.pcm
SwiftExplicitDependencyGeneratePcm arm64 /Users/admin/builder/spi-builder-workspace/.derivedData/SDKExplicitPrecompiledModules/_Builtin_tgmath-8NQ96OZ0YHXEC24JI95P01UF8.pcm
SwiftExplicitDependencyGeneratePcm arm64 /Users/admin/builder/spi-builder-workspace/.derivedData/SDKExplicitPrecompiledModules/sys_types-2KXQLI78OUCDP779AE68GZJ2.pcm
SwiftExplicitDependencyGeneratePcm arm64 /Users/admin/builder/spi-builder-workspace/.derivedData/SDKExplicitPrecompiledModules/string_h-E6PRXK75PHIPCZFWOFCQ3QBMK.pcm
SwiftExplicitDependencyGeneratePcm arm64_32 /Users/admin/builder/spi-builder-workspace/.derivedData/SDKExplicitPrecompiledModules/_Builtin_intrinsics-196IIAKDQVU42DLOZP9OQCV76.pcm
SwiftExplicitDependencyGeneratePcm arm64_32 /Users/admin/builder/spi-builder-workspace/.derivedData/SDKExplicitPrecompiledModules/_DarwinFoundation3-3DUTYQDQSD9HUAAVY947NMWOI.pcm
SwiftExplicitDependencyGeneratePcm arm64_32 /Users/admin/builder/spi-builder-workspace/.derivedData/SDKExplicitPrecompiledModules/_Builtin_stdatomic-1TY035TURL76BF2U98PZPPZRX.pcm
SwiftExplicitDependencyGeneratePcm arm64 /Users/admin/builder/spi-builder-workspace/.derivedData/SDKExplicitPrecompiledModules/_DarwinFoundation3-B97LRG0E9GON2NUE65TVG81HU.pcm
SwiftExplicitDependencyGeneratePcm arm64 /Users/admin/builder/spi-builder-workspace/.derivedData/SDKExplicitPrecompiledModules/_Builtin_intrinsics-75960HIPCIYA06IUW8FIIPQT.pcm
SwiftExplicitDependencyGeneratePcm arm64 /Users/admin/builder/spi-builder-workspace/.derivedData/SDKExplicitPrecompiledModules/_Builtin_stdatomic-7JEFA3KBJJJN6TKJWY3OG1VG5.pcm
SwiftExplicitDependencyGeneratePcm arm64_32 /Users/admin/builder/spi-builder-workspace/.derivedData/SDKExplicitPrecompiledModules/_Builtin_inttypes-D2KPCR4PEX9AQA33NGLUT5SBR.pcm
SwiftExplicitDependencyGeneratePcm arm64 /Users/admin/builder/spi-builder-workspace/.derivedData/SDKExplicitPrecompiledModules/_Builtin_inttypes-3UQSCM7WNM9EK4HZML8TY5J3D.pcm
SwiftExplicitDependencyGeneratePcm arm64 /Users/admin/builder/spi-builder-workspace/.derivedData/SDKExplicitPrecompiledModules/Darwin-3984OXKFNSPE77NT743WK8SEX.pcm
SwiftExplicitDependencyGeneratePcm arm64_32 /Users/admin/builder/spi-builder-workspace/.derivedData/SDKExplicitPrecompiledModules/Darwin-3FVT1SKLN2ZQ5RVOABMTQBB34.pcm
SwiftExplicitDependencyGeneratePcm arm64_32 /Users/admin/builder/spi-builder-workspace/.derivedData/SDKExplicitPrecompiledModules/simd-21UNWYOBUZI1LVSQ99S1XBLMO.pcm
SwiftExplicitDependencyGeneratePcm arm64 /Users/admin/builder/spi-builder-workspace/.derivedData/SDKExplicitPrecompiledModules/simd-EH08NODU6574T74ZKU61VP9BW.pcm
SwiftExplicitDependencyGeneratePcm arm64_32 /Users/admin/builder/spi-builder-workspace/.derivedData/SDKExplicitPrecompiledModules/MachO-56838ZJ0NC1EBAJ0O6O8QMPDX.pcm
SwiftExplicitDependencyGeneratePcm arm64_32 /Users/admin/builder/spi-builder-workspace/.derivedData/SDKExplicitPrecompiledModules/ObjectiveC-6IJNELR2E80E7LUKESVCP2KET.pcm
SwiftExplicitDependencyGeneratePcm arm64 /Users/admin/builder/spi-builder-workspace/.derivedData/SDKExplicitPrecompiledModules/MachO-2U90NNSAQILBNBPS1SA4F8TYP.pcm
SwiftExplicitDependencyGeneratePcm arm64 /Users/admin/builder/spi-builder-workspace/.derivedData/SDKExplicitPrecompiledModules/ObjectiveC-72IVD3VS2RS8Q28D9PIMY0KQP.pcm
SwiftExplicitDependencyGeneratePcm arm64_32 /Users/admin/builder/spi-builder-workspace/.derivedData/SDKExplicitPrecompiledModules/os_object-5YWTC6L4756IWSTPGXS5NM0D0.pcm
SwiftExplicitDependencyGeneratePcm arm64 /Users/admin/builder/spi-builder-workspace/.derivedData/SDKExplicitPrecompiledModules/os_object-3SDKD7F87FTZ26OON37DRYT6O.pcm
SwiftExplicitDependencyGeneratePcm arm64 /Users/admin/builder/spi-builder-workspace/.derivedData/SDKExplicitPrecompiledModules/os_workgroup-89GG5G7YC2D0ZTK6AZXXQ20DH.pcm
SwiftExplicitDependencyGeneratePcm arm64_32 /Users/admin/builder/spi-builder-workspace/.derivedData/SDKExplicitPrecompiledModules/os_workgroup-5JHTPDMNBUNHLJI8LPHKQK1JK.pcm
SwiftExplicitDependencyGeneratePcm arm64_32 /Users/admin/builder/spi-builder-workspace/.derivedData/SDKExplicitPrecompiledModules/Dispatch-2P62F1T4XV63S4P99TUDTOK2Q.pcm
SwiftExplicitDependencyGeneratePcm arm64 /Users/admin/builder/spi-builder-workspace/.derivedData/SDKExplicitPrecompiledModules/Dispatch-1NLJOVAK60XP0DUB05XA59EIM.pcm
SwiftExplicitDependencyGeneratePcm arm64_32 /Users/admin/builder/spi-builder-workspace/.derivedData/SDKExplicitPrecompiledModules/CoreFoundation-8E6Y4BA3EXYKUGJ24GT9LGV3N.pcm
SwiftExplicitDependencyGeneratePcm arm64_32 /Users/admin/builder/spi-builder-workspace/.derivedData/SDKExplicitPrecompiledModules/XPC-81Y45QFY96XYYFCW2GT6FY8S4.pcm
SwiftExplicitDependencyGeneratePcm arm64 /Users/admin/builder/spi-builder-workspace/.derivedData/SDKExplicitPrecompiledModules/XPC-40DR0X1DHKGCV4J1IOLFS8MOU.pcm
SwiftExplicitDependencyGeneratePcm arm64 /Users/admin/builder/spi-builder-workspace/.derivedData/SDKExplicitPrecompiledModules/CoreFoundation-8T2L24YC5NU7WO6WQJWRY7W08.pcm
SwiftExplicitDependencyGeneratePcm arm64 /Users/admin/builder/spi-builder-workspace/.derivedData/SDKExplicitPrecompiledModules/os-5DIL6Z9LFIGLMZAHM7X2T5435.pcm
SwiftExplicitDependencyGeneratePcm arm64_32 /Users/admin/builder/spi-builder-workspace/.derivedData/SDKExplicitPrecompiledModules/os-E5IGB442IA6SBB25TTCOLK2OC.pcm
SwiftExplicitDependencyGeneratePcm arm64_32 /Users/admin/builder/spi-builder-workspace/.derivedData/SDKExplicitPrecompiledModules/CoreAudioTypes-9GVB1DHA32M46R4A9NWSI3I2K.pcm
SwiftExplicitDependencyGeneratePcm arm64_32 /Users/admin/builder/spi-builder-workspace/.derivedData/SDKExplicitPrecompiledModules/CoreGraphics-9FDXYX6BKBUT6TJ2VF819E7T5.pcm
SwiftExplicitDependencyGeneratePcm arm64_32 /Users/admin/builder/spi-builder-workspace/.derivedData/SDKExplicitPrecompiledModules/Security-D7TOWF88VWF67TB9HAFP5UWB1.pcm
SwiftExplicitDependencyGeneratePcm arm64 /Users/admin/builder/spi-builder-workspace/.derivedData/SDKExplicitPrecompiledModules/CoreAudioTypes-A9MF7N5LT63G21HNFVM6BT14B.pcm
SwiftExplicitDependencyGeneratePcm arm64 /Users/admin/builder/spi-builder-workspace/.derivedData/SDKExplicitPrecompiledModules/Security-6RZ6YBRU8WCUHRFFRVUK5WKMM.pcm
SwiftExplicitDependencyGeneratePcm arm64 /Users/admin/builder/spi-builder-workspace/.derivedData/SDKExplicitPrecompiledModules/CoreGraphics-DWNZ73GEH98SBJXZ7DEXB420K.pcm
SwiftExplicitDependencyGeneratePcm arm64_32 /Users/admin/builder/spi-builder-workspace/.derivedData/SDKExplicitPrecompiledModules/CoreAudio-5W6MX6OUPWBMUR8VD5LHT1PZF.pcm
SwiftExplicitDependencyGeneratePcm arm64 /Users/admin/builder/spi-builder-workspace/.derivedData/SDKExplicitPrecompiledModules/CoreAudio-1B79RJJTP71GE6UY9WLESAN3C.pcm
SwiftExplicitDependencyGeneratePcm arm64_32 /Users/admin/builder/spi-builder-workspace/.derivedData/SDKExplicitPrecompiledModules/Foundation-BJ2VQGI3OGR34500MEQ1VKHPH.pcm
SwiftExplicitDependencyGeneratePcm arm64 /Users/admin/builder/spi-builder-workspace/.derivedData/SDKExplicitPrecompiledModules/Foundation-DLBKUSGXN8QHAT8W0OARR9S8A.pcm
SwiftExplicitDependencyGeneratePcm arm64 /Users/admin/builder/spi-builder-workspace/.derivedData/SDKExplicitPrecompiledModules/CoreVideo-8MRR5MNWUOAW2DBPGUQ8FKK4.pcm
SwiftExplicitDependencyGeneratePcm arm64 /Users/admin/builder/spi-builder-workspace/.derivedData/SDKExplicitPrecompiledModules/ImageIO-208F4GO13XRG67XXLAMH07N4X.pcm
SwiftExplicitDependencyGeneratePcm arm64_32 /Users/admin/builder/spi-builder-workspace/.derivedData/SDKExplicitPrecompiledModules/ImageIO-2Y4S05VUFWLNTRW92S35BUMG8.pcm
SwiftExplicitDependencyGeneratePcm arm64_32 /Users/admin/builder/spi-builder-workspace/.derivedData/SDKExplicitPrecompiledModules/CoreVideo-2P8HI0403J99LBDPKNFJ5D4DL.pcm
SwiftExplicitDependencyGeneratePcm arm64 /Users/admin/builder/spi-builder-workspace/.derivedData/SDKExplicitPrecompiledModules/CoreMedia-1AJVCUZNAO74KIKMFVFUUHWDI.pcm
SwiftExplicitDependencyGeneratePcm arm64_32 /Users/admin/builder/spi-builder-workspace/.derivedData/SDKExplicitPrecompiledModules/CoreMedia-AO387T8CHWTTZODD1DGT0UAFA.pcm
SwiftExplicitDependencyGeneratePcm arm64 /Users/admin/builder/spi-builder-workspace/.derivedData/SDKExplicitPrecompiledModules/QuartzCore-94KFMWNOU7ZLUZNB4T5DLZC9D.pcm
SwiftExplicitDependencyGeneratePcm arm64 /Users/admin/builder/spi-builder-workspace/.derivedData/SDKExplicitPrecompiledModules/UniformTypeIdentifiers-8L08Q8DQJV8C4AW84YVGFGTRN.pcm
SwiftExplicitDependencyGeneratePcm arm64 /Users/admin/builder/spi-builder-workspace/.derivedData/SDKExplicitPrecompiledModules/CoreMIDI-DMNFPOXYVF7STUO5GNB3DF2BQ.pcm
SwiftExplicitDependencyGeneratePcm arm64 /Users/admin/builder/spi-builder-workspace/.derivedData/SDKExplicitPrecompiledModules/OSLog-B7VGO357Y3GJG35TST7DKDSI3.pcm
SwiftExplicitDependencyGeneratePcm arm64_32 /Users/admin/builder/spi-builder-workspace/.derivedData/SDKExplicitPrecompiledModules/OSLog-D9AVFY0KWO7RVBIQ73CBIJVCN.pcm
SwiftExplicitDependencyGeneratePcm arm64_32 /Users/admin/builder/spi-builder-workspace/.derivedData/SDKExplicitPrecompiledModules/UniformTypeIdentifiers-CJZ3NTHPSBH4XWX5EVOG56UZS.pcm
SwiftExplicitDependencyGeneratePcm arm64_32 /Users/admin/builder/spi-builder-workspace/.derivedData/SDKExplicitPrecompiledModules/QuartzCore-6375NPYACK5NYVHPMC1QQ8MC2.pcm
SwiftExplicitDependencyGeneratePcm arm64_32 /Users/admin/builder/spi-builder-workspace/.derivedData/SDKExplicitPrecompiledModules/CoreMIDI-8Q3SSIDM9J726670QKKYTPP3W.pcm
SwiftExplicitDependencyGeneratePcm arm64 /Users/admin/builder/spi-builder-workspace/.derivedData/SDKExplicitPrecompiledModules/AVFAudio-6A028BJEJQTO3623H6QZ4E26C.pcm
SwiftExplicitDependencyGeneratePcm arm64_32 /Users/admin/builder/spi-builder-workspace/.derivedData/SDKExplicitPrecompiledModules/AVFAudio-E592LPPEJNCSUD5VBNV0IP3RS.pcm
SwiftExplicitDependencyGeneratePcm arm64 /Users/admin/builder/spi-builder-workspace/.derivedData/SDKExplicitPrecompiledModules/AVFoundation-78VW43DHMXH57E9M5JLISD2E9.pcm
SwiftExplicitDependencyGeneratePcm arm64_32 /Users/admin/builder/spi-builder-workspace/.derivedData/SDKExplicitPrecompiledModules/AVFoundation-EPE1OBOP1126QTAL5QEGZFKYT.pcm
SwiftEmitModule normal arm64 Emitting\ module\ for\ LetMeIn (in target 'LetMeIn' from project 'LetMeIn')
/Users/admin/builder/spi-builder-workspace/Sources/LetMeIn/ClientCertificateAuthenticator.swift:18:71: warning: 'self' refers to the method 'ClientCertificateAuthenticator.self', which may be unexpected
16 |
17 | /// A serial queue used to process and sign requests
18 | private let loaderQueue = DispatchQueue(label: String(describing: self))
| |- warning: 'self' refers to the method 'ClientCertificateAuthenticator.self', which may be unexpected
| `- note: use 'ClientCertificateAuthenticator.self' to silence this warning
19 |
20 | // MARK: - Init
/Users/admin/builder/spi-builder-workspace/Sources/LetMeIn/ClientCertificateAuthenticator.swift:56:50: error: 'AVAssetResourceLoader' is unavailable in watchOS
54 | /// - authenticationChallenge: The authentication challenge
55 | /// - Returns: Whether to wait for the challenge to be responded to
56 | public func resourceLoader(_ resourceLoader: AVAssetResourceLoader, shouldWaitForResponseTo authenticationChallenge: URLAuthenticationChallenge) -> Bool {
| `- error: 'AVAssetResourceLoader' is unavailable in watchOS
57 | handleChallenge(authenticationChallenge) { result, credential in
58 | switch result {
/Applications/Xcode-27.0.0-Release.Candidate.app/Contents/Developer/Platforms/WatchOS.platform/Developer/SDKs/WatchOS27.0.sdk/System/Library/Frameworks/AVFoundation.framework/Headers/AVAssetResourceLoader.h:33:12: note: 'AVAssetResourceLoader' has been explicitly marked unavailable here
31 |
32 | API_AVAILABLE(macos(10.9), ios(6.0), tvos(9.0), visionos(1.0)) API_UNAVAILABLE(watchos)
33 | @interface AVAssetResourceLoader : NSObject {
| `- note: 'AVAssetResourceLoader' has been explicitly marked unavailable here
34 | @private
35 | AVAssetResourceLoaderInternal *_resourceLoader;
/Users/admin/builder/spi-builder-workspace/Sources/LetMeIn/ClientCertificateAuthenticator.swift:56:17: error: cannot override 'resourceLoader' which has been marked unavailable
54 | /// - authenticationChallenge: The authentication challenge
55 | /// - Returns: Whether to wait for the challenge to be responded to
56 | public func resourceLoader(_ resourceLoader: AVAssetResourceLoader, shouldWaitForResponseTo authenticationChallenge: URLAuthenticationChallenge) -> Bool {
| `- error: cannot override 'resourceLoader' which has been marked unavailable
57 | handleChallenge(authenticationChallenge) { result, credential in
58 | switch result {
/Applications/Xcode-27.0.0-Release.Candidate.app/Contents/Developer/Platforms/WatchOS.platform/Developer/SDKs/WatchOS27.0.sdk/System/Library/Frameworks/AVFoundation.framework/Headers/AVAssetResourceLoader.h:138:1: note: 'resourceLoader(_:shouldWaitForResponseTo:)' has been explicitly marked unavailable here
136 | If the result is YES, the resource loader expects you to send an appropriate response, either subsequently or immediately, to the NSURLAuthenticationChallenge's sender, i.e. [authenticationChallenge sender], via use of one of the messages defined in the NSURLAuthenticationChallengeSender protocol (see NSAuthenticationChallenge.h). If you intend to respond to the authentication challenge after your handling of -resourceLoader:shouldWaitForResponseToAuthenticationChallenge: returns, you must retain the instance of NSURLAuthenticationChallenge until after your response has been made.
137 | */
138 | - (BOOL)resourceLoader:(AVAssetResourceLoader *)resourceLoader shouldWaitForResponseToAuthenticationChallenge:(NSURLAuthenticationChallenge *)authenticationChallenge API_AVAILABLE(macos(10.10), ios(8.0), tvos(9.0), visionos(1.0)) API_UNAVAILABLE(watchos);
| `- note: 'resourceLoader(_:shouldWaitForResponseTo:)' has been explicitly marked unavailable here
139 |
140 | /*!
Failed frontend command:
SwiftCompile normal arm64 (in target 'LetMeIn' from project 'LetMeIn')
cd /Users/admin/builder/spi-builder-workspace/.swiftpm/xcode
/Applications/Xcode-27.0.0-Release.Candidate.app/Contents/Developer/Toolchains/XcodeDefault.xctoolchain/usr/bin/swift-frontend -frontend -emit-module -experimental-skip-non-inlinable-function-bodies-without-types /Users/admin/builder/spi-builder-workspace/Sources/LetMeIn/Certificate.swift /Users/admin/builder/spi-builder-workspace/Sources/LetMeIn/CertificateFile.swift /Users/admin/builder/spi-builder-workspace/Sources/LetMeIn/CertificateType.swift /Users/admin/builder/spi-builder-workspace/Sources/LetMeIn/ClientCertificateAuthenticator.swift /Users/admin/builder/spi-builder-workspace/Sources/LetMeIn/Extensions/Logger-Custom.swift /Users/admin/builder/spi-builder-workspace/Sources/LetMeIn/PKCS12Certificate.swift -target arm64-apple-watchos9.0 -disable-cross-import-overlay-search -load-resolved-plugin /Applications/Xcode-27.0.0-Release.Candidate.app/Contents/Developer/Platforms/WatchOS.platform/Developer/usr/lib/swift/host/plugins/libFoundationMacros.dylib\#/Applications/Xcode-27.0.0-Release.Candidate.app/Contents/Developer/Platforms/WatchOS.platform/Developer/usr/bin/swift-plugin-server\#FoundationMacros -load-resolved-plugin /Applications/Xcode-27.0.0-Release.Candidate.app/Contents/Developer/Platforms/WatchOS.platform/Developer/usr/lib/swift/host/plugins/libObservationMacros.dylib\#/Applications/Xcode-27.0.0-Release.Candidate.app/Contents/Developer/Platforms/WatchOS.platform/Developer/usr/bin/swift-plugin-server\#ObservationMacros -load-resolved-plugin /Applications/Xcode-27.0.0-Release.Candidate.app/Contents/Developer/Platforms/WatchOS.platform/Developer/usr/lib/swift/host/plugins/libSwiftMacros.dylib\#/Applications/Xcode-27.0.0-Release.Candidate.app/Contents/Developer/Platforms/WatchOS.platform/Developer/usr/bin/swift-plugin-server\#SwiftMacros -disable-implicit-swift-modules -Xcc -fno-implicit-modules -Xcc -fno-implicit-module-maps -explicit-swift-module-map-file /Users/admin/builder/spi-builder-workspace/.derivedData/Build/Intermediates.noindex/LetMeIn.build/Debug-watchos/LetMeIn-t.build/Objects-normal/arm64/LetMeIn-dependencies-1.json -Xllvm -aarch64-use-tbi -enable-objc-interop -stack-check -sdk /Applications/Xcode-27.0.0-Release.Candidate.app/Contents/Developer/Platforms/WatchOS.platform/Developer/SDKs/WatchOS27.0.sdk -I /Users/admin/builder/spi-builder-workspace/.derivedData/Build/Products/Debug-watchos -Isystem /Applications/Xcode-27.0.0-Release.Candidate.app/Contents/Developer/Platforms/WatchOS.platform/Developer/usr/lib -F /Users/admin/builder/spi-builder-workspace/.derivedData/Build/Products/Debug-watchos -F /Applications/Xcode-27.0.0-Release.Candidate.app/Contents/Developer/Platforms/WatchOS.platform/Developer/Library/Frameworks -F /Applications/Xcode-27.0.0-Release.Candidate.app/Contents/Developer/Platforms/WatchOS.platform/Developer/SDKs/WatchOS27.0.sdk/Developer/Library/Frameworks -module-cache-path /Users/admin/builder/spi-builder-workspace/.derivedData/Build/Intermediates.noindex/SwiftExplicitPrecompiledModules -no-color-diagnostics -Xcc -fno-color-diagnostics -enable-testing -g -debug-info-format\=dwarf -dwarf-version\=4 -swift-version 5 -Onone -D SWIFT_PACKAGE -D DEBUG -D SWIFT_MODULE_RESOURCE_BUNDLE_UNAVAILABLE -D Xcode -serialize-debugging-options -enable-experimental-feature DebugDescriptionMacro -empty-abi-descriptor -validate-clang-modules-once -clang-build-session-file /Users/admin/builder/spi-builder-workspace/.derivedData/ModuleCache.noindex/Session.modulevalidation -Xcc -working-directory -Xcc /Users/admin/builder/spi-builder-workspace/.swiftpm/xcode -enable-anonymous-context-mangled-names -file-compilation-dir /Users/admin/builder/spi-builder-workspace/.swiftpm/xcode -Xcc -D_LIBCPP_HARDENING_MODE\=_LIBCPP_HARDENING_MODE_DEBUG -Xcc -ivfsstatcache -Xcc /Users/admin/builder/spi-builder-workspace/.derivedData/SDKStatCaches.noindex/watchos27.0-24R360-e829b21a6f8c9b70876ba0858053c04477534ef55a1706bf4c1112bbb242f0a2.sdkstatcache -Xcc -fmodules-prune-interval\=86400 -Xcc -fmodules-prune-after\=345600 -Xcc -I/Users/admin/builder/spi-builder-workspace/.derivedData/Build/Products/Debug-watchos/include -Xcc -I/Users/admin/builder/spi-builder-workspace/.derivedData/Build/Intermediates.noindex/LetMeIn.build/Debug-watchos/LetMeIn-t.build/DerivedSources-normal/arm64 -Xcc -I/Users/admin/builder/spi-builder-workspace/.derivedData/Build/Intermediates.noindex/LetMeIn.build/Debug-watchos/LetMeIn-t.build/DerivedSources/arm64 -Xcc -I/Users/admin/builder/spi-builder-workspace/.derivedData/Build/Intermediates.noindex/LetMeIn.build/Debug-watchos/LetMeIn-t.build/DerivedSources -Xcc -DSWIFT_PACKAGE -Xcc -DDEBUG\=1 -no-auto-bridging-header-chaining -module-name LetMeIn -const-gather-protocols-file /Users/admin/builder/spi-builder-workspace/.derivedData/Build/Intermediates.noindex/LetMeIn.build/Debug-watchos/LetMeIn-t.build/Objects-normal/arm64/LetMeIn_const_extract_protocols.json -disable-clang-spi -clang-target arm64-apple-watchos27.0 -target-sdk-version 27.0 -target-sdk-name watchos27.0 -in-process-plugin-server-path /Applications/Xcode-27.0.0-Release.Candidate.app/Contents/Developer/Toolchains/XcodeDefault.xctoolchain/usr/lib/swift/host/libSwiftInProcPluginServer.dylib -emit-module-doc-path /Users/admin/builder/spi-builder-workspace/.derivedData/Build/Intermediates.noindex/LetMeIn.build/Debug-watchos/LetMeIn-t.build/Objects-normal/arm64/LetMeIn.swiftdoc -emit-module-source-info-path /Users/admin/builder/spi-builder-workspace/.derivedData/Build/Intermediates.noindex/LetMeIn.build/Debug-watchos/LetMeIn-t.build/Objects-normal/arm64/LetMeIn.swiftsourceinfo -emit-objc-header-path /Users/admin/builder/spi-builder-workspace/.derivedData/Build/Intermediates.noindex/LetMeIn.build/Debug-watchos/LetMeIn-t.build/Objects-normal/arm64/LetMeIn-Swift.h -serialize-diagnostics-path /Users/admin/builder/spi-builder-workspace/.derivedData/Build/Intermediates.noindex/LetMeIn.build/Debug-watchos/LetMeIn-t.build/Objects-normal/arm64/LetMeIn-primary-emit-module.dia -emit-dependencies-path /Users/admin/builder/spi-builder-workspace/.derivedData/Build/Intermediates.noindex/LetMeIn.build/Debug-watchos/LetMeIn-t.build/Objects-normal/arm64/LetMeIn-primary-emit-module.d -parse-as-library -o /Users/admin/builder/spi-builder-workspace/.derivedData/Build/Intermediates.noindex/LetMeIn.build/Debug-watchos/LetMeIn-t.build/Objects-normal/arm64/LetMeIn.swiftmodule -emit-abi-descriptor-path /Users/admin/builder/spi-builder-workspace/.derivedData/Build/Intermediates.noindex/LetMeIn.build/Debug-watchos/LetMeIn-t.build/Objects-normal/arm64/LetMeIn.abi.json
SwiftCompile normal arm64 Compiling\ PKCS12Certificate.swift /Users/admin/builder/spi-builder-workspace/Sources/LetMeIn/PKCS12Certificate.swift (in target 'LetMeIn' from project 'LetMeIn')
SwiftCompile normal arm64 /Users/admin/builder/spi-builder-workspace/Sources/LetMeIn/PKCS12Certificate.swift (in target 'LetMeIn' from project 'LetMeIn')
cd /Users/admin/builder/spi-builder-workspace/.swiftpm/xcode
builtin-SwiftPerFileCompile PKCS12Certificate.swift
SwiftCompile normal arm64 Compiling\ ClientCertificateAuthenticator.swift /Users/admin/builder/spi-builder-workspace/Sources/LetMeIn/ClientCertificateAuthenticator.swift (in target 'LetMeIn' from project 'LetMeIn')
/Users/admin/builder/spi-builder-workspace/Sources/LetMeIn/ClientCertificateAuthenticator.swift:18:71: warning: 'self' refers to the method 'ClientCertificateAuthenticator.self', which may be unexpected
16 |
17 | /// A serial queue used to process and sign requests
18 | private let loaderQueue = DispatchQueue(label: String(describing: self))
| |- warning: 'self' refers to the method 'ClientCertificateAuthenticator.self', which may be unexpected
| `- note: use 'ClientCertificateAuthenticator.self' to silence this warning
19 |
20 | // MARK: - Init
/Users/admin/builder/spi-builder-workspace/Sources/LetMeIn/ClientCertificateAuthenticator.swift:56:50: error: 'AVAssetResourceLoader' is unavailable in watchOS
54 | /// - authenticationChallenge: The authentication challenge
55 | /// - Returns: Whether to wait for the challenge to be responded to
56 | public func resourceLoader(_ resourceLoader: AVAssetResourceLoader, shouldWaitForResponseTo authenticationChallenge: URLAuthenticationChallenge) -> Bool {
| `- error: 'AVAssetResourceLoader' is unavailable in watchOS
57 | handleChallenge(authenticationChallenge) { result, credential in
58 | switch result {
/Applications/Xcode-27.0.0-Release.Candidate.app/Contents/Developer/Platforms/WatchOS.platform/Developer/SDKs/WatchOS27.0.sdk/System/Library/Frameworks/AVFoundation.framework/Headers/AVAssetResourceLoader.h:33:12: note: 'AVAssetResourceLoader' has been explicitly marked unavailable here
31 |
32 | API_AVAILABLE(macos(10.9), ios(6.0), tvos(9.0), visionos(1.0)) API_UNAVAILABLE(watchos)
33 | @interface AVAssetResourceLoader : NSObject {
| `- note: 'AVAssetResourceLoader' has been explicitly marked unavailable here
34 | @private
35 | AVAssetResourceLoaderInternal *_resourceLoader;
SwiftCompile normal arm64 /Users/admin/builder/spi-builder-workspace/Sources/LetMeIn/ClientCertificateAuthenticator.swift (in target 'LetMeIn' from project 'LetMeIn')
cd /Users/admin/builder/spi-builder-workspace/.swiftpm/xcode
builtin-SwiftPerFileCompile ClientCertificateAuthenticator.swift
SwiftCompile normal arm64 Compiling\ CertificateType.swift /Users/admin/builder/spi-builder-workspace/Sources/LetMeIn/CertificateType.swift (in target 'LetMeIn' from project 'LetMeIn')
SwiftCompile normal arm64 /Users/admin/builder/spi-builder-workspace/Sources/LetMeIn/CertificateType.swift (in target 'LetMeIn' from project 'LetMeIn')
cd /Users/admin/builder/spi-builder-workspace/.swiftpm/xcode
builtin-SwiftPerFileCompile CertificateType.swift
SwiftCompile normal arm64 Compiling\ Logger-Custom.swift /Users/admin/builder/spi-builder-workspace/Sources/LetMeIn/Extensions/Logger-Custom.swift (in target 'LetMeIn' from project 'LetMeIn')
SwiftCompile normal arm64 /Users/admin/builder/spi-builder-workspace/Sources/LetMeIn/Extensions/Logger-Custom.swift (in target 'LetMeIn' from project 'LetMeIn')
cd /Users/admin/builder/spi-builder-workspace/.swiftpm/xcode
builtin-SwiftPerFileCompile Logger-Custom.swift
SwiftCompile normal arm64_32 Compiling\ PKCS12Certificate.swift /Users/admin/builder/spi-builder-workspace/Sources/LetMeIn/PKCS12Certificate.swift (in target 'LetMeIn' from project 'LetMeIn')
SwiftCompile normal arm64_32 /Users/admin/builder/spi-builder-workspace/Sources/LetMeIn/PKCS12Certificate.swift (in target 'LetMeIn' from project 'LetMeIn')
cd /Users/admin/builder/spi-builder-workspace/.swiftpm/xcode
builtin-SwiftPerFileCompile PKCS12Certificate.swift
SwiftCompile normal arm64 Compiling\ CertificateFile.swift /Users/admin/builder/spi-builder-workspace/Sources/LetMeIn/CertificateFile.swift (in target 'LetMeIn' from project 'LetMeIn')
SwiftCompile normal arm64 /Users/admin/builder/spi-builder-workspace/Sources/LetMeIn/CertificateFile.swift (in target 'LetMeIn' from project 'LetMeIn')
cd /Users/admin/builder/spi-builder-workspace/.swiftpm/xcode
builtin-SwiftPerFileCompile CertificateFile.swift
SwiftCompile normal arm64_32 Compiling\ Logger-Custom.swift /Users/admin/builder/spi-builder-workspace/Sources/LetMeIn/Extensions/Logger-Custom.swift (in target 'LetMeIn' from project 'LetMeIn')
SwiftCompile normal arm64_32 /Users/admin/builder/spi-builder-workspace/Sources/LetMeIn/Extensions/Logger-Custom.swift (in target 'LetMeIn' from project 'LetMeIn')
cd /Users/admin/builder/spi-builder-workspace/.swiftpm/xcode
builtin-SwiftPerFileCompile Logger-Custom.swift
SwiftCompile normal arm64_32 Compiling\ ClientCertificateAuthenticator.swift /Users/admin/builder/spi-builder-workspace/Sources/LetMeIn/ClientCertificateAuthenticator.swift (in target 'LetMeIn' from project 'LetMeIn')
/Users/admin/builder/spi-builder-workspace/Sources/LetMeIn/ClientCertificateAuthenticator.swift:18:71: warning: 'self' refers to the method 'ClientCertificateAuthenticator.self', which may be unexpected
16 |
17 | /// A serial queue used to process and sign requests
18 | private let loaderQueue = DispatchQueue(label: String(describing: self))
| |- warning: 'self' refers to the method 'ClientCertificateAuthenticator.self', which may be unexpected
| `- note: use 'ClientCertificateAuthenticator.self' to silence this warning
19 |
20 | // MARK: - Init
/Users/admin/builder/spi-builder-workspace/Sources/LetMeIn/ClientCertificateAuthenticator.swift:56:50: error: 'AVAssetResourceLoader' is unavailable in watchOS
54 | /// - authenticationChallenge: The authentication challenge
55 | /// - Returns: Whether to wait for the challenge to be responded to
56 | public func resourceLoader(_ resourceLoader: AVAssetResourceLoader, shouldWaitForResponseTo authenticationChallenge: URLAuthenticationChallenge) -> Bool {
| `- error: 'AVAssetResourceLoader' is unavailable in watchOS
57 | handleChallenge(authenticationChallenge) { result, credential in
58 | switch result {
/Applications/Xcode-27.0.0-Release.Candidate.app/Contents/Developer/Platforms/WatchOS.platform/Developer/SDKs/WatchOS27.0.sdk/System/Library/Frameworks/AVFoundation.framework/Headers/AVAssetResourceLoader.h:33:12: note: 'AVAssetResourceLoader' has been explicitly marked unavailable here
31 |
32 | API_AVAILABLE(macos(10.9), ios(6.0), tvos(9.0), visionos(1.0)) API_UNAVAILABLE(watchos)
33 | @interface AVAssetResourceLoader : NSObject {
| `- note: 'AVAssetResourceLoader' has been explicitly marked unavailable here
34 | @private
35 | AVAssetResourceLoaderInternal *_resourceLoader;
SwiftCompile normal arm64_32 /Users/admin/builder/spi-builder-workspace/Sources/LetMeIn/ClientCertificateAuthenticator.swift (in target 'LetMeIn' from project 'LetMeIn')
cd /Users/admin/builder/spi-builder-workspace/.swiftpm/xcode
builtin-SwiftPerFileCompile ClientCertificateAuthenticator.swift
SwiftCompile normal arm64_32 Compiling\ CertificateType.swift /Users/admin/builder/spi-builder-workspace/Sources/LetMeIn/CertificateType.swift (in target 'LetMeIn' from project 'LetMeIn')
SwiftCompile normal arm64_32 /Users/admin/builder/spi-builder-workspace/Sources/LetMeIn/CertificateType.swift (in target 'LetMeIn' from project 'LetMeIn')
cd /Users/admin/builder/spi-builder-workspace/.swiftpm/xcode
builtin-SwiftPerFileCompile CertificateType.swift
SwiftEmitModule normal arm64_32 Emitting\ module\ for\ LetMeIn (in target 'LetMeIn' from project 'LetMeIn')
SwiftCompile normal arm64_32 (in target 'LetMeIn' from project 'LetMeIn')
cd /Users/admin/builder/spi-builder-workspace/.swiftpm/xcode
PruneExplicitPrecompiledModules /Users/admin/builder/spi-builder-workspace/.derivedData/SDKExplicitPrecompiledModules
PruneExplicitPrecompiledModules /Users/admin/builder/spi-builder-workspace/.derivedData/Build/Intermediates.noindex/SwiftExplicitPrecompiledModules
PruneExplicitPrecompiledModules /Users/admin/builder/spi-builder-workspace/.derivedData/Build/Intermediates.noindex/ExplicitPrecompiledModules
2026-09-17 05:10:09.038 xcodebuild[647:4168] [MT] IDERunDestination: Supported platforms for the buildables in the current scheme is empty.
** BUILD FAILED **
The following build commands failed:
SwiftCompile normal arm64 (in target 'LetMeIn' from project 'LetMeIn')
SwiftEmitModule normal arm64 Emitting\ module\ for\ LetMeIn (in target 'LetMeIn' from project 'LetMeIn')
Building workspace LetMeIn with scheme LetMeIn
(3 failures)
Command line invocation:
/Applications/Xcode-27.0.0-Release.Candidate.app/Contents/Developer/usr/bin/xcodebuild -IDEClonedSourcePackagesDirPathOverride=/Users/admin/builder/spi-builder-workspace/.dependencies -resolvePackageDependencies
Resolve Package Graph
Resolved source packages:
LetMeIn: /Users/admin/builder/spi-builder-workspace
resolved source packages: LetMeIn
2026-09-17 05:10:14.495 xcodebuild[760:4611] [MT] IDERunDestination: Supported platforms for the buildables in the current scheme is empty.
{
"dependencies" : [
],
"manifest_display_name" : "LetMeIn",
"name" : "LetMeIn",
"path" : "/Users/admin/builder/spi-builder-workspace",
"platforms" : [
{
"name" : "ios",
"version" : "14.0"
},
{
"name" : "macos",
"version" : "11.0"
}
],
"products" : [
{
"name" : "LetMeIn",
"targets" : [
"LetMeIn"
],
"type" : {
"library" : [
"automatic"
]
}
}
],
"targets" : [
{
"c99name" : "LetMeIn",
"module_type" : "SwiftTarget",
"name" : "LetMeIn",
"path" : "Sources/LetMeIn",
"product_memberships" : [
"LetMeIn"
],
"sources" : [
"Certificate.swift",
"CertificateFile.swift",
"CertificateType.swift",
"ClientCertificateAuthenticator.swift",
"Extensions/Logger-Custom.swift",
"PKCS12Certificate.swift"
],
"type" : "library"
}
],
"tools_version" : "5.3"
}
{
"workspace" : {
"name" : "LetMeIn",
"schemes" : [
"LetMeIn"
]
}
}
2026-09-17 05:10:15.708 xcodebuild[768:4679] [MT] IDERunDestination: Supported platforms for the buildables in the current scheme is empty.
Running build ...
env DEVELOPER_DIR=/Applications/Xcode-27.0.0-Release.Candidate.app xcrun xcodebuild -IDEClonedSourcePackagesDirPathOverride=$PWD/.dependencies -skipMacroValidation -skipPackagePluginValidation -derivedDataPath $PWD/.derivedData build -scheme LetMeIn -destination generic/platform=watchOS
Command line invocation:
/Applications/Xcode-27.0.0-Release.Candidate.app/Contents/Developer/usr/bin/xcodebuild -IDEClonedSourcePackagesDirPathOverride=/Users/admin/builder/spi-builder-workspace/.dependencies -skipMacroValidation -skipPackagePluginValidation -derivedDataPath /Users/admin/builder/spi-builder-workspace/.derivedData build -scheme LetMeIn -destination generic/platform=watchOS
Resolve Package Graph
Resolved source packages:
LetMeIn: /Users/admin/builder/spi-builder-workspace
ComputePackagePrebuildTargetDependencyGraph
Prepare packages
CreateBuildRequest
SendProjectDescription
CreateBuildOperation
ComputeTargetDependencyGraph
note: Building targets in dependency order
note: Target dependency graph (2 targets)
Target 'LetMeIn-product' in project 'LetMeIn'
➜ Explicit dependency on target 'LetMeIn' in project 'LetMeIn'
Target 'LetMeIn' in project 'LetMeIn' (no dependencies)
GatherProvisioningInputs
CreateBuildDescription
ClangStatCache /Applications/Xcode-27.0.0-Release.Candidate.app/Contents/Developer/Toolchains/XcodeDefault.xctoolchain/usr/bin/clang-stat-cache /Applications/Xcode-27.0.0-Release.Candidate.app/Contents/Developer/Platforms/WatchOS.platform/Developer/SDKs/WatchOS27.0.sdk /Users/admin/builder/spi-builder-workspace/.derivedData/SDKStatCaches.noindex/watchos27.0-24R360-e829b21a6f8c9b70876ba0858053c04477534ef55a1706bf4c1112bbb242f0a2.sdkstatcache
cd /Users/admin/builder/spi-builder-workspace/.swiftpm/xcode
/Applications/Xcode-27.0.0-Release.Candidate.app/Contents/Developer/Toolchains/XcodeDefault.xctoolchain/usr/bin/clang-stat-cache /Applications/Xcode-27.0.0-Release.Candidate.app/Contents/Developer/Platforms/WatchOS.platform/Developer/SDKs/WatchOS27.0.sdk -o /Users/admin/builder/spi-builder-workspace/.derivedData/SDKStatCaches.noindex/watchos27.0-24R360-e829b21a6f8c9b70876ba0858053c04477534ef55a1706bf4c1112bbb242f0a2.sdkstatcache
SwiftDriver LetMeIn normal arm64_32 com.apple.xcode.tools.swift.compiler (in target 'LetMeIn' from project 'LetMeIn')
cd /Users/admin/builder/spi-builder-workspace/.swiftpm/xcode
builtin-SwiftDriver -- /Applications/Xcode-27.0.0-Release.Candidate.app/Contents/Developer/Toolchains/XcodeDefault.xctoolchain/usr/bin/swiftc -parse-as-library -module-name LetMeIn -Onone @/Users/admin/builder/spi-builder-workspace/.derivedData/Build/Intermediates.noindex/LetMeIn.build/Debug-watchos/LetMeIn-t.build/Objects-normal/arm64_32/LetMeIn.SwiftFileList -DSWIFT_PACKAGE -DDEBUG -DSWIFT_MODULE_RESOURCE_BUNDLE_UNAVAILABLE -DXcode -plugin-path /Applications/Xcode-27.0.0-Release.Candidate.app/Contents/Developer/Toolchains/XcodeDefault.xctoolchain/usr/lib/swift/host/plugins/testing -enable-experimental-feature DebugDescriptionMacro -sdk /Applications/Xcode-27.0.0-Release.Candidate.app/Contents/Developer/Platforms/WatchOS.platform/Developer/SDKs/WatchOS27.0.sdk -target arm64_32-apple-watchos9.0 -g -module-cache-path /Users/admin/builder/spi-builder-workspace/.derivedData/ModuleCache.noindex -Xfrontend -serialize-debugging-options -enable-testing -index-store-path /Users/admin/builder/spi-builder-workspace/.derivedData/Index.noindex/DataStore -Xcc -D_LIBCPP_HARDENING_MODE\=_LIBCPP_HARDENING_MODE_DEBUG -swift-version 5 -I /Users/admin/builder/spi-builder-workspace/.derivedData/Build/Products/Debug-watchos -Isystem /Applications/Xcode-27.0.0-Release.Candidate.app/Contents/Developer/Platforms/WatchOS.platform/Developer/usr/lib -F /Users/admin/builder/spi-builder-workspace/.derivedData/Build/Products/Debug-watchos -F /Applications/Xcode-27.0.0-Release.Candidate.app/Contents/Developer/Platforms/WatchOS.platform/Developer/Library/Frameworks -F /Applications/Xcode-27.0.0-Release.Candidate.app/Contents/Developer/Platforms/WatchOS.platform/Developer/SDKs/WatchOS27.0.sdk/Developer/Library/Frameworks -c -j10 -enable-batch-mode -incremental -Xcc -ivfsstatcache -Xcc /Users/admin/builder/spi-builder-workspace/.derivedData/SDKStatCaches.noindex/watchos27.0-24R360-e829b21a6f8c9b70876ba0858053c04477534ef55a1706bf4c1112bbb242f0a2.sdkstatcache -output-file-map /Users/admin/builder/spi-builder-workspace/.derivedData/Build/Intermediates.noindex/LetMeIn.build/Debug-watchos/LetMeIn-t.build/Objects-normal/arm64_32/LetMeIn-OutputFileMap.json -save-temps -no-color-diagnostics -explicit-module-build -module-cache-path /Users/admin/builder/spi-builder-workspace/.derivedData/Build/Intermediates.noindex/SwiftExplicitPrecompiledModules -clang-scanner-module-cache-path /Users/admin/builder/spi-builder-workspace/.derivedData/ModuleCache.noindex -sdk-module-cache-path /Users/admin/builder/spi-builder-workspace/.derivedData/SDKExplicitPrecompiledModules -emit-dependencies -emit-module -emit-module-path /Users/admin/builder/spi-builder-workspace/.derivedData/Build/Intermediates.noindex/LetMeIn.build/Debug-watchos/LetMeIn-t.build/Objects-normal/arm64_32/LetMeIn.swiftmodule -serialize-diagnostics -dependency-scan-serialize-diagnostics-path /Users/admin/builder/spi-builder-workspace/.derivedData/Build/Intermediates.noindex/LetMeIn.build/Debug-watchos/LetMeIn-t.build/Objects-normal/arm64_32/LetMeIn-dependency-scan.dia -validate-clang-modules-once -clang-build-session-file /Users/admin/builder/spi-builder-workspace/.derivedData/ModuleCache.noindex/Session.modulevalidation -Xcc -fmodules-prune-interval\=86400 -Xcc -fmodules-prune-after\=345600 -emit-const-values -const-gather-protocols-list /Users/admin/builder/spi-builder-workspace/.derivedData/Build/Intermediates.noindex/LetMeIn.build/Debug-watchos/LetMeIn-t.build/Objects-normal/arm64_32/LetMeIn_const_extract_protocols.json -Xcc -I/Users/admin/builder/spi-builder-workspace/.derivedData/Build/Products/Debug-watchos/include -Xcc -I/Users/admin/builder/spi-builder-workspace/.derivedData/Build/Intermediates.noindex/LetMeIn.build/Debug-watchos/LetMeIn-t.build/DerivedSources-normal/arm64_32 -Xcc -I/Users/admin/builder/spi-builder-workspace/.derivedData/Build/Intermediates.noindex/LetMeIn.build/Debug-watchos/LetMeIn-t.build/DerivedSources/arm64_32 -Xcc -I/Users/admin/builder/spi-builder-workspace/.derivedData/Build/Intermediates.noindex/LetMeIn.build/Debug-watchos/LetMeIn-t.build/DerivedSources -Xcc -DSWIFT_PACKAGE -Xcc -DDEBUG\=1 -emit-objc-header -emit-objc-header-path /Users/admin/builder/spi-builder-workspace/.derivedData/Build/Intermediates.noindex/LetMeIn.build/Debug-watchos/LetMeIn-t.build/Objects-normal/arm64_32/LetMeIn-Swift.h -working-directory /Users/admin/builder/spi-builder-workspace/.swiftpm/xcode -experimental-emit-module-separately -disable-cmo
SwiftDriver LetMeIn normal arm64 com.apple.xcode.tools.swift.compiler (in target 'LetMeIn' from project 'LetMeIn')
cd /Users/admin/builder/spi-builder-workspace/.swiftpm/xcode
builtin-SwiftDriver -- /Applications/Xcode-27.0.0-Release.Candidate.app/Contents/Developer/Toolchains/XcodeDefault.xctoolchain/usr/bin/swiftc -parse-as-library -module-name LetMeIn -Onone @/Users/admin/builder/spi-builder-workspace/.derivedData/Build/Intermediates.noindex/LetMeIn.build/Debug-watchos/LetMeIn-t.build/Objects-normal/arm64/LetMeIn.SwiftFileList -DSWIFT_PACKAGE -DDEBUG -DSWIFT_MODULE_RESOURCE_BUNDLE_UNAVAILABLE -DXcode -plugin-path /Applications/Xcode-27.0.0-Release.Candidate.app/Contents/Developer/Toolchains/XcodeDefault.xctoolchain/usr/lib/swift/host/plugins/testing -enable-experimental-feature DebugDescriptionMacro -sdk /Applications/Xcode-27.0.0-Release.Candidate.app/Contents/Developer/Platforms/WatchOS.platform/Developer/SDKs/WatchOS27.0.sdk -target arm64-apple-watchos9.0 -g -module-cache-path /Users/admin/builder/spi-builder-workspace/.derivedData/ModuleCache.noindex -Xfrontend -serialize-debugging-options -enable-testing -index-store-path /Users/admin/builder/spi-builder-workspace/.derivedData/Index.noindex/DataStore -Xcc -D_LIBCPP_HARDENING_MODE\=_LIBCPP_HARDENING_MODE_DEBUG -swift-version 5 -I /Users/admin/builder/spi-builder-workspace/.derivedData/Build/Products/Debug-watchos -Isystem /Applications/Xcode-27.0.0-Release.Candidate.app/Contents/Developer/Platforms/WatchOS.platform/Developer/usr/lib -F /Users/admin/builder/spi-builder-workspace/.derivedData/Build/Products/Debug-watchos -F /Applications/Xcode-27.0.0-Release.Candidate.app/Contents/Developer/Platforms/WatchOS.platform/Developer/Library/Frameworks -F /Applications/Xcode-27.0.0-Release.Candidate.app/Contents/Developer/Platforms/WatchOS.platform/Developer/SDKs/WatchOS27.0.sdk/Developer/Library/Frameworks -c -j10 -enable-batch-mode -incremental -Xcc -ivfsstatcache -Xcc /Users/admin/builder/spi-builder-workspace/.derivedData/SDKStatCaches.noindex/watchos27.0-24R360-e829b21a6f8c9b70876ba0858053c04477534ef55a1706bf4c1112bbb242f0a2.sdkstatcache -output-file-map /Users/admin/builder/spi-builder-workspace/.derivedData/Build/Intermediates.noindex/LetMeIn.build/Debug-watchos/LetMeIn-t.build/Objects-normal/arm64/LetMeIn-OutputFileMap.json -save-temps -no-color-diagnostics -explicit-module-build -module-cache-path /Users/admin/builder/spi-builder-workspace/.derivedData/Build/Intermediates.noindex/SwiftExplicitPrecompiledModules -clang-scanner-module-cache-path /Users/admin/builder/spi-builder-workspace/.derivedData/ModuleCache.noindex -sdk-module-cache-path /Users/admin/builder/spi-builder-workspace/.derivedData/SDKExplicitPrecompiledModules -emit-dependencies -emit-module -emit-module-path /Users/admin/builder/spi-builder-workspace/.derivedData/Build/Intermediates.noindex/LetMeIn.build/Debug-watchos/LetMeIn-t.build/Objects-normal/arm64/LetMeIn.swiftmodule -serialize-diagnostics -dependency-scan-serialize-diagnostics-path /Users/admin/builder/spi-builder-workspace/.derivedData/Build/Intermediates.noindex/LetMeIn.build/Debug-watchos/LetMeIn-t.build/Objects-normal/arm64/LetMeIn-dependency-scan.dia -validate-clang-modules-once -clang-build-session-file /Users/admin/builder/spi-builder-workspace/.derivedData/ModuleCache.noindex/Session.modulevalidation -Xcc -fmodules-prune-interval\=86400 -Xcc -fmodules-prune-after\=345600 -emit-const-values -const-gather-protocols-list /Users/admin/builder/spi-builder-workspace/.derivedData/Build/Intermediates.noindex/LetMeIn.build/Debug-watchos/LetMeIn-t.build/Objects-normal/arm64/LetMeIn_const_extract_protocols.json -Xcc -I/Users/admin/builder/spi-builder-workspace/.derivedData/Build/Products/Debug-watchos/include -Xcc -I/Users/admin/builder/spi-builder-workspace/.derivedData/Build/Intermediates.noindex/LetMeIn.build/Debug-watchos/LetMeIn-t.build/DerivedSources-normal/arm64 -Xcc -I/Users/admin/builder/spi-builder-workspace/.derivedData/Build/Intermediates.noindex/LetMeIn.build/Debug-watchos/LetMeIn-t.build/DerivedSources/arm64 -Xcc -I/Users/admin/builder/spi-builder-workspace/.derivedData/Build/Intermediates.noindex/LetMeIn.build/Debug-watchos/LetMeIn-t.build/DerivedSources -Xcc -DSWIFT_PACKAGE -Xcc -DDEBUG\=1 -emit-objc-header -emit-objc-header-path /Users/admin/builder/spi-builder-workspace/.derivedData/Build/Intermediates.noindex/LetMeIn.build/Debug-watchos/LetMeIn-t.build/Objects-normal/arm64/LetMeIn-Swift.h -working-directory /Users/admin/builder/spi-builder-workspace/.swiftpm/xcode -experimental-emit-module-separately -disable-cmo
SwiftCompile normal arm64 Compiling\ CertificateFile.swift /Users/admin/builder/spi-builder-workspace/Sources/LetMeIn/CertificateFile.swift (in target 'LetMeIn' from project 'LetMeIn')
SwiftCompile normal arm64 /Users/admin/builder/spi-builder-workspace/Sources/LetMeIn/CertificateFile.swift (in target 'LetMeIn' from project 'LetMeIn')
cd /Users/admin/builder/spi-builder-workspace/.swiftpm/xcode
builtin-SwiftPerFileCompile CertificateFile.swift
SwiftCompile normal arm64 Compiling\ Logger-Custom.swift /Users/admin/builder/spi-builder-workspace/Sources/LetMeIn/Extensions/Logger-Custom.swift (in target 'LetMeIn' from project 'LetMeIn')
SwiftCompile normal arm64 /Users/admin/builder/spi-builder-workspace/Sources/LetMeIn/Extensions/Logger-Custom.swift (in target 'LetMeIn' from project 'LetMeIn')
cd /Users/admin/builder/spi-builder-workspace/.swiftpm/xcode
builtin-SwiftPerFileCompile Logger-Custom.swift
SwiftEmitModule normal arm64 Emitting\ module\ for\ LetMeIn (in target 'LetMeIn' from project 'LetMeIn')
/Users/admin/builder/spi-builder-workspace/Sources/LetMeIn/ClientCertificateAuthenticator.swift:18:71: warning: 'self' refers to the method 'ClientCertificateAuthenticator.self', which may be unexpected
16 |
17 | /// A serial queue used to process and sign requests
18 | private let loaderQueue = DispatchQueue(label: String(describing: self))
| |- warning: 'self' refers to the method 'ClientCertificateAuthenticator.self', which may be unexpected
| `- note: use 'ClientCertificateAuthenticator.self' to silence this warning
19 |
20 | // MARK: - Init
/Users/admin/builder/spi-builder-workspace/Sources/LetMeIn/ClientCertificateAuthenticator.swift:56:50: error: 'AVAssetResourceLoader' is unavailable in watchOS
54 | /// - authenticationChallenge: The authentication challenge
55 | /// - Returns: Whether to wait for the challenge to be responded to
56 | public func resourceLoader(_ resourceLoader: AVAssetResourceLoader, shouldWaitForResponseTo authenticationChallenge: URLAuthenticationChallenge) -> Bool {
| `- error: 'AVAssetResourceLoader' is unavailable in watchOS
57 | handleChallenge(authenticationChallenge) { result, credential in
58 | switch result {
/Applications/Xcode-27.0.0-Release.Candidate.app/Contents/Developer/Platforms/WatchOS.platform/Developer/SDKs/WatchOS27.0.sdk/System/Library/Frameworks/AVFoundation.framework/Headers/AVAssetResourceLoader.h:33:12: note: 'AVAssetResourceLoader' has been explicitly marked unavailable here
31 |
32 | API_AVAILABLE(macos(10.9), ios(6.0), tvos(9.0), visionos(1.0)) API_UNAVAILABLE(watchos)
33 | @interface AVAssetResourceLoader : NSObject {
| `- note: 'AVAssetResourceLoader' has been explicitly marked unavailable here
34 | @private
35 | AVAssetResourceLoaderInternal *_resourceLoader;
/Users/admin/builder/spi-builder-workspace/Sources/LetMeIn/ClientCertificateAuthenticator.swift:56:17: error: cannot override 'resourceLoader' which has been marked unavailable
54 | /// - authenticationChallenge: The authentication challenge
55 | /// - Returns: Whether to wait for the challenge to be responded to
56 | public func resourceLoader(_ resourceLoader: AVAssetResourceLoader, shouldWaitForResponseTo authenticationChallenge: URLAuthenticationChallenge) -> Bool {
| `- error: cannot override 'resourceLoader' which has been marked unavailable
57 | handleChallenge(authenticationChallenge) { result, credential in
58 | switch result {
/Applications/Xcode-27.0.0-Release.Candidate.app/Contents/Developer/Platforms/WatchOS.platform/Developer/SDKs/WatchOS27.0.sdk/System/Library/Frameworks/AVFoundation.framework/Headers/AVAssetResourceLoader.h:138:1: note: 'resourceLoader(_:shouldWaitForResponseTo:)' has been explicitly marked unavailable here
136 | If the result is YES, the resource loader expects you to send an appropriate response, either subsequently or immediately, to the NSURLAuthenticationChallenge's sender, i.e. [authenticationChallenge sender], via use of one of the messages defined in the NSURLAuthenticationChallengeSender protocol (see NSAuthenticationChallenge.h). If you intend to respond to the authentication challenge after your handling of -resourceLoader:shouldWaitForResponseToAuthenticationChallenge: returns, you must retain the instance of NSURLAuthenticationChallenge until after your response has been made.
137 | */
138 | - (BOOL)resourceLoader:(AVAssetResourceLoader *)resourceLoader shouldWaitForResponseToAuthenticationChallenge:(NSURLAuthenticationChallenge *)authenticationChallenge API_AVAILABLE(macos(10.10), ios(8.0), tvos(9.0), visionos(1.0)) API_UNAVAILABLE(watchos);
| `- note: 'resourceLoader(_:shouldWaitForResponseTo:)' has been explicitly marked unavailable here
139 |
140 | /*!
SwiftCompile normal arm64 (in target 'LetMeIn' from project 'LetMeIn')
cd /Users/admin/builder/spi-builder-workspace/.swiftpm/xcode
SwiftCompile normal arm64 Compiling\ ClientCertificateAuthenticator.swift /Users/admin/builder/spi-builder-workspace/Sources/LetMeIn/ClientCertificateAuthenticator.swift (in target 'LetMeIn' from project 'LetMeIn')
/Users/admin/builder/spi-builder-workspace/Sources/LetMeIn/ClientCertificateAuthenticator.swift:18:71: warning: 'self' refers to the method 'ClientCertificateAuthenticator.self', which may be unexpected
16 |
17 | /// A serial queue used to process and sign requests
18 | private let loaderQueue = DispatchQueue(label: String(describing: self))
| |- warning: 'self' refers to the method 'ClientCertificateAuthenticator.self', which may be unexpected
| `- note: use 'ClientCertificateAuthenticator.self' to silence this warning
19 |
20 | // MARK: - Init
/Users/admin/builder/spi-builder-workspace/Sources/LetMeIn/ClientCertificateAuthenticator.swift:56:50: error: 'AVAssetResourceLoader' is unavailable in watchOS
54 | /// - authenticationChallenge: The authentication challenge
55 | /// - Returns: Whether to wait for the challenge to be responded to
56 | public func resourceLoader(_ resourceLoader: AVAssetResourceLoader, shouldWaitForResponseTo authenticationChallenge: URLAuthenticationChallenge) -> Bool {
| `- error: 'AVAssetResourceLoader' is unavailable in watchOS
57 | handleChallenge(authenticationChallenge) { result, credential in
58 | switch result {
/Applications/Xcode-27.0.0-Release.Candidate.app/Contents/Developer/Platforms/WatchOS.platform/Developer/SDKs/WatchOS27.0.sdk/System/Library/Frameworks/AVFoundation.framework/Headers/AVAssetResourceLoader.h:33:12: note: 'AVAssetResourceLoader' has been explicitly marked unavailable here
31 |
32 | API_AVAILABLE(macos(10.9), ios(6.0), tvos(9.0), visionos(1.0)) API_UNAVAILABLE(watchos)
33 | @interface AVAssetResourceLoader : NSObject {
| `- note: 'AVAssetResourceLoader' has been explicitly marked unavailable here
34 | @private
35 | AVAssetResourceLoaderInternal *_resourceLoader;
SwiftCompile normal arm64 /Users/admin/builder/spi-builder-workspace/Sources/LetMeIn/ClientCertificateAuthenticator.swift (in target 'LetMeIn' from project 'LetMeIn')
cd /Users/admin/builder/spi-builder-workspace/.swiftpm/xcode
builtin-SwiftPerFileCompile ClientCertificateAuthenticator.swift
SwiftEmitModule normal arm64_32 Emitting\ module\ for\ LetMeIn (in target 'LetMeIn' from project 'LetMeIn')
/Users/admin/builder/spi-builder-workspace/Sources/LetMeIn/ClientCertificateAuthenticator.swift:18:71: warning: 'self' refers to the method 'ClientCertificateAuthenticator.self', which may be unexpected
16 |
17 | /// A serial queue used to process and sign requests
18 | private let loaderQueue = DispatchQueue(label: String(describing: self))
| |- warning: 'self' refers to the method 'ClientCertificateAuthenticator.self', which may be unexpected
| `- note: use 'ClientCertificateAuthenticator.self' to silence this warning
19 |
20 | // MARK: - Init
/Users/admin/builder/spi-builder-workspace/Sources/LetMeIn/ClientCertificateAuthenticator.swift:56:50: error: 'AVAssetResourceLoader' is unavailable in watchOS
54 | /// - authenticationChallenge: The authentication challenge
55 | /// - Returns: Whether to wait for the challenge to be responded to
56 | public func resourceLoader(_ resourceLoader: AVAssetResourceLoader, shouldWaitForResponseTo authenticationChallenge: URLAuthenticationChallenge) -> Bool {
| `- error: 'AVAssetResourceLoader' is unavailable in watchOS
57 | handleChallenge(authenticationChallenge) { result, credential in
58 | switch result {
/Applications/Xcode-27.0.0-Release.Candidate.app/Contents/Developer/Platforms/WatchOS.platform/Developer/SDKs/WatchOS27.0.sdk/System/Library/Frameworks/AVFoundation.framework/Headers/AVAssetResourceLoader.h:33:12: note: 'AVAssetResourceLoader' has been explicitly marked unavailable here
31 |
32 | API_AVAILABLE(macos(10.9), ios(6.0), tvos(9.0), visionos(1.0)) API_UNAVAILABLE(watchos)
33 | @interface AVAssetResourceLoader : NSObject {
| `- note: 'AVAssetResourceLoader' has been explicitly marked unavailable here
34 | @private
35 | AVAssetResourceLoaderInternal *_resourceLoader;
/Users/admin/builder/spi-builder-workspace/Sources/LetMeIn/ClientCertificateAuthenticator.swift:56:17: error: cannot override 'resourceLoader' which has been marked unavailable
54 | /// - authenticationChallenge: The authentication challenge
55 | /// - Returns: Whether to wait for the challenge to be responded to
56 | public func resourceLoader(_ resourceLoader: AVAssetResourceLoader, shouldWaitForResponseTo authenticationChallenge: URLAuthenticationChallenge) -> Bool {
| `- error: cannot override 'resourceLoader' which has been marked unavailable
57 | handleChallenge(authenticationChallenge) { result, credential in
58 | switch result {
/Applications/Xcode-27.0.0-Release.Candidate.app/Contents/Developer/Platforms/WatchOS.platform/Developer/SDKs/WatchOS27.0.sdk/System/Library/Frameworks/AVFoundation.framework/Headers/AVAssetResourceLoader.h:138:1: note: 'resourceLoader(_:shouldWaitForResponseTo:)' has been explicitly marked unavailable here
136 | If the result is YES, the resource loader expects you to send an appropriate response, either subsequently or immediately, to the NSURLAuthenticationChallenge's sender, i.e. [authenticationChallenge sender], via use of one of the messages defined in the NSURLAuthenticationChallengeSender protocol (see NSAuthenticationChallenge.h). If you intend to respond to the authentication challenge after your handling of -resourceLoader:shouldWaitForResponseToAuthenticationChallenge: returns, you must retain the instance of NSURLAuthenticationChallenge until after your response has been made.
137 | */
138 | - (BOOL)resourceLoader:(AVAssetResourceLoader *)resourceLoader shouldWaitForResponseToAuthenticationChallenge:(NSURLAuthenticationChallenge *)authenticationChallenge API_AVAILABLE(macos(10.10), ios(8.0), tvos(9.0), visionos(1.0)) API_UNAVAILABLE(watchos);
| `- note: 'resourceLoader(_:shouldWaitForResponseTo:)' has been explicitly marked unavailable here
139 |
140 | /*!
Failed frontend command:
/Applications/Xcode-27.0.0-Release.Candidate.app/Contents/Developer/Toolchains/XcodeDefault.xctoolchain/usr/bin/swift-frontend -frontend -emit-module -experimental-skip-non-inlinable-function-bodies-without-types /Users/admin/builder/spi-builder-workspace/Sources/LetMeIn/Certificate.swift /Users/admin/builder/spi-builder-workspace/Sources/LetMeIn/CertificateFile.swift /Users/admin/builder/spi-builder-workspace/Sources/LetMeIn/CertificateType.swift /Users/admin/builder/spi-builder-workspace/Sources/LetMeIn/ClientCertificateAuthenticator.swift /Users/admin/builder/spi-builder-workspace/Sources/LetMeIn/Extensions/Logger-Custom.swift /Users/admin/builder/spi-builder-workspace/Sources/LetMeIn/PKCS12Certificate.swift -target arm64_32-apple-watchos9.0 -disable-cross-import-overlay-search -load-resolved-plugin /Applications/Xcode-27.0.0-Release.Candidate.app/Contents/Developer/Platforms/WatchOS.platform/Developer/usr/lib/swift/host/plugins/libFoundationMacros.dylib\#/Applications/Xcode-27.0.0-Release.Candidate.app/Contents/Developer/Platforms/WatchOS.platform/Developer/usr/bin/swift-plugin-server\#FoundationMacros -load-resolved-plugin /Applications/Xcode-27.0.0-Release.Candidate.app/Contents/Developer/Platforms/WatchOS.platform/Developer/usr/lib/swift/host/plugins/libObservationMacros.dylib\#/Applications/Xcode-27.0.0-Release.Candidate.app/Contents/Developer/Platforms/WatchOS.platform/Developer/usr/bin/swift-plugin-server\#ObservationMacros -load-resolved-plugin /Applications/Xcode-27.0.0-Release.Candidate.app/Contents/Developer/Platforms/WatchOS.platform/Developer/usr/lib/swift/host/plugins/libSwiftMacros.dylib\#/Applications/Xcode-27.0.0-Release.Candidate.app/Contents/Developer/Platforms/WatchOS.platform/Developer/usr/bin/swift-plugin-server\#SwiftMacros -disable-implicit-swift-modules -Xcc -fno-implicit-modules -Xcc -fno-implicit-module-maps -explicit-swift-module-map-file /Users/admin/builder/spi-builder-workspace/.derivedData/Build/Intermediates.noindex/LetMeIn.build/Debug-watchos/LetMeIn-t.build/Objects-normal/arm64_32/LetMeIn-dependencies-1.json -enable-objc-interop -sdk /Applications/Xcode-27.0.0-Release.Candidate.app/Contents/Developer/Platforms/WatchOS.platform/Developer/SDKs/WatchOS27.0.sdk -I /Users/admin/builder/spi-builder-workspace/.derivedData/Build/Products/Debug-watchos -Isystem /Applications/Xcode-27.0.0-Release.Candidate.app/Contents/Developer/Platforms/WatchOS.platform/Developer/usr/lib -F /Users/admin/builder/spi-builder-workspace/.derivedData/Build/Products/Debug-watchos -F /Applications/Xcode-27.0.0-Release.Candidate.app/Contents/Developer/Platforms/WatchOS.platform/Developer/Library/Frameworks -F /Applications/Xcode-27.0.0-Release.Candidate.app/Contents/Developer/Platforms/WatchOS.platform/Developer/SDKs/WatchOS27.0.sdk/Developer/Library/Frameworks -module-cache-path /Users/admin/builder/spi-builder-workspace/.derivedData/Build/Intermediates.noindex/SwiftExplicitPrecompiledModules -no-color-diagnostics -Xcc -fno-color-diagnostics -enable-testing -g -debug-info-format\=dwarf -dwarf-version\=4 -swift-version 5 -Onone -D SWIFT_PACKAGE -D DEBUG -D SWIFT_MODULE_RESOURCE_BUNDLE_UNAVAILABLE -D Xcode -serialize-debugging-options -enable-experimental-feature DebugDescriptionMacro -empty-abi-descriptor -validate-clang-modules-once -clang-build-session-file /Users/admin/builder/spi-builder-workspace/.derivedData/ModuleCache.noindex/Session.modulevalidation -Xcc -working-directory -Xcc /Users/admin/builder/spi-builder-workspace/.swiftpm/xcode -enable-anonymous-context-mangled-names -file-compilation-dir /Users/admin/builder/spi-builder-workspace/.swiftpm/xcode -Xcc -D_LIBCPP_HARDENING_MODE\=_LIBCPP_HARDENING_MODE_DEBUG -Xcc -ivfsstatcache -Xcc /Users/admin/builder/spi-builder-workspace/.derivedData/SDKStatCaches.noindex/watchos27.0-24R360-e829b21a6f8c9b70876ba0858053c04477534ef55a1706bf4c1112bbb242f0a2.sdkstatcache -Xcc -fmodules-prune-interval\=86400 -Xcc -fmodules-prune-after\=345600 -Xcc -I/Users/admin/builder/spi-builder-workspace/.derivedData/Build/Products/Debug-watchos/include -Xcc -I/Users/admin/builder/spi-builder-workspace/.derivedData/Build/Intermediates.noindex/LetMeIn.build/Debug-watchos/LetMeIn-t.build/DerivedSources-normal/arm64_32 -Xcc -I/Users/admin/builder/spi-builder-workspace/.derivedData/Build/Intermediates.noindex/LetMeIn.build/Debug-watchos/LetMeIn-t.build/DerivedSources/arm64_32 -Xcc -I/Users/admin/builder/spi-builder-workspace/.derivedData/Build/Intermediates.noindex/LetMeIn.build/Debug-watchos/LetMeIn-t.build/DerivedSources -Xcc -DSWIFT_PACKAGE -Xcc -DDEBUG\=1 -no-auto-bridging-header-chaining -module-name LetMeIn -const-gather-protocols-file /Users/admin/builder/spi-builder-workspace/.derivedData/Build/Intermediates.noindex/LetMeIn.build/Debug-watchos/LetMeIn-t.build/Objects-normal/arm64_32/LetMeIn_const_extract_protocols.json -disable-clang-spi -clang-target arm64_32-apple-watchos27.0 -target-sdk-version 27.0 -target-sdk-name watchos27.0 -in-process-plugin-server-path /Applications/Xcode-27.0.0-Release.Candidate.app/Contents/Developer/Toolchains/XcodeDefault.xctoolchain/usr/lib/swift/host/libSwiftInProcPluginServer.dylib -emit-module-doc-path /Users/admin/builder/spi-builder-workspace/.derivedData/Build/Intermediates.noindex/LetMeIn.build/Debug-watchos/LetMeIn-t.build/Objects-normal/arm64_32/LetMeIn.swiftdoc -emit-module-source-info-path /Users/admin/builder/spi-builder-workspace/.derivedData/Build/Intermediates.noindex/LetMeIn.build/Debug-watchos/LetMeIn-t.build/Objects-normal/arm64_32/LetMeIn.swiftsourceinfo -emit-objc-header-path /Users/admin/builder/spi-builder-workspace/.derivedData/Build/Intermediates.noindex/LetMeIn.build/Debug-watchos/LetMeIn-t.build/Objects-normal/arm64_32/LetMeIn-Swift.h -serialize-diagnostics-path /Users/admin/builder/spi-builder-workspace/.derivedData/Build/Intermediates.noindex/LetMeIn.build/Debug-watchos/LetMeIn-t.build/Objects-normal/arm64_32/LetMeIn-primary-emit-module.dia -emit-dependencies-path /Users/admin/builder/spi-builder-workspace/.derivedData/Build/Intermediates.noindex/LetMeIn.build/Debug-watchos/LetMeIn-t.build/Objects-normal/arm64_32/LetMeIn-primary-emit-module.d -parse-as-library -o /Users/admin/builder/spi-builder-workspace/.derivedData/Build/Intermediates.noindex/LetMeIn.build/Debug-watchos/LetMeIn-t.build/Objects-normal/arm64_32/LetMeIn.swiftmodule -emit-abi-descriptor-path /Users/admin/builder/spi-builder-workspace/.derivedData/Build/Intermediates.noindex/LetMeIn.build/Debug-watchos/LetMeIn-t.build/Objects-normal/arm64_32/LetMeIn.abi.json
SwiftCompile normal arm64_32 (in target 'LetMeIn' from project 'LetMeIn')
cd /Users/admin/builder/spi-builder-workspace/.swiftpm/xcode
SwiftCompile normal arm64_32 Compiling\ ClientCertificateAuthenticator.swift /Users/admin/builder/spi-builder-workspace/Sources/LetMeIn/ClientCertificateAuthenticator.swift (in target 'LetMeIn' from project 'LetMeIn')
/Users/admin/builder/spi-builder-workspace/Sources/LetMeIn/ClientCertificateAuthenticator.swift:18:71: warning: 'self' refers to the method 'ClientCertificateAuthenticator.self', which may be unexpected
16 |
17 | /// A serial queue used to process and sign requests
18 | private let loaderQueue = DispatchQueue(label: String(describing: self))
| |- warning: 'self' refers to the method 'ClientCertificateAuthenticator.self', which may be unexpected
| `- note: use 'ClientCertificateAuthenticator.self' to silence this warning
19 |
20 | // MARK: - Init
/Users/admin/builder/spi-builder-workspace/Sources/LetMeIn/ClientCertificateAuthenticator.swift:56:50: error: 'AVAssetResourceLoader' is unavailable in watchOS
54 | /// - authenticationChallenge: The authentication challenge
55 | /// - Returns: Whether to wait for the challenge to be responded to
56 | public func resourceLoader(_ resourceLoader: AVAssetResourceLoader, shouldWaitForResponseTo authenticationChallenge: URLAuthenticationChallenge) -> Bool {
| `- error: 'AVAssetResourceLoader' is unavailable in watchOS
57 | handleChallenge(authenticationChallenge) { result, credential in
58 | switch result {
/Applications/Xcode-27.0.0-Release.Candidate.app/Contents/Developer/Platforms/WatchOS.platform/Developer/SDKs/WatchOS27.0.sdk/System/Library/Frameworks/AVFoundation.framework/Headers/AVAssetResourceLoader.h:33:12: note: 'AVAssetResourceLoader' has been explicitly marked unavailable here
31 |
32 | API_AVAILABLE(macos(10.9), ios(6.0), tvos(9.0), visionos(1.0)) API_UNAVAILABLE(watchos)
33 | @interface AVAssetResourceLoader : NSObject {
| `- note: 'AVAssetResourceLoader' has been explicitly marked unavailable here
34 | @private
35 | AVAssetResourceLoaderInternal *_resourceLoader;
SwiftCompile normal arm64_32 /Users/admin/builder/spi-builder-workspace/Sources/LetMeIn/ClientCertificateAuthenticator.swift (in target 'LetMeIn' from project 'LetMeIn')
cd /Users/admin/builder/spi-builder-workspace/.swiftpm/xcode
builtin-SwiftPerFileCompile ClientCertificateAuthenticator.swift
SwiftCompile normal arm64 Compiling\ PKCS12Certificate.swift /Users/admin/builder/spi-builder-workspace/Sources/LetMeIn/PKCS12Certificate.swift (in target 'LetMeIn' from project 'LetMeIn')
SwiftCompile normal arm64 /Users/admin/builder/spi-builder-workspace/Sources/LetMeIn/PKCS12Certificate.swift (in target 'LetMeIn' from project 'LetMeIn')
cd /Users/admin/builder/spi-builder-workspace/.swiftpm/xcode
builtin-SwiftPerFileCompile PKCS12Certificate.swift
SwiftCompile normal arm64_32 Compiling\ CertificateFile.swift /Users/admin/builder/spi-builder-workspace/Sources/LetMeIn/CertificateFile.swift (in target 'LetMeIn' from project 'LetMeIn')
SwiftCompile normal arm64_32 /Users/admin/builder/spi-builder-workspace/Sources/LetMeIn/CertificateFile.swift (in target 'LetMeIn' from project 'LetMeIn')
cd /Users/admin/builder/spi-builder-workspace/.swiftpm/xcode
builtin-SwiftPerFileCompile CertificateFile.swift
SwiftCompile normal arm64 Compiling\ CertificateType.swift /Users/admin/builder/spi-builder-workspace/Sources/LetMeIn/CertificateType.swift (in target 'LetMeIn' from project 'LetMeIn')
SwiftCompile normal arm64 /Users/admin/builder/spi-builder-workspace/Sources/LetMeIn/CertificateType.swift (in target 'LetMeIn' from project 'LetMeIn')
cd /Users/admin/builder/spi-builder-workspace/.swiftpm/xcode
builtin-SwiftPerFileCompile CertificateType.swift
SwiftCompile normal arm64_32 Compiling\ PKCS12Certificate.swift /Users/admin/builder/spi-builder-workspace/Sources/LetMeIn/PKCS12Certificate.swift (in target 'LetMeIn' from project 'LetMeIn')
SwiftCompile normal arm64_32 /Users/admin/builder/spi-builder-workspace/Sources/LetMeIn/PKCS12Certificate.swift (in target 'LetMeIn' from project 'LetMeIn')
cd /Users/admin/builder/spi-builder-workspace/.swiftpm/xcode
builtin-SwiftPerFileCompile PKCS12Certificate.swift
SwiftCompile normal arm64_32 Compiling\ Certificate.swift /Users/admin/builder/spi-builder-workspace/Sources/LetMeIn/Certificate.swift (in target 'LetMeIn' from project 'LetMeIn')
SwiftCompile normal arm64_32 /Users/admin/builder/spi-builder-workspace/Sources/LetMeIn/Certificate.swift (in target 'LetMeIn' from project 'LetMeIn')
cd /Users/admin/builder/spi-builder-workspace/.swiftpm/xcode
builtin-SwiftPerFileCompile Certificate.swift
PruneExplicitPrecompiledModules /Users/admin/builder/spi-builder-workspace/.derivedData/SDKExplicitPrecompiledModules
PruneExplicitPrecompiledModules /Users/admin/builder/spi-builder-workspace/.derivedData/Build/Intermediates.noindex/ExplicitPrecompiledModules
PruneExplicitPrecompiledModules /Users/admin/builder/spi-builder-workspace/.derivedData/Build/Intermediates.noindex/SwiftExplicitPrecompiledModules
2026-09-17 05:10:16.778 xcodebuild[769:4706] [MT] IDERunDestination: Supported platforms for the buildables in the current scheme is empty.
** BUILD FAILED **
The following build commands failed:
SwiftEmitModule normal arm64_32 Emitting\ module\ for\ LetMeIn (in target 'LetMeIn' from project 'LetMeIn')
SwiftCompile normal arm64_32 (in target 'LetMeIn' from project 'LetMeIn')
Building workspace LetMeIn with scheme LetMeIn
(3 failures)
BUILD FAILURE 6.4 watchOS