The Swift Package Index logo.Swift Package Index

Build Information

Failed to build FaceRecognitionDlib, reference 1.1.3 (53eae8), with Swift 6.4 for watchOS using Xcode 27.0 on 23 Sep 2026 08:43:09 UTC.

Build Command

env DEVELOPER_DIR=/Applications/Xcode-27.0.0-Release.Candidate.app xcrun xcodebuild -IDEClonedSourcePackagesDirPathOverride=$PWD/.dependencies -skipMacroValidation -skipPackagePluginValidation -derivedDataPath $PWD/.derivedData build -scheme FaceRecognitionDlib -destination generic/platform=watchOS

Build Log

========================================
RunAll
========================================
Builder version: 5.1.0
Interrupt handler set up.
========================================
Checkout
========================================
Clone URL: https://github.com/AppliedRecognition/Face-Recognition-Dlib-Apple.git
Reference: 1.1.3
Initialized empty Git repository in /Users/admin/builder/spi-builder-workspace/.git/
From https://github.com/AppliedRecognition/Face-Recognition-Dlib-Apple
 * tag               1.1.3      -> FETCH_HEAD
HEAD is now at 53eae87 Merge branch 'development'
Cloned https://github.com/AppliedRecognition/Face-Recognition-Dlib-Apple.git
Revision (git rev-parse @):
53eae87e0421b44ecb9bd8b3ec63232c2f311831
SUCCESS checkout https://github.com/AppliedRecognition/Face-Recognition-Dlib-Apple.git at 1.1.3
========================================
Build
========================================
Selected platform:         watchOS
Swift version:             6.4
Building package at path:  $PWD
https://github.com/AppliedRecognition/Face-Recognition-Dlib-Apple.git
Command line invocation:
    /Applications/Xcode-27.0.0-Release.Candidate.app/Contents/Developer/usr/bin/xcodebuild -IDEClonedSourcePackagesDirPathOverride=/Users/admin/builder/spi-builder-workspace/.dependencies -resolvePackageDependencies
Resolve Package Graph
Fetching from https://github.com/AppliedRecognition/Face-Detection-RetinaFace-Apple
Fetching from https://github.com/AppliedRecognition/Ver-ID-Common-Types-Apple.git
Creating working copy of package ‘Face-Detection-RetinaFace-Apple’
Checking out 1.0.5 of package ‘Face-Detection-RetinaFace-Apple’
Creating working copy of package ‘Ver-ID-Common-Types-Apple’
Checking out 3.3.0 of package ‘Ver-ID-Common-Types-Apple’
Invalid Resource 'Resources': File not found.Resolve Package Graph
Invalid Resource 'Resources': File not found.
Resolved source packages:
  FaceRecognitionDlib: /Users/admin/builder/spi-builder-workspace
  VerIDCommonTypes: https://github.com/AppliedRecognition/Ver-ID-Common-Types-Apple.git @ 3.3.0
  FaceDetectionRetinaFace: https://github.com/AppliedRecognition/Face-Detection-RetinaFace-Apple @ 1.0.5
resolved source packages: FaceRecognitionDlib, VerIDCommonTypes, FaceDetectionRetinaFace
2026-09-23 04:42:26.422 xcodebuild[529:3036] [MT] IDERunDestination: Supported platforms for the buildables in the current scheme is empty.
{
  "cxx_language_standard" : "c++17",
  "dependencies" : [
    {
      "identity" : "ver-id-common-types-apple",
      "requirement" : {
        "range" : [
          {
            "lower_bound" : "3.0.0",
            "upper_bound" : "4.0.0"
          }
        ]
      },
      "type" : "sourceControl",
      "url" : "https://github.com/AppliedRecognition/Ver-ID-Common-Types-Apple.git"
    },
    {
      "identity" : "face-detection-retinaface-apple",
      "requirement" : {
        "range" : [
          {
            "lower_bound" : "1.0.4",
            "upper_bound" : "2.0.0"
          }
        ]
      },
      "type" : "sourceControl",
      "url" : "https://github.com/AppliedRecognition/Face-Detection-RetinaFace-Apple"
    }
  ],
  "manifest_display_name" : "FaceRecognitionDlib",
  "name" : "FaceRecognitionDlib",
  "path" : "/Users/admin/builder/spi-builder-workspace",
  "platforms" : [
    {
      "name" : "ios",
      "version" : "15.0"
    }
  ],
  "products" : [
    {
      "name" : "FaceRecognitionDlib",
      "targets" : [
        "FaceRecognitionDlib"
      ],
      "type" : {
        "library" : [
          "automatic"
        ]
      }
    }
  ],
  "targets" : [
    {
      "c99name" : "FaceRecognitionDlibTests",
      "module_type" : "SwiftTarget",
      "name" : "FaceRecognitionDlibTests",
      "path" : "Tests/FaceRecognitionDlibTests",
      "product_dependencies" : [
        "FaceDetectionRetinaFace"
      ],
      "resources" : [
        {
          "path" : "/Users/admin/builder/spi-builder-workspace/Tests/FaceRecognitionDlibTests/Resources/face.png",
          "rule" : {
            "process" : {
            }
          }
        },
        {
          "path" : "/Users/admin/builder/spi-builder-workspace/Tests/FaceRecognitionDlibTests/Resources/subject1-01.jpg",
          "rule" : {
            "process" : {
            }
          }
        },
        {
          "path" : "/Users/admin/builder/spi-builder-workspace/Tests/FaceRecognitionDlibTests/Resources/subject1-02.jpg",
          "rule" : {
            "process" : {
            }
          }
        },
        {
          "path" : "/Users/admin/builder/spi-builder-workspace/Tests/FaceRecognitionDlibTests/Resources/subject2-01.jpg",
          "rule" : {
            "process" : {
            }
          }
        }
      ],
      "sources" : [
        "FaceRecognitionDlibTests.swift"
      ],
      "target_dependencies" : [
        "FaceRecognitionDlib"
      ],
      "type" : "test"
    },
    {
      "c99name" : "FaceRecognitionDlib",
      "module_type" : "SwiftTarget",
      "name" : "FaceRecognitionDlib",
      "path" : "Sources/FaceRecognitionDlib",
      "product_dependencies" : [
        "VerIDCommonTypes"
      ],
      "product_memberships" : [
        "FaceRecognitionDlib"
      ],
      "resources" : [
        {
          "path" : "/Users/admin/builder/spi-builder-workspace/Sources/FaceRecognitionDlib/Resources/DlibFaceRecognitionResnetV1.mlpackage/Data/com.apple.CoreML/model.mlmodel",
          "rule" : {
            "process" : {
            }
          }
        },
        {
          "path" : "/Users/admin/builder/spi-builder-workspace/Sources/FaceRecognitionDlib/Resources/DlibFaceRecognitionResnetV1.mlpackage/Data/com.apple.CoreML/weights/weight.bin",
          "rule" : {
            "process" : {
            }
          }
        },
        {
          "path" : "/Users/admin/builder/spi-builder-workspace/Sources/FaceRecognitionDlib/Resources/DlibFaceRecognitionResnetV1.mlpackage/Manifest.json",
          "rule" : {
            "process" : {
            }
          }
        },
        {
          "path" : "/Users/admin/builder/spi-builder-workspace/Sources/FaceRecognitionDlib/Resources/shape_predictor_5_face_landmarks.dat",
          "rule" : {
            "process" : {
            }
          }
        }
      ],
      "sources" : [
        "Errors.swift",
        "FaceAlignment.swift",
        "FaceRecognitionDlib.swift",
        "FaceTemplateDlib.swift",
        "Image.swift",
        "ModelInputPrep.swift",
        "V16.swift"
      ],
      "target_dependencies" : [
        "DlibLandmarks"
      ],
      "type" : "library"
    },
    {
      "c99name" : "DlibLandmarks",
      "module_type" : "ClangTarget",
      "name" : "DlibLandmarks",
      "path" : "Sources/DlibLandmarks",
      "product_memberships" : [
        "FaceRecognitionDlib"
      ],
      "sources" : [
        "DlibLandmarkLocations.m",
        "DlibLandmarks.mm"
      ],
      "type" : "library"
    }
  ],
  "tools_version" : "5.9"
}
warning: 'spi-builder-workspace': Invalid Resource 'Resources': File not found.
{
  "workspace" : {
    "name" : "FaceRecognitionDlib",
    "schemes" : [
      "FaceRecognitionDlib"
    ]
  }
}
2026-09-23 04:42:58.799 xcodebuild[743:4492] [MT] IDERunDestination: Supported platforms for the buildables in the current scheme is empty.
Running build ...
env DEVELOPER_DIR=/Applications/Xcode-27.0.0-Release.Candidate.app xcrun xcodebuild -IDEClonedSourcePackagesDirPathOverride=$PWD/.dependencies -skipMacroValidation -skipPackagePluginValidation -derivedDataPath $PWD/.derivedData build -scheme FaceRecognitionDlib -destination generic/platform=watchOS
Command line invocation:
    /Applications/Xcode-27.0.0-Release.Candidate.app/Contents/Developer/usr/bin/xcodebuild -IDEClonedSourcePackagesDirPathOverride=/Users/admin/builder/spi-builder-workspace/.dependencies -skipMacroValidation -skipPackagePluginValidation -derivedDataPath /Users/admin/builder/spi-builder-workspace/.derivedData build -scheme FaceRecognitionDlib -destination generic/platform=watchOS
Resolve Package Graph
Invalid Resource 'Resources': File not found.
Resolve Package Graph
Invalid Resource 'Resources': File not found.
Resolved source packages:
  FaceDetectionRetinaFace: https://github.com/AppliedRecognition/Face-Detection-RetinaFace-Apple @ 1.0.5
  VerIDCommonTypes: https://github.com/AppliedRecognition/Ver-ID-Common-Types-Apple.git @ 3.3.0
  FaceRecognitionDlib: /Users/admin/builder/spi-builder-workspace
ComputePackagePrebuildTargetDependencyGraph
Prepare packages
CreateBuildRequest
SendProjectDescription
CreateBuildOperation
ComputeTargetDependencyGraph
note: Building targets in dependency order
note: Target dependency graph (6 targets)
    Target 'FaceRecognitionDlib-product' in project 'FaceRecognitionDlib'
        ➜ Explicit dependency on target 'FaceRecognitionDlib' in project 'FaceRecognitionDlib'
        ➜ Explicit dependency on target 'FaceRecognitionDlib_FaceRecognitionDlib' in project 'FaceRecognitionDlib'
        ➜ Explicit dependency on target 'DlibLandmarks' in project 'FaceRecognitionDlib'
        ➜ Explicit dependency on target 'VerIDCommonTypes-product' in project 'VerIDCommonTypes'
    Target 'FaceRecognitionDlib' in project 'FaceRecognitionDlib'
        ➜ Explicit dependency on target 'FaceRecognitionDlib_FaceRecognitionDlib' in project 'FaceRecognitionDlib'
        ➜ Explicit dependency on target 'DlibLandmarks' in project 'FaceRecognitionDlib'
        ➜ Explicit dependency on target 'VerIDCommonTypes-product' in project 'VerIDCommonTypes'
    Target 'VerIDCommonTypes-product' in project 'VerIDCommonTypes'
        ➜ Explicit dependency on target 'VerIDCommonTypes' in project 'VerIDCommonTypes'
    Target 'VerIDCommonTypes' in project 'VerIDCommonTypes' (no dependencies)
    Target 'DlibLandmarks' in project 'FaceRecognitionDlib' (no dependencies)
    Target 'FaceRecognitionDlib_FaceRecognitionDlib' in project 'FaceRecognitionDlib' (no dependencies)
GatherProvisioningInputs
CreateBuildDescription
ExecuteExternalTool /usr/bin/what -q /Applications/Xcode-27.0.0-Release.Candidate.app/Contents/Developer/Toolchains/XcodeDefault.xctoolchain/usr/bin/coremlc
ExecuteExternalTool /Applications/Xcode-27.0.0-Release.Candidate.app/Contents/Developer/Toolchains/XcodeDefault.xctoolchain/usr/bin/clang -v -E -dM -arch arm64 -isysroot /Applications/Xcode-27.0.0-Release.Candidate.app/Contents/Developer/Platforms/WatchOS.platform/Developer/SDKs/WatchOS27.0.sdk -x objective-c -c /dev/null
ExecuteExternalTool /Applications/Xcode-27.0.0-Release.Candidate.app/Contents/Developer/Toolchains/XcodeDefault.xctoolchain/usr/bin/swiftc --version
ExecuteExternalTool /Applications/Xcode-27.0.0-Release.Candidate.app/Contents/Developer/Toolchains/XcodeDefault.xctoolchain/usr/bin/clang -v -E -dM -isysroot /Applications/Xcode-27.0.0-Release.Candidate.app/Contents/Developer/Platforms/WatchOS.platform/Developer/SDKs/WatchOS27.0.sdk -x c -c /dev/null
ExecuteExternalTool /Applications/Xcode-27.0.0-Release.Candidate.app/Contents/Developer/Toolchains/XcodeDefault.xctoolchain/usr/bin/clang -v -E -dM -arch arm64 -isysroot /Applications/Xcode-27.0.0-Release.Candidate.app/Contents/Developer/Platforms/WatchOS.platform/Developer/SDKs/WatchOS27.0.sdk -x c -c /dev/null
ExecuteExternalTool /Applications/Xcode-27.0.0-Release.Candidate.app/Contents/Developer/Toolchains/XcodeDefault.xctoolchain/usr/bin/clang -v -E -dM -arch arm64 -isysroot /Applications/Xcode-27.0.0-Release.Candidate.app/Contents/Developer/Platforms/WatchOS.platform/Developer/SDKs/WatchOS27.0.sdk -x objective-c++ -c /dev/null
ExecuteExternalTool /Applications/Xcode-27.0.0-Release.Candidate.app/Contents/Developer/Toolchains/XcodeDefault.xctoolchain/usr/bin/ld -version_details
ExecuteExternalTool /Applications/Xcode-27.0.0-Release.Candidate.app/Contents/Developer/Toolchains/XcodeDefault.xctoolchain/usr/bin/clang -v -E -dM -arch arm64_32 -isysroot /Applications/Xcode-27.0.0-Release.Candidate.app/Contents/Developer/Platforms/WatchOS.platform/Developer/SDKs/WatchOS27.0.sdk -x objective-c -c /dev/null
ReadFileContents /Applications/Xcode-27.0.0-Release.Candidate.app/Contents/Developer/Toolchains/XcodeDefault.xctoolchain/usr/share/docc/features.json
ExecuteExternalTool /Applications/Xcode-27.0.0-Release.Candidate.app/Contents/Developer/Toolchains/XcodeDefault.xctoolchain/usr/bin/clang -v -E -dM -arch arm64_32 -isysroot /Applications/Xcode-27.0.0-Release.Candidate.app/Contents/Developer/Platforms/WatchOS.platform/Developer/SDKs/WatchOS27.0.sdk -x c -c /dev/null
ExecuteExternalTool /Applications/Xcode-27.0.0-Release.Candidate.app/Contents/Developer/Toolchains/XcodeDefault.xctoolchain/usr/bin/clang -v -E -dM -arch arm64_32 -isysroot /Applications/Xcode-27.0.0-Release.Candidate.app/Contents/Developer/Platforms/WatchOS.platform/Developer/SDKs/WatchOS27.0.sdk -x objective-c++ -c /dev/null
ExecuteExternalTool /Applications/Xcode-27.0.0-Release.Candidate.app/Contents/Developer/Toolchains/XcodeDefault.xctoolchain/usr/bin/coremlc generate /Users/admin/builder/spi-builder-workspace/Sources/FaceRecognitionDlib/Resources/DlibFaceRecognitionResnetV1.mlpackage /Users/admin/builder/spi-builder-workspace/.derivedData/Build/Intermediates.noindex/FaceRecognitionDlib.build/Debug-watchos/FaceRecognitionDlib-t.build/DerivedSources/CoreMLGenerated/DlibFaceRecognitionResnetV1 --dry-run yes --deployment-target 9.0 --sdkroot /Applications/Xcode-27.0.0-Release.Candidate.app/Contents/Developer/Platforms/WatchOS.platform/Developer/SDKs/WatchOS27.0.sdk --platform watchos --output-partial-info-plist /Users/admin/builder/spi-builder-workspace/.derivedData/Build/Intermediates.noindex/FaceRecognitionDlib.build/Debug-watchos/FaceRecognitionDlib-t.build/DlibFaceRecognitionResnetV1-CoreMLPartialInfo.plist --container swift-package --language Swift --swift-version 5 --public-access
Build description signature: fd3522e6f6393fc7d4bd74f6bb2e15ef
Build description path: /Users/admin/builder/spi-builder-workspace/.derivedData/Build/Intermediates.noindex/XCBuildData/fd3522e6f6393fc7d4bd74f6bb2e15ef.xcbuilddata
CreateBuildDirectory /Users/admin/builder/spi-builder-workspace/.derivedData/SDKExplicitPrecompiledModules
    cd /Users/admin/builder/spi-builder-workspace/.swiftpm/xcode
    builtin-create-build-directory /Users/admin/builder/spi-builder-workspace/.derivedData/SDKExplicitPrecompiledModules
CreateBuildDirectory /Users/admin/builder/spi-builder-workspace/.derivedData/CompilationCache.noindex
    cd /Users/admin/builder/spi-builder-workspace/.swiftpm/xcode
    builtin-create-build-directory /Users/admin/builder/spi-builder-workspace/.derivedData/CompilationCache.noindex
CreateBuildDirectory /Users/admin/builder/spi-builder-workspace/.derivedData/ModuleCache.noindex
    cd /Users/admin/builder/spi-builder-workspace/.swiftpm/xcode
    builtin-create-build-directory /Users/admin/builder/spi-builder-workspace/.derivedData/ModuleCache.noindex
ClangStatCache /Applications/Xcode-27.0.0-Release.Candidate.app/Contents/Developer/Toolchains/XcodeDefault.xctoolchain/usr/bin/clang-stat-cache /Applications/Xcode-27.0.0-Release.Candidate.app/Contents/Developer/Platforms/WatchOS.platform/Developer/SDKs/WatchOS27.0.sdk /Users/admin/builder/spi-builder-workspace/.derivedData/SDKStatCaches.noindex/watchos27.0-24R360-e829b21a6f8c9b70876ba0858053c04477534ef55a1706bf4c1112bbb242f0a2.sdkstatcache
    cd /Users/admin/builder/spi-builder-workspace/.swiftpm/xcode
    /Applications/Xcode-27.0.0-Release.Candidate.app/Contents/Developer/Toolchains/XcodeDefault.xctoolchain/usr/bin/clang-stat-cache /Applications/Xcode-27.0.0-Release.Candidate.app/Contents/Developer/Platforms/WatchOS.platform/Developer/SDKs/WatchOS27.0.sdk -o /Users/admin/builder/spi-builder-workspace/.derivedData/SDKStatCaches.noindex/watchos27.0-24R360-e829b21a6f8c9b70876ba0858053c04477534ef55a1706bf4c1112bbb242f0a2.sdkstatcache
CreateBuildDirectory /Users/admin/builder/spi-builder-workspace/.derivedData/Build/Intermediates.noindex
    cd /Users/admin/builder/spi-builder-workspace/.swiftpm/xcode
    builtin-create-build-directory /Users/admin/builder/spi-builder-workspace/.derivedData/Build/Intermediates.noindex
CreateBuildDirectory /Users/admin/builder/spi-builder-workspace/.derivedData/Build/Products
    cd /Users/admin/builder/spi-builder-workspace/.swiftpm/xcode
    builtin-create-build-directory /Users/admin/builder/spi-builder-workspace/.derivedData/Build/Products
CreateBuildDirectory /Users/admin/builder/spi-builder-workspace/.derivedData/Build/Intermediates.noindex/SwiftExplicitPrecompiledModules
    cd /Users/admin/builder/spi-builder-workspace/.swiftpm/xcode
    builtin-create-build-directory /Users/admin/builder/spi-builder-workspace/.derivedData/Build/Intermediates.noindex/SwiftExplicitPrecompiledModules
CreateBuildDirectory /Users/admin/builder/spi-builder-workspace/.derivedData/Build/Intermediates.noindex/PrecompiledHeaders
    cd /Users/admin/builder/spi-builder-workspace/.swiftpm/xcode
    builtin-create-build-directory /Users/admin/builder/spi-builder-workspace/.derivedData/Build/Intermediates.noindex/PrecompiledHeaders
CreateBuildDirectory /Users/admin/builder/spi-builder-workspace/.derivedData/Build/Intermediates.noindex/ExplicitPrecompiledModules
    cd /Users/admin/builder/spi-builder-workspace/.swiftpm/xcode
    builtin-create-build-directory /Users/admin/builder/spi-builder-workspace/.derivedData/Build/Intermediates.noindex/ExplicitPrecompiledModules
CreateBuildDirectory /Users/admin/builder/spi-builder-workspace/.derivedData/Build/Intermediates.noindex/EagerLinkingTBDs/Debug-watchos
    cd /Users/admin/builder/spi-builder-workspace/.swiftpm/xcode
    builtin-create-build-directory /Users/admin/builder/spi-builder-workspace/.derivedData/Build/Intermediates.noindex/EagerLinkingTBDs/Debug-watchos
CreateBuildDirectory /Users/admin/builder/spi-builder-workspace/.derivedData/Build/Products/Debug-watchos
    cd /Users/admin/builder/spi-builder-workspace/.swiftpm/xcode
    builtin-create-build-directory /Users/admin/builder/spi-builder-workspace/.derivedData/Build/Products/Debug-watchos
WriteAuxiliaryFile /Users/admin/builder/spi-builder-workspace/.derivedData/Build/Intermediates.noindex/VerIDCommonTypes.build/Debug-watchos/VerIDCommonTypes-product-t.build/empty-VerIDCommonTypes.plist (in target 'VerIDCommonTypes-product' from project 'VerIDCommonTypes')
    cd /Users/admin/builder/spi-builder-workspace/.dependencies/checkouts/Ver-ID-Common-Types-Apple
    write-file /Users/admin/builder/spi-builder-workspace/.derivedData/Build/Intermediates.noindex/VerIDCommonTypes.build/Debug-watchos/VerIDCommonTypes-product-t.build/empty-VerIDCommonTypes.plist
WriteAuxiliaryFile /Users/admin/builder/spi-builder-workspace/.derivedData/Build/Intermediates.noindex/VerIDCommonTypes.build/Debug-watchos/VerIDCommonTypes-product-t.build/VerIDCommonTypes.DependencyStaticMetadataFileList (in target 'VerIDCommonTypes-product' from project 'VerIDCommonTypes')
    cd /Users/admin/builder/spi-builder-workspace/.dependencies/checkouts/Ver-ID-Common-Types-Apple
    write-file /Users/admin/builder/spi-builder-workspace/.derivedData/Build/Intermediates.noindex/VerIDCommonTypes.build/Debug-watchos/VerIDCommonTypes-product-t.build/VerIDCommonTypes.DependencyStaticMetadataFileList
WriteAuxiliaryFile /Users/admin/builder/spi-builder-workspace/.derivedData/Build/Intermediates.noindex/VerIDCommonTypes.build/Debug-watchos/VerIDCommonTypes-product-t.build/VerIDCommonTypes.DependencyMetadataFileList (in target 'VerIDCommonTypes-product' from project 'VerIDCommonTypes')
    cd /Users/admin/builder/spi-builder-workspace/.dependencies/checkouts/Ver-ID-Common-Types-Apple
    write-file /Users/admin/builder/spi-builder-workspace/.derivedData/Build/Intermediates.noindex/VerIDCommonTypes.build/Debug-watchos/VerIDCommonTypes-product-t.build/VerIDCommonTypes.DependencyMetadataFileList
WriteAuxiliaryFile /Users/admin/builder/spi-builder-workspace/.derivedData/Build/Intermediates.noindex/VerIDCommonTypes.build/Debug-watchos/VerIDCommonTypes-t.build/VerIDCommonTypes.DependencyMetadataFileList (in target 'VerIDCommonTypes' from project 'VerIDCommonTypes')
    cd /Users/admin/builder/spi-builder-workspace/.dependencies/checkouts/Ver-ID-Common-Types-Apple
    write-file /Users/admin/builder/spi-builder-workspace/.derivedData/Build/Intermediates.noindex/VerIDCommonTypes.build/Debug-watchos/VerIDCommonTypes-t.build/VerIDCommonTypes.DependencyMetadataFileList
WriteAuxiliaryFile /Users/admin/builder/spi-builder-workspace/.derivedData/Build/Intermediates.noindex/VerIDCommonTypes.build/Debug-watchos/VerIDCommonTypes-t.build/VerIDCommonTypes.modulemap (in target 'VerIDCommonTypes' from project 'VerIDCommonTypes')
    cd /Users/admin/builder/spi-builder-workspace/.dependencies/checkouts/Ver-ID-Common-Types-Apple
    write-file /Users/admin/builder/spi-builder-workspace/.derivedData/Build/Intermediates.noindex/VerIDCommonTypes.build/Debug-watchos/VerIDCommonTypes-t.build/VerIDCommonTypes.modulemap
WriteAuxiliaryFile /Users/admin/builder/spi-builder-workspace/.derivedData/Build/Intermediates.noindex/VerIDCommonTypes.build/Debug-watchos/VerIDCommonTypes-t.build/VerIDCommonTypes.DependencyStaticMetadataFileList (in target 'VerIDCommonTypes' from project 'VerIDCommonTypes')
    cd /Users/admin/builder/spi-builder-workspace/.dependencies/checkouts/Ver-ID-Common-Types-Apple
    write-file /Users/admin/builder/spi-builder-workspace/.derivedData/Build/Intermediates.noindex/VerIDCommonTypes.build/Debug-watchos/VerIDCommonTypes-t.build/VerIDCommonTypes.DependencyStaticMetadataFileList
WriteAuxiliaryFile /Users/admin/builder/spi-builder-workspace/.derivedData/Build/Intermediates.noindex/VerIDCommonTypes.build/Debug-watchos/VerIDCommonTypes-t.build/Objects-normal/arm64_32/VerIDCommonTypes_const_extract_protocols.json (in target 'VerIDCommonTypes' from project 'VerIDCommonTypes')
    cd /Users/admin/builder/spi-builder-workspace/.dependencies/checkouts/Ver-ID-Common-Types-Apple
    write-file /Users/admin/builder/spi-builder-workspace/.derivedData/Build/Intermediates.noindex/VerIDCommonTypes.build/Debug-watchos/VerIDCommonTypes-t.build/Objects-normal/arm64_32/VerIDCommonTypes_const_extract_protocols.json
WriteAuxiliaryFile /Users/admin/builder/spi-builder-workspace/.derivedData/Build/Intermediates.noindex/VerIDCommonTypes.build/Debug-watchos/VerIDCommonTypes-product-t.build/Objects-normal/arm64/VerIDCommonTypes.LinkFileList (in target 'VerIDCommonTypes-product' from project 'VerIDCommonTypes')
    cd /Users/admin/builder/spi-builder-workspace/.dependencies/checkouts/Ver-ID-Common-Types-Apple
    write-file /Users/admin/builder/spi-builder-workspace/.derivedData/Build/Intermediates.noindex/VerIDCommonTypes.build/Debug-watchos/VerIDCommonTypes-product-t.build/Objects-normal/arm64/VerIDCommonTypes.LinkFileList
WriteAuxiliaryFile /Users/admin/builder/spi-builder-workspace/.derivedData/Build/Intermediates.noindex/VerIDCommonTypes.build/Debug-watchos/VerIDCommonTypes-product-t.build/Objects-normal/arm64_32/VerIDCommonTypes.LinkFileList (in target 'VerIDCommonTypes-product' from project 'VerIDCommonTypes')
    cd /Users/admin/builder/spi-builder-workspace/.dependencies/checkouts/Ver-ID-Common-Types-Apple
    write-file /Users/admin/builder/spi-builder-workspace/.derivedData/Build/Intermediates.noindex/VerIDCommonTypes.build/Debug-watchos/VerIDCommonTypes-product-t.build/Objects-normal/arm64_32/VerIDCommonTypes.LinkFileList
WriteAuxiliaryFile /Users/admin/builder/spi-builder-workspace/.derivedData/Build/Intermediates.noindex/VerIDCommonTypes.build/Debug-watchos/VerIDCommonTypes-t.build/Objects-normal/arm64_32/VerIDCommonTypes.SwiftConstValuesFileList (in target 'VerIDCommonTypes' from project 'VerIDCommonTypes')
    cd /Users/admin/builder/spi-builder-workspace/.dependencies/checkouts/Ver-ID-Common-Types-Apple
    write-file /Users/admin/builder/spi-builder-workspace/.derivedData/Build/Intermediates.noindex/VerIDCommonTypes.build/Debug-watchos/VerIDCommonTypes-t.build/Objects-normal/arm64_32/VerIDCommonTypes.SwiftConstValuesFileList
WriteAuxiliaryFile /Users/admin/builder/spi-builder-workspace/.derivedData/Build/Intermediates.noindex/VerIDCommonTypes.build/Debug-watchos/VerIDCommonTypes-t.build/Objects-normal/arm64_32/VerIDCommonTypes.SwiftFileList (in target 'VerIDCommonTypes' from project 'VerIDCommonTypes')
    cd /Users/admin/builder/spi-builder-workspace/.dependencies/checkouts/Ver-ID-Common-Types-Apple
    write-file /Users/admin/builder/spi-builder-workspace/.derivedData/Build/Intermediates.noindex/VerIDCommonTypes.build/Debug-watchos/VerIDCommonTypes-t.build/Objects-normal/arm64_32/VerIDCommonTypes.SwiftFileList
WriteAuxiliaryFile /Users/admin/builder/spi-builder-workspace/.derivedData/Build/Intermediates.noindex/VerIDCommonTypes.build/Debug-watchos/VerIDCommonTypes-t.build/Objects-normal/arm64_32/VerIDCommonTypes.LinkFileList (in target 'VerIDCommonTypes' from project 'VerIDCommonTypes')
    cd /Users/admin/builder/spi-builder-workspace/.dependencies/checkouts/Ver-ID-Common-Types-Apple
    write-file /Users/admin/builder/spi-builder-workspace/.derivedData/Build/Intermediates.noindex/VerIDCommonTypes.build/Debug-watchos/VerIDCommonTypes-t.build/Objects-normal/arm64_32/VerIDCommonTypes.LinkFileList
WriteAuxiliaryFile /Users/admin/builder/spi-builder-workspace/.derivedData/Build/Intermediates.noindex/VerIDCommonTypes.build/Debug-watchos/VerIDCommonTypes-t.build/Objects-normal/arm64_32/VerIDCommonTypes-OutputFileMap.json (in target 'VerIDCommonTypes' from project 'VerIDCommonTypes')
    cd /Users/admin/builder/spi-builder-workspace/.dependencies/checkouts/Ver-ID-Common-Types-Apple
    write-file /Users/admin/builder/spi-builder-workspace/.derivedData/Build/Intermediates.noindex/VerIDCommonTypes.build/Debug-watchos/VerIDCommonTypes-t.build/Objects-normal/arm64_32/VerIDCommonTypes-OutputFileMap.json
WriteAuxiliaryFile /Users/admin/builder/spi-builder-workspace/.derivedData/Build/Intermediates.noindex/VerIDCommonTypes.build/Debug-watchos/VerIDCommonTypes-t.build/Objects-normal/arm64/VerIDCommonTypes.SwiftFileList (in target 'VerIDCommonTypes' from project 'VerIDCommonTypes')
    cd /Users/admin/builder/spi-builder-workspace/.dependencies/checkouts/Ver-ID-Common-Types-Apple
    write-file /Users/admin/builder/spi-builder-workspace/.derivedData/Build/Intermediates.noindex/VerIDCommonTypes.build/Debug-watchos/VerIDCommonTypes-t.build/Objects-normal/arm64/VerIDCommonTypes.SwiftFileList
WriteAuxiliaryFile /Users/admin/builder/spi-builder-workspace/.derivedData/Build/Intermediates.noindex/VerIDCommonTypes.build/Debug-watchos/VerIDCommonTypes-t.build/Objects-normal/arm64/VerIDCommonTypes_const_extract_protocols.json (in target 'VerIDCommonTypes' from project 'VerIDCommonTypes')
    cd /Users/admin/builder/spi-builder-workspace/.dependencies/checkouts/Ver-ID-Common-Types-Apple
    write-file /Users/admin/builder/spi-builder-workspace/.derivedData/Build/Intermediates.noindex/VerIDCommonTypes.build/Debug-watchos/VerIDCommonTypes-t.build/Objects-normal/arm64/VerIDCommonTypes_const_extract_protocols.json
WriteAuxiliaryFile /Users/admin/builder/spi-builder-workspace/.derivedData/Build/Intermediates.noindex/VerIDCommonTypes.build/Debug-watchos/VerIDCommonTypes-t.build/Objects-normal/arm64/VerIDCommonTypes.SwiftConstValuesFileList (in target 'VerIDCommonTypes' from project 'VerIDCommonTypes')
    cd /Users/admin/builder/spi-builder-workspace/.dependencies/checkouts/Ver-ID-Common-Types-Apple
    write-file /Users/admin/builder/spi-builder-workspace/.derivedData/Build/Intermediates.noindex/VerIDCommonTypes.build/Debug-watchos/VerIDCommonTypes-t.build/Objects-normal/arm64/VerIDCommonTypes.SwiftConstValuesFileList
WriteAuxiliaryFile /Users/admin/builder/spi-builder-workspace/.derivedData/Build/Intermediates.noindex/VerIDCommonTypes.build/Debug-watchos/VerIDCommonTypes-t.build/Objects-normal/arm64/VerIDCommonTypes.LinkFileList (in target 'VerIDCommonTypes' from project 'VerIDCommonTypes')
    cd /Users/admin/builder/spi-builder-workspace/.dependencies/checkouts/Ver-ID-Common-Types-Apple
    write-file /Users/admin/builder/spi-builder-workspace/.derivedData/Build/Intermediates.noindex/VerIDCommonTypes.build/Debug-watchos/VerIDCommonTypes-t.build/Objects-normal/arm64/VerIDCommonTypes.LinkFileList
WriteAuxiliaryFile /Users/admin/builder/spi-builder-workspace/.derivedData/Build/Intermediates.noindex/VerIDCommonTypes.build/Debug-watchos/VerIDCommonTypes-t.build/Objects-normal/arm64/VerIDCommonTypes-OutputFileMap.json (in target 'VerIDCommonTypes' from project 'VerIDCommonTypes')
    cd /Users/admin/builder/spi-builder-workspace/.dependencies/checkouts/Ver-ID-Common-Types-Apple
    write-file /Users/admin/builder/spi-builder-workspace/.derivedData/Build/Intermediates.noindex/VerIDCommonTypes.build/Debug-watchos/VerIDCommonTypes-t.build/Objects-normal/arm64/VerIDCommonTypes-OutputFileMap.json
Copy /Users/admin/builder/spi-builder-workspace/.derivedData/Build/Intermediates.noindex/GeneratedModuleMaps-watchos/VerIDCommonTypes.modulemap /Users/admin/builder/spi-builder-workspace/.derivedData/Build/Intermediates.noindex/VerIDCommonTypes.build/Debug-watchos/VerIDCommonTypes-t.build/VerIDCommonTypes.modulemap (in target 'VerIDCommonTypes' from project 'VerIDCommonTypes')
    cd /Users/admin/builder/spi-builder-workspace/.dependencies/checkouts/Ver-ID-Common-Types-Apple
    builtin-copy -exclude .DS_Store -exclude CVS -exclude .svn -exclude .git -exclude .hg -resolve-src-symlinks /Users/admin/builder/spi-builder-workspace/.derivedData/Build/Intermediates.noindex/VerIDCommonTypes.build/Debug-watchos/VerIDCommonTypes-t.build/VerIDCommonTypes.modulemap /Users/admin/builder/spi-builder-workspace/.derivedData/Build/Intermediates.noindex/GeneratedModuleMaps-watchos
WriteAuxiliaryFile /Users/admin/builder/spi-builder-workspace/.derivedData/Build/Intermediates.noindex/FaceRecognitionDlib.build/Debug-watchos/FaceRecognitionDlib_FaceRecognitionDlib-b.build/FaceRecognitionDlib_FaceRecognitionDlib.DependencyMetadataFileList (in target 'FaceRecognitionDlib_FaceRecognitionDlib' from project 'FaceRecognitionDlib')
    cd /Users/admin/builder/spi-builder-workspace
    write-file /Users/admin/builder/spi-builder-workspace/.derivedData/Build/Intermediates.noindex/FaceRecognitionDlib.build/Debug-watchos/FaceRecognitionDlib_FaceRecognitionDlib-b.build/FaceRecognitionDlib_FaceRecognitionDlib.DependencyMetadataFileList
WriteAuxiliaryFile /Users/admin/builder/spi-builder-workspace/.derivedData/Build/Intermediates.noindex/FaceRecognitionDlib.build/Debug-watchos/FaceRecognitionDlib_FaceRecognitionDlib-b.build/FaceRecognitionDlib_FaceRecognitionDlib.DependencyStaticMetadataFileList (in target 'FaceRecognitionDlib_FaceRecognitionDlib' from project 'FaceRecognitionDlib')
    cd /Users/admin/builder/spi-builder-workspace
    write-file /Users/admin/builder/spi-builder-workspace/.derivedData/Build/Intermediates.noindex/FaceRecognitionDlib.build/Debug-watchos/FaceRecognitionDlib_FaceRecognitionDlib-b.build/FaceRecognitionDlib_FaceRecognitionDlib.DependencyStaticMetadataFileList
WriteAuxiliaryFile /Users/admin/builder/spi-builder-workspace/.derivedData/Build/Intermediates.noindex/FaceRecognitionDlib.build/Debug-watchos/FaceRecognitionDlib_FaceRecognitionDlib-b.build/empty-FaceRecognitionDlib_FaceRecognitionDlib.plist (in target 'FaceRecognitionDlib_FaceRecognitionDlib' from project 'FaceRecognitionDlib')
    cd /Users/admin/builder/spi-builder-workspace
    write-file /Users/admin/builder/spi-builder-workspace/.derivedData/Build/Intermediates.noindex/FaceRecognitionDlib.build/Debug-watchos/FaceRecognitionDlib_FaceRecognitionDlib-b.build/empty-FaceRecognitionDlib_FaceRecognitionDlib.plist
WriteAuxiliaryFile /Users/admin/builder/spi-builder-workspace/.derivedData/Build/Intermediates.noindex/FaceRecognitionDlib.build/Debug-watchos/FaceRecognitionDlib_FaceRecognitionDlib-b.build/899141fe7cf413654a88239bd8bb0617.sb (in target 'FaceRecognitionDlib_FaceRecognitionDlib' from project 'FaceRecognitionDlib')
    cd /Users/admin/builder/spi-builder-workspace
    write-file /Users/admin/builder/spi-builder-workspace/.derivedData/Build/Intermediates.noindex/FaceRecognitionDlib.build/Debug-watchos/FaceRecognitionDlib_FaceRecognitionDlib-b.build/899141fe7cf413654a88239bd8bb0617.sb
WriteAuxiliaryFile /Users/admin/builder/spi-builder-workspace/.derivedData/Build/Intermediates.noindex/FaceRecognitionDlib.build/Debug-watchos/FaceRecognitionDlib-t.build/eb0bc84cc3af65b31b8a1904223367e8.sb (in target 'FaceRecognitionDlib' from project 'FaceRecognitionDlib')
    cd /Users/admin/builder/spi-builder-workspace
    write-file /Users/admin/builder/spi-builder-workspace/.derivedData/Build/Intermediates.noindex/FaceRecognitionDlib.build/Debug-watchos/FaceRecognitionDlib-t.build/eb0bc84cc3af65b31b8a1904223367e8.sb
WriteAuxiliaryFile /Users/admin/builder/spi-builder-workspace/.derivedData/Build/Intermediates.noindex/FaceRecognitionDlib.build/Debug-watchos/FaceRecognitionDlib-t.build/Objects-normal/arm64_32/FaceRecognitionDlib_const_extract_protocols.json (in target 'FaceRecognitionDlib' from project 'FaceRecognitionDlib')
    cd /Users/admin/builder/spi-builder-workspace
    write-file /Users/admin/builder/spi-builder-workspace/.derivedData/Build/Intermediates.noindex/FaceRecognitionDlib.build/Debug-watchos/FaceRecognitionDlib-t.build/Objects-normal/arm64_32/FaceRecognitionDlib_const_extract_protocols.json
WriteAuxiliaryFile /Users/admin/builder/spi-builder-workspace/.derivedData/Build/Intermediates.noindex/FaceRecognitionDlib.build/Debug-watchos/FaceRecognitionDlib-t.build/Objects-normal/arm64_32/FaceRecognitionDlib.SwiftFileList (in target 'FaceRecognitionDlib' from project 'FaceRecognitionDlib')
    cd /Users/admin/builder/spi-builder-workspace
    write-file /Users/admin/builder/spi-builder-workspace/.derivedData/Build/Intermediates.noindex/FaceRecognitionDlib.build/Debug-watchos/FaceRecognitionDlib-t.build/Objects-normal/arm64_32/FaceRecognitionDlib.SwiftFileList
WriteAuxiliaryFile /Users/admin/builder/spi-builder-workspace/.derivedData/Build/Intermediates.noindex/FaceRecognitionDlib.build/Debug-watchos/FaceRecognitionDlib-t.build/Objects-normal/arm64_32/FaceRecognitionDlib.SwiftConstValuesFileList (in target 'FaceRecognitionDlib' from project 'FaceRecognitionDlib')
    cd /Users/admin/builder/spi-builder-workspace
    write-file /Users/admin/builder/spi-builder-workspace/.derivedData/Build/Intermediates.noindex/FaceRecognitionDlib.build/Debug-watchos/FaceRecognitionDlib-t.build/Objects-normal/arm64_32/FaceRecognitionDlib.SwiftConstValuesFileList
WriteAuxiliaryFile /Users/admin/builder/spi-builder-workspace/.derivedData/Build/Intermediates.noindex/FaceRecognitionDlib.build/Debug-watchos/FaceRecognitionDlib-t.build/Objects-normal/arm64_32/FaceRecognitionDlib.LinkFileList (in target 'FaceRecognitionDlib' from project 'FaceRecognitionDlib')
    cd /Users/admin/builder/spi-builder-workspace
    write-file /Users/admin/builder/spi-builder-workspace/.derivedData/Build/Intermediates.noindex/FaceRecognitionDlib.build/Debug-watchos/FaceRecognitionDlib-t.build/Objects-normal/arm64_32/FaceRecognitionDlib.LinkFileList
WriteAuxiliaryFile /Users/admin/builder/spi-builder-workspace/.derivedData/Build/Intermediates.noindex/FaceRecognitionDlib.build/Debug-watchos/FaceRecognitionDlib-t.build/Objects-normal/arm64_32/FaceRecognitionDlib-OutputFileMap.json (in target 'FaceRecognitionDlib' from project 'FaceRecognitionDlib')
    cd /Users/admin/builder/spi-builder-workspace
    write-file /Users/admin/builder/spi-builder-workspace/.derivedData/Build/Intermediates.noindex/FaceRecognitionDlib.build/Debug-watchos/FaceRecognitionDlib-t.build/Objects-normal/arm64_32/FaceRecognitionDlib-OutputFileMap.json
WriteAuxiliaryFile /Users/admin/builder/spi-builder-workspace/.derivedData/Build/Intermediates.noindex/FaceRecognitionDlib.build/Debug-watchos/FaceRecognitionDlib-t.build/Objects-normal/arm64/FaceRecognitionDlib_const_extract_protocols.json (in target 'FaceRecognitionDlib' from project 'FaceRecognitionDlib')
    cd /Users/admin/builder/spi-builder-workspace
    write-file /Users/admin/builder/spi-builder-workspace/.derivedData/Build/Intermediates.noindex/FaceRecognitionDlib.build/Debug-watchos/FaceRecognitionDlib-t.build/Objects-normal/arm64/FaceRecognitionDlib_const_extract_protocols.json
WriteAuxiliaryFile /Users/admin/builder/spi-builder-workspace/.derivedData/Build/Intermediates.noindex/FaceRecognitionDlib.build/Debug-watchos/FaceRecognitionDlib-t.build/Objects-normal/arm64/FaceRecognitionDlib.SwiftFileList (in target 'FaceRecognitionDlib' from project 'FaceRecognitionDlib')
    cd /Users/admin/builder/spi-builder-workspace
    write-file /Users/admin/builder/spi-builder-workspace/.derivedData/Build/Intermediates.noindex/FaceRecognitionDlib.build/Debug-watchos/FaceRecognitionDlib-t.build/Objects-normal/arm64/FaceRecognitionDlib.SwiftFileList
WriteAuxiliaryFile /Users/admin/builder/spi-builder-workspace/.derivedData/Build/Intermediates.noindex/FaceRecognitionDlib.build/Debug-watchos/FaceRecognitionDlib-t.build/Objects-normal/arm64/FaceRecognitionDlib.SwiftConstValuesFileList (in target 'FaceRecognitionDlib' from project 'FaceRecognitionDlib')
    cd /Users/admin/builder/spi-builder-workspace
    write-file /Users/admin/builder/spi-builder-workspace/.derivedData/Build/Intermediates.noindex/FaceRecognitionDlib.build/Debug-watchos/FaceRecognitionDlib-t.build/Objects-normal/arm64/FaceRecognitionDlib.SwiftConstValuesFileList
WriteAuxiliaryFile /Users/admin/builder/spi-builder-workspace/.derivedData/Build/Intermediates.noindex/FaceRecognitionDlib.build/Debug-watchos/FaceRecognitionDlib-t.build/Objects-normal/arm64/FaceRecognitionDlib.LinkFileList (in target 'FaceRecognitionDlib' from project 'FaceRecognitionDlib')
    cd /Users/admin/builder/spi-builder-workspace
    write-file /Users/admin/builder/spi-builder-workspace/.derivedData/Build/Intermediates.noindex/FaceRecognitionDlib.build/Debug-watchos/FaceRecognitionDlib-t.build/Objects-normal/arm64/FaceRecognitionDlib.LinkFileList
WriteAuxiliaryFile /Users/admin/builder/spi-builder-workspace/.derivedData/Build/Intermediates.noindex/FaceRecognitionDlib.build/Debug-watchos/FaceRecognitionDlib-t.build/Objects-normal/arm64/FaceRecognitionDlib-OutputFileMap.json (in target 'FaceRecognitionDlib' from project 'FaceRecognitionDlib')
    cd /Users/admin/builder/spi-builder-workspace
    write-file /Users/admin/builder/spi-builder-workspace/.derivedData/Build/Intermediates.noindex/FaceRecognitionDlib.build/Debug-watchos/FaceRecognitionDlib-t.build/Objects-normal/arm64/FaceRecognitionDlib-OutputFileMap.json
WriteAuxiliaryFile /Users/admin/builder/spi-builder-workspace/.derivedData/Build/Intermediates.noindex/FaceRecognitionDlib.build/Debug-watchos/FaceRecognitionDlib-t.build/FaceRecognitionDlib.modulemap (in target 'FaceRecognitionDlib' from project 'FaceRecognitionDlib')
    cd /Users/admin/builder/spi-builder-workspace
    write-file /Users/admin/builder/spi-builder-workspace/.derivedData/Build/Intermediates.noindex/FaceRecognitionDlib.build/Debug-watchos/FaceRecognitionDlib-t.build/FaceRecognitionDlib.modulemap
WriteAuxiliaryFile /Users/admin/builder/spi-builder-workspace/.derivedData/Build/Intermediates.noindex/FaceRecognitionDlib.build/Debug-watchos/FaceRecognitionDlib-t.build/FaceRecognitionDlib.DependencyMetadataFileList (in target 'FaceRecognitionDlib' from project 'FaceRecognitionDlib')
    cd /Users/admin/builder/spi-builder-workspace
    write-file /Users/admin/builder/spi-builder-workspace/.derivedData/Build/Intermediates.noindex/FaceRecognitionDlib.build/Debug-watchos/FaceRecognitionDlib-t.build/FaceRecognitionDlib.DependencyMetadataFileList
WriteAuxiliaryFile /Users/admin/builder/spi-builder-workspace/.derivedData/Build/Intermediates.noindex/FaceRecognitionDlib.build/Debug-watchos/FaceRecognitionDlib-t.build/FaceRecognitionDlib.DependencyStaticMetadataFileList (in target 'FaceRecognitionDlib' from project 'FaceRecognitionDlib')
    cd /Users/admin/builder/spi-builder-workspace
    write-file /Users/admin/builder/spi-builder-workspace/.derivedData/Build/Intermediates.noindex/FaceRecognitionDlib.build/Debug-watchos/FaceRecognitionDlib-t.build/FaceRecognitionDlib.DependencyStaticMetadataFileList
WriteAuxiliaryFile /Users/admin/builder/spi-builder-workspace/.derivedData/Build/Intermediates.noindex/FaceRecognitionDlib.build/Debug-watchos/FaceRecognitionDlib-t.build/DerivedSources/resource_bundle_accessor.swift (in target 'FaceRecognitionDlib' from project 'FaceRecognitionDlib')
    cd /Users/admin/builder/spi-builder-workspace
    write-file /Users/admin/builder/spi-builder-workspace/.derivedData/Build/Intermediates.noindex/FaceRecognitionDlib.build/Debug-watchos/FaceRecognitionDlib-t.build/DerivedSources/resource_bundle_accessor.swift
WriteAuxiliaryFile /Users/admin/builder/spi-builder-workspace/.derivedData/Build/Intermediates.noindex/FaceRecognitionDlib.build/Debug-watchos/FaceRecognitionDlib-t.build/1bde839aa7b39ee503bf3b7ca44a7014.sb (in target 'FaceRecognitionDlib' from project 'FaceRecognitionDlib')
    cd /Users/admin/builder/spi-builder-workspace
    write-file /Users/admin/builder/spi-builder-workspace/.derivedData/Build/Intermediates.noindex/FaceRecognitionDlib.build/Debug-watchos/FaceRecognitionDlib-t.build/1bde839aa7b39ee503bf3b7ca44a7014.sb
WriteAuxiliaryFile /Users/admin/builder/spi-builder-workspace/.derivedData/Build/Intermediates.noindex/FaceRecognitionDlib.build/Debug-watchos/DlibLandmarks-t.build/Objects-normal/arm64_32/e6072d4f65d7061329687fe24e3d63a7-common-args.resp (in target 'DlibLandmarks' from project 'FaceRecognitionDlib')
    cd /Users/admin/builder/spi-builder-workspace
    write-file /Users/admin/builder/spi-builder-workspace/.derivedData/Build/Intermediates.noindex/FaceRecognitionDlib.build/Debug-watchos/DlibLandmarks-t.build/Objects-normal/arm64_32/e6072d4f65d7061329687fe24e3d63a7-common-args.resp
-fobjc-arc -fmodules -gmodules '-fmodules-cache-path=/Users/admin/builder/spi-builder-workspace/.derivedData/ModuleCache.noindex' '-fmodule-name=DlibLandmarks' -fpascal-strings -O0 -DSWIFT_PACKAGE '-DDEBUG=1' -DDLIB_NO_GUI_SUPPORT '-DDLIB_USE_BLAS=0' '-DDLIB_USE_LAPACK=0' '-DOBJC_OLD_DISPATCH_PROTOTYPES=1' -g -fprofile-instr-generate -fcoverage-mapping -I/Users/admin/builder/spi-builder-workspace/.derivedData/Build/Products/Debug-watchos/include -I/Users/admin/builder/spi-builder-workspace/Sources/DlibLandmarks/include -I/Users/admin/builder/spi-builder-workspace/Vendor/dlib-src -I/Users/admin/builder/spi-builder-workspace/.derivedData/Build/Intermediates.noindex/FaceRecognitionDlib.build/Debug-watchos/DlibLandmarks-t.build/DerivedSources-normal/arm64_32 -I/Users/admin/builder/spi-builder-workspace/.derivedData/Build/Intermediates.noindex/FaceRecognitionDlib.build/Debug-watchos/DlibLandmarks-t.build/DerivedSources/arm64_32 -I/Users/admin/builder/spi-builder-workspace/.derivedData/Build/Intermediates.noindex/FaceRecognitionDlib.build/Debug-watchos/DlibLandmarks-t.build/DerivedSources -F/Users/admin/builder/spi-builder-workspace/.derivedData/Build/Products/Debug-watchos -iframework /Applications/Xcode-27.0.0-Release.Candidate.app/Contents/Developer/Platforms/WatchOS.platform/Developer/Library/Frameworks -iframework /Applications/Xcode-27.0.0-Release.Candidate.app/Contents/Developer/Platforms/WatchOS.platform/Developer/SDKs/WatchOS27.0.sdk/Developer/Library/Frameworks -DXcode
WriteAuxiliaryFile /Users/admin/builder/spi-builder-workspace/.derivedData/Build/Intermediates.noindex/FaceRecognitionDlib.build/Debug-watchos/DlibLandmarks-t.build/Objects-normal/arm64_32/af3fcb34312c57c0f52879cdce924b91-common-args.resp (in target 'DlibLandmarks' from project 'FaceRecognitionDlib')
    cd /Users/admin/builder/spi-builder-workspace
    write-file /Users/admin/builder/spi-builder-workspace/.derivedData/Build/Intermediates.noindex/FaceRecognitionDlib.build/Debug-watchos/DlibLandmarks-t.build/Objects-normal/arm64_32/af3fcb34312c57c0f52879cdce924b91-common-args.resp
'-std=c++17' -fobjc-arc -fmodules -fno-cxx-modules -gmodules '-fmodules-cache-path=/Users/admin/builder/spi-builder-workspace/.derivedData/ModuleCache.noindex' '-fmodule-name=DlibLandmarks' '-D_LIBCPP_HARDENING_MODE=_LIBCPP_HARDENING_MODE_DEBUG' -fpascal-strings -O0 -DSWIFT_PACKAGE '-DDEBUG=1' -DDLIB_NO_GUI_SUPPORT '-DDLIB_USE_BLAS=0' '-DDLIB_USE_LAPACK=0' '-DOBJC_OLD_DISPATCH_PROTOTYPES=1' -g -fvisibility-inlines-hidden -fprofile-instr-generate -fcoverage-mapping -I/Users/admin/builder/spi-builder-workspace/.derivedData/Build/Products/Debug-watchos/include -I/Users/admin/builder/spi-builder-workspace/Sources/DlibLandmarks/include -I/Users/admin/builder/spi-builder-workspace/Vendor/dlib-src -I/Users/admin/builder/spi-builder-workspace/.derivedData/Build/Intermediates.noindex/FaceRecognitionDlib.build/Debug-watchos/DlibLandmarks-t.build/DerivedSources-normal/arm64_32 -I/Users/admin/builder/spi-builder-workspace/.derivedData/Build/Intermediates.noindex/FaceRecognitionDlib.build/Debug-watchos/DlibLandmarks-t.build/DerivedSources/arm64_32 -I/Users/admin/builder/spi-builder-workspace/.derivedData/Build/Intermediates.noindex/FaceRecognitionDlib.build/Debug-watchos/DlibLandmarks-t.build/DerivedSources -F/Users/admin/builder/spi-builder-workspace/.derivedData/Build/Products/Debug-watchos -iframework /Applications/Xcode-27.0.0-Release.Candidate.app/Contents/Developer/Platforms/WatchOS.platform/Developer/Library/Frameworks -iframework /Applications/Xcode-27.0.0-Release.Candidate.app/Contents/Developer/Platforms/WatchOS.platform/Developer/SDKs/WatchOS27.0.sdk/Developer/Library/Frameworks -DXcode
WriteAuxiliaryFile /Users/admin/builder/spi-builder-workspace/.derivedData/Build/Intermediates.noindex/FaceRecognitionDlib.build/Debug-watchos/DlibLandmarks-t.build/Objects-normal/arm64_32/DlibLandmarks.LinkFileList (in target 'DlibLandmarks' from project 'FaceRecognitionDlib')
    cd /Users/admin/builder/spi-builder-workspace
    write-file /Users/admin/builder/spi-builder-workspace/.derivedData/Build/Intermediates.noindex/FaceRecognitionDlib.build/Debug-watchos/DlibLandmarks-t.build/Objects-normal/arm64_32/DlibLandmarks.LinkFileList
WriteAuxiliaryFile /Users/admin/builder/spi-builder-workspace/.derivedData/Build/Intermediates.noindex/FaceRecognitionDlib.build/Debug-watchos/DlibLandmarks-t.build/Objects-normal/arm64/e6072d4f65d7061329687fe24e3d63a7-common-args.resp (in target 'DlibLandmarks' from project 'FaceRecognitionDlib')
    cd /Users/admin/builder/spi-builder-workspace
    write-file /Users/admin/builder/spi-builder-workspace/.derivedData/Build/Intermediates.noindex/FaceRecognitionDlib.build/Debug-watchos/DlibLandmarks-t.build/Objects-normal/arm64/e6072d4f65d7061329687fe24e3d63a7-common-args.resp
-fobjc-arc -fmodules -gmodules '-fmodules-cache-path=/Users/admin/builder/spi-builder-workspace/.derivedData/ModuleCache.noindex' '-fmodule-name=DlibLandmarks' -fpascal-strings -O0 -DSWIFT_PACKAGE '-DDEBUG=1' -DDLIB_NO_GUI_SUPPORT '-DDLIB_USE_BLAS=0' '-DDLIB_USE_LAPACK=0' '-DOBJC_OLD_DISPATCH_PROTOTYPES=1' -g -fprofile-instr-generate -fcoverage-mapping -I/Users/admin/builder/spi-builder-workspace/.derivedData/Build/Products/Debug-watchos/include -I/Users/admin/builder/spi-builder-workspace/Sources/DlibLandmarks/include -I/Users/admin/builder/spi-builder-workspace/Vendor/dlib-src -I/Users/admin/builder/spi-builder-workspace/.derivedData/Build/Intermediates.noindex/FaceRecognitionDlib.build/Debug-watchos/DlibLandmarks-t.build/DerivedSources-normal/arm64 -I/Users/admin/builder/spi-builder-workspace/.derivedData/Build/Intermediates.noindex/FaceRecognitionDlib.build/Debug-watchos/DlibLandmarks-t.build/DerivedSources/arm64 -I/Users/admin/builder/spi-builder-workspace/.derivedData/Build/Intermediates.noindex/FaceRecognitionDlib.build/Debug-watchos/DlibLandmarks-t.build/DerivedSources -F/Users/admin/builder/spi-builder-workspace/.derivedData/Build/Products/Debug-watchos -iframework /Applications/Xcode-27.0.0-Release.Candidate.app/Contents/Developer/Platforms/WatchOS.platform/Developer/Library/Frameworks -iframework /Applications/Xcode-27.0.0-Release.Candidate.app/Contents/Developer/Platforms/WatchOS.platform/Developer/SDKs/WatchOS27.0.sdk/Developer/Library/Frameworks -DXcode
WriteAuxiliaryFile /Users/admin/builder/spi-builder-workspace/.derivedData/Build/Intermediates.noindex/FaceRecognitionDlib.build/Debug-watchos/DlibLandmarks-t.build/Objects-normal/arm64/af3fcb34312c57c0f52879cdce924b91-common-args.resp (in target 'DlibLandmarks' from project 'FaceRecognitionDlib')
    cd /Users/admin/builder/spi-builder-workspace
    write-file /Users/admin/builder/spi-builder-workspace/.derivedData/Build/Intermediates.noindex/FaceRecognitionDlib.build/Debug-watchos/DlibLandmarks-t.build/Objects-normal/arm64/af3fcb34312c57c0f52879cdce924b91-common-args.resp
'-std=c++17' -fobjc-arc -fmodules -fno-cxx-modules -gmodules '-fmodules-cache-path=/Users/admin/builder/spi-builder-workspace/.derivedData/ModuleCache.noindex' '-fmodule-name=DlibLandmarks' '-D_LIBCPP_HARDENING_MODE=_LIBCPP_HARDENING_MODE_DEBUG' -fpascal-strings -O0 -DSWIFT_PACKAGE '-DDEBUG=1' -DDLIB_NO_GUI_SUPPORT '-DDLIB_USE_BLAS=0' '-DDLIB_USE_LAPACK=0' '-DOBJC_OLD_DISPATCH_PROTOTYPES=1' -g -fvisibility-inlines-hidden -fprofile-instr-generate -fcoverage-mapping -I/Users/admin/builder/spi-builder-workspace/.derivedData/Build/Products/Debug-watchos/include -I/Users/admin/builder/spi-builder-workspace/Sources/DlibLandmarks/include -I/Users/admin/builder/spi-builder-workspace/Vendor/dlib-src -I/Users/admin/builder/spi-builder-workspace/.derivedData/Build/Intermediates.noindex/FaceRecognitionDlib.build/Debug-watchos/DlibLandmarks-t.build/DerivedSources-normal/arm64 -I/Users/admin/builder/spi-builder-workspace/.derivedData/Build/Intermediates.noindex/FaceRecognitionDlib.build/Debug-watchos/DlibLandmarks-t.build/DerivedSources/arm64 -I/Users/admin/builder/spi-builder-workspace/.derivedData/Build/Intermediates.noindex/FaceRecognitionDlib.build/Debug-watchos/DlibLandmarks-t.build/DerivedSources -F/Users/admin/builder/spi-builder-workspace/.derivedData/Build/Products/Debug-watchos -iframework /Applications/Xcode-27.0.0-Release.Candidate.app/Contents/Developer/Platforms/WatchOS.platform/Developer/Library/Frameworks -iframework /Applications/Xcode-27.0.0-Release.Candidate.app/Contents/Developer/Platforms/WatchOS.platform/Developer/SDKs/WatchOS27.0.sdk/Developer/Library/Frameworks -DXcode
WriteAuxiliaryFile /Users/admin/builder/spi-builder-workspace/.derivedData/Build/Intermediates.noindex/FaceRecognitionDlib.build/Debug-watchos/DlibLandmarks-t.build/Objects-normal/arm64/DlibLandmarks.LinkFileList (in target 'DlibLandmarks' from project 'FaceRecognitionDlib')
    cd /Users/admin/builder/spi-builder-workspace
    write-file /Users/admin/builder/spi-builder-workspace/.derivedData/Build/Intermediates.noindex/FaceRecognitionDlib.build/Debug-watchos/DlibLandmarks-t.build/Objects-normal/arm64/DlibLandmarks.LinkFileList
Copy /Users/admin/builder/spi-builder-workspace/.derivedData/Build/Intermediates.noindex/GeneratedModuleMaps-watchos/FaceRecognitionDlib.modulemap /Users/admin/builder/spi-builder-workspace/.derivedData/Build/Intermediates.noindex/FaceRecognitionDlib.build/Debug-watchos/FaceRecognitionDlib-t.build/FaceRecognitionDlib.modulemap (in target 'FaceRecognitionDlib' from project 'FaceRecognitionDlib')
    cd /Users/admin/builder/spi-builder-workspace
    builtin-copy -exclude .DS_Store -exclude CVS -exclude .svn -exclude .git -exclude .hg -resolve-src-symlinks /Users/admin/builder/spi-builder-workspace/.derivedData/Build/Intermediates.noindex/FaceRecognitionDlib.build/Debug-watchos/FaceRecognitionDlib-t.build/FaceRecognitionDlib.modulemap /Users/admin/builder/spi-builder-workspace/.derivedData/Build/Intermediates.noindex/GeneratedModuleMaps-watchos
WriteAuxiliaryFile /Users/admin/builder/spi-builder-workspace/.derivedData/Build/Intermediates.noindex/FaceRecognitionDlib.build/Debug-watchos/DlibLandmarks-t.build/DlibLandmarks.DependencyStaticMetadataFileList (in target 'DlibLandmarks' from project 'FaceRecognitionDlib')
    cd /Users/admin/builder/spi-builder-workspace
    write-file /Users/admin/builder/spi-builder-workspace/.derivedData/Build/Intermediates.noindex/FaceRecognitionDlib.build/Debug-watchos/DlibLandmarks-t.build/DlibLandmarks.DependencyStaticMetadataFileList
WriteAuxiliaryFile /Users/admin/builder/spi-builder-workspace/.derivedData/Build/Intermediates.noindex/FaceRecognitionDlib.build/Debug-watchos/DlibLandmarks-t.build/DlibLandmarks.DependencyMetadataFileList (in target 'DlibLandmarks' from project 'FaceRecognitionDlib')
    cd /Users/admin/builder/spi-builder-workspace
    write-file /Users/admin/builder/spi-builder-workspace/.derivedData/Build/Intermediates.noindex/FaceRecognitionDlib.build/Debug-watchos/DlibLandmarks-t.build/DlibLandmarks.DependencyMetadataFileList
MkDir /Users/admin/builder/spi-builder-workspace/.derivedData/Build/Products/Debug-watchos/PackageFrameworks/VerIDCommonTypes.framework (in target 'VerIDCommonTypes-product' from project 'VerIDCommonTypes')
    cd /Users/admin/builder/spi-builder-workspace/.dependencies/checkouts/Ver-ID-Common-Types-Apple
    /bin/mkdir -p /Users/admin/builder/spi-builder-workspace/.derivedData/Build/Products/Debug-watchos/PackageFrameworks/VerIDCommonTypes.framework
MkDir /Users/admin/builder/spi-builder-workspace/.derivedData/Build/Products/Debug-watchos/FaceRecognitionDlib_FaceRecognitionDlib.bundle (in target 'FaceRecognitionDlib_FaceRecognitionDlib' from project 'FaceRecognitionDlib')
    cd /Users/admin/builder/spi-builder-workspace
    /bin/mkdir -p /Users/admin/builder/spi-builder-workspace/.derivedData/Build/Products/Debug-watchos/FaceRecognitionDlib_FaceRecognitionDlib.bundle
CreateBuildDirectory /Users/admin/builder/spi-builder-workspace/.derivedData/Build/Products/Debug-watchos/PackageFrameworks
    cd /Users/admin/builder/spi-builder-workspace/.swiftpm/xcode
    builtin-create-build-directory /Users/admin/builder/spi-builder-workspace/.derivedData/Build/Products/Debug-watchos/PackageFrameworks
CpResource /Users/admin/builder/spi-builder-workspace/.derivedData/Build/Products/Debug-watchos/FaceRecognitionDlib_FaceRecognitionDlib.bundle/shape_predictor_5_face_landmarks.dat /Users/admin/builder/spi-builder-workspace/Sources/FaceRecognitionDlib/Resources/shape_predictor_5_face_landmarks.dat (in target 'FaceRecognitionDlib_FaceRecognitionDlib' from project 'FaceRecognitionDlib')
    cd /Users/admin/builder/spi-builder-workspace
    builtin-copy -exclude .DS_Store -exclude CVS -exclude .svn -exclude .git -exclude .hg -resolve-src-symlinks /Users/admin/builder/spi-builder-workspace/Sources/FaceRecognitionDlib/Resources/shape_predictor_5_face_landmarks.dat /Users/admin/builder/spi-builder-workspace/.derivedData/Build/Products/Debug-watchos/FaceRecognitionDlib_FaceRecognitionDlib.bundle
CoreMLModelCompile /Users/admin/builder/spi-builder-workspace/.derivedData/Build/Products/Debug-watchos/FaceRecognitionDlib_FaceRecognitionDlib.bundle/ /Users/admin/builder/spi-builder-workspace/Sources/FaceRecognitionDlib/Resources/DlibFaceRecognitionResnetV1.mlpackage (in target 'FaceRecognitionDlib_FaceRecognitionDlib' from project 'FaceRecognitionDlib')
    cd /Users/admin/builder/spi-builder-workspace
    /usr/bin/sandbox-exec -D SCRIPT_OUTPUT_FILE_0\=/Users/admin/builder/spi-builder-workspace/.derivedData/Build/Products/Debug-watchos/FaceRecognitionDlib_FaceRecognitionDlib.bundle/DlibFaceRecognitionResnetV1.mlmodelc -D SCRIPT_OUTPUT_FILE_1\=/Users/admin/builder/spi-builder-workspace/.derivedData/Build/Intermediates.noindex/FaceRecognitionDlib.build/Debug-watchos/FaceRecognitionDlib_FaceRecognitionDlib-b.build/DlibFaceRecognitionResnetV1-CoreMLPartialInfo.plist -D SCRIPT_INPUT_FILE_0\=/Users/admin/builder/spi-builder-workspace/Sources/FaceRecognitionDlib/Resources/DlibFaceRecognitionResnetV1.mlpackage -D SCRIPT_INPUT_FILE_1\=/Users/admin/builder/spi-builder-workspace/Sources/FaceRecognitionDlib/Resources/DlibFaceRecognitionResnetV1.mlpackage -D SCRIPT_INPUT_ANCESTOR_0\=/ -D SCRIPT_INPUT_ANCESTOR_1\=/Users -D SCRIPT_INPUT_ANCESTOR_2\=/Users/admin -D SCRIPT_INPUT_ANCESTOR_3\=/Users/admin/builder -D SCRIPT_INPUT_ANCESTOR_4\=/Users/admin/builder/spi-builder-workspace -D SCRIPT_INPUT_ANCESTOR_5\=/Users/admin/builder/spi-builder-workspace/Sources -D SCRIPT_INPUT_ANCESTOR_6\=/Users/admin/builder/spi-builder-workspace/Sources/FaceRecognitionDlib -D SCRIPT_INPUT_ANCESTOR_7\=/Users/admin/builder/spi-builder-workspace/Sources/FaceRecognitionDlib/Resources -D SCRIPT_OUTPUT_ANCESTOR_0\=/ -D SCRIPT_OUTPUT_ANCESTOR_1\=/Users -D SCRIPT_OUTPUT_ANCESTOR_2\=/Users/admin -D SCRIPT_OUTPUT_ANCESTOR_3\=/Users/admin/builder -D SCRIPT_OUTPUT_ANCESTOR_4\=/Users/admin/builder/spi-builder-workspace -D SCRIPT_OUTPUT_ANCESTOR_5\=/Users/admin/builder/spi-builder-workspace/.derivedData -D SCRIPT_OUTPUT_ANCESTOR_6\=/Users/admin/builder/spi-builder-workspace/.derivedData/Build -D SCRIPT_OUTPUT_ANCESTOR_7\=/Users/admin/builder/spi-builder-workspace/.derivedData/Build/Intermediates.noindex -D SCRIPT_OUTPUT_ANCESTOR_8\=/Users/admin/builder/spi-builder-workspace/.derivedData/Build/Intermediates.noindex/FaceRecognitionDlib.build -D SCRIPT_OUTPUT_ANCESTOR_9\=/Users/admin/builder/spi-builder-workspace/.derivedData/Build/Intermediates.noindex/FaceRecognitionDlib.build/Debug-watchos -D SCRIPT_OUTPUT_ANCESTOR_10\=/Users/admin/builder/spi-builder-workspace/.derivedData/Build/Intermediates.noindex/FaceRecognitionDlib.build/Debug-watchos/FaceRecognitionDlib_FaceRecognitionDlib-b.build -D SCRIPT_OUTPUT_ANCESTOR_11\=/Users/admin/builder/spi-builder-workspace/.derivedData/Build/Products -D SCRIPT_OUTPUT_ANCESTOR_12\=/Users/admin/builder/spi-builder-workspace/.derivedData/Build/Products/Debug-watchos -D SCRIPT_OUTPUT_ANCESTOR_13\=/Users/admin/builder/spi-builder-workspace/.derivedData/Build/Products/Debug-watchos/FaceRecognitionDlib_FaceRecognitionDlib.bundle -D SRCROOT\=/Users/admin/builder/spi-builder-workspace -D PROJECT_DIR\=/Users/admin/builder/spi-builder-workspace -D OBJROOT\=/Users/admin/builder/spi-builder-workspace/.derivedData/Build/Intermediates.noindex -D SYMROOT\=/Users/admin/builder/spi-builder-workspace/.derivedData/Build/Products -D DSTROOT\=/tmp/FaceRecognitionDlib.dst -D SHARED_PRECOMPS_DIR\=/Users/admin/builder/spi-builder-workspace/.derivedData/Build/Intermediates.noindex/PrecompiledHeaders -D CACHE_ROOT\=/var/folders/xq/y_g06wb113726d38xsyx71_h0000gn/C/com.apple.DeveloperTools/27.0-27A266a/Xcode -D CONFIGURATION_BUILD_DIR\=/Users/admin/builder/spi-builder-workspace/.derivedData/Build/Products/Debug-watchos -D CONFIGURATION_TEMP_DIR\=/Users/admin/builder/spi-builder-workspace/.derivedData/Build/Intermediates.noindex/FaceRecognitionDlib.build/Debug-watchos -D LOCROOT\=/Users/admin/builder/spi-builder-workspace -D LOCSYMROOT\=/Users/admin/builder/spi-builder-workspace -D INDEX_PRECOMPS_DIR\=/Users/admin/builder/spi-builder-workspace/.derivedData/Index.noindex/PrecompiledHeaders -D INDEX_DATA_STORE_DIR\=/Users/admin/builder/spi-builder-workspace/.derivedData/Index.noindex/DataStore -D TEMP_DIR\=/Users/admin/builder/spi-builder-workspace/.derivedData/Build/Intermediates.noindex/FaceRecognitionDlib.build/Debug-watchos/FaceRecognitionDlib_FaceRecognitionDlib-b.build -D TARGET_TEMP_DIR\=/Users/admin/builder/spi-builder-workspace/.derivedData/Build/Intermediates.noindex/FaceRecognitionDlib.build/Debug-watchos/FaceRecognitionDlib_FaceRecognitionDlib-b.build -D DERIVED_FILE_DIR\=/Users/admin/builder/spi-builder-workspace/.derivedData/Build/Intermediates.noindex/FaceRecognitionDlib.build/Debug-watchos/FaceRecognitionDlib_FaceRecognitionDlib-b.build/DerivedSources -f /Users/admin/builder/spi-builder-workspace/.derivedData/Build/Intermediates.noindex/FaceRecognitionDlib.build/Debug-watchos/FaceRecognitionDlib_FaceRecognitionDlib-b.build/899141fe7cf413654a88239bd8bb0617.sb /Applications/Xcode-27.0.0-Release.Candidate.app/Contents/Developer/Toolchains/XcodeDefault.xctoolchain/usr/bin/coremlc compile /Users/admin/builder/spi-builder-workspace/Sources/FaceRecognitionDlib/Resources/DlibFaceRecognitionResnetV1.mlpackage /Users/admin/builder/spi-builder-workspace/.derivedData/Build/Products/Debug-watchos/FaceRecognitionDlib_FaceRecognitionDlib.bundle/ --deployment-target 9.0 --sdkroot /Applications/Xcode-27.0.0-Release.Candidate.app/Contents/Developer/Platforms/WatchOS.platform/Developer/SDKs/WatchOS27.0.sdk --platform watchos --output-partial-info-plist /Users/admin/builder/spi-builder-workspace/.derivedData/Build/Intermediates.noindex/FaceRecognitionDlib.build/Debug-watchos/FaceRecognitionDlib_FaceRecognitionDlib-b.build/DlibFaceRecognitionResnetV1-CoreMLPartialInfo.plist --container swift-package
/Users/admin/builder/spi-builder-workspace/.derivedData/Build/Products/Debug-watchos/FaceRecognitionDlib_FaceRecognitionDlib.bundle/DlibFaceRecognitionResnetV1.mlmodelc/coremldata.bin
ProcessInfoPlistFile /Users/admin/builder/spi-builder-workspace/.derivedData/Build/Products/Debug-watchos/FaceRecognitionDlib_FaceRecognitionDlib.bundle/Info.plist /Users/admin/builder/spi-builder-workspace/.derivedData/Build/Intermediates.noindex/FaceRecognitionDlib.build/Debug-watchos/FaceRecognitionDlib_FaceRecognitionDlib-b.build/empty-FaceRecognitionDlib_FaceRecognitionDlib.plist (in target 'FaceRecognitionDlib_FaceRecognitionDlib' from project 'FaceRecognitionDlib')
    cd /Users/admin/builder/spi-builder-workspace
    builtin-infoPlistUtility /Users/admin/builder/spi-builder-workspace/.derivedData/Build/Intermediates.noindex/FaceRecognitionDlib.build/Debug-watchos/FaceRecognitionDlib_FaceRecognitionDlib-b.build/empty-FaceRecognitionDlib_FaceRecognitionDlib.plist -producttype com.apple.product-type.bundle -expandbuildsettings -format binary -platform watchos -additionalcontentfile /Users/admin/builder/spi-builder-workspace/.derivedData/Build/Intermediates.noindex/FaceRecognitionDlib.build/Debug-watchos/FaceRecognitionDlib_FaceRecognitionDlib-b.build/DlibFaceRecognitionResnetV1-CoreMLPartialInfo.plist -o /Users/admin/builder/spi-builder-workspace/.derivedData/Build/Products/Debug-watchos/FaceRecognitionDlib_FaceRecognitionDlib.bundle/Info.plist
RegisterExecutionPolicyException /Users/admin/builder/spi-builder-workspace/.derivedData/Build/Products/Debug-watchos/FaceRecognitionDlib_FaceRecognitionDlib.bundle (in target 'FaceRecognitionDlib_FaceRecognitionDlib' from project 'FaceRecognitionDlib')
    cd /Users/admin/builder/spi-builder-workspace
    builtin-RegisterExecutionPolicyException /Users/admin/builder/spi-builder-workspace/.derivedData/Build/Products/Debug-watchos/FaceRecognitionDlib_FaceRecognitionDlib.bundle
Touch /Users/admin/builder/spi-builder-workspace/.derivedData/Build/Products/Debug-watchos/FaceRecognitionDlib_FaceRecognitionDlib.bundle (in target 'FaceRecognitionDlib_FaceRecognitionDlib' from project 'FaceRecognitionDlib')
    cd /Users/admin/builder/spi-builder-workspace
    /usr/bin/touch -c /Users/admin/builder/spi-builder-workspace/.derivedData/Build/Products/Debug-watchos/FaceRecognitionDlib_FaceRecognitionDlib.bundle
CompileC /Users/admin/builder/spi-builder-workspace/.derivedData/Build/Intermediates.noindex/FaceRecognitionDlib.build/Debug-watchos/DlibLandmarks-t.build/Objects-normal/arm64_32/DlibLandmarks.o /Users/admin/builder/spi-builder-workspace/Sources/DlibLandmarks/DlibLandmarks.mm normal arm64_32 objective-c++ com.apple.compilers.llvm.clang.1_0.compiler (in target 'DlibLandmarks' from project 'FaceRecognitionDlib')
    cd /Users/admin/builder/spi-builder-workspace/.swiftpm/xcode

    Using response file: /Users/admin/builder/spi-builder-workspace/.derivedData/Build/Intermediates.noindex/FaceRecognitionDlib.build/Debug-watchos/DlibLandmarks-t.build/Objects-normal/arm64_32/af3fcb34312c57c0f52879cdce924b91-common-args.resp

    /Applications/Xcode-27.0.0-Release.Candidate.app/Contents/Developer/Toolchains/XcodeDefault.xctoolchain/usr/bin/clang -x objective-c++ -ivfsstatcache /Users/admin/builder/spi-builder-workspace/.derivedData/SDKStatCaches.noindex/watchos27.0-24R360-e829b21a6f8c9b70876ba0858053c04477534ef55a1706bf4c1112bbb242f0a2.sdkstatcache -target arm64_32-apple-watchos9.0 -fmessage-length\=0 -fdiagnostics-show-note-include-stack -fmacro-backtrace-limit\=0 -fno-color-diagnostics -fmodules-prune-interval\=86400 -fmodules-prune-after\=345600 -fbuild-session-file\=/Users/admin/builder/spi-builder-workspace/.derivedData/ModuleCache.noindex/Session.modulevalidation -fmodules-validate-once-per-build-session -Wnon-modular-include-in-framework-module -Werror\=non-modular-include-in-framework-module -Wno-trigraphs -Wno-missing-field-initializers -Wno-missing-prototypes -Wno-return-type -Wno-implicit-atomic-properties -Wno-objc-interface-ivars -Wno-arc-repeated-use-of-weak -Wno-non-virtual-dtor -Wno-overloaded-virtual -Wno-exit-time-destructors -Wno-missing-braces -Wparentheses -Wswitch -Wno-unused-function -Wno-unused-label -Wno-unused-parameter -Wno-unused-variable -Wunused-value -Wno-empty-body -Wno-uninitialized -Wno-unknown-pragmas -Wno-shadow -Wno-four-char-constants -Wno-conversion -Wno-constant-conversion -Wno-int-conversion -Wno-bool-conversion -Wno-enum-conversion -Wno-float-conversion -Wno-non-literal-null-conversion -Wno-objc-literal-conversion -Wno-shorten-64-to-32 -Wno-newline-eof -Wno-selector -Wno-strict-selector-match -Wno-undeclared-selector -Wno-deprecated-implementations -Wno-c++11-extensions -Wno-implicit-fallthrough -isysroot /Applications/Xcode-27.0.0-Release.Candidate.app/Contents/Developer/Platforms/WatchOS.platform/Developer/SDKs/WatchOS27.0.sdk -fstrict-aliasing -Wprotocol -Wdeprecated-declarations -Winvalid-offsetof -Wno-sign-conversion -Wno-infinite-recursion -Wno-move -Wno-comma -Wno-block-capture-autoreleasing -Wno-strict-prototypes -Wno-range-loop-analysis -Wno-semicolon-before-method-body -index-store-path /Users/admin/builder/spi-builder-workspace/.derivedData/Index.noindex/DataStore @/Users/admin/builder/spi-builder-workspace/.derivedData/Build/Intermediates.noindex/FaceRecognitionDlib.build/Debug-watchos/DlibLandmarks-t.build/Objects-normal/arm64_32/af3fcb34312c57c0f52879cdce924b91-common-args.resp -MMD -MT dependencies -MF /Users/admin/builder/spi-builder-workspace/.derivedData/Build/Intermediates.noindex/FaceRecognitionDlib.build/Debug-watchos/DlibLandmarks-t.build/Objects-normal/arm64_32/DlibLandmarks.d --serialize-diagnostics /Users/admin/builder/spi-builder-workspace/.derivedData/Build/Intermediates.noindex/FaceRecognitionDlib.build/Debug-watchos/DlibLandmarks-t.build/Objects-normal/arm64_32/DlibLandmarks.dia -c /Users/admin/builder/spi-builder-workspace/Sources/DlibLandmarks/DlibLandmarks.mm -o /Users/admin/builder/spi-builder-workspace/.derivedData/Build/Intermediates.noindex/FaceRecognitionDlib.build/Debug-watchos/DlibLandmarks-t.build/Objects-normal/arm64_32/DlibLandmarks.o -index-unit-output-path /FaceRecognitionDlib.build/Debug-watchos/DlibLandmarks-t.build/Objects-normal/arm64_32/DlibLandmarks.o
CompileC /Users/admin/builder/spi-builder-workspace/.derivedData/Build/Intermediates.noindex/FaceRecognitionDlib.build/Debug-watchos/DlibLandmarks-t.build/Objects-normal/arm64/DlibLandmarks.o /Users/admin/builder/spi-builder-workspace/Sources/DlibLandmarks/DlibLandmarks.mm normal arm64 objective-c++ com.apple.compilers.llvm.clang.1_0.compiler (in target 'DlibLandmarks' from project 'FaceRecognitionDlib')
    cd /Users/admin/builder/spi-builder-workspace/.swiftpm/xcode

    Using response file: /Users/admin/builder/spi-builder-workspace/.derivedData/Build/Intermediates.noindex/FaceRecognitionDlib.build/Debug-watchos/DlibLandmarks-t.build/Objects-normal/arm64/af3fcb34312c57c0f52879cdce924b91-common-args.resp

    /Applications/Xcode-27.0.0-Release.Candidate.app/Contents/Developer/Toolchains/XcodeDefault.xctoolchain/usr/bin/clang -x objective-c++ -ivfsstatcache /Users/admin/builder/spi-builder-workspace/.derivedData/SDKStatCaches.noindex/watchos27.0-24R360-e829b21a6f8c9b70876ba0858053c04477534ef55a1706bf4c1112bbb242f0a2.sdkstatcache -target arm64-apple-watchos9.0 -fmessage-length\=0 -fdiagnostics-show-note-include-stack -fmacro-backtrace-limit\=0 -fno-color-diagnostics -fmodules-prune-interval\=86400 -fmodules-prune-after\=345600 -fbuild-session-file\=/Users/admin/builder/spi-builder-workspace/.derivedData/ModuleCache.noindex/Session.modulevalidation -fmodules-validate-once-per-build-session -Wnon-modular-include-in-framework-module -Werror\=non-modular-include-in-framework-module -Wno-trigraphs -Wno-missing-field-initializers -Wno-missing-prototypes -Wno-return-type -Wno-implicit-atomic-properties -Wno-objc-interface-ivars -Wno-arc-repeated-use-of-weak -Wno-non-virtual-dtor -Wno-overloaded-virtual -Wno-exit-time-destructors -Wno-missing-braces -Wparentheses -Wswitch -Wno-unused-function -Wno-unused-label -Wno-unused-parameter -Wno-unused-variable -Wunused-value -Wno-empty-body -Wno-uninitialized -Wno-unknown-pragmas -Wno-shadow -Wno-four-char-constants -Wno-conversion -Wno-constant-conversion -Wno-int-conversion -Wno-bool-conversion -Wno-enum-conversion -Wno-float-conversion -Wno-non-literal-null-conversion -Wno-objc-literal-conversion -Wshorten-64-to-32 -Wno-newline-eof -Wno-selector -Wno-strict-selector-match -Wno-undeclared-selector -Wno-deprecated-implementations -Wno-c++11-extensions -Wno-implicit-fallthrough -isysroot /Applications/Xcode-27.0.0-Release.Candidate.app/Contents/Developer/Platforms/WatchOS.platform/Developer/SDKs/WatchOS27.0.sdk -fstrict-aliasing -Wprotocol -Wdeprecated-declarations -Winvalid-offsetof -Wno-sign-conversion -Wno-infinite-recursion -Wno-move -Wno-comma -Wno-block-capture-autoreleasing -Wno-strict-prototypes -Wno-range-loop-analysis -Wno-semicolon-before-method-body -index-store-path /Users/admin/builder/spi-builder-workspace/.derivedData/Index.noindex/DataStore @/Users/admin/builder/spi-builder-workspace/.derivedData/Build/Intermediates.noindex/FaceRecognitionDlib.build/Debug-watchos/DlibLandmarks-t.build/Objects-normal/arm64/af3fcb34312c57c0f52879cdce924b91-common-args.resp -MMD -MT dependencies -MF /Users/admin/builder/spi-builder-workspace/.derivedData/Build/Intermediates.noindex/FaceRecognitionDlib.build/Debug-watchos/DlibLandmarks-t.build/Objects-normal/arm64/DlibLandmarks.d --serialize-diagnostics /Users/admin/builder/spi-builder-workspace/.derivedData/Build/Intermediates.noindex/FaceRecognitionDlib.build/Debug-watchos/DlibLandmarks-t.build/Objects-normal/arm64/DlibLandmarks.dia -c /Users/admin/builder/spi-builder-workspace/Sources/DlibLandmarks/DlibLandmarks.mm -o /Users/admin/builder/spi-builder-workspace/.derivedData/Build/Intermediates.noindex/FaceRecognitionDlib.build/Debug-watchos/DlibLandmarks-t.build/Objects-normal/arm64/DlibLandmarks.o -index-unit-output-path /FaceRecognitionDlib.build/Debug-watchos/DlibLandmarks-t.build/Objects-normal/arm64/DlibLandmarks.o
ScanDependencies /Users/admin/builder/spi-builder-workspace/.derivedData/Build/Intermediates.noindex/FaceRecognitionDlib.build/Debug-watchos/DlibLandmarks-t.build/Objects-normal/arm64_32/DlibLandmarkLocations.o /Users/admin/builder/spi-builder-workspace/Sources/DlibLandmarks/DlibLandmarkLocations.m normal arm64_32 objective-c com.apple.compilers.llvm.clang.1_0.compiler (in target 'DlibLandmarks' from project 'FaceRecognitionDlib')
    cd /Users/admin/builder/spi-builder-workspace/.swiftpm/xcode

    Using response file: /Users/admin/builder/spi-builder-workspace/.derivedData/Build/Intermediates.noindex/FaceRecognitionDlib.build/Debug-watchos/DlibLandmarks-t.build/Objects-normal/arm64_32/e6072d4f65d7061329687fe24e3d63a7-common-args.resp

    builtin-ScanDependencies -o /Users/admin/builder/spi-builder-workspace/.derivedData/Build/Intermediates.noindex/FaceRecognitionDlib.build/Debug-watchos/DlibLandmarks-t.build/Objects-normal/arm64_32/DlibLandmarkLocations.o.scan -- /Applications/Xcode-27.0.0-Release.Candidate.app/Contents/Developer/Toolchains/XcodeDefault.xctoolchain/usr/bin/clang -x objective-c -ivfsstatcache /Users/admin/builder/spi-builder-workspace/.derivedData/SDKStatCaches.noindex/watchos27.0-24R360-e829b21a6f8c9b70876ba0858053c04477534ef55a1706bf4c1112bbb242f0a2.sdkstatcache -target arm64_32-apple-watchos9.0 -fmessage-length\=0 -fdiagnostics-show-note-include-stack -fmacro-backtrace-limit\=0 -fno-color-diagnostics -fmodules-prune-interval\=86400 -fmodules-prune-after\=345600 -fbuild-session-file\=/Users/admin/builder/spi-builder-workspace/.derivedData/ModuleCache.noindex/Session.modulevalidation -fmodules-validate-once-per-build-session -Wnon-modular-include-in-framework-module -Werror\=non-modular-include-in-framework-module -Wno-trigraphs -Wno-missing-field-initializers -Wno-missing-prototypes -Wno-return-type -Wno-implicit-atomic-properties -Wno-objc-interface-ivars -Wno-arc-repeated-use-of-weak -Wno-missing-braces -Wparentheses -Wswitch -Wno-unused-function -Wno-unused-label -Wno-unused-parameter -Wno-unused-variable -Wunused-value -Wno-empty-body -Wno-uninitialized -Wno-unknown-pragmas -Wno-shadow -Wno-four-char-constants -Wno-conversion -Wno-constant-conversion -Wno-int-conversion -Wno-bool-conversion -Wno-enum-conversion -Wno-float-conversion -Wno-non-literal-null-conversion -Wno-objc-literal-conversion -Wno-shorten-64-to-32 -Wpointer-sign -Wno-newline-eof -Wno-selector -Wno-strict-selector-match -Wno-undeclared-selector -Wno-deprecated-implementations -Wno-implicit-fallthrough -isysroot /Applications/Xcode-27.0.0-Release.Candidate.app/Contents/Developer/Platforms/WatchOS.platform/Developer/SDKs/WatchOS27.0.sdk -fstrict-aliasing -Wprotocol -Wdeprecated-declarations -Wno-sign-conversion -Wno-infinite-recursion -Wno-comma -Wno-block-capture-autoreleasing -Wno-strict-prototypes -Wno-semicolon-before-method-body -index-store-path /Users/admin/builder/spi-builder-workspace/.derivedData/Index.noindex/DataStore @/Users/admin/builder/spi-builder-workspace/.derivedData/Build/Intermediates.noindex/FaceRecognitionDlib.build/Debug-watchos/DlibLandmarks-t.build/Objects-normal/arm64_32/e6072d4f65d7061329687fe24e3d63a7-common-args.resp -MMD -MT dependencies -MF /Users/admin/builder/spi-builder-workspace/.derivedData/Build/Intermediates.noindex/FaceRecognitionDlib.build/Debug-watchos/DlibLandmarks-t.build/Objects-normal/arm64_32/DlibLandmarkLocations.d --serialize-diagnostics /Users/admin/builder/spi-builder-workspace/.derivedData/Build/Intermediates.noindex/FaceRecognitionDlib.build/Debug-watchos/DlibLandmarks-t.build/Objects-normal/arm64_32/DlibLandmarkLocations.dia -c /Users/admin/builder/spi-builder-workspace/Sources/DlibLandmarks/DlibLandmarkLocations.m -o /Users/admin/builder/spi-builder-workspace/.derivedData/Build/Intermediates.noindex/FaceRecognitionDlib.build/Debug-watchos/DlibLandmarks-t.build/Objects-normal/arm64_32/DlibLandmarkLocations.o -index-unit-output-path /FaceRecognitionDlib.build/Debug-watchos/DlibLandmarks-t.build/Objects-normal/arm64_32/DlibLandmarkLocations.o
SwiftDriver VerIDCommonTypes normal arm64 com.apple.xcode.tools.swift.compiler (in target 'VerIDCommonTypes' from project 'VerIDCommonTypes')
    cd /Users/admin/builder/spi-builder-workspace/.swiftpm/xcode
    builtin-SwiftDriver -- /Applications/Xcode-27.0.0-Release.Candidate.app/Contents/Developer/Toolchains/XcodeDefault.xctoolchain/usr/bin/swiftc -parse-as-library -module-name VerIDCommonTypes -Onone @/Users/admin/builder/spi-builder-workspace/.derivedData/Build/Intermediates.noindex/VerIDCommonTypes.build/Debug-watchos/VerIDCommonTypes-t.build/Objects-normal/arm64/VerIDCommonTypes.SwiftFileList -DSWIFT_PACKAGE -DDEBUG -DSWIFT_MODULE_RESOURCE_BUNDLE_UNAVAILABLE -DXcode -plugin-path /Applications/Xcode-27.0.0-Release.Candidate.app/Contents/Developer/Toolchains/XcodeDefault.xctoolchain/usr/lib/swift/host/plugins/testing -enable-experimental-feature DebugDescriptionMacro -sdk /Applications/Xcode-27.0.0-Release.Candidate.app/Contents/Developer/Platforms/WatchOS.platform/Developer/SDKs/WatchOS27.0.sdk -target arm64-apple-watchos9.0 -g -module-cache-path /Users/admin/builder/spi-builder-workspace/.derivedData/ModuleCache.noindex -Xfrontend -serialize-debugging-options -profile-coverage-mapping -profile-generate -enable-testing -suppress-warnings -index-store-path /Users/admin/builder/spi-builder-workspace/.derivedData/Index.noindex/DataStore -Xcc -D_LIBCPP_HARDENING_MODE\=_LIBCPP_HARDENING_MODE_DEBUG -swift-version 5 -I /Users/admin/builder/spi-builder-workspace/.derivedData/Build/Products/Debug-watchos -Isystem /Applications/Xcode-27.0.0-Release.Candidate.app/Contents/Developer/Platforms/WatchOS.platform/Developer/usr/lib -F /Users/admin/builder/spi-builder-workspace/.derivedData/Build/Products/Debug-watchos -F /Applications/Xcode-27.0.0-Release.Candidate.app/Contents/Developer/Platforms/WatchOS.platform/Developer/Library/Frameworks -F /Applications/Xcode-27.0.0-Release.Candidate.app/Contents/Developer/Platforms/WatchOS.platform/Developer/SDKs/WatchOS27.0.sdk/Developer/Library/Frameworks -c -j10 -enable-batch-mode -incremental -Xcc -ivfsstatcache -Xcc /Users/admin/builder/spi-builder-workspace/.derivedData/SDKStatCaches.noindex/watchos27.0-24R360-e829b21a6f8c9b70876ba0858053c04477534ef55a1706bf4c1112bbb242f0a2.sdkstatcache -output-file-map /Users/admin/builder/spi-builder-workspace/.derivedData/Build/Intermediates.noindex/VerIDCommonTypes.build/Debug-watchos/VerIDCommonTypes-t.build/Objects-normal/arm64/VerIDCommonTypes-OutputFileMap.json -save-temps -no-color-diagnostics -explicit-module-build -module-cache-path /Users/admin/builder/spi-builder-workspace/.derivedData/Build/Intermediates.noindex/SwiftExplicitPrecompiledModules -clang-scanner-module-cache-path /Users/admin/builder/spi-builder-workspace/.derivedData/ModuleCache.noindex -sdk-module-cache-path /Users/admin/builder/spi-builder-workspace/.derivedData/SDKExplicitPrecompiledModules -emit-dependencies -emit-module -emit-module-path /Users/admin/builder/spi-builder-workspace/.derivedData/Build/Intermediates.noindex/VerIDCommonTypes.build/Debug-watchos/VerIDCommonTypes-t.build/Objects-normal/arm64/VerIDCommonTypes.swiftmodule -serialize-diagnostics -dependency-scan-serialize-diagnostics-path /Users/admin/builder/spi-builder-workspace/.derivedData/Build/Intermediates.noindex/VerIDCommonTypes.build/Debug-watchos/VerIDCommonTypes-t.build/Objects-normal/arm64/VerIDCommonTypes-dependency-scan.dia -validate-clang-modules-once -clang-build-session-file /Users/admin/builder/spi-builder-workspace/.derivedData/ModuleCache.noindex/Session.modulevalidation -Xcc -fmodules-prune-interval\=86400 -Xcc -fmodules-prune-after\=345600 -package-name ver_id_common_types_apple -emit-const-values -const-gather-protocols-list /Users/admin/builder/spi-builder-workspace/.derivedData/Build/Intermediates.noindex/VerIDCommonTypes.build/Debug-watchos/VerIDCommonTypes-t.build/Objects-normal/arm64/VerIDCommonTypes_const_extract_protocols.json -Xcc -I/Users/admin/builder/spi-builder-workspace/.derivedData/Build/Products/Debug-watchos/include -Xcc -I/Users/admin/builder/spi-builder-workspace/.derivedData/Build/Intermediates.noindex/VerIDCommonTypes.build/Debug-watchos/VerIDCommonTypes-t.build/DerivedSources-normal/arm64 -Xcc -I/Users/admin/builder/spi-builder-workspace/.derivedData/Build/Intermediates.noindex/VerIDCommonTypes.build/Debug-watchos/VerIDCommonTypes-t.build/DerivedSources/arm64 -Xcc -I/Users/admin/builder/spi-builder-workspace/.derivedData/Build/Intermediates.noindex/VerIDCommonTypes.build/Debug-watchos/VerIDCommonTypes-t.build/DerivedSources -Xcc -DSWIFT_PACKAGE -Xcc -DDEBUG\=1 -emit-objc-header -emit-objc-header-path /Users/admin/builder/spi-builder-workspace/.derivedData/Build/Intermediates.noindex/VerIDCommonTypes.build/Debug-watchos/VerIDCommonTypes-t.build/Objects-normal/arm64/VerIDCommonTypes-Swift.h -working-directory /Users/admin/builder/spi-builder-workspace/.swiftpm/xcode -experimental-emit-module-separately -disable-cmo
/Users/admin/builder/spi-builder-workspace/.dependencies/checkouts/Ver-ID-Common-Types-Apple/Sources/VerIDCommonTypes/Image.swift:17:8: error: Unable to resolve module dependency: 'CoreImage' (in target 'VerIDCommonTypes' from project 'VerIDCommonTypes')
    note: A dependency of main module 'VerIDCommonTypes'
/Users/admin/builder/spi-builder-workspace/.dependencies/checkouts/Ver-ID-Common-Types-Apple/Sources/VerIDCommonTypes/Image.swift:17:8: note: A dependency of main module 'VerIDCommonTypes'
import CoreImage
       ^ (in target 'VerIDCommonTypes' from project 'VerIDCommonTypes')
SwiftDriver VerIDCommonTypes normal arm64_32 com.apple.xcode.tools.swift.compiler (in target 'VerIDCommonTypes' from project 'VerIDCommonTypes')
    cd /Users/admin/builder/spi-builder-workspace/.swiftpm/xcode
    builtin-SwiftDriver -- /Applications/Xcode-27.0.0-Release.Candidate.app/Contents/Developer/Toolchains/XcodeDefault.xctoolchain/usr/bin/swiftc -parse-as-library -module-name VerIDCommonTypes -Onone @/Users/admin/builder/spi-builder-workspace/.derivedData/Build/Intermediates.noindex/VerIDCommonTypes.build/Debug-watchos/VerIDCommonTypes-t.build/Objects-normal/arm64_32/VerIDCommonTypes.SwiftFileList -DSWIFT_PACKAGE -DDEBUG -DSWIFT_MODULE_RESOURCE_BUNDLE_UNAVAILABLE -DXcode -plugin-path /Applications/Xcode-27.0.0-Release.Candidate.app/Contents/Developer/Toolchains/XcodeDefault.xctoolchain/usr/lib/swift/host/plugins/testing -enable-experimental-feature DebugDescriptionMacro -sdk /Applications/Xcode-27.0.0-Release.Candidate.app/Contents/Developer/Platforms/WatchOS.platform/Developer/SDKs/WatchOS27.0.sdk -target arm64_32-apple-watchos9.0 -g -module-cache-path /Users/admin/builder/spi-builder-workspace/.derivedData/ModuleCache.noindex -Xfrontend -serialize-debugging-options -profile-coverage-mapping -profile-generate -enable-testing -suppress-warnings -index-store-path /Users/admin/builder/spi-builder-workspace/.derivedData/Index.noindex/DataStore -Xcc -D_LIBCPP_HARDENING_MODE\=_LIBCPP_HARDENING_MODE_DEBUG -swift-version 5 -I /Users/admin/builder/spi-builder-workspace/.derivedData/Build/Products/Debug-watchos -Isystem /Applications/Xcode-27.0.0-Release.Candidate.app/Contents/Developer/Platforms/WatchOS.platform/Developer/usr/lib -F /Users/admin/builder/spi-builder-workspace/.derivedData/Build/Products/Debug-watchos -F /Applications/Xcode-27.0.0-Release.Candidate.app/Contents/Developer/Platforms/WatchOS.platform/Developer/Library/Frameworks -F /Applications/Xcode-27.0.0-Release.Candidate.app/Contents/Developer/Platforms/WatchOS.platform/Developer/SDKs/WatchOS27.0.sdk/Developer/Library/Frameworks -c -j10 -enable-batch-mode -incremental -Xcc -ivfsstatcache -Xcc /Users/admin/builder/spi-builder-workspace/.derivedData/SDKStatCaches.noindex/watchos27.0-24R360-e829b21a6f8c9b70876ba0858053c04477534ef55a1706bf4c1112bbb242f0a2.sdkstatcache -output-file-map /Users/admin/builder/spi-builder-workspace/.derivedData/Build/Intermediates.noindex/VerIDCommonTypes.build/Debug-watchos/VerIDCommonTypes-t.build/Objects-normal/arm64_32/VerIDCommonTypes-OutputFileMap.json -save-temps -no-color-diagnostics -explicit-module-build -module-cache-path /Users/admin/builder/spi-builder-workspace/.derivedData/Build/Intermediates.noindex/SwiftExplicitPrecompiledModules -clang-scanner-module-cache-path /Users/admin/builder/spi-builder-workspace/.derivedData/ModuleCache.noindex -sdk-module-cache-path /Users/admin/builder/spi-builder-workspace/.derivedData/SDKExplicitPrecompiledModules -emit-dependencies -emit-module -emit-module-path /Users/admin/builder/spi-builder-workspace/.derivedData/Build/Intermediates.noindex/VerIDCommonTypes.build/Debug-watchos/VerIDCommonTypes-t.build/Objects-normal/arm64_32/VerIDCommonTypes.swiftmodule -serialize-diagnostics -dependency-scan-serialize-diagnostics-path /Users/admin/builder/spi-builder-workspace/.derivedData/Build/Intermediates.noindex/VerIDCommonTypes.build/Debug-watchos/VerIDCommonTypes-t.build/Objects-normal/arm64_32/VerIDCommonTypes-dependency-scan.dia -validate-clang-modules-once -clang-build-session-file /Users/admin/builder/spi-builder-workspace/.derivedData/ModuleCache.noindex/Session.modulevalidation -Xcc -fmodules-prune-interval\=86400 -Xcc -fmodules-prune-after\=345600 -package-name ver_id_common_types_apple -emit-const-values -const-gather-protocols-list /Users/admin/builder/spi-builder-workspace/.derivedData/Build/Intermediates.noindex/VerIDCommonTypes.build/Debug-watchos/VerIDCommonTypes-t.build/Objects-normal/arm64_32/VerIDCommonTypes_const_extract_protocols.json -Xcc -I/Users/admin/builder/spi-builder-workspace/.derivedData/Build/Products/Debug-watchos/include -Xcc -I/Users/admin/builder/spi-builder-workspace/.derivedData/Build/Intermediates.noindex/VerIDCommonTypes.build/Debug-watchos/VerIDCommonTypes-t.build/DerivedSources-normal/arm64_32 -Xcc -I/Users/admin/builder/spi-builder-workspace/.derivedData/Build/Intermediates.noindex/VerIDCommonTypes.build/Debug-watchos/VerIDCommonTypes-t.build/DerivedSources/arm64_32 -Xcc -I/Users/admin/builder/spi-builder-workspace/.derivedData/Build/Intermediates.noindex/VerIDCommonTypes.build/Debug-watchos/VerIDCommonTypes-t.build/DerivedSources -Xcc -DSWIFT_PACKAGE -Xcc -DDEBUG\=1 -emit-objc-header -emit-objc-header-path /Users/admin/builder/spi-builder-workspace/.derivedData/Build/Intermediates.noindex/VerIDCommonTypes.build/Debug-watchos/VerIDCommonTypes-t.build/Objects-normal/arm64_32/VerIDCommonTypes-Swift.h -working-directory /Users/admin/builder/spi-builder-workspace/.swiftpm/xcode -experimental-emit-module-separately -disable-cmo
/Users/admin/builder/spi-builder-workspace/.dependencies/checkouts/Ver-ID-Common-Types-Apple/Sources/VerIDCommonTypes/Image.swift:17:8: error: Unable to resolve module dependency: 'CoreImage' (in target 'VerIDCommonTypes' from project 'VerIDCommonTypes')
    note: A dependency of main module 'VerIDCommonTypes'
/Users/admin/builder/spi-builder-workspace/.dependencies/checkouts/Ver-ID-Common-Types-Apple/Sources/VerIDCommonTypes/Image.swift:17:8: note: A dependency of main module 'VerIDCommonTypes'
import CoreImage
       ^ (in target 'VerIDCommonTypes' from project 'VerIDCommonTypes')
ScanDependencies /Users/admin/builder/spi-builder-workspace/.derivedData/Build/Intermediates.noindex/FaceRecognitionDlib.build/Debug-watchos/DlibLandmarks-t.build/Objects-normal/arm64/DlibLandmarkLocations.o /Users/admin/builder/spi-builder-workspace/Sources/DlibLandmarks/DlibLandmarkLocations.m normal arm64 objective-c com.apple.compilers.llvm.clang.1_0.compiler (in target 'DlibLandmarks' from project 'FaceRecognitionDlib')
    cd /Users/admin/builder/spi-builder-workspace/.swiftpm/xcode

    Using response file: /Users/admin/builder/spi-builder-workspace/.derivedData/Build/Intermediates.noindex/FaceRecognitionDlib.build/Debug-watchos/DlibLandmarks-t.build/Objects-normal/arm64/e6072d4f65d7061329687fe24e3d63a7-common-args.resp

    builtin-ScanDependencies -o /Users/admin/builder/spi-builder-workspace/.derivedData/Build/Intermediates.noindex/FaceRecognitionDlib.build/Debug-watchos/DlibLandmarks-t.build/Objects-normal/arm64/DlibLandmarkLocations.o.scan -- /Applications/Xcode-27.0.0-Release.Candidate.app/Contents/Developer/Toolchains/XcodeDefault.xctoolchain/usr/bin/clang -x objective-c -ivfsstatcache /Users/admin/builder/spi-builder-workspace/.derivedData/SDKStatCaches.noindex/watchos27.0-24R360-e829b21a6f8c9b70876ba0858053c04477534ef55a1706bf4c1112bbb242f0a2.sdkstatcache -target arm64-apple-watchos9.0 -fmessage-length\=0 -fdiagnostics-show-note-include-stack -fmacro-backtrace-limit\=0 -fno-color-diagnostics -fmodules-prune-interval\=86400 -fmodules-prune-after\=345600 -fbuild-session-file\=/Users/admin/builder/spi-builder-workspace/.derivedData/ModuleCache.noindex/Session.modulevalidation -fmodules-validate-once-per-build-session -Wnon-modular-include-in-framework-module -Werror\=non-modular-include-in-framework-module -Wno-trigraphs -Wno-missing-field-initializers -Wno-missing-prototypes -Wno-return-type -Wno-implicit-atomic-properties -Wno-objc-interface-ivars -Wno-arc-repeated-use-of-weak -Wno-missing-braces -Wparentheses -Wswitch -Wno-unused-function -Wno-unused-label -Wno-unused-parameter -Wno-unused-variable -Wunused-value -Wno-empty-body -Wno-uninitialized -Wno-unknown-pragmas -Wno-shadow -Wno-four-char-constants -Wno-conversion -Wno-constant-conversion -Wno-int-conversion -Wno-bool-conversion -Wno-enum-conversion -Wno-float-conversion -Wno-non-literal-null-conversion -Wno-objc-literal-conversion -Wshorten-64-to-32 -Wpointer-sign -Wno-newline-eof -Wno-selector -Wno-strict-selector-match -Wno-undeclared-selector -Wno-deprecated-implementations -Wno-implicit-fallthrough -isysroot /Applications/Xcode-27.0.0-Release.Candidate.app/Contents/Developer/Platforms/WatchOS.platform/Developer/SDKs/WatchOS27.0.sdk -fstrict-aliasing -Wprotocol -Wdeprecated-declarations -Wno-sign-conversion -Wno-infinite-recursion -Wno-comma -Wno-block-capture-autoreleasing -Wno-strict-prototypes -Wno-semicolon-before-method-body -index-store-path /Users/admin/builder/spi-builder-workspace/.derivedData/Index.noindex/DataStore @/Users/admin/builder/spi-builder-workspace/.derivedData/Build/Intermediates.noindex/FaceRecognitionDlib.build/Debug-watchos/DlibLandmarks-t.build/Objects-normal/arm64/e6072d4f65d7061329687fe24e3d63a7-common-args.resp -MMD -MT dependencies -MF /Users/admin/builder/spi-builder-workspace/.derivedData/Build/Intermediates.noindex/FaceRecognitionDlib.build/Debug-watchos/DlibLandmarks-t.build/Objects-normal/arm64/DlibLandmarkLocations.d --serialize-diagnostics /Users/admin/builder/spi-builder-workspace/.derivedData/Build/Intermediates.noindex/FaceRecognitionDlib.build/Debug-watchos/DlibLandmarks-t.build/Objects-normal/arm64/DlibLandmarkLocations.dia -c /Users/admin/builder/spi-builder-workspace/Sources/DlibLandmarks/DlibLandmarkLocations.m -o /Users/admin/builder/spi-builder-workspace/.derivedData/Build/Intermediates.noindex/FaceRecognitionDlib.build/Debug-watchos/DlibLandmarks-t.build/Objects-normal/arm64/DlibLandmarkLocations.o -index-unit-output-path /FaceRecognitionDlib.build/Debug-watchos/DlibLandmarks-t.build/Objects-normal/arm64/DlibLandmarkLocations.o
PrecompileModule /Users/admin/builder/spi-builder-workspace/.derivedData/Build/Intermediates.noindex/ExplicitPrecompiledModules/_Builtin_stddef-9363S2D16GNOH10R9SY7R8HDY.scan
    cd /
    builtin-precompileModule /Users/admin/builder/spi-builder-workspace/.derivedData/Build/Intermediates.noindex/ExplicitPrecompiledModules/_Builtin_stddef-9363S2D16GNOH10R9SY7R8HDY.scan
PrecompileModule /Users/admin/builder/spi-builder-workspace/.derivedData/Build/Intermediates.noindex/ExplicitPrecompiledModules/_Builtin_float-7U8YKBKHEF1DNQOIK4LMVCJB4.scan
    cd /
    builtin-precompileModule /Users/admin/builder/spi-builder-workspace/.derivedData/Build/Intermediates.noindex/ExplicitPrecompiledModules/_Builtin_float-7U8YKBKHEF1DNQOIK4LMVCJB4.scan
PrecompileModule /Users/admin/builder/spi-builder-workspace/.derivedData/Build/Intermediates.noindex/ExplicitPrecompiledModules/_Builtin_stdbool-DYJSBS0EVD79FUNVYQYXR0DRD.scan
    cd /
    builtin-precompileModule /Users/admin/builder/spi-builder-workspace/.derivedData/Build/Intermediates.noindex/ExplicitPrecompiledModules/_Builtin_stdbool-DYJSBS0EVD79FUNVYQYXR0DRD.scan
PrecompileModule /Users/admin/builder/spi-builder-workspace/.derivedData/Build/Intermediates.noindex/ExplicitPrecompiledModules/ptrauth-A151HY26KSH5VMZOD8FOVTXMC.scan
    cd /
    builtin-precompileModule /Users/admin/builder/spi-builder-workspace/.derivedData/Build/Intermediates.noindex/ExplicitPrecompiledModules/ptrauth-A151HY26KSH5VMZOD8FOVTXMC.scan
PrecompileModule /Users/admin/builder/spi-builder-workspace/.derivedData/Build/Intermediates.noindex/ExplicitPrecompiledModules/_Builtin_stdarg-7UZYMJS7OHPHCJ2UHH2KXV1SL.scan
    cd /
    builtin-precompileModule /Users/admin/builder/spi-builder-workspace/.derivedData/Build/Intermediates.noindex/ExplicitPrecompiledModules/_Builtin_stdarg-7UZYMJS7OHPHCJ2UHH2KXV1SL.scan
PrecompileModule /Users/admin/builder/spi-builder-workspace/.derivedData/Build/Intermediates.noindex/ExplicitPrecompiledModules/_AvailabilityInternal-AFG6WXGS7L5KU07S996UZFOQO.scan
    cd /
    builtin-precompileModule /Users/admin/builder/spi-builder-workspace/.derivedData/Build/Intermediates.noindex/ExplicitPrecompiledModules/_AvailabilityInternal-AFG6WXGS7L5KU07S996UZFOQO.scan
PrecompileModule /Users/admin/builder/spi-builder-workspace/.derivedData/Build/Intermediates.noindex/ExplicitPrecompiledModules/_Builtin_stdarg-7KEXSKJ1RYQDZOK34N9DDLLAW.scan
    cd /
    builtin-precompileModule /Users/admin/builder/spi-builder-workspace/.derivedData/Build/Intermediates.noindex/ExplicitPrecompiledModules/_Builtin_stdarg-7KEXSKJ1RYQDZOK34N9DDLLAW.scan
PrecompileModule /Users/admin/builder/spi-builder-workspace/.derivedData/Build/Intermediates.noindex/ExplicitPrecompiledModules/ptrauth-9E8LKMWFP4QVX1K8WGCSKR22X.scan
    cd /
    builtin-precompileModule /Users/admin/builder/spi-builder-workspace/.derivedData/Build/Intermediates.noindex/ExplicitPrecompiledModules/ptrauth-9E8LKMWFP4QVX1K8WGCSKR22X.scan
PrecompileModule /Users/admin/builder/spi-builder-workspace/.derivedData/Build/Intermediates.noindex/ExplicitPrecompiledModules/_Builtin_stddef-B6CFMA1IM72KC0JKO3S72UJS6.scan
    cd /
    builtin-precompileModule /Users/admin/builder/spi-builder-workspace/.derivedData/Build/Intermediates.noindex/ExplicitPrecompiledModules/_Builtin_stddef-B6CFMA1IM72KC0JKO3S72UJS6.scan
PrecompileModule /Users/admin/builder/spi-builder-workspace/.derivedData/Build/Intermediates.noindex/ExplicitPrecompiledModules/_Builtin_float-58J1WQYQJTQABLNEZ9VST0AIM.scan
    cd /
    builtin-precompileModule /Users/admin/builder/spi-builder-workspace/.derivedData/Build/Intermediates.noindex/ExplicitPrecompiledModules/_Builtin_float-58J1WQYQJTQABLNEZ9VST0AIM.scan
PrecompileModule /Users/admin/builder/spi-builder-workspace/.derivedData/Build/Intermediates.noindex/ExplicitPrecompiledModules/_AvailabilityInternal-ACH78YBE7YO3WNPREF99TMAYC.scan
    cd /
    builtin-precompileModule /Users/admin/builder/spi-builder-workspace/.derivedData/Build/Intermediates.noindex/ExplicitPrecompiledModules/_AvailabilityInternal-ACH78YBE7YO3WNPREF99TMAYC.scan
PrecompileModule /Users/admin/builder/spi-builder-workspace/.derivedData/Build/Intermediates.noindex/ExplicitPrecompiledModules/ptrcheck-CPR6UAKUGGRI3HO7H1PF4MQG5.scan
    cd /
    builtin-precompileModule /Users/admin/builder/spi-builder-workspace/.derivedData/Build/Intermediates.noindex/ExplicitPrecompiledModules/ptrcheck-CPR6UAKUGGRI3HO7H1PF4MQG5.scan
PrecompileModule /Users/admin/builder/spi-builder-workspace/.derivedData/Build/Intermediates.noindex/ExplicitPrecompiledModules/_Builtin_stdbool-CT6UK4KL97ZTWHZ8SZXE0NAX7.scan
    cd /
    builtin-precompileModule /Users/admin/builder/spi-builder-workspace/.derivedData/Build/Intermediates.noindex/ExplicitPrecompiledModules/_Builtin_stdbool-CT6UK4KL97ZTWHZ8SZXE0NAX7.scan
PrecompileModule /Users/admin/builder/spi-builder-workspace/.derivedData/Build/Intermediates.noindex/ExplicitPrecompiledModules/ptrcheck-CT3G7ZKEOHBGGW0N07ZWF2XJE.scan
    cd /
    builtin-precompileModule /Users/admin/builder/spi-builder-workspace/.derivedData/Build/Intermediates.noindex/ExplicitPrecompiledModules/ptrcheck-CT3G7ZKEOHBGGW0N07ZWF2XJE.scan
PrecompileModule /Users/admin/builder/spi-builder-workspace/.derivedData/Build/Intermediates.noindex/ExplicitPrecompiledModules/_DarwinFoundation1-4JSC5FPUWV9O41OGSXRKZXJQQ.scan
    cd /
    builtin-precompileModule /Users/admin/builder/spi-builder-workspace/.derivedData/Build/Intermediates.noindex/ExplicitPrecompiledModules/_DarwinFoundation1-4JSC5FPUWV9O41OGSXRKZXJQQ.scan
PrecompileModule /Users/admin/builder/spi-builder-workspace/.derivedData/Build/Intermediates.noindex/ExplicitPrecompiledModules/_DarwinFoundation1-75DU2D3E6YUTFNE88UZC1N3BN.scan
    cd /
    builtin-precompileModule /Users/admin/builder/spi-builder-workspace/.derivedData/Build/Intermediates.noindex/ExplicitPrecompiledModules/_DarwinFoundation1-75DU2D3E6YUTFNE88UZC1N3BN.scan
PrecompileModule /Users/admin/builder/spi-builder-workspace/.derivedData/Build/Intermediates.noindex/ExplicitPrecompiledModules/_Builtin_limits-8SB6HNEX0JB42SIWYR7LZ19YX.scan
    cd /
    builtin-precompileModule /Users/admin/builder/spi-builder-workspace/.derivedData/Build/Intermediates.noindex/ExplicitPrecompiledModules/_Builtin_limits-8SB6HNEX0JB42SIWYR7LZ19YX.scan
PrecompileModule /Users/admin/builder/spi-builder-workspace/.derivedData/Build/Intermediates.noindex/ExplicitPrecompiledModules/_DarwinFoundation2-B3GNA1H5QVAI4DOOMN70390P.scan
    cd /
    builtin-precompileModule /Users/admin/builder/spi-builder-workspace/.derivedData/Build/Intermediates.noindex/ExplicitPrecompiledModules/_DarwinFoundation2-B3GNA1H5QVAI4DOOMN70390P.scan
PrecompileModule /Users/admin/builder/spi-builder-workspace/.derivedData/Build/Intermediates.noindex/ExplicitPrecompiledModules/_DarwinFoundation2-56I7M7X0ENMZ4SZIBG102DLFM.scan
    cd /
    builtin-precompileModule /Users/admin/builder/spi-builder-workspace/.derivedData/Build/Intermediates.noindex/ExplicitPrecompiledModules/_DarwinFoundation2-56I7M7X0ENMZ4SZIBG102DLFM.scan
PrecompileModule /Users/admin/builder/spi-builder-workspace/.derivedData/Build/Intermediates.noindex/ExplicitPrecompiledModules/_Builtin_limits-50H7RLO6YPBQ6MPNU2D86ODY8.scan
    cd /
    builtin-precompileModule /Users/admin/builder/spi-builder-workspace/.derivedData/Build/Intermediates.noindex/ExplicitPrecompiledModules/_Builtin_limits-50H7RLO6YPBQ6MPNU2D86ODY8.scan
PrecompileModule /Users/admin/builder/spi-builder-workspace/.derivedData/Build/Intermediates.noindex/ExplicitPrecompiledModules/_Builtin_stdint-EHXO9L637KL1K55SEXUSC06C1.scan
    cd /
    builtin-precompileModule /Users/admin/builder/spi-builder-workspace/.derivedData/Build/Intermediates.noindex/ExplicitPrecompiledModules/_Builtin_stdint-EHXO9L637KL1K55SEXUSC06C1.scan
PrecompileModule /Users/admin/builder/spi-builder-workspace/.derivedData/Build/Intermediates.noindex/ExplicitPrecompiledModules/_Builtin_stdint-93RE19RCR5GGCNOCHWYEE9MOE.scan
    cd /
    builtin-precompileModule /Users/admin/builder/spi-builder-workspace/.derivedData/Build/Intermediates.noindex/ExplicitPrecompiledModules/_Builtin_stdint-93RE19RCR5GGCNOCHWYEE9MOE.scan
PrecompileModule /Users/admin/builder/spi-builder-workspace/.derivedData/Build/Intermediates.noindex/ExplicitPrecompiledModules/_DarwinFoundation3-CQCUTRQKFYVDSFYDW4MY17X2D.scan
    cd /
    builtin-precompileModule /Users/admin/builder/spi-builder-workspace/.derivedData/Build/Intermediates.noindex/ExplicitPrecompiledModules/_DarwinFoundation3-CQCUTRQKFYVDSFYDW4MY17X2D.scan
PrecompileModule /Users/admin/builder/spi-builder-workspace/.derivedData/Build/Intermediates.noindex/ExplicitPrecompiledModules/_DarwinFoundation3-EMOR0PISZVCW4KZBIG5IP8B5R.scan
    cd /
    builtin-precompileModule /Users/admin/builder/spi-builder-workspace/.derivedData/Build/Intermediates.noindex/ExplicitPrecompiledModules/_DarwinFoundation3-EMOR0PISZVCW4KZBIG5IP8B5R.scan
PrecompileModule /Users/admin/builder/spi-builder-workspace/.derivedData/Build/Intermediates.noindex/ExplicitPrecompiledModules/_Builtin_inttypes-3CRSWJRXGM7RN9P3XCWPSJC7G.scan
    cd /
    builtin-precompileModule /Users/admin/builder/spi-builder-workspace/.derivedData/Build/Intermediates.noindex/ExplicitPrecompiledModules/_Builtin_inttypes-3CRSWJRXGM7RN9P3XCWPSJC7G.scan
PrecompileModule /Users/admin/builder/spi-builder-workspace/.derivedData/Build/Intermediates.noindex/ExplicitPrecompiledModules/_Builtin_inttypes-7SFNY00OCJD9CEGLZYQDOKTJE.scan
    cd /
    builtin-precompileModule /Users/admin/builder/spi-builder-workspace/.derivedData/Build/Intermediates.noindex/ExplicitPrecompiledModules/_Builtin_inttypes-7SFNY00OCJD9CEGLZYQDOKTJE.scan
PrecompileModule /Users/admin/builder/spi-builder-workspace/.derivedData/Build/Intermediates.noindex/ExplicitPrecompiledModules/Darwin-2VVMVW9GP15S732R1XPQHMI89.scan
    cd /
    builtin-precompileModule /Users/admin/builder/spi-builder-workspace/.derivedData/Build/Intermediates.noindex/ExplicitPrecompiledModules/Darwin-2VVMVW9GP15S732R1XPQHMI89.scan
PrecompileModule /Users/admin/builder/spi-builder-workspace/.derivedData/Build/Intermediates.noindex/ExplicitPrecompiledModules/Darwin-40MU43DJ0MPYLLJDL8J8HV98U.scan
    cd /
    builtin-precompileModule /Users/admin/builder/spi-builder-workspace/.derivedData/Build/Intermediates.noindex/ExplicitPrecompiledModules/Darwin-40MU43DJ0MPYLLJDL8J8HV98U.scan
PruneExplicitPrecompiledModules /Users/admin/builder/spi-builder-workspace/.derivedData/Build/Intermediates.noindex/SwiftExplicitPrecompiledModules
PruneExplicitPrecompiledModules /Users/admin/builder/spi-builder-workspace/.derivedData/Build/Intermediates.noindex/ExplicitPrecompiledModules
PruneExplicitPrecompiledModules /Users/admin/builder/spi-builder-workspace/.derivedData/SDKExplicitPrecompiledModules
2026-09-23 04:43:01.563 xcodebuild[746:4550] [MT] IDERunDestination: Supported platforms for the buildables in the current scheme is empty.
** BUILD FAILED **
The following build commands failed:
	SwiftDriver VerIDCommonTypes normal arm64 com.apple.xcode.tools.swift.compiler (in target 'VerIDCommonTypes' from project 'VerIDCommonTypes')
	SwiftDriver VerIDCommonTypes normal arm64_32 com.apple.xcode.tools.swift.compiler (in target 'VerIDCommonTypes' from project 'VerIDCommonTypes')
	Building workspace FaceRecognitionDlib with scheme FaceRecognitionDlib
(3 failures)
Command line invocation:
    /Applications/Xcode-27.0.0-Release.Candidate.app/Contents/Developer/usr/bin/xcodebuild -IDEClonedSourcePackagesDirPathOverride=/Users/admin/builder/spi-builder-workspace/.dependencies -resolvePackageDependencies
Resolve Package Graph
Invalid Resource 'Resources': File not found.
Resolved source packages:
  FaceDetectionRetinaFace: https://github.com/AppliedRecognition/Face-Detection-RetinaFace-Apple @ 1.0.5
  VerIDCommonTypes: https://github.com/AppliedRecognition/Ver-ID-Common-Types-Apple.git @ 3.3.0
  FaceRecognitionDlib: /Users/admin/builder/spi-builder-workspace
resolved source packages: FaceDetectionRetinaFace, VerIDCommonTypes, FaceRecognitionDlib
2026-09-23 04:43:05.498 xcodebuild[836:5093] [MT] IDERunDestination: Supported platforms for the buildables in the current scheme is empty.
{
  "cxx_language_standard" : "c++17",
  "dependencies" : [
    {
      "identity" : "ver-id-common-types-apple",
      "requirement" : {
        "range" : [
          {
            "lower_bound" : "3.0.0",
            "upper_bound" : "4.0.0"
          }
        ]
      },
      "type" : "sourceControl",
      "url" : "https://github.com/AppliedRecognition/Ver-ID-Common-Types-Apple.git"
    },
    {
      "identity" : "face-detection-retinaface-apple",
      "requirement" : {
        "range" : [
          {
            "lower_bound" : "1.0.4",
            "upper_bound" : "2.0.0"
          }
        ]
      },
      "type" : "sourceControl",
      "url" : "https://github.com/AppliedRecognition/Face-Detection-RetinaFace-Apple"
    }
  ],
  "manifest_display_name" : "FaceRecognitionDlib",
  "name" : "FaceRecognitionDlib",
  "path" : "/Users/admin/builder/spi-builder-workspace",
  "platforms" : [
    {
      "name" : "ios",
      "version" : "15.0"
    }
  ],
  "products" : [
    {
      "name" : "FaceRecognitionDlib",
      "targets" : [
        "FaceRecognitionDlib"
      ],
      "type" : {
        "library" : [
          "automatic"
        ]
      }
    }
  ],
  "targets" : [
    {
      "c99name" : "FaceRecognitionDlibTests",
      "module_type" : "SwiftTarget",
      "name" : "FaceRecognitionDlibTests",
      "path" : "Tests/FaceRecognitionDlibTests",
      "product_dependencies" : [
        "FaceDetectionRetinaFace"
      ],
      "resources" : [
        {
          "path" : "/Users/admin/builder/spi-builder-workspace/Tests/FaceRecognitionDlibTests/Resources/face.png",
          "rule" : {
            "process" : {
            }
          }
        },
        {
          "path" : "/Users/admin/builder/spi-builder-workspace/Tests/FaceRecognitionDlibTests/Resources/subject1-01.jpg",
          "rule" : {
            "process" : {
            }
          }
        },
        {
          "path" : "/Users/admin/builder/spi-builder-workspace/Tests/FaceRecognitionDlibTests/Resources/subject1-02.jpg",
          "rule" : {
            "process" : {
            }
          }
        },
        {
          "path" : "/Users/admin/builder/spi-builder-workspace/Tests/FaceRecognitionDlibTests/Resources/subject2-01.jpg",
          "rule" : {
            "process" : {
            }
          }
        }
      ],
      "sources" : [
        "FaceRecognitionDlibTests.swift"
      ],
      "target_dependencies" : [
        "FaceRecognitionDlib"
      ],
      "type" : "test"
    },
    {
      "c99name" : "FaceRecognitionDlib",
      "module_type" : "SwiftTarget",
      "name" : "FaceRecognitionDlib",
      "path" : "Sources/FaceRecognitionDlib",
      "product_dependencies" : [
        "VerIDCommonTypes"
      ],
      "product_memberships" : [
        "FaceRecognitionDlib"
      ],
      "resources" : [
        {
          "path" : "/Users/admin/builder/spi-builder-workspace/Sources/FaceRecognitionDlib/Resources/DlibFaceRecognitionResnetV1.mlpackage/Data/com.apple.CoreML/model.mlmodel",
          "rule" : {
            "process" : {
            }
          }
        },
        {
          "path" : "/Users/admin/builder/spi-builder-workspace/Sources/FaceRecognitionDlib/Resources/DlibFaceRecognitionResnetV1.mlpackage/Data/com.apple.CoreML/weights/weight.bin",
          "rule" : {
            "process" : {
            }
          }
        },
        {
          "path" : "/Users/admin/builder/spi-builder-workspace/Sources/FaceRecognitionDlib/Resources/DlibFaceRecognitionResnetV1.mlpackage/Manifest.json",
          "rule" : {
            "process" : {
            }
          }
        },
        {
          "path" : "/Users/admin/builder/spi-builder-workspace/Sources/FaceRecognitionDlib/Resources/shape_predictor_5_face_landmarks.dat",
          "rule" : {
            "process" : {
            }
          }
        }
      ],
      "sources" : [
        "Errors.swift",
        "FaceAlignment.swift",
        "FaceRecognitionDlib.swift",
        "FaceTemplateDlib.swift",
        "Image.swift",
        "ModelInputPrep.swift",
        "V16.swift"
      ],
      "target_dependencies" : [
        "DlibLandmarks"
      ],
      "type" : "library"
    },
    {
      "c99name" : "DlibLandmarks",
      "module_type" : "ClangTarget",
      "name" : "DlibLandmarks",
      "path" : "Sources/DlibLandmarks",
      "product_memberships" : [
        "FaceRecognitionDlib"
      ],
      "sources" : [
        "DlibLandmarkLocations.m",
        "DlibLandmarks.mm"
      ],
      "type" : "library"
    }
  ],
  "tools_version" : "5.9"
}
warning: 'spi-builder-workspace': Invalid Resource 'Resources': File not found.
{
  "workspace" : {
    "name" : "FaceRecognitionDlib",
    "schemes" : [
      "FaceRecognitionDlib"
    ]
  }
}
2026-09-23 04:43:06.880 xcodebuild[844:5161] [MT] IDERunDestination: Supported platforms for the buildables in the current scheme is empty.
Running build ...
env DEVELOPER_DIR=/Applications/Xcode-27.0.0-Release.Candidate.app xcrun xcodebuild -IDEClonedSourcePackagesDirPathOverride=$PWD/.dependencies -skipMacroValidation -skipPackagePluginValidation -derivedDataPath $PWD/.derivedData build -scheme FaceRecognitionDlib -destination generic/platform=watchOS
Command line invocation:
    /Applications/Xcode-27.0.0-Release.Candidate.app/Contents/Developer/usr/bin/xcodebuild -IDEClonedSourcePackagesDirPathOverride=/Users/admin/builder/spi-builder-workspace/.dependencies -skipMacroValidation -skipPackagePluginValidation -derivedDataPath /Users/admin/builder/spi-builder-workspace/.derivedData build -scheme FaceRecognitionDlib -destination generic/platform=watchOS
Resolve Package Graph
Invalid Resource 'Resources': File not found.
Resolved source packages:
  VerIDCommonTypes: https://github.com/AppliedRecognition/Ver-ID-Common-Types-Apple.git @ 3.3.0
  FaceDetectionRetinaFace: https://github.com/AppliedRecognition/Face-Detection-RetinaFace-Apple @ 1.0.5
  FaceRecognitionDlib: /Users/admin/builder/spi-builder-workspace
ComputePackagePrebuildTargetDependencyGraph
Prepare packages
CreateBuildRequest
SendProjectDescription
CreateBuildOperation
ComputeTargetDependencyGraph
note: Building targets in dependency order
note: Target dependency graph (6 targets)
    Target 'FaceRecognitionDlib-product' in project 'FaceRecognitionDlib'
        ➜ Explicit dependency on target 'FaceRecognitionDlib' in project 'FaceRecognitionDlib'
        ➜ Explicit dependency on target 'FaceRecognitionDlib_FaceRecognitionDlib' in project 'FaceRecognitionDlib'
        ➜ Explicit dependency on target 'DlibLandmarks' in project 'FaceRecognitionDlib'
        ➜ Explicit dependency on target 'VerIDCommonTypes-product' in project 'VerIDCommonTypes'
    Target 'FaceRecognitionDlib' in project 'FaceRecognitionDlib'
        ➜ Explicit dependency on target 'FaceRecognitionDlib_FaceRecognitionDlib' in project 'FaceRecognitionDlib'
        ➜ Explicit dependency on target 'DlibLandmarks' in project 'FaceRecognitionDlib'
        ➜ Explicit dependency on target 'VerIDCommonTypes-product' in project 'VerIDCommonTypes'
    Target 'VerIDCommonTypes-product' in project 'VerIDCommonTypes'
        ➜ Explicit dependency on target 'VerIDCommonTypes' in project 'VerIDCommonTypes'
    Target 'VerIDCommonTypes' in project 'VerIDCommonTypes' (no dependencies)
    Target 'DlibLandmarks' in project 'FaceRecognitionDlib' (no dependencies)
    Target 'FaceRecognitionDlib_FaceRecognitionDlib' in project 'FaceRecognitionDlib' (no dependencies)
GatherProvisioningInputs
CreateBuildDescription
ClangStatCache /Applications/Xcode-27.0.0-Release.Candidate.app/Contents/Developer/Toolchains/XcodeDefault.xctoolchain/usr/bin/clang-stat-cache /Applications/Xcode-27.0.0-Release.Candidate.app/Contents/Developer/Platforms/WatchOS.platform/Developer/SDKs/WatchOS27.0.sdk /Users/admin/builder/spi-builder-workspace/.derivedData/SDKStatCaches.noindex/watchos27.0-24R360-e829b21a6f8c9b70876ba0858053c04477534ef55a1706bf4c1112bbb242f0a2.sdkstatcache
    cd /Users/admin/builder/spi-builder-workspace/.swiftpm/xcode
    /Applications/Xcode-27.0.0-Release.Candidate.app/Contents/Developer/Toolchains/XcodeDefault.xctoolchain/usr/bin/clang-stat-cache /Applications/Xcode-27.0.0-Release.Candidate.app/Contents/Developer/Platforms/WatchOS.platform/Developer/SDKs/WatchOS27.0.sdk -o /Users/admin/builder/spi-builder-workspace/.derivedData/SDKStatCaches.noindex/watchos27.0-24R360-e829b21a6f8c9b70876ba0858053c04477534ef55a1706bf4c1112bbb242f0a2.sdkstatcache
CompileC /Users/admin/builder/spi-builder-workspace/.derivedData/Build/Intermediates.noindex/FaceRecognitionDlib.build/Debug-watchos/DlibLandmarks-t.build/Objects-normal/arm64/DlibLandmarks.o /Users/admin/builder/spi-builder-workspace/Sources/DlibLandmarks/DlibLandmarks.mm normal arm64 objective-c++ com.apple.compilers.llvm.clang.1_0.compiler (in target 'DlibLandmarks' from project 'FaceRecognitionDlib')
    cd /Users/admin/builder/spi-builder-workspace/.swiftpm/xcode

    Using response file: /Users/admin/builder/spi-builder-workspace/.derivedData/Build/Intermediates.noindex/FaceRecognitionDlib.build/Debug-watchos/DlibLandmarks-t.build/Objects-normal/arm64/af3fcb34312c57c0f52879cdce924b91-common-args.resp

    /Applications/Xcode-27.0.0-Release.Candidate.app/Contents/Developer/Toolchains/XcodeDefault.xctoolchain/usr/bin/clang -x objective-c++ -ivfsstatcache /Users/admin/builder/spi-builder-workspace/.derivedData/SDKStatCaches.noindex/watchos27.0-24R360-e829b21a6f8c9b70876ba0858053c04477534ef55a1706bf4c1112bbb242f0a2.sdkstatcache -target arm64-apple-watchos9.0 -fmessage-length\=0 -fdiagnostics-show-note-include-stack -fmacro-backtrace-limit\=0 -fno-color-diagnostics -fmodules-prune-interval\=86400 -fmodules-prune-after\=345600 -fbuild-session-file\=/Users/admin/builder/spi-builder-workspace/.derivedData/ModuleCache.noindex/Session.modulevalidation -fmodules-validate-once-per-build-session -Wnon-modular-include-in-framework-module -Werror\=non-modular-include-in-framework-module -Wno-trigraphs -Wno-missing-field-initializers -Wno-missing-prototypes -Wno-return-type -Wno-implicit-atomic-properties -Wno-objc-interface-ivars -Wno-arc-repeated-use-of-weak -Wno-non-virtual-dtor -Wno-overloaded-virtual -Wno-exit-time-destructors -Wno-missing-braces -Wparentheses -Wswitch -Wno-unused-function -Wno-unused-label -Wno-unused-parameter -Wno-unused-variable -Wunused-value -Wno-empty-body -Wno-uninitialized -Wno-unknown-pragmas -Wno-shadow -Wno-four-char-constants -Wno-conversion -Wno-constant-conversion -Wno-int-conversion -Wno-bool-conversion -Wno-enum-conversion -Wno-float-conversion -Wno-non-literal-null-conversion -Wno-objc-literal-conversion -Wshorten-64-to-32 -Wno-newline-eof -Wno-selector -Wno-strict-selector-match -Wno-undeclared-selector -Wno-deprecated-implementations -Wno-c++11-extensions -Wno-implicit-fallthrough -isysroot /Applications/Xcode-27.0.0-Release.Candidate.app/Contents/Developer/Platforms/WatchOS.platform/Developer/SDKs/WatchOS27.0.sdk -fstrict-aliasing -Wprotocol -Wdeprecated-declarations -Winvalid-offsetof -Wno-sign-conversion -Wno-infinite-recursion -Wno-move -Wno-comma -Wno-block-capture-autoreleasing -Wno-strict-prototypes -Wno-range-loop-analysis -Wno-semicolon-before-method-body -index-store-path /Users/admin/builder/spi-builder-workspace/.derivedData/Index.noindex/DataStore @/Users/admin/builder/spi-builder-workspace/.derivedData/Build/Intermediates.noindex/FaceRecognitionDlib.build/Debug-watchos/DlibLandmarks-t.build/Objects-normal/arm64/af3fcb34312c57c0f52879cdce924b91-common-args.resp -MMD -MT dependencies -MF /Users/admin/builder/spi-builder-workspace/.derivedData/Build/Intermediates.noindex/FaceRecognitionDlib.build/Debug-watchos/DlibLandmarks-t.build/Objects-normal/arm64/DlibLandmarks.d --serialize-diagnostics /Users/admin/builder/spi-builder-workspace/.derivedData/Build/Intermediates.noindex/FaceRecognitionDlib.build/Debug-watchos/DlibLandmarks-t.build/Objects-normal/arm64/DlibLandmarks.dia -c /Users/admin/builder/spi-builder-workspace/Sources/DlibLandmarks/DlibLandmarks.mm -o /Users/admin/builder/spi-builder-workspace/.derivedData/Build/Intermediates.noindex/FaceRecognitionDlib.build/Debug-watchos/DlibLandmarks-t.build/Objects-normal/arm64/DlibLandmarks.o -index-unit-output-path /FaceRecognitionDlib.build/Debug-watchos/DlibLandmarks-t.build/Objects-normal/arm64/DlibLandmarks.o
CompileC /Users/admin/builder/spi-builder-workspace/.derivedData/Build/Intermediates.noindex/FaceRecognitionDlib.build/Debug-watchos/DlibLandmarks-t.build/Objects-normal/arm64_32/DlibLandmarks.o /Users/admin/builder/spi-builder-workspace/Sources/DlibLandmarks/DlibLandmarks.mm normal arm64_32 objective-c++ com.apple.compilers.llvm.clang.1_0.compiler (in target 'DlibLandmarks' from project 'FaceRecognitionDlib')
    cd /Users/admin/builder/spi-builder-workspace/.swiftpm/xcode

    Using response file: /Users/admin/builder/spi-builder-workspace/.derivedData/Build/Intermediates.noindex/FaceRecognitionDlib.build/Debug-watchos/DlibLandmarks-t.build/Objects-normal/arm64_32/af3fcb34312c57c0f52879cdce924b91-common-args.resp

    /Applications/Xcode-27.0.0-Release.Candidate.app/Contents/Developer/Toolchains/XcodeDefault.xctoolchain/usr/bin/clang -x objective-c++ -ivfsstatcache /Users/admin/builder/spi-builder-workspace/.derivedData/SDKStatCaches.noindex/watchos27.0-24R360-e829b21a6f8c9b70876ba0858053c04477534ef55a1706bf4c1112bbb242f0a2.sdkstatcache -target arm64_32-apple-watchos9.0 -fmessage-length\=0 -fdiagnostics-show-note-include-stack -fmacro-backtrace-limit\=0 -fno-color-diagnostics -fmodules-prune-interval\=86400 -fmodules-prune-after\=345600 -fbuild-session-file\=/Users/admin/builder/spi-builder-workspace/.derivedData/ModuleCache.noindex/Session.modulevalidation -fmodules-validate-once-per-build-session -Wnon-modular-include-in-framework-module -Werror\=non-modular-include-in-framework-module -Wno-trigraphs -Wno-missing-field-initializers -Wno-missing-prototypes -Wno-return-type -Wno-implicit-atomic-properties -Wno-objc-interface-ivars -Wno-arc-repeated-use-of-weak -Wno-non-virtual-dtor -Wno-overloaded-virtual -Wno-exit-time-destructors -Wno-missing-braces -Wparentheses -Wswitch -Wno-unused-function -Wno-unused-label -Wno-unused-parameter -Wno-unused-variable -Wunused-value -Wno-empty-body -Wno-uninitialized -Wno-unknown-pragmas -Wno-shadow -Wno-four-char-constants -Wno-conversion -Wno-constant-conversion -Wno-int-conversion -Wno-bool-conversion -Wno-enum-conversion -Wno-float-conversion -Wno-non-literal-null-conversion -Wno-objc-literal-conversion -Wno-shorten-64-to-32 -Wno-newline-eof -Wno-selector -Wno-strict-selector-match -Wno-undeclared-selector -Wno-deprecated-implementations -Wno-c++11-extensions -Wno-implicit-fallthrough -isysroot /Applications/Xcode-27.0.0-Release.Candidate.app/Contents/Developer/Platforms/WatchOS.platform/Developer/SDKs/WatchOS27.0.sdk -fstrict-aliasing -Wprotocol -Wdeprecated-declarations -Winvalid-offsetof -Wno-sign-conversion -Wno-infinite-recursion -Wno-move -Wno-comma -Wno-block-capture-autoreleasing -Wno-strict-prototypes -Wno-range-loop-analysis -Wno-semicolon-before-method-body -index-store-path /Users/admin/builder/spi-builder-workspace/.derivedData/Index.noindex/DataStore @/Users/admin/builder/spi-builder-workspace/.derivedData/Build/Intermediates.noindex/FaceRecognitionDlib.build/Debug-watchos/DlibLandmarks-t.build/Objects-normal/arm64_32/af3fcb34312c57c0f52879cdce924b91-common-args.resp -MMD -MT dependencies -MF /Users/admin/builder/spi-builder-workspace/.derivedData/Build/Intermediates.noindex/FaceRecognitionDlib.build/Debug-watchos/DlibLandmarks-t.build/Objects-normal/arm64_32/DlibLandmarks.d --serialize-diagnostics /Users/admin/builder/spi-builder-workspace/.derivedData/Build/Intermediates.noindex/FaceRecognitionDlib.build/Debug-watchos/DlibLandmarks-t.build/Objects-normal/arm64_32/DlibLandmarks.dia -c /Users/admin/builder/spi-builder-workspace/Sources/DlibLandmarks/DlibLandmarks.mm -o /Users/admin/builder/spi-builder-workspace/.derivedData/Build/Intermediates.noindex/FaceRecognitionDlib.build/Debug-watchos/DlibLandmarks-t.build/Objects-normal/arm64_32/DlibLandmarks.o -index-unit-output-path /FaceRecognitionDlib.build/Debug-watchos/DlibLandmarks-t.build/Objects-normal/arm64_32/DlibLandmarks.o
SwiftDriver VerIDCommonTypes normal arm64_32 com.apple.xcode.tools.swift.compiler (in target 'VerIDCommonTypes' from project 'VerIDCommonTypes')
    cd /Users/admin/builder/spi-builder-workspace/.swiftpm/xcode
    builtin-SwiftDriver -- /Applications/Xcode-27.0.0-Release.Candidate.app/Contents/Developer/Toolchains/XcodeDefault.xctoolchain/usr/bin/swiftc -parse-as-library -module-name VerIDCommonTypes -Onone @/Users/admin/builder/spi-builder-workspace/.derivedData/Build/Intermediates.noindex/VerIDCommonTypes.build/Debug-watchos/VerIDCommonTypes-t.build/Objects-normal/arm64_32/VerIDCommonTypes.SwiftFileList -DSWIFT_PACKAGE -DDEBUG -DSWIFT_MODULE_RESOURCE_BUNDLE_UNAVAILABLE -DXcode -plugin-path /Applications/Xcode-27.0.0-Release.Candidate.app/Contents/Developer/Toolchains/XcodeDefault.xctoolchain/usr/lib/swift/host/plugins/testing -enable-experimental-feature DebugDescriptionMacro -sdk /Applications/Xcode-27.0.0-Release.Candidate.app/Contents/Developer/Platforms/WatchOS.platform/Developer/SDKs/WatchOS27.0.sdk -target arm64_32-apple-watchos9.0 -g -module-cache-path /Users/admin/builder/spi-builder-workspace/.derivedData/ModuleCache.noindex -Xfrontend -serialize-debugging-options -profile-coverage-mapping -profile-generate -enable-testing -suppress-warnings -index-store-path /Users/admin/builder/spi-builder-workspace/.derivedData/Index.noindex/DataStore -Xcc -D_LIBCPP_HARDENING_MODE\=_LIBCPP_HARDENING_MODE_DEBUG -swift-version 5 -I /Users/admin/builder/spi-builder-workspace/.derivedData/Build/Products/Debug-watchos -Isystem /Applications/Xcode-27.0.0-Release.Candidate.app/Contents/Developer/Platforms/WatchOS.platform/Developer/usr/lib -F /Users/admin/builder/spi-builder-workspace/.derivedData/Build/Products/Debug-watchos -F /Applications/Xcode-27.0.0-Release.Candidate.app/Contents/Developer/Platforms/WatchOS.platform/Developer/Library/Frameworks -F /Applications/Xcode-27.0.0-Release.Candidate.app/Contents/Developer/Platforms/WatchOS.platform/Developer/SDKs/WatchOS27.0.sdk/Developer/Library/Frameworks -c -j10 -enable-batch-mode -incremental -Xcc -ivfsstatcache -Xcc /Users/admin/builder/spi-builder-workspace/.derivedData/SDKStatCaches.noindex/watchos27.0-24R360-e829b21a6f8c9b70876ba0858053c04477534ef55a1706bf4c1112bbb242f0a2.sdkstatcache -output-file-map /Users/admin/builder/spi-builder-workspace/.derivedData/Build/Intermediates.noindex/VerIDCommonTypes.build/Debug-watchos/VerIDCommonTypes-t.build/Objects-normal/arm64_32/VerIDCommonTypes-OutputFileMap.json -save-temps -no-color-diagnostics -explicit-module-build -module-cache-path /Users/admin/builder/spi-builder-workspace/.derivedData/Build/Intermediates.noindex/SwiftExplicitPrecompiledModules -clang-scanner-module-cache-path /Users/admin/builder/spi-builder-workspace/.derivedData/ModuleCache.noindex -sdk-module-cache-path /Users/admin/builder/spi-builder-workspace/.derivedData/SDKExplicitPrecompiledModules -emit-dependencies -emit-module -emit-module-path /Users/admin/builder/spi-builder-workspace/.derivedData/Build/Intermediates.noindex/VerIDCommonTypes.build/Debug-watchos/VerIDCommonTypes-t.build/Objects-normal/arm64_32/VerIDCommonTypes.swiftmodule -serialize-diagnostics -dependency-scan-serialize-diagnostics-path /Users/admin/builder/spi-builder-workspace/.derivedData/Build/Intermediates.noindex/VerIDCommonTypes.build/Debug-watchos/VerIDCommonTypes-t.build/Objects-normal/arm64_32/VerIDCommonTypes-dependency-scan.dia -validate-clang-modules-once -clang-build-session-file /Users/admin/builder/spi-builder-workspace/.derivedData/ModuleCache.noindex/Session.modulevalidation -Xcc -fmodules-prune-interval\=86400 -Xcc -fmodules-prune-after\=345600 -package-name ver_id_common_types_apple -emit-const-values -const-gather-protocols-list /Users/admin/builder/spi-builder-workspace/.derivedData/Build/Intermediates.noindex/VerIDCommonTypes.build/Debug-watchos/VerIDCommonTypes-t.build/Objects-normal/arm64_32/VerIDCommonTypes_const_extract_protocols.json -Xcc -I/Users/admin/builder/spi-builder-workspace/.derivedData/Build/Products/Debug-watchos/include -Xcc -I/Users/admin/builder/spi-builder-workspace/.derivedData/Build/Intermediates.noindex/VerIDCommonTypes.build/Debug-watchos/VerIDCommonTypes-t.build/DerivedSources-normal/arm64_32 -Xcc -I/Users/admin/builder/spi-builder-workspace/.derivedData/Build/Intermediates.noindex/VerIDCommonTypes.build/Debug-watchos/VerIDCommonTypes-t.build/DerivedSources/arm64_32 -Xcc -I/Users/admin/builder/spi-builder-workspace/.derivedData/Build/Intermediates.noindex/VerIDCommonTypes.build/Debug-watchos/VerIDCommonTypes-t.build/DerivedSources -Xcc -DSWIFT_PACKAGE -Xcc -DDEBUG\=1 -emit-objc-header -emit-objc-header-path /Users/admin/builder/spi-builder-workspace/.derivedData/Build/Intermediates.noindex/VerIDCommonTypes.build/Debug-watchos/VerIDCommonTypes-t.build/Objects-normal/arm64_32/VerIDCommonTypes-Swift.h -working-directory /Users/admin/builder/spi-builder-workspace/.swiftpm/xcode -experimental-emit-module-separately -disable-cmo
/Users/admin/builder/spi-builder-workspace/.dependencies/checkouts/Ver-ID-Common-Types-Apple/Sources/VerIDCommonTypes/Image.swift:17:8: error: Unable to resolve module dependency: 'CoreImage' (in target 'VerIDCommonTypes' from project 'VerIDCommonTypes')
    note: A dependency of main module 'VerIDCommonTypes'
/Users/admin/builder/spi-builder-workspace/.dependencies/checkouts/Ver-ID-Common-Types-Apple/Sources/VerIDCommonTypes/Image.swift:17:8: note: A dependency of main module 'VerIDCommonTypes'
import CoreImage
       ^ (in target 'VerIDCommonTypes' from project 'VerIDCommonTypes')
SwiftDriver VerIDCommonTypes normal arm64 com.apple.xcode.tools.swift.compiler (in target 'VerIDCommonTypes' from project 'VerIDCommonTypes')
    cd /Users/admin/builder/spi-builder-workspace/.swiftpm/xcode
    builtin-SwiftDriver -- /Applications/Xcode-27.0.0-Release.Candidate.app/Contents/Developer/Toolchains/XcodeDefault.xctoolchain/usr/bin/swiftc -parse-as-library -module-name VerIDCommonTypes -Onone @/Users/admin/builder/spi-builder-workspace/.derivedData/Build/Intermediates.noindex/VerIDCommonTypes.build/Debug-watchos/VerIDCommonTypes-t.build/Objects-normal/arm64/VerIDCommonTypes.SwiftFileList -DSWIFT_PACKAGE -DDEBUG -DSWIFT_MODULE_RESOURCE_BUNDLE_UNAVAILABLE -DXcode -plugin-path /Applications/Xcode-27.0.0-Release.Candidate.app/Contents/Developer/Toolchains/XcodeDefault.xctoolchain/usr/lib/swift/host/plugins/testing -enable-experimental-feature DebugDescriptionMacro -sdk /Applications/Xcode-27.0.0-Release.Candidate.app/Contents/Developer/Platforms/WatchOS.platform/Developer/SDKs/WatchOS27.0.sdk -target arm64-apple-watchos9.0 -g -module-cache-path /Users/admin/builder/spi-builder-workspace/.derivedData/ModuleCache.noindex -Xfrontend -serialize-debugging-options -profile-coverage-mapping -profile-generate -enable-testing -suppress-warnings -index-store-path /Users/admin/builder/spi-builder-workspace/.derivedData/Index.noindex/DataStore -Xcc -D_LIBCPP_HARDENING_MODE\=_LIBCPP_HARDENING_MODE_DEBUG -swift-version 5 -I /Users/admin/builder/spi-builder-workspace/.derivedData/Build/Products/Debug-watchos -Isystem /Applications/Xcode-27.0.0-Release.Candidate.app/Contents/Developer/Platforms/WatchOS.platform/Developer/usr/lib -F /Users/admin/builder/spi-builder-workspace/.derivedData/Build/Products/Debug-watchos -F /Applications/Xcode-27.0.0-Release.Candidate.app/Contents/Developer/Platforms/WatchOS.platform/Developer/Library/Frameworks -F /Applications/Xcode-27.0.0-Release.Candidate.app/Contents/Developer/Platforms/WatchOS.platform/Developer/SDKs/WatchOS27.0.sdk/Developer/Library/Frameworks -c -j10 -enable-batch-mode -incremental -Xcc -ivfsstatcache -Xcc /Users/admin/builder/spi-builder-workspace/.derivedData/SDKStatCaches.noindex/watchos27.0-24R360-e829b21a6f8c9b70876ba0858053c04477534ef55a1706bf4c1112bbb242f0a2.sdkstatcache -output-file-map /Users/admin/builder/spi-builder-workspace/.derivedData/Build/Intermediates.noindex/VerIDCommonTypes.build/Debug-watchos/VerIDCommonTypes-t.build/Objects-normal/arm64/VerIDCommonTypes-OutputFileMap.json -save-temps -no-color-diagnostics -explicit-module-build -module-cache-path /Users/admin/builder/spi-builder-workspace/.derivedData/Build/Intermediates.noindex/SwiftExplicitPrecompiledModules -clang-scanner-module-cache-path /Users/admin/builder/spi-builder-workspace/.derivedData/ModuleCache.noindex -sdk-module-cache-path /Users/admin/builder/spi-builder-workspace/.derivedData/SDKExplicitPrecompiledModules -emit-dependencies -emit-module -emit-module-path /Users/admin/builder/spi-builder-workspace/.derivedData/Build/Intermediates.noindex/VerIDCommonTypes.build/Debug-watchos/VerIDCommonTypes-t.build/Objects-normal/arm64/VerIDCommonTypes.swiftmodule -serialize-diagnostics -dependency-scan-serialize-diagnostics-path /Users/admin/builder/spi-builder-workspace/.derivedData/Build/Intermediates.noindex/VerIDCommonTypes.build/Debug-watchos/VerIDCommonTypes-t.build/Objects-normal/arm64/VerIDCommonTypes-dependency-scan.dia -validate-clang-modules-once -clang-build-session-file /Users/admin/builder/spi-builder-workspace/.derivedData/ModuleCache.noindex/Session.modulevalidation -Xcc -fmodules-prune-interval\=86400 -Xcc -fmodules-prune-after\=345600 -package-name ver_id_common_types_apple -emit-const-values -const-gather-protocols-list /Users/admin/builder/spi-builder-workspace/.derivedData/Build/Intermediates.noindex/VerIDCommonTypes.build/Debug-watchos/VerIDCommonTypes-t.build/Objects-normal/arm64/VerIDCommonTypes_const_extract_protocols.json -Xcc -I/Users/admin/builder/spi-builder-workspace/.derivedData/Build/Products/Debug-watchos/include -Xcc -I/Users/admin/builder/spi-builder-workspace/.derivedData/Build/Intermediates.noindex/VerIDCommonTypes.build/Debug-watchos/VerIDCommonTypes-t.build/DerivedSources-normal/arm64 -Xcc -I/Users/admin/builder/spi-builder-workspace/.derivedData/Build/Intermediates.noindex/VerIDCommonTypes.build/Debug-watchos/VerIDCommonTypes-t.build/DerivedSources/arm64 -Xcc -I/Users/admin/builder/spi-builder-workspace/.derivedData/Build/Intermediates.noindex/VerIDCommonTypes.build/Debug-watchos/VerIDCommonTypes-t.build/DerivedSources -Xcc -DSWIFT_PACKAGE -Xcc -DDEBUG\=1 -emit-objc-header -emit-objc-header-path /Users/admin/builder/spi-builder-workspace/.derivedData/Build/Intermediates.noindex/VerIDCommonTypes.build/Debug-watchos/VerIDCommonTypes-t.build/Objects-normal/arm64/VerIDCommonTypes-Swift.h -working-directory /Users/admin/builder/spi-builder-workspace/.swiftpm/xcode -experimental-emit-module-separately -disable-cmo
/Users/admin/builder/spi-builder-workspace/.dependencies/checkouts/Ver-ID-Common-Types-Apple/Sources/VerIDCommonTypes/Image.swift:17:8: error: Unable to resolve module dependency: 'CoreImage' (in target 'VerIDCommonTypes' from project 'VerIDCommonTypes')
    note: A dependency of main module 'VerIDCommonTypes'
/Users/admin/builder/spi-builder-workspace/.dependencies/checkouts/Ver-ID-Common-Types-Apple/Sources/VerIDCommonTypes/Image.swift:17:8: note: A dependency of main module 'VerIDCommonTypes'
import CoreImage
       ^ (in target 'VerIDCommonTypes' from project 'VerIDCommonTypes')
PrecompileModule /Users/admin/builder/spi-builder-workspace/.derivedData/Build/Intermediates.noindex/ExplicitPrecompiledModules/Darwin-40MU43DJ0MPYLLJDL8J8HV98U.scan
    cd /
    builtin-precompileModule /Users/admin/builder/spi-builder-workspace/.derivedData/Build/Intermediates.noindex/ExplicitPrecompiledModules/Darwin-40MU43DJ0MPYLLJDL8J8HV98U.scan
PrecompileModule /Users/admin/builder/spi-builder-workspace/.derivedData/Build/Intermediates.noindex/ExplicitPrecompiledModules/Darwin-2VVMVW9GP15S732R1XPQHMI89.scan
    cd /
    builtin-precompileModule /Users/admin/builder/spi-builder-workspace/.derivedData/Build/Intermediates.noindex/ExplicitPrecompiledModules/Darwin-2VVMVW9GP15S732R1XPQHMI89.scan
PrecompileModule /Users/admin/builder/spi-builder-workspace/.derivedData/Build/Intermediates.noindex/ExplicitPrecompiledModules/ObjectiveC-732YQBATOMD3GS1X4IYDFJJDS.scan
    cd /
    builtin-precompileModule /Users/admin/builder/spi-builder-workspace/.derivedData/Build/Intermediates.noindex/ExplicitPrecompiledModules/ObjectiveC-732YQBATOMD3GS1X4IYDFJJDS.scan
PrecompileModule /Users/admin/builder/spi-builder-workspace/.derivedData/Build/Intermediates.noindex/ExplicitPrecompiledModules/ObjectiveC-5NS4J6RXUQXAIRG003NGGD0X0.scan
    cd /
    builtin-precompileModule /Users/admin/builder/spi-builder-workspace/.derivedData/Build/Intermediates.noindex/ExplicitPrecompiledModules/ObjectiveC-5NS4J6RXUQXAIRG003NGGD0X0.scan
PruneExplicitPrecompiledModules /Users/admin/builder/spi-builder-workspace/.derivedData/SDKExplicitPrecompiledModules
PruneExplicitPrecompiledModules /Users/admin/builder/spi-builder-workspace/.derivedData/Build/Intermediates.noindex/SwiftExplicitPrecompiledModules
PruneExplicitPrecompiledModules /Users/admin/builder/spi-builder-workspace/.derivedData/Build/Intermediates.noindex/ExplicitPrecompiledModules
2026-09-23 04:43:08.019 xcodebuild[845:5188] [MT] IDERunDestination: Supported platforms for the buildables in the current scheme is empty.
** BUILD FAILED **
The following build commands failed:
	SwiftDriver VerIDCommonTypes normal arm64_32 com.apple.xcode.tools.swift.compiler (in target 'VerIDCommonTypes' from project 'VerIDCommonTypes')
	SwiftDriver VerIDCommonTypes normal arm64 com.apple.xcode.tools.swift.compiler (in target 'VerIDCommonTypes' from project 'VerIDCommonTypes')
	Building workspace FaceRecognitionDlib with scheme FaceRecognitionDlib
(3 failures)
BUILD FAILURE 6.4 watchOS