Build Information
Failed to build DSFSparkline, reference 7.0.1 (37caab), with Swift 6.4 for watchOS using Xcode 27.0 on 22 Sep 2026 08:35:01 UTC.
Build Command
env DEVELOPER_DIR=/Applications/Xcode-27.0.0-Release.Candidate.app xcrun xcodebuild -IDEClonedSourcePackagesDirPathOverride=$PWD/.dependencies -skipMacroValidation -skipPackagePluginValidation -derivedDataPath $PWD/.derivedData build -scheme DSFSparkline-Package -destination generic/platform=watchOSBuild Log
125 | @property (class, nonatomic, readonly) UIColor *systemYellowColor API_AVAILABLE(ios(7.0), tvos(9.0)) API_UNAVAILABLE(watchos);
126 | @property (class, nonatomic, readonly) UIColor *systemPinkColor API_AVAILABLE(ios(7.0), tvos(9.0)) API_UNAVAILABLE(watchos);
| `- note: 'systemPink' has been explicitly marked unavailable here
127 | @property (class, nonatomic, readonly) UIColor *systemPurpleColor API_AVAILABLE(ios(9.0), tvos(9.0)) API_UNAVAILABLE(watchos);
128 | @property (class, nonatomic, readonly) UIColor *systemTealColor API_AVAILABLE(ios(7.0), tvos(9.0)) API_UNAVAILABLE(watchos);
/Users/admin/builder/spi-builder-workspace/Sources/DSFSparkline/util/Utilities.swift:50:34: error: cannot find type 'UIViewRepresentable' in scope
48 | #else
49 | @available(iOS 13.0, tvOS 13.0, *)
50 | typealias DSFViewRepresentable = UIViewRepresentable
| `- error: cannot find type 'UIViewRepresentable' in scope
51 | #endif
52 | #endif
/Users/admin/builder/spi-builder-workspace/Sources/DSFSparkline/prebuilt/DSFSparklineDataBarGraphView+SwiftUI.swift:98:27: error: cannot find type 'Context' in scope
96 | }
97 |
98 | func makeDataBarGraph(_: Context) -> DSFSparklineDataBarGraphView {
| `- error: cannot find type 'Context' in scope
99 | let view = DSFSparklineDataBarGraphView(frame: .zero)
100 | view.translatesAutoresizingMaskIntoConstraints = false
/Users/admin/builder/spi-builder-workspace/Sources/DSFSparkline/prebuilt/DSFSparklineDataBarGraphView+SwiftUI.swift:118:27: error: cannot find type 'Context' in scope
116 | @available(iOS 13.0, tvOS 13.0, macOS 9999.0, *)
117 | public extension DSFSparklineDataBarGraphView.SwiftUI {
118 | func makeUIView(context: Context) -> DSFSparklineDataBarGraphView {
| `- error: cannot find type 'Context' in scope
119 | return self.makeDataBarGraph(context)
120 | }
/Users/admin/builder/spi-builder-workspace/Sources/DSFSparkline/prebuilt/DSFSparklineDataBarGraphView+SwiftUI.swift:122:69: error: cannot find type 'Context' in scope
120 | }
121 |
122 | func updateUIView(_ view: DSFSparklineDataBarGraphView, context _: Context) {
| `- error: cannot find type 'Context' in scope
123 | self.updateView(view)
124 | }
/Users/admin/builder/spi-builder-workspace/Sources/DSFSparkline/prebuilt/DSFSparklineDataBarGraphView+SwiftUI.swift:131:27: error: cannot find type 'Context' in scope
129 | @available(macOS 10.15, iOS 9999.0, tvOS 9999.0, *)
130 | public extension DSFSparklineDataBarGraphView.SwiftUI {
131 | func makeNSView(context: Context) -> DSFSparklineDataBarGraphView {
| `- error: cannot find type 'Context' in scope
132 | return self.makeDataBarGraph(context)
133 | }
/Users/admin/builder/spi-builder-workspace/Sources/DSFSparkline/prebuilt/DSFSparklineDataBarGraphView+SwiftUI.swift:135:69: error: cannot find type 'Context' in scope
133 | }
134 |
135 | func updateNSView(_ view: DSFSparklineDataBarGraphView, context _: Context) {
| `- error: cannot find type 'Context' in scope
136 | self.updateView(view)
137 | }
/Users/admin/builder/spi-builder-workspace/Sources/DSFSparkline/prebuilt/DSFSparklineDotGraphView+SwiftUI.swift:83:31: error: cannot find type 'Context' in scope
81 | }
82 |
83 | private func makeDotGraph(_: Context) -> DSFSparklineDotGraphView {
| `- error: cannot find type 'Context' in scope
84 | let view = DSFSparklineDotGraphView(frame: .zero)
85 | view.translatesAutoresizingMaskIntoConstraints = false
/Users/admin/builder/spi-builder-workspace/Sources/DSFSparkline/prebuilt/DSFSparklineDotGraphView+SwiftUI.swift:100:27: error: cannot find type 'Context' in scope
98 | @available(iOS 13.0, tvOS 13.0, macOS 99.0, *)
99 | public extension DSFSparklineDotGraphView.SwiftUI {
100 | func makeUIView(context: Context) -> DSFSparklineDotGraphView {
| `- error: cannot find type 'Context' in scope
101 | return self.makeDotGraph(context)
102 | }
/Users/admin/builder/spi-builder-workspace/Sources/DSFSparkline/prebuilt/DSFSparklineDotGraphView+SwiftUI.swift:104:65: error: cannot find type 'Context' in scope
102 | }
103 |
104 | func updateUIView(_ view: DSFSparklineDotGraphView, context _: Context) {
| `- error: cannot find type 'Context' in scope
105 | self.updateView(view)
106 | }
/Users/admin/builder/spi-builder-workspace/Sources/DSFSparkline/prebuilt/DSFSparklineDotGraphView+SwiftUI.swift:113:27: error: cannot find type 'Context' in scope
111 | @available(macOS 10.15, iOS 9999.0, tvOS 9999.0, *)
112 | public extension DSFSparklineDotGraphView.SwiftUI {
113 | func makeNSView(context: Context) -> DSFSparklineDotGraphView {
| `- error: cannot find type 'Context' in scope
114 | return self.makeDotGraph(context)
115 | }
/Users/admin/builder/spi-builder-workspace/Sources/DSFSparkline/prebuilt/DSFSparklineDotGraphView+SwiftUI.swift:117:65: error: cannot find type 'Context' in scope
115 | }
116 |
117 | func updateNSView(_ view: DSFSparklineDotGraphView, context _: Context) {
| `- error: cannot find type 'Context' in scope
118 | self.updateView(view)
119 | }
/Users/admin/builder/spi-builder-workspace/Sources/DSFSparkline/prebuilt/DSFSparklineLineGraphView+SwiftUI.swift:151:24: error: cannot find type 'Context' in scope
149 | }
150 |
151 | func makeLineGraph(_: Context) -> DSFSparklineLineGraphView {
| `- error: cannot find type 'Context' in scope
152 | let view = DSFSparklineLineGraphView(frame: .zero)
153 | view.translatesAutoresizingMaskIntoConstraints = false
/Users/admin/builder/spi-builder-workspace/Sources/DSFSparkline/prebuilt/DSFSparklineLineGraphView+SwiftUI.swift:197:27: error: cannot find type 'Context' in scope
195 | @available(iOS 13.0, tvOS 13.0, macOS 9999.0, *)
196 | public extension DSFSparklineLineGraphView.SwiftUI {
197 | func makeUIView(context: Context) -> DSFSparklineLineGraphView {
| `- error: cannot find type 'Context' in scope
198 | return self.makeLineGraph(context)
199 | }
/Users/admin/builder/spi-builder-workspace/Sources/DSFSparkline/prebuilt/DSFSparklineLineGraphView+SwiftUI.swift:201:66: error: cannot find type 'Context' in scope
199 | }
200 |
201 | func updateUIView(_ view: DSFSparklineLineGraphView, context _: Context) {
| `- error: cannot find type 'Context' in scope
202 | self.updateView(view)
203 | }
/Users/admin/builder/spi-builder-workspace/Sources/DSFSparkline/prebuilt/DSFSparklineLineGraphView+SwiftUI.swift:210:27: error: cannot find type 'Context' in scope
208 | @available(macOS 10.15, iOS 9999.0, tvOS 9999.0, *)
209 | public extension DSFSparklineLineGraphView.SwiftUI {
210 | func makeNSView(context: Context) -> DSFSparklineLineGraphView {
| `- error: cannot find type 'Context' in scope
211 | return self.makeLineGraph(context)
212 | }
/Users/admin/builder/spi-builder-workspace/Sources/DSFSparkline/prebuilt/DSFSparklineLineGraphView+SwiftUI.swift:214:66: error: cannot find type 'Context' in scope
212 | }
213 |
214 | func updateNSView(_ view: DSFSparklineLineGraphView, context _: Context) {
| `- error: cannot find type 'Context' in scope
215 | self.updateView(view)
216 | }
/Users/admin/builder/spi-builder-workspace/Sources/DSFSparkline/prebuilt/DSFSparklinePercentBarGraphView+SwiftUI.swift:73:25: error: cannot find type 'Context' in scope
71 | }
72 |
73 | func makePercentBar(_: Context) -> DSFSparklinePercentBarGraphView {
| `- error: cannot find type 'Context' in scope
74 | let view = DSFSparklinePercentBarGraphView(frame: .zero)
75 | view.displayStyle = self.style
/Users/admin/builder/spi-builder-workspace/Sources/DSFSparkline/prebuilt/DSFSparklinePercentBarGraphView+SwiftUI.swift:86:27: error: cannot find type 'Context' in scope
84 | @available(iOS 13.0, tvOS 13.0, macOS 9999.0, *)
85 | public extension DSFSparklinePercentBarGraphView.SwiftUI {
86 | func makeUIView(context: Context) -> DSFSparklinePercentBarGraphView {
| `- error: cannot find type 'Context' in scope
87 | return self.makePercentBar(context)
88 | }
/Users/admin/builder/spi-builder-workspace/Sources/DSFSparkline/prebuilt/DSFSparklinePercentBarGraphView+SwiftUI.swift:90:72: error: cannot find type 'Context' in scope
88 | }
89 |
90 | func updateUIView(_ view: DSFSparklinePercentBarGraphView, context _: Context) {
| `- error: cannot find type 'Context' in scope
91 | self.updateView(view)
92 | }
/Users/admin/builder/spi-builder-workspace/Sources/DSFSparkline/prebuilt/DSFSparklinePercentBarGraphView+SwiftUI.swift:99:27: error: cannot find type 'Context' in scope
97 | @available(macOS 10.15, iOS 9999.0, tvOS 9999.0, *)
98 | public extension DSFSparklinePercentBarGraphView.SwiftUI {
99 | func makeNSView(context: Context) -> DSFSparklinePercentBarGraphView {
| `- error: cannot find type 'Context' in scope
100 | return self.makePercentBar(context)
101 | }
SwiftCompile normal arm64 /Users/admin/builder/spi-builder-workspace/Sources/DSFSparkline/prebuilt/DSFSparklineDataBarGraphView+SwiftUI.swift (in target 'DSFSparkline' from project 'DSFSparkline')
cd /Users/admin/builder/spi-builder-workspace/.swiftpm/xcode
builtin-SwiftPerFileCompile DSFSparklineDataBarGraphView+SwiftUI.swift
SwiftCompile normal arm64 /Users/admin/builder/spi-builder-workspace/Sources/DSFSparkline/prebuilt/DSFSparklineDataBarGraphView.swift (in target 'DSFSparkline' from project 'DSFSparkline')
cd /Users/admin/builder/spi-builder-workspace/.swiftpm/xcode
builtin-SwiftPerFileCompile DSFSparklineDataBarGraphView.swift
SwiftCompile normal arm64 /Users/admin/builder/spi-builder-workspace/Sources/DSFSparkline/prebuilt/DSFSparklineDotGraphView+SwiftUI.swift (in target 'DSFSparkline' from project 'DSFSparkline')
cd /Users/admin/builder/spi-builder-workspace/.swiftpm/xcode
builtin-SwiftPerFileCompile DSFSparklineDotGraphView+SwiftUI.swift
SwiftCompile normal arm64 /Users/admin/builder/spi-builder-workspace/Sources/DSFSparkline/prebuilt/DSFSparklineDotGraphView.swift (in target 'DSFSparkline' from project 'DSFSparkline')
cd /Users/admin/builder/spi-builder-workspace/.swiftpm/xcode
builtin-SwiftPerFileCompile DSFSparklineDotGraphView.swift
SwiftCompile normal arm64 /Users/admin/builder/spi-builder-workspace/Sources/DSFSparkline/prebuilt/DSFSparklineLineGraphView+SwiftUI.swift (in target 'DSFSparkline' from project 'DSFSparkline')
cd /Users/admin/builder/spi-builder-workspace/.swiftpm/xcode
builtin-SwiftPerFileCompile DSFSparklineLineGraphView+SwiftUI.swift
SwiftCompile normal arm64 /Users/admin/builder/spi-builder-workspace/Sources/DSFSparkline/prebuilt/DSFSparklineLineGraphView.swift (in target 'DSFSparkline' from project 'DSFSparkline')
cd /Users/admin/builder/spi-builder-workspace/.swiftpm/xcode
builtin-SwiftPerFileCompile DSFSparklineLineGraphView.swift
SwiftCompile normal arm64 /Users/admin/builder/spi-builder-workspace/Sources/DSFSparkline/prebuilt/DSFSparklinePercentBarGraphView+SwiftUI.swift (in target 'DSFSparkline' from project 'DSFSparkline')
cd /Users/admin/builder/spi-builder-workspace/.swiftpm/xcode
builtin-SwiftPerFileCompile DSFSparklinePercentBarGraphView+SwiftUI.swift
SwiftCompile normal arm64 /Users/admin/builder/spi-builder-workspace/Sources/DSFSparkline/prebuilt/DSFSparklinePercentBarGraphView.swift (in target 'DSFSparkline' from project 'DSFSparkline')
cd /Users/admin/builder/spi-builder-workspace/.swiftpm/xcode
builtin-SwiftPerFileCompile DSFSparklinePercentBarGraphView.swift
SwiftCompile normal arm64 Compiling\ DSFSparkline+DataSource.swift,\ DSFSparkline+StaticDataSource.swift,\ SparklineData.swift,\ SparklineWindow.swift,\ DSFSparklineOverlay+Centerable.swift,\ DSFSparklineOverlay+DataSource.swift,\ DSFSparklineOverlay+StaticDataSource.swift,\ DSFSparklineOverlay.swift,\ DSFSparklineOverlay+GridLines.swift /Users/admin/builder/spi-builder-workspace/Sources/DSFSparkline/datasource/DSFSparkline+DataSource.swift /Users/admin/builder/spi-builder-workspace/Sources/DSFSparkline/datasource/DSFSparkline+StaticDataSource.swift /Users/admin/builder/spi-builder-workspace/Sources/DSFSparkline/datasource/data-core/SparklineData.swift /Users/admin/builder/spi-builder-workspace/Sources/DSFSparkline/datasource/data-core/SparklineWindow.swift /Users/admin/builder/spi-builder-workspace/Sources/DSFSparkline/overlay/renderers/core/DSFSparklineOverlay+Centerable.swift /Users/admin/builder/spi-builder-workspace/Sources/DSFSparkline/overlay/renderers/core/DSFSparklineOverlay+DataSource.swift /Users/admin/builder/spi-builder-workspace/Sources/DSFSparkline/overlay/renderers/core/DSFSparklineOverlay+StaticDataSource.swift /Users/admin/builder/spi-builder-workspace/Sources/DSFSparkline/overlay/renderers/core/DSFSparklineOverlay.swift /Users/admin/builder/spi-builder-workspace/Sources/DSFSparkline/overlay/renderers/overlays-components/DSFSparklineOverlay+GridLines.swift (in target 'DSFSparkline' from project 'DSFSparkline')
/Users/admin/builder/spi-builder-workspace/Sources/DSFSparkline/overlay/renderers/core/DSFSparklineOverlay.swift:29:41: error: 'CALayer' is unavailable in watchOS
27 | ///
28 | /// All sparkline renderers must inherit from this class
29 | @objc public class DSFSparklineOverlay: CALayer {
| `- error: 'CALayer' is unavailable in watchOS
30 | override public init() {
31 | super.init()
/Applications/Xcode-27.0.0-Release.Candidate.app/Contents/Developer/Platforms/WatchOS.platform/Developer/SDKs/WatchOS27.0.sdk/System/Library/Frameworks/QuartzCore.framework/Headers/CALayer.h:117:12: note: 'CALayer' has been explicitly marked unavailable here
115 |
116 | API_AVAILABLE(macos(10.5), ios(2.0), tvos(9.0)) API_UNAVAILABLE(watchos)
117 | @interface CALayer : NSObject <NSSecureCoding, CAMediaTiming>
| `- note: 'CALayer' has been explicitly marked unavailable here
118 |
119 | /** Layer creation and initialization. **/
SwiftCompile normal arm64 /Users/admin/builder/spi-builder-workspace/Sources/DSFSparkline/datasource/DSFSparkline+DataSource.swift (in target 'DSFSparkline' from project 'DSFSparkline')
cd /Users/admin/builder/spi-builder-workspace/.swiftpm/xcode
builtin-SwiftPerFileCompile DSFSparkline+DataSource.swift
SwiftCompile normal arm64 /Users/admin/builder/spi-builder-workspace/Sources/DSFSparkline/datasource/DSFSparkline+StaticDataSource.swift (in target 'DSFSparkline' from project 'DSFSparkline')
cd /Users/admin/builder/spi-builder-workspace/.swiftpm/xcode
builtin-SwiftPerFileCompile DSFSparkline+StaticDataSource.swift
SwiftCompile normal arm64 /Users/admin/builder/spi-builder-workspace/Sources/DSFSparkline/datasource/data-core/SparklineData.swift (in target 'DSFSparkline' from project 'DSFSparkline')
cd /Users/admin/builder/spi-builder-workspace/.swiftpm/xcode
builtin-SwiftPerFileCompile SparklineData.swift
SwiftCompile normal arm64 /Users/admin/builder/spi-builder-workspace/Sources/DSFSparkline/datasource/data-core/SparklineWindow.swift (in target 'DSFSparkline' from project 'DSFSparkline')
cd /Users/admin/builder/spi-builder-workspace/.swiftpm/xcode
builtin-SwiftPerFileCompile SparklineWindow.swift
SwiftCompile normal arm64 /Users/admin/builder/spi-builder-workspace/Sources/DSFSparkline/overlay/renderers/core/DSFSparklineOverlay+Centerable.swift (in target 'DSFSparkline' from project 'DSFSparkline')
cd /Users/admin/builder/spi-builder-workspace/.swiftpm/xcode
builtin-SwiftPerFileCompile DSFSparklineOverlay+Centerable.swift
SwiftCompile normal arm64 /Users/admin/builder/spi-builder-workspace/Sources/DSFSparkline/overlay/renderers/core/DSFSparklineOverlay+DataSource.swift (in target 'DSFSparkline' from project 'DSFSparkline')
cd /Users/admin/builder/spi-builder-workspace/.swiftpm/xcode
builtin-SwiftPerFileCompile DSFSparklineOverlay+DataSource.swift
SwiftCompile normal arm64 /Users/admin/builder/spi-builder-workspace/Sources/DSFSparkline/overlay/renderers/core/DSFSparklineOverlay+StaticDataSource.swift (in target 'DSFSparkline' from project 'DSFSparkline')
cd /Users/admin/builder/spi-builder-workspace/.swiftpm/xcode
builtin-SwiftPerFileCompile DSFSparklineOverlay+StaticDataSource.swift
SwiftCompile normal arm64 /Users/admin/builder/spi-builder-workspace/Sources/DSFSparkline/overlay/renderers/core/DSFSparklineOverlay.swift (in target 'DSFSparkline' from project 'DSFSparkline')
cd /Users/admin/builder/spi-builder-workspace/.swiftpm/xcode
builtin-SwiftPerFileCompile DSFSparklineOverlay.swift
SwiftCompile normal arm64 /Users/admin/builder/spi-builder-workspace/Sources/DSFSparkline/overlay/renderers/overlays-components/DSFSparklineOverlay+GridLines.swift (in target 'DSFSparkline' from project 'DSFSparkline')
cd /Users/admin/builder/spi-builder-workspace/.swiftpm/xcode
builtin-SwiftPerFileCompile DSFSparklineOverlay+GridLines.swift
SwiftCompile normal arm64 Compiling\ DSFSparklineSurface+AttributedString.swift,\ DSFSparklineSurface+Bitmap.swift,\ DSFSparklineSurface+SwiftUI.swift,\ DSFSparklineSurface+View.swift,\ DSFSparklineSurface.swift,\ DSFSparkline+ActivityGridDefinition.swift,\ DSFSparkline+GradientBucket.swift,\ DSFSparkline+GridLinesDefinition.swift /Users/admin/builder/spi-builder-workspace/Sources/DSFSparkline/overlay/surfaces/DSFSparklineSurface+AttributedString.swift /Users/admin/builder/spi-builder-workspace/Sources/DSFSparkline/overlay/surfaces/DSFSparklineSurface+Bitmap.swift /Users/admin/builder/spi-builder-workspace/Sources/DSFSparkline/overlay/surfaces/DSFSparklineSurface+SwiftUI.swift /Users/admin/builder/spi-builder-workspace/Sources/DSFSparkline/overlay/surfaces/DSFSparklineSurface+View.swift /Users/admin/builder/spi-builder-workspace/Sources/DSFSparkline/overlay/surfaces/DSFSparklineSurface.swift /Users/admin/builder/spi-builder-workspace/Sources/DSFSparkline/overlay/types/DSFSparkline+ActivityGridDefinition.swift /Users/admin/builder/spi-builder-workspace/Sources/DSFSparkline/overlay/types/DSFSparkline+GradientBucket.swift /Users/admin/builder/spi-builder-workspace/Sources/DSFSparkline/overlay/types/DSFSparkline+GridLinesDefinition.swift (in target 'DSFSparkline' from project 'DSFSparkline')
/Users/admin/builder/spi-builder-workspace/Sources/DSFSparkline/overlay/surfaces/DSFSparklineSurface+Bitmap.swift:67:14: error: 'contentsScale' is unavailable in watchOS
65 | overlay.frame = rect
66 | overlay.setNeedsDisplay()
67 | overlay.contentsScale = scale
| `- error: 'contentsScale' is unavailable in watchOS
68 | #if os(macOS)
69 | overlay.isGeometryFlipped = true
/Applications/Xcode-27.0.0-Release.Candidate.app/Contents/Developer/Platforms/WatchOS.platform/Developer/SDKs/WatchOS27.0.sdk/System/Library/Frameworks/QuartzCore.framework/Headers/CALayer.h:406:19: note: 'contentsScale' has been explicitly marked unavailable here
404 | * as large as the layer bounds). Defaults to one. Animatable. */
405 |
406 | @property CGFloat contentsScale
| `- note: 'contentsScale' has been explicitly marked unavailable here
407 | API_AVAILABLE(macos(10.7), ios(4.0), tvos(9.0)) API_UNAVAILABLE(watchos);
408 |
/Users/admin/builder/spi-builder-workspace/Sources/DSFSparkline/util/Utilities.swift:50:34: error: cannot find type 'UIViewRepresentable' in scope
48 | #else
49 | @available(iOS 13.0, tvOS 13.0, *)
50 | typealias DSFViewRepresentable = UIViewRepresentable
| `- error: cannot find type 'UIViewRepresentable' in scope
51 | #endif
52 | #endif
/Users/admin/builder/spi-builder-workspace/Sources/DSFSparkline/overlay/surfaces/DSFSparklineSurface+SwiftUI.swift:57:38: error: cannot find type 'Context' in scope
55 | }
56 |
57 | private func makeSurface(_ context: Context) -> DSFSparklineSurfaceView {
| `- error: cannot find type 'Context' in scope
58 | let view = DSFSparklineSurfaceView(frame: .zero)
59 | view.translatesAutoresizingMaskIntoConstraints = false
/Users/admin/builder/spi-builder-workspace/Sources/DSFSparkline/overlay/surfaces/DSFSparklineSurface+SwiftUI.swift:72:27: error: cannot find type 'Context' in scope
70 | @available(iOS 13.0, tvOS 13.0, macOS 9999.0, *)
71 | public extension DSFSparklineSurface.SwiftUI {
72 | func makeUIView(context: Context) -> DSFSparklineSurfaceView {
| `- error: cannot find type 'Context' in scope
73 | return self.makeSurface(context)
74 | }
/Users/admin/builder/spi-builder-workspace/Sources/DSFSparkline/overlay/surfaces/DSFSparklineSurface+SwiftUI.swift:76:62: error: cannot find type 'Context' in scope
74 | }
75 |
76 | func updateUIView(_ view: DSFSparklineSurfaceView, context: Context) {
| `- error: cannot find type 'Context' in scope
77 | self.updateView(view, context: context)
78 | }
/Users/admin/builder/spi-builder-workspace/Sources/DSFSparkline/overlay/surfaces/DSFSparklineSurface+SwiftUI.swift:85:27: error: cannot find type 'Context' in scope
83 | @available(macOS 10.15, iOS 9999.0, tvOS 9999.0, *)
84 | public extension DSFSparklineSurface.SwiftUI {
85 | func makeNSView(context: Context) -> DSFSparklineSurfaceView {
| `- error: cannot find type 'Context' in scope
86 | return self.makeSurface(context)
87 | }
/Users/admin/builder/spi-builder-workspace/Sources/DSFSparkline/overlay/surfaces/DSFSparklineSurface+SwiftUI.swift:89:64: error: cannot find type 'Context' in scope
87 | }
88 |
89 | func updateNSView(_ nsView: DSFSparklineSurfaceView, context: Context) {
| `- error: cannot find type 'Context' in scope
90 | self.updateView(nsView, context: context)
91 | }
/Users/admin/builder/spi-builder-workspace/Sources/DSFSparkline/overlay/surfaces/DSFSparklineSurface+SwiftUI.swift:96:60: error: cannot find type 'Context' in scope
94 | @available(macOS 10.15, iOS 13.0, tvOS 13.0, *)
95 | public extension DSFSparklineSurface.SwiftUI {
96 | func updateView(_ view: DSFSparklineSurfaceView, context: Context) {
| `- error: cannot find type 'Context' in scope
97 |
98 | }
/Users/admin/builder/spi-builder-workspace/Sources/DSFSparkline/overlay/surfaces/DSFSparklineSurface+View.swift:45:17: error: 'CALayer' is unavailable in watchOS
43 | }()
44 |
45 | var rootLayer: CALayer {
| `- error: 'CALayer' is unavailable in watchOS
46 | #if os(macOS)
47 | return self.layer!
/Applications/Xcode-27.0.0-Release.Candidate.app/Contents/Developer/Platforms/WatchOS.platform/Developer/SDKs/WatchOS27.0.sdk/System/Library/Frameworks/QuartzCore.framework/Headers/CALayer.h:117:12: note: 'CALayer' has been explicitly marked unavailable here
115 |
116 | API_AVAILABLE(macos(10.5), ios(2.0), tvos(9.0)) API_UNAVAILABLE(watchos)
117 | @interface CALayer : NSObject <NSSecureCoding, CAMediaTiming>
| `- note: 'CALayer' has been explicitly marked unavailable here
118 |
119 | /** Layer creation and initialization. **/
/Users/admin/builder/spi-builder-workspace/Sources/DSFSparkline/overlay/surfaces/DSFSparklineSurface+View.swift:157:21: error: 'CALayer' is unavailable in watchOS
155 | }
156 |
157 | func draw(_ layer: CALayer, in ctx: CGContext) {
| `- error: 'CALayer' is unavailable in watchOS
158 | if let l = layer as? DSFSparklineOverlay {
159 | let scale = view.retinaScale()
/Applications/Xcode-27.0.0-Release.Candidate.app/Contents/Developer/Platforms/WatchOS.platform/Developer/SDKs/WatchOS27.0.sdk/System/Library/Frameworks/QuartzCore.framework/Headers/CALayer.h:117:12: note: 'CALayer' has been explicitly marked unavailable here
115 |
116 | API_AVAILABLE(macos(10.5), ios(2.0), tvos(9.0)) API_UNAVAILABLE(watchos)
117 | @interface CALayer : NSObject <NSSecureCoding, CAMediaTiming>
| `- note: 'CALayer' has been explicitly marked unavailable here
118 |
119 | /** Layer creation and initialization. **/
/Users/admin/builder/spi-builder-workspace/Sources/DSFSparkline/overlay/surfaces/DSFSparklineSurface+View.swift:148:47: error: 'CALayerDelegate' is unavailable in watchOS
146 |
147 | // the draw delegate for the overlay layers
148 | fileprivate class RendererDelegate: NSObject, CALayerDelegate {
| `- error: 'CALayerDelegate' is unavailable in watchOS
149 |
150 | let view: DSFSparklineSurfaceView
/Applications/Xcode-27.0.0-Release.Candidate.app/Contents/Developer/Platforms/WatchOS.platform/Developer/SDKs/WatchOS27.0.sdk/System/Library/Frameworks/QuartzCore.framework/Headers/CALayer.h:967:11: note: 'CALayerDelegate' has been explicitly marked unavailable here
965 |
966 | API_AVAILABLE(macos(10.12), ios(10.0), tvos(10.0)) API_UNAVAILABLE(watchos)
967 | @protocol CALayerDelegate <NSObject>
| `- note: 'CALayerDelegate' has been explicitly marked unavailable here
968 | @optional
969 |
/Users/admin/builder/spi-builder-workspace/Sources/DSFSparkline/overlay/surfaces/DSFSparklineSurface+View.swift:117:3: error: 'CATransaction' is unavailable in watchOS
115 |
116 | private func syncLayers() {
117 | CATransaction.withDisabledActions {
| `- error: 'CATransaction' is unavailable in watchOS
118 | self.rootLayer.sublayers?.forEach { layer in
119 | layer.bounds = self.bounds
/Applications/Xcode-27.0.0-Release.Candidate.app/Contents/Developer/Platforms/WatchOS.platform/Developer/SDKs/WatchOS27.0.sdk/System/Library/Frameworks/QuartzCore.framework/Headers/CATransaction.h:34:12: note: 'CATransaction' has been explicitly marked unavailable here
32 |
33 | API_AVAILABLE(macos(10.5), ios(2.0), tvos(9.0)) API_UNAVAILABLE(watchos)
34 | @interface CATransaction : NSObject
| `- note: 'CATransaction' has been explicitly marked unavailable here
35 |
36 | /* Begin a new transaction for the current thread; nests. */
/Users/admin/builder/spi-builder-workspace/Sources/DSFSparkline/overlay/surfaces/DSFSparklineSurface+View.swift:120:11: error: 'contentsScale' is unavailable in watchOS
118 | self.rootLayer.sublayers?.forEach { layer in
119 | layer.bounds = self.bounds
120 | layer.contentsScale = self.retinaScale()
| `- error: 'contentsScale' is unavailable in watchOS
121 | layer.setNeedsDisplay()
122 | }
/Applications/Xcode-27.0.0-Release.Candidate.app/Contents/Developer/Platforms/WatchOS.platform/Developer/SDKs/WatchOS27.0.sdk/System/Library/Frameworks/QuartzCore.framework/Headers/CALayer.h:406:19: note: 'contentsScale' has been explicitly marked unavailable here
404 | * as large as the layer bounds). Defaults to one. Animatable. */
405 |
406 | @property CGFloat contentsScale
| `- note: 'contentsScale' has been explicitly marked unavailable here
407 | API_AVAILABLE(macos(10.7), ios(4.0), tvos(9.0)) API_UNAVAILABLE(watchos);
408 |
SwiftCompile normal arm64 /Users/admin/builder/spi-builder-workspace/Sources/DSFSparkline/overlay/surfaces/DSFSparklineSurface+AttributedString.swift (in target 'DSFSparkline' from project 'DSFSparkline')
cd /Users/admin/builder/spi-builder-workspace/.swiftpm/xcode
builtin-SwiftPerFileCompile DSFSparklineSurface+AttributedString.swift
SwiftCompile normal arm64 /Users/admin/builder/spi-builder-workspace/Sources/DSFSparkline/overlay/surfaces/DSFSparklineSurface+Bitmap.swift (in target 'DSFSparkline' from project 'DSFSparkline')
cd /Users/admin/builder/spi-builder-workspace/.swiftpm/xcode
builtin-SwiftPerFileCompile DSFSparklineSurface+Bitmap.swift
SwiftCompile normal arm64 /Users/admin/builder/spi-builder-workspace/Sources/DSFSparkline/overlay/surfaces/DSFSparklineSurface+SwiftUI.swift (in target 'DSFSparkline' from project 'DSFSparkline')
cd /Users/admin/builder/spi-builder-workspace/.swiftpm/xcode
builtin-SwiftPerFileCompile DSFSparklineSurface+SwiftUI.swift
SwiftCompile normal arm64 /Users/admin/builder/spi-builder-workspace/Sources/DSFSparkline/overlay/surfaces/DSFSparklineSurface+View.swift (in target 'DSFSparkline' from project 'DSFSparkline')
cd /Users/admin/builder/spi-builder-workspace/.swiftpm/xcode
builtin-SwiftPerFileCompile DSFSparklineSurface+View.swift
SwiftCompile normal arm64 /Users/admin/builder/spi-builder-workspace/Sources/DSFSparkline/overlay/surfaces/DSFSparklineSurface.swift (in target 'DSFSparkline' from project 'DSFSparkline')
cd /Users/admin/builder/spi-builder-workspace/.swiftpm/xcode
builtin-SwiftPerFileCompile DSFSparklineSurface.swift
SwiftCompile normal arm64 /Users/admin/builder/spi-builder-workspace/Sources/DSFSparkline/overlay/types/DSFSparkline+ActivityGridDefinition.swift (in target 'DSFSparkline' from project 'DSFSparkline')
cd /Users/admin/builder/spi-builder-workspace/.swiftpm/xcode
builtin-SwiftPerFileCompile DSFSparkline+ActivityGridDefinition.swift
SwiftCompile normal arm64 /Users/admin/builder/spi-builder-workspace/Sources/DSFSparkline/overlay/types/DSFSparkline+GradientBucket.swift (in target 'DSFSparkline' from project 'DSFSparkline')
cd /Users/admin/builder/spi-builder-workspace/.swiftpm/xcode
builtin-SwiftPerFileCompile DSFSparkline+GradientBucket.swift
SwiftCompile normal arm64 /Users/admin/builder/spi-builder-workspace/Sources/DSFSparkline/overlay/types/DSFSparkline+GridLinesDefinition.swift (in target 'DSFSparkline' from project 'DSFSparkline')
cd /Users/admin/builder/spi-builder-workspace/.swiftpm/xcode
builtin-SwiftPerFileCompile DSFSparkline+GridLinesDefinition.swift
SwiftCompile normal arm64 Compiling\ DSFSparklineActivityGridView+SwiftUI.swift,\ DSFSparklineActivityGridView.swift,\ DSFSparklineBarGraphView+SwiftUI.swift,\ DSFSparklineBarGraphView.swift,\ DSFSparklineCircularGaugeView+SwiftUI.swift,\ DSFSparklineCircularGaugeView.swift,\ DSFSparklineCircularProgressView+SwiftUI.swift,\ DSFSparklineCircularProgressView.swift /Users/admin/builder/spi-builder-workspace/Sources/DSFSparkline/prebuilt/DSFSparklineActivityGridView+SwiftUI.swift /Users/admin/builder/spi-builder-workspace/Sources/DSFSparkline/prebuilt/DSFSparklineActivityGridView.swift /Users/admin/builder/spi-builder-workspace/Sources/DSFSparkline/prebuilt/DSFSparklineBarGraphView+SwiftUI.swift /Users/admin/builder/spi-builder-workspace/Sources/DSFSparkline/prebuilt/DSFSparklineBarGraphView.swift /Users/admin/builder/spi-builder-workspace/Sources/DSFSparkline/prebuilt/DSFSparklineCircularGaugeView+SwiftUI.swift /Users/admin/builder/spi-builder-workspace/Sources/DSFSparkline/prebuilt/DSFSparklineCircularGaugeView.swift /Users/admin/builder/spi-builder-workspace/Sources/DSFSparkline/prebuilt/DSFSparklineCircularProgressView+SwiftUI.swift /Users/admin/builder/spi-builder-workspace/Sources/DSFSparkline/prebuilt/DSFSparklineCircularProgressView.swift (in target 'DSFSparkline' from project 'DSFSparkline')
/Users/admin/builder/spi-builder-workspace/Sources/DSFSparkline/util/Utilities.swift:50:34: error: cannot find type 'UIViewRepresentable' in scope
48 | #else
49 | @available(iOS 13.0, tvOS 13.0, *)
50 | typealias DSFViewRepresentable = UIViewRepresentable
| `- error: cannot find type 'UIViewRepresentable' in scope
51 | #endif
52 | #endif
/Users/admin/builder/spi-builder-workspace/Sources/DSFSparkline/prebuilt/DSFSparklineActivityGridView+SwiftUI.swift:139:35: error: cannot find type 'Context' in scope
137 | }
138 |
139 | func makeActivityGrid(_ context: Context) -> DSFSparklineActivityGridView {
| `- error: cannot find type 'Context' in scope
140 | let view = DSFSparklineActivityGridView(frame: .zero)
141 | self.updateView(view)
/Users/admin/builder/spi-builder-workspace/Sources/DSFSparkline/prebuilt/DSFSparklineActivityGridView+SwiftUI.swift:154:104: error: cannot find type 'Context' in scope
152 | #else
153 | @available(iOS 16.0, tvOS 16.0, *)
154 | public func sizeThatFits(_ proposal: ProposedViewSize, uiView: DSFSparklineActivityGridView, context: Context) -> CGSize? {
| `- error: cannot find type 'Context' in scope
155 | let w = (uiView.horizontalCellCount == 0) ? (proposal.width ?? uiView.activityLayer.intrinsicWidth) : uiView.activityLayer.intrinsicWidth
156 | return CGSize(width: w, height: uiView.intrinsicContentSize.height)
/Users/admin/builder/spi-builder-workspace/Sources/DSFSparkline/prebuilt/DSFSparklineActivityGridView+SwiftUI.swift:165:27: error: cannot find type 'Context' in scope
163 | @available(iOS 13.0, tvOS 13.0, macOS 9999.0, *)
164 | public extension DSFSparklineActivityGridView.SwiftUI {
165 | func makeUIView(context: Context) -> DSFSparklineActivityGridView {
| `- error: cannot find type 'Context' in scope
166 | return self.makeActivityGrid(context)
167 | }
/Users/admin/builder/spi-builder-workspace/Sources/DSFSparkline/prebuilt/DSFSparklineActivityGridView+SwiftUI.swift:169:69: error: cannot find type 'Context' in scope
167 | }
168 |
169 | func updateUIView(_ view: DSFSparklineActivityGridView, context _: Context) {
| `- error: cannot find type 'Context' in scope
170 | self.updateView(view)
171 | }
/Users/admin/builder/spi-builder-workspace/Sources/DSFSparkline/prebuilt/DSFSparklineActivityGridView+SwiftUI.swift:178:27: error: cannot find type 'Context' in scope
176 | @available(macOS 10.15, iOS 9999.0, tvOS 9999.0, *)
177 | public extension DSFSparklineActivityGridView.SwiftUI {
178 | func makeNSView(context: Context) -> DSFSparklineActivityGridView {
| `- error: cannot find type 'Context' in scope
179 | let v = self.makeActivityGrid(context)
180 | return v
/Users/admin/builder/spi-builder-workspace/Sources/DSFSparkline/prebuilt/DSFSparklineActivityGridView+SwiftUI.swift:183:69: error: cannot find type 'Context' in scope
181 | }
182 |
183 | func updateNSView(_ view: DSFSparklineActivityGridView, context _: Context) {
| `- error: cannot find type 'Context' in scope
184 | self.updateView(view)
185 | }
/Users/admin/builder/spi-builder-workspace/Sources/DSFSparkline/prebuilt/DSFSparklineBarGraphView+SwiftUI.swift:131:31: error: cannot find type 'Context' in scope
129 | }
130 |
131 | private func makeBarGraph(_: Context) -> DSFSparklineBarGraphView {
| `- error: cannot find type 'Context' in scope
132 | let view = DSFSparklineBarGraphView(frame: .zero)
133 | view.translatesAutoresizingMaskIntoConstraints = false
/Users/admin/builder/spi-builder-workspace/Sources/DSFSparkline/prebuilt/DSFSparklineBarGraphView+SwiftUI.swift:167:27: error: cannot find type 'Context' in scope
165 | @available(iOS 13.0, tvOS 13.0, macOS 9999.0, *)
166 | public extension DSFSparklineBarGraphView.SwiftUI {
167 | func makeUIView(context: Context) -> DSFSparklineBarGraphView {
| `- error: cannot find type 'Context' in scope
168 | return self.makeBarGraph(context)
169 | }
/Users/admin/builder/spi-builder-workspace/Sources/DSFSparkline/prebuilt/DSFSparklineBarGraphView+SwiftUI.swift:171:65: error: cannot find type 'Context' in scope
169 | }
170 |
171 | func updateUIView(_ view: DSFSparklineBarGraphView, context _: Context) {
| `- error: cannot find type 'Context' in scope
172 | self.updateView(view)
173 | }
/Users/admin/builder/spi-builder-workspace/Sources/DSFSparkline/prebuilt/DSFSparklineBarGraphView+SwiftUI.swift:180:27: error: cannot find type 'Context' in scope
178 | @available(macOS 10.15, iOS 9999.0, tvOS 9999.0, *)
179 | public extension DSFSparklineBarGraphView.SwiftUI {
180 | func makeNSView(context: Context) -> DSFSparklineBarGraphView {
| `- error: cannot find type 'Context' in scope
181 | return self.makeBarGraph(context)
182 | }
/Users/admin/builder/spi-builder-workspace/Sources/DSFSparkline/prebuilt/DSFSparklineBarGraphView+SwiftUI.swift:184:65: error: cannot find type 'Context' in scope
182 | }
183 |
184 | func updateNSView(_ view: DSFSparklineBarGraphView, context _: Context) {
| `- error: cannot find type 'Context' in scope
185 | self.updateView(view)
186 | }
/Users/admin/builder/spi-builder-workspace/Sources/DSFSparkline/prebuilt/DSFSparklineCircularGaugeView+SwiftUI.swift:91:28: error: cannot find type 'Context' in scope
89 | #endif
90 |
91 | func makeCircularGauge(_: Context) -> DSFSparklineCircularGaugeView {
| `- error: cannot find type 'Context' in scope
92 | let view = DSFSparklineCircularGaugeView(frame: .zero)
93 | view.translatesAutoresizingMaskIntoConstraints = false
/Users/admin/builder/spi-builder-workspace/Sources/DSFSparkline/prebuilt/DSFSparklineCircularGaugeView+SwiftUI.swift:106:27: error: cannot find type 'Context' in scope
104 | @available(iOS 13.0, tvOS 13.0, macOS 9999.0, *)
105 | public extension DSFSparklineCircularGaugeView.SwiftUI {
106 | func makeUIView(context: Context) -> DSFSparklineCircularGaugeView {
| `- error: cannot find type 'Context' in scope
107 | return self.makeCircularGauge(context)
108 | }
/Users/admin/builder/spi-builder-workspace/Sources/DSFSparkline/prebuilt/DSFSparklineCircularGaugeView+SwiftUI.swift:110:70: error: cannot find type 'Context' in scope
108 | }
109 |
110 | func updateUIView(_ view: DSFSparklineCircularGaugeView, context _: Context) {
| `- error: cannot find type 'Context' in scope
111 | self.updateView(view)
112 | }
/Users/admin/builder/spi-builder-workspace/Sources/DSFSparkline/prebuilt/DSFSparklineCircularGaugeView+SwiftUI.swift:119:27: error: cannot find type 'Context' in scope
117 | @available(macOS 10.15, iOS 9999.0, tvOS 9999.0, *)
118 | public extension DSFSparklineCircularGaugeView.SwiftUI {
119 | func makeNSView(context: Context) -> DSFSparklineCircularGaugeView {
| `- error: cannot find type 'Context' in scope
120 | return self.makeCircularGauge(context)
121 | }
/Users/admin/builder/spi-builder-workspace/Sources/DSFSparkline/prebuilt/DSFSparklineCircularGaugeView+SwiftUI.swift:123:70: error: cannot find type 'Context' in scope
121 | }
122 |
123 | func updateNSView(_ view: DSFSparklineCircularGaugeView, context _: Context) {
| `- error: cannot find type 'Context' in scope
124 | self.updateView(view)
125 | }
/Users/admin/builder/spi-builder-workspace/Sources/DSFSparkline/prebuilt/DSFSparklineCircularGaugeView+SwiftUI.swift:167:7: error: value of type 'DSFSparklineCircularGaugeView.SwiftUI' has no member 'frame'
165 | lineStyle: .init(width: 10, fillColor: DSFSparkline.Fill.Color(gray: 0.5, alpha: 1.0))
166 | )
167 | .frame(width: 64, height: 64)
| `- error: value of type 'DSFSparklineCircularGaugeView.SwiftUI' has no member 'frame'
168 | }
169 | }
/Users/admin/builder/spi-builder-workspace/Sources/DSFSparkline/prebuilt/DSFSparklineCircularProgressView+SwiftUI.swift:63:28: error: cannot find type 'Context' in scope
61 | #endif
62 |
63 | func makeProgressGraph(_: Context) -> DSFSparklineCircularProgressView {
| `- error: cannot find type 'Context' in scope
64 | let view = DSFSparklineCircularProgressView(frame: .zero)
65 | view.translatesAutoresizingMaskIntoConstraints = false
/Users/admin/builder/spi-builder-workspace/Sources/DSFSparkline/prebuilt/DSFSparklineCircularProgressView+SwiftUI.swift:82:27: error: cannot find type 'Context' in scope
80 | @available(iOS 13.0, tvOS 13.0, macOS 9999.0, *)
81 | public extension DSFSparklineCircularProgressView.SwiftUI {
82 | func makeUIView(context: Context) -> DSFSparklineCircularProgressView {
| `- error: cannot find type 'Context' in scope
83 | return self.makeProgressGraph(context)
84 | }
/Users/admin/builder/spi-builder-workspace/Sources/DSFSparkline/prebuilt/DSFSparklineCircularProgressView+SwiftUI.swift:86:73: error: cannot find type 'Context' in scope
84 | }
85 |
86 | func updateUIView(_ view: DSFSparklineCircularProgressView, context _: Context) {
| `- error: cannot find type 'Context' in scope
87 | self.updateView(view)
88 | }
/Users/admin/builder/spi-builder-workspace/Sources/DSFSparkline/prebuilt/DSFSparklineCircularProgressView+SwiftUI.swift:95:27: error: cannot find type 'Context' in scope
93 | @available(macOS 10.15, iOS 9999.0, tvOS 9999.0, *)
94 | public extension DSFSparklineCircularProgressView.SwiftUI {
95 | func makeNSView(context: Context) -> DSFSparklineCircularProgressView {
| `- error: cannot find type 'Context' in scope
96 | return self.makeProgressGraph(context)
97 | }
/Users/admin/builder/spi-builder-workspace/Sources/DSFSparkline/prebuilt/DSFSparklineCircularProgressView+SwiftUI.swift:99:73: error: cannot find type 'Context' in scope
97 | }
98 |
99 | func updateNSView(_ view: DSFSparklineCircularProgressView, context _: Context) {
| `- error: cannot find type 'Context' in scope
100 | self.updateView(view)
101 | }
SwiftCompile normal arm64 /Users/admin/builder/spi-builder-workspace/Sources/DSFSparkline/prebuilt/DSFSparklineActivityGridView+SwiftUI.swift (in target 'DSFSparkline' from project 'DSFSparkline')
cd /Users/admin/builder/spi-builder-workspace/.swiftpm/xcode
builtin-SwiftPerFileCompile DSFSparklineActivityGridView+SwiftUI.swift
SwiftCompile normal arm64 /Users/admin/builder/spi-builder-workspace/Sources/DSFSparkline/prebuilt/DSFSparklineActivityGridView.swift (in target 'DSFSparkline' from project 'DSFSparkline')
cd /Users/admin/builder/spi-builder-workspace/.swiftpm/xcode
builtin-SwiftPerFileCompile DSFSparklineActivityGridView.swift
SwiftCompile normal arm64 /Users/admin/builder/spi-builder-workspace/Sources/DSFSparkline/prebuilt/DSFSparklineBarGraphView+SwiftUI.swift (in target 'DSFSparkline' from project 'DSFSparkline')
cd /Users/admin/builder/spi-builder-workspace/.swiftpm/xcode
builtin-SwiftPerFileCompile DSFSparklineBarGraphView+SwiftUI.swift
SwiftCompile normal arm64 /Users/admin/builder/spi-builder-workspace/Sources/DSFSparkline/prebuilt/DSFSparklineBarGraphView.swift (in target 'DSFSparkline' from project 'DSFSparkline')
cd /Users/admin/builder/spi-builder-workspace/.swiftpm/xcode
builtin-SwiftPerFileCompile DSFSparklineBarGraphView.swift
SwiftCompile normal arm64 /Users/admin/builder/spi-builder-workspace/Sources/DSFSparkline/prebuilt/DSFSparklineCircularGaugeView+SwiftUI.swift (in target 'DSFSparkline' from project 'DSFSparkline')
cd /Users/admin/builder/spi-builder-workspace/.swiftpm/xcode
builtin-SwiftPerFileCompile DSFSparklineCircularGaugeView+SwiftUI.swift
SwiftCompile normal arm64 /Users/admin/builder/spi-builder-workspace/Sources/DSFSparkline/prebuilt/DSFSparklineCircularGaugeView.swift (in target 'DSFSparkline' from project 'DSFSparkline')
cd /Users/admin/builder/spi-builder-workspace/.swiftpm/xcode
builtin-SwiftPerFileCompile DSFSparklineCircularGaugeView.swift
SwiftCompile normal arm64 /Users/admin/builder/spi-builder-workspace/Sources/DSFSparkline/prebuilt/DSFSparklineCircularProgressView+SwiftUI.swift (in target 'DSFSparkline' from project 'DSFSparkline')
cd /Users/admin/builder/spi-builder-workspace/.swiftpm/xcode
builtin-SwiftPerFileCompile DSFSparklineCircularProgressView+SwiftUI.swift
SwiftCompile normal arm64 /Users/admin/builder/spi-builder-workspace/Sources/DSFSparkline/prebuilt/DSFSparklineCircularProgressView.swift (in target 'DSFSparkline' from project 'DSFSparkline')
cd /Users/admin/builder/spi-builder-workspace/.swiftpm/xcode
builtin-SwiftPerFileCompile DSFSparklineCircularProgressView.swift
SwiftCompile normal arm64 Compiling\ DSFSparklineWinLossGraphView+SwiftUI.swift,\ DSFSparklineWinLossGraphView.swift,\ DSFSparklineWiperGaugeGraphView+SwiftUI.swift,\ DSFSparklineWiperGaugeGraphView.swift,\ DSFSparklineDataSourceView.swift,\ DSFSparklineZeroLinedGraphView.swift,\ Angle.swift,\ ArbitraryAnimator.swift /Users/admin/builder/spi-builder-workspace/Sources/DSFSparkline/prebuilt/DSFSparklineWinLossGraphView+SwiftUI.swift /Users/admin/builder/spi-builder-workspace/Sources/DSFSparkline/prebuilt/DSFSparklineWinLossGraphView.swift /Users/admin/builder/spi-builder-workspace/Sources/DSFSparkline/prebuilt/DSFSparklineWiperGaugeGraphView+SwiftUI.swift /Users/admin/builder/spi-builder-workspace/Sources/DSFSparkline/prebuilt/DSFSparklineWiperGaugeGraphView.swift /Users/admin/builder/spi-builder-workspace/Sources/DSFSparkline/prebuilt/ui/DSFSparklineDataSourceView.swift /Users/admin/builder/spi-builder-workspace/Sources/DSFSparkline/prebuilt/ui/DSFSparklineZeroLinedGraphView.swift /Users/admin/builder/spi-builder-workspace/Sources/DSFSparkline/util/Angle.swift /Users/admin/builder/spi-builder-workspace/Sources/DSFSparkline/util/ArbitraryAnimator.swift (in target 'DSFSparkline' from project 'DSFSparkline')
/Users/admin/builder/spi-builder-workspace/Sources/DSFSparkline/prebuilt/DSFSparklineWinLossGraphView+SwiftUI.swift:62:29: error: 'systemGreen' is unavailable in watchOS
60 | /// - zeroLineDefinition: the settings for drawing the zero line
61 | public init(dataSource: DSFSparkline.DataSource,
62 | winColor: DSFColor = .systemGreen,
| `- error: 'systemGreen' is unavailable in watchOS
63 | lossColor: DSFColor = .systemRed,
64 | tieColor: DSFColor? = nil,
/Applications/Xcode-27.0.0-Release.Candidate.app/Contents/Developer/Platforms/WatchOS.platform/Developer/SDKs/WatchOS27.0.sdk/System/Library/Frameworks/UIKit.framework/Headers/UIInterface.h:122:49: note: 'systemGreen' has been explicitly marked unavailable here
120 | */
121 | @property (class, nonatomic, readonly) UIColor *systemRedColor API_AVAILABLE(ios(7.0), tvos(9.0)) API_UNAVAILABLE(watchos);
122 | @property (class, nonatomic, readonly) UIColor *systemGreenColor API_AVAILABLE(ios(7.0), tvos(9.0)) API_UNAVAILABLE(watchos);
| `- note: 'systemGreen' has been explicitly marked unavailable here
123 | @property (class, nonatomic, readonly) UIColor *systemBlueColor API_AVAILABLE(ios(7.0), tvos(9.0)) API_UNAVAILABLE(watchos);
124 | @property (class, nonatomic, readonly) UIColor *systemOrangeColor API_AVAILABLE(ios(7.0), tvos(9.0)) API_UNAVAILABLE(watchos);
/Users/admin/builder/spi-builder-workspace/Sources/DSFSparkline/prebuilt/DSFSparklineWinLossGraphView+SwiftUI.swift:63:30: error: 'systemRed' is unavailable in watchOS
61 | public init(dataSource: DSFSparkline.DataSource,
62 | winColor: DSFColor = .systemGreen,
63 | lossColor: DSFColor = .systemRed,
| `- error: 'systemRed' is unavailable in watchOS
64 | tieColor: DSFColor? = nil,
65 | lineWidth: UInt = 1,
/Applications/Xcode-27.0.0-Release.Candidate.app/Contents/Developer/Platforms/WatchOS.platform/Developer/SDKs/WatchOS27.0.sdk/System/Library/Frameworks/UIKit.framework/Headers/UIInterface.h:121:49: note: 'systemRed' has been explicitly marked unavailable here
119 | * Do not make assumptions about the color spaces or actual colors used.
120 | */
121 | @property (class, nonatomic, readonly) UIColor *systemRedColor API_AVAILABLE(ios(7.0), tvos(9.0)) API_UNAVAILABLE(watchos);
| `- note: 'systemRed' has been explicitly marked unavailable here
122 | @property (class, nonatomic, readonly) UIColor *systemGreenColor API_AVAILABLE(ios(7.0), tvos(9.0)) API_UNAVAILABLE(watchos);
123 | @property (class, nonatomic, readonly) UIColor *systemBlueColor API_AVAILABLE(ios(7.0), tvos(9.0)) API_UNAVAILABLE(watchos);
/Users/admin/builder/spi-builder-workspace/Sources/DSFSparkline/util/Utilities.swift:50:34: error: cannot find type 'UIViewRepresentable' in scope
48 | #else
49 | @available(iOS 13.0, tvOS 13.0, *)
50 | typealias DSFViewRepresentable = UIViewRepresentable
| `- error: cannot find type 'UIViewRepresentable' in scope
51 | #endif
52 | #endif
/Users/admin/builder/spi-builder-workspace/Sources/DSFSparkline/prebuilt/DSFSparklineWinLossGraphView+SwiftUI.swift:104:35: error: cannot find type 'Context' in scope
102 | }
103 |
104 | private func makeWinLossGraph(_: Context) -> DSFSparklineWinLossGraphView {
| `- error: cannot find type 'Context' in scope
105 | let view = DSFSparklineWinLossGraphView(frame: .zero)
106 | view.translatesAutoresizingMaskIntoConstraints = false
/Users/admin/builder/spi-builder-workspace/Sources/DSFSparkline/prebuilt/DSFSparklineWinLossGraphView+SwiftUI.swift:129:27: error: cannot find type 'Context' in scope
127 | @available(iOS 13.0, tvOS 13.0, macOS 9999.0, *)
128 | public extension DSFSparklineWinLossGraphView.SwiftUI {
129 | func makeUIView(context: Context) -> DSFSparklineWinLossGraphView {
| `- error: cannot find type 'Context' in scope
130 | return self.makeWinLossGraph(context)
131 | }
/Users/admin/builder/spi-builder-workspace/Sources/DSFSparkline/prebuilt/DSFSparklineWinLossGraphView+SwiftUI.swift:133:69: error: cannot find type 'Context' in scope
131 | }
132 |
133 | func updateUIView(_ view: DSFSparklineWinLossGraphView, context _: Context) {
| `- error: cannot find type 'Context' in scope
134 | self.updateView(view)
135 | }
/Users/admin/builder/spi-builder-workspace/Sources/DSFSparkline/prebuilt/DSFSparklineWinLossGraphView+SwiftUI.swift:142:27: error: cannot find type 'Context' in scope
140 | @available(macOS 10.15, iOS 9999.0, tvOS 9999.0, *)
141 | public extension DSFSparklineWinLossGraphView.SwiftUI {
142 | func makeNSView(context: Context) -> DSFSparklineWinLossGraphView {
| `- error: cannot find type 'Context' in scope
143 | return self.makeWinLossGraph(context)
144 | }
/Users/admin/builder/spi-builder-workspace/Sources/DSFSparkline/prebuilt/DSFSparklineWinLossGraphView+SwiftUI.swift:146:69: error: cannot find type 'Context' in scope
144 | }
145 |
146 | func updateNSView(_ view: DSFSparklineWinLossGraphView, context _: Context) {
| `- error: cannot find type 'Context' in scope
147 | self.updateView(view)
148 | }
/Users/admin/builder/spi-builder-workspace/Sources/DSFSparkline/prebuilt/DSFSparklineWinLossGraphView.swift:72:55: error: 'systemGreen' is unavailable in watchOS
70 | #else
71 | /// The color to draw the 'win' boxes
72 | @objc public dynamic var winColor: UIColor = UIColor.systemGreen {
| `- error: 'systemGreen' is unavailable in watchOS
73 | didSet {
74 | self.colorDidChange()
/Applications/Xcode-27.0.0-Release.Candidate.app/Contents/Developer/Platforms/WatchOS.platform/Developer/SDKs/WatchOS27.0.sdk/System/Library/Frameworks/UIKit.framework/Headers/UIInterface.h:122:49: note: 'systemGreen' has been explicitly marked unavailable here
120 | */
121 | @property (class, nonatomic, readonly) UIColor *systemRedColor API_AVAILABLE(ios(7.0), tvos(9.0)) API_UNAVAILABLE(watchos);
122 | @property (class, nonatomic, readonly) UIColor *systemGreenColor API_AVAILABLE(ios(7.0), tvos(9.0)) API_UNAVAILABLE(watchos);
| `- note: 'systemGreen' has been explicitly marked unavailable here
123 | @property (class, nonatomic, readonly) UIColor *systemBlueColor API_AVAILABLE(ios(7.0), tvos(9.0)) API_UNAVAILABLE(watchos);
124 | @property (class, nonatomic, readonly) UIColor *systemOrangeColor API_AVAILABLE(ios(7.0), tvos(9.0)) API_UNAVAILABLE(watchos);
/Users/admin/builder/spi-builder-workspace/Sources/DSFSparkline/prebuilt/DSFSparklineWinLossGraphView.swift:78:56: error: 'systemRed' is unavailable in watchOS
76 | }
77 | /// The color to draw the 'loss' boxes
78 | @objc public dynamic var lossColor: UIColor = UIColor.systemRed {
| `- error: 'systemRed' is unavailable in watchOS
79 | didSet {
80 | self.colorDidChange()
/Applications/Xcode-27.0.0-Release.Candidate.app/Contents/Developer/Platforms/WatchOS.platform/Developer/SDKs/WatchOS27.0.sdk/System/Library/Frameworks/UIKit.framework/Headers/UIInterface.h:121:49: note: 'systemRed' has been explicitly marked unavailable here
119 | * Do not make assumptions about the color spaces or actual colors used.
120 | */
121 | @property (class, nonatomic, readonly) UIColor *systemRedColor API_AVAILABLE(ios(7.0), tvos(9.0)) API_UNAVAILABLE(watchos);
| `- note: 'systemRed' has been explicitly marked unavailable here
122 | @property (class, nonatomic, readonly) UIColor *systemGreenColor API_AVAILABLE(ios(7.0), tvos(9.0)) API_UNAVAILABLE(watchos);
123 | @property (class, nonatomic, readonly) UIColor *systemBlueColor API_AVAILABLE(ios(7.0), tvos(9.0)) API_UNAVAILABLE(watchos);
/Users/admin/builder/spi-builder-workspace/Sources/DSFSparkline/prebuilt/DSFSparklineWiperGaugeGraphView+SwiftUI.swift:106:25: error: cannot find type 'Context' in scope
104 | }
105 |
106 | func makeWiperGauge(_: Context) -> DSFSparklineWiperGaugeGraphView {
| `- error: cannot find type 'Context' in scope
107 | let view = DSFSparklineWiperGaugeGraphView(frame: .zero)
108 | self.updateView(view)
/Users/admin/builder/spi-builder-workspace/Sources/DSFSparkline/prebuilt/DSFSparklineWiperGaugeGraphView+SwiftUI.swift:117:27: error: cannot find type 'Context' in scope
115 | @available(iOS 13.0, tvOS 13.0, macOS 9999.0, *)
116 | public extension DSFSparklineWiperGaugeGraphView.SwiftUI {
117 | func makeUIView(context: Context) -> DSFSparklineWiperGaugeGraphView {
| `- error: cannot find type 'Context' in scope
118 | return self.makeWiperGauge(context)
119 | }
/Users/admin/builder/spi-builder-workspace/Sources/DSFSparkline/prebuilt/DSFSparklineWiperGaugeGraphView+SwiftUI.swift:121:72: error: cannot find type 'Context' in scope
119 | }
120 |
121 | func updateUIView(_ view: DSFSparklineWiperGaugeGraphView, context _: Context) {
| `- error: cannot find type 'Context' in scope
122 | self.updateView(view)
123 | }
/Users/admin/builder/spi-builder-workspace/Sources/DSFSparkline/prebuilt/DSFSparklineWiperGaugeGraphView+SwiftUI.swift:130:27: error: cannot find type 'Context' in scope
128 | @available(macOS 10.15, iOS 9999.0, tvOS 9999.0, *)
129 | public extension DSFSparklineWiperGaugeGraphView.SwiftUI {
130 | func makeNSView(context: Context) -> DSFSparklineWiperGaugeGraphView {
| `- error: cannot find type 'Context' in scope
131 | return self.makeWiperGauge(context)
132 | }
/Users/admin/builder/spi-builder-workspace/Sources/DSFSparkline/prebuilt/DSFSparklineWiperGaugeGraphView+SwiftUI.swift:134:72: error: cannot find type 'Context' in scope
132 | }
133 |
134 | func updateNSView(_ view: DSFSparklineWiperGaugeGraphView, context _: Context) {
| `- error: cannot find type 'Context' in scope
135 | self.updateView(view)
136 | }
/Users/admin/builder/spi-builder-workspace/Sources/DSFSparkline/overlay/types/DSFSparkline+Palette.swift:47:13: error: 'systemRed' is unavailable in watchOS
45 | /// A default palette used when no palette is specified.
46 | @objc public static let shared = DSFSparkline.Palette([
47 | DSFColor.systemRed,
| `- error: 'systemRed' is unavailable in watchOS
48 | DSFColor.systemOrange,
49 | DSFColor.systemYellow,
/Applications/Xcode-27.0.0-Release.Candidate.app/Contents/Developer/Platforms/WatchOS.platform/Developer/SDKs/WatchOS27.0.sdk/System/Library/Frameworks/UIKit.framework/Headers/UIInterface.h:121:49: note: 'systemRed' has been explicitly marked unavailable here
119 | * Do not make assumptions about the color spaces or actual colors used.
120 | */
121 | @property (class, nonatomic, readonly) UIColor *systemRedColor API_AVAILABLE(ios(7.0), tvos(9.0)) API_UNAVAILABLE(watchos);
| `- note: 'systemRed' has been explicitly marked unavailable here
122 | @property (class, nonatomic, readonly) UIColor *systemGreenColor API_AVAILABLE(ios(7.0), tvos(9.0)) API_UNAVAILABLE(watchos);
123 | @property (class, nonatomic, readonly) UIColor *systemBlueColor API_AVAILABLE(ios(7.0), tvos(9.0)) API_UNAVAILABLE(watchos);
/Users/admin/builder/spi-builder-workspace/Sources/DSFSparkline/overlay/types/DSFSparkline+Palette.swift:48:13: error: 'systemOrange' is unavailable in watchOS
46 | @objc public static let shared = DSFSparkline.Palette([
47 | DSFColor.systemRed,
48 | DSFColor.systemOrange,
| `- error: 'systemOrange' is unavailable in watchOS
49 | DSFColor.systemYellow,
50 | DSFColor.systemGreen,
/Applications/Xcode-27.0.0-Release.Candidate.app/Contents/Developer/Platforms/WatchOS.platform/Developer/SDKs/WatchOS27.0.sdk/System/Library/Frameworks/UIKit.framework/Headers/UIInterface.h:124:49: note: 'systemOrange' has been explicitly marked unavailable here
122 | @property (class, nonatomic, readonly) UIColor *systemGreenColor API_AVAILABLE(ios(7.0), tvos(9.0)) API_UNAVAILABLE(watchos);
123 | @property (class, nonatomic, readonly) UIColor *systemBlueColor API_AVAILABLE(ios(7.0), tvos(9.0)) API_UNAVAILABLE(watchos);
124 | @property (class, nonatomic, readonly) UIColor *systemOrangeColor API_AVAILABLE(ios(7.0), tvos(9.0)) API_UNAVAILABLE(watchos);
| `- note: 'systemOrange' has been explicitly marked unavailable here
125 | @property (class, nonatomic, readonly) UIColor *systemYellowColor API_AVAILABLE(ios(7.0), tvos(9.0)) API_UNAVAILABLE(watchos);
126 | @property (class, nonatomic, readonly) UIColor *systemPinkColor API_AVAILABLE(ios(7.0), tvos(9.0)) API_UNAVAILABLE(watchos);
/Users/admin/builder/spi-builder-workspace/Sources/DSFSparkline/overlay/types/DSFSparkline+Palette.swift:49:13: error: 'systemYellow' is unavailable in watchOS
47 | DSFColor.systemRed,
48 | DSFColor.systemOrange,
49 | DSFColor.systemYellow,
| `- error: 'systemYellow' is unavailable in watchOS
50 | DSFColor.systemGreen,
51 | DSFColor.systemBlue,
/Applications/Xcode-27.0.0-Release.Candidate.app/Contents/Developer/Platforms/WatchOS.platform/Developer/SDKs/WatchOS27.0.sdk/System/Library/Frameworks/UIKit.framework/Headers/UIInterface.h:125:49: note: 'systemYellow' has been explicitly marked unavailable here
123 | @property (class, nonatomic, readonly) UIColor *systemBlueColor API_AVAILABLE(ios(7.0), tvos(9.0)) API_UNAVAILABLE(watchos);
124 | @property (class, nonatomic, readonly) UIColor *systemOrangeColor API_AVAILABLE(ios(7.0), tvos(9.0)) API_UNAVAILABLE(watchos);
125 | @property (class, nonatomic, readonly) UIColor *systemYellowColor API_AVAILABLE(ios(7.0), tvos(9.0)) API_UNAVAILABLE(watchos);
| `- note: 'systemYellow' has been explicitly marked unavailable here
126 | @property (class, nonatomic, readonly) UIColor *systemPinkColor API_AVAILABLE(ios(7.0), tvos(9.0)) API_UNAVAILABLE(watchos);
127 | @property (class, nonatomic, readonly) UIColor *systemPurpleColor API_AVAILABLE(ios(9.0), tvos(9.0)) API_UNAVAILABLE(watchos);
/Users/admin/builder/spi-builder-workspace/Sources/DSFSparkline/overlay/types/DSFSparkline+Palette.swift:50:13: error: 'systemGreen' is unavailable in watchOS
48 | DSFColor.systemOrange,
49 | DSFColor.systemYellow,
50 | DSFColor.systemGreen,
| `- error: 'systemGreen' is unavailable in watchOS
51 | DSFColor.systemBlue,
52 | DSFColor.systemPurple,
/Applications/Xcode-27.0.0-Release.Candidate.app/Contents/Developer/Platforms/WatchOS.platform/Developer/SDKs/WatchOS27.0.sdk/System/Library/Frameworks/UIKit.framework/Headers/UIInterface.h:122:49: note: 'systemGreen' has been explicitly marked unavailable here
120 | */
121 | @property (class, nonatomic, readonly) UIColor *systemRedColor API_AVAILABLE(ios(7.0), tvos(9.0)) API_UNAVAILABLE(watchos);
122 | @property (class, nonatomic, readonly) UIColor *systemGreenColor API_AVAILABLE(ios(7.0), tvos(9.0)) API_UNAVAILABLE(watchos);
| `- note: 'systemGreen' has been explicitly marked unavailable here
123 | @property (class, nonatomic, readonly) UIColor *systemBlueColor API_AVAILABLE(ios(7.0), tvos(9.0)) API_UNAVAILABLE(watchos);
124 | @property (class, nonatomic, readonly) UIColor *systemOrangeColor API_AVAILABLE(ios(7.0), tvos(9.0)) API_UNAVAILABLE(watchos);
/Users/admin/builder/spi-builder-workspace/Sources/DSFSparkline/overlay/types/DSFSparkline+Palette.swift:51:13: error: 'systemBlue' is unavailable in watchOS
49 | DSFColor.systemYellow,
50 | DSFColor.systemGreen,
51 | DSFColor.systemBlue,
| `- error: 'systemBlue' is unavailable in watchOS
52 | DSFColor.systemPurple,
53 | DSFColor.systemPink,
/Applications/Xcode-27.0.0-Release.Candidate.app/Contents/Developer/Platforms/WatchOS.platform/Developer/SDKs/WatchOS27.0.sdk/System/Library/Frameworks/UIKit.framework/Headers/UIInterface.h:123:49: note: 'systemBlue' has been explicitly marked unavailable here
121 | @property (class, nonatomic, readonly) UIColor *systemRedColor API_AVAILABLE(ios(7.0), tvos(9.0)) API_UNAVAILABLE(watchos);
122 | @property (class, nonatomic, readonly) UIColor *systemGreenColor API_AVAILABLE(ios(7.0), tvos(9.0)) API_UNAVAILABLE(watchos);
123 | @property (class, nonatomic, readonly) UIColor *systemBlueColor API_AVAILABLE(ios(7.0), tvos(9.0)) API_UNAVAILABLE(watchos);
| `- note: 'systemBlue' has been explicitly marked unavailable here
124 | @property (class, nonatomic, readonly) UIColor *systemOrangeColor API_AVAILABLE(ios(7.0), tvos(9.0)) API_UNAVAILABLE(watchos);
125 | @property (class, nonatomic, readonly) UIColor *systemYellowColor API_AVAILABLE(ios(7.0), tvos(9.0)) API_UNAVAILABLE(watchos);
/Users/admin/builder/spi-builder-workspace/Sources/DSFSparkline/overlay/types/DSFSparkline+Palette.swift:52:13: error: 'systemPurple' is unavailable in watchOS
50 | DSFColor.systemGreen,
51 | DSFColor.systemBlue,
52 | DSFColor.systemPurple,
| `- error: 'systemPurple' is unavailable in watchOS
53 | DSFColor.systemPink,
54 | ])
/Applications/Xcode-27.0.0-Release.Candidate.app/Contents/Developer/Platforms/WatchOS.platform/Developer/SDKs/WatchOS27.0.sdk/System/Library/Frameworks/UIKit.framework/Headers/UIInterface.h:127:49: note: 'systemPurple' has been explicitly marked unavailable here
125 | @property (class, nonatomic, readonly) UIColor *systemYellowColor API_AVAILABLE(ios(7.0), tvos(9.0)) API_UNAVAILABLE(watchos);
126 | @property (class, nonatomic, readonly) UIColor *systemPinkColor API_AVAILABLE(ios(7.0), tvos(9.0)) API_UNAVAILABLE(watchos);
127 | @property (class, nonatomic, readonly) UIColor *systemPurpleColor API_AVAILABLE(ios(9.0), tvos(9.0)) API_UNAVAILABLE(watchos);
| `- note: 'systemPurple' has been explicitly marked unavailable here
128 | @property (class, nonatomic, readonly) UIColor *systemTealColor API_AVAILABLE(ios(7.0), tvos(9.0)) API_UNAVAILABLE(watchos);
129 | @property (class, nonatomic, readonly) UIColor *systemIndigoColor API_AVAILABLE(ios(13.0), tvos(13.0)) API_UNAVAILABLE(watchos);
/Users/admin/builder/spi-builder-workspace/Sources/DSFSparkline/overlay/types/DSFSparkline+Palette.swift:53:13: error: 'systemPink' is unavailable in watchOS
51 | DSFColor.systemBlue,
52 | DSFColor.systemPurple,
53 | DSFColor.systemPink,
| `- error: 'systemPink' is unavailable in watchOS
54 | ])
55 |
/Applications/Xcode-27.0.0-Release.Candidate.app/Contents/Developer/Platforms/WatchOS.platform/Developer/SDKs/WatchOS27.0.sdk/System/Library/Frameworks/UIKit.framework/Headers/UIInterface.h:126:49: note: 'systemPink' has been explicitly marked unavailable here
124 | @property (class, nonatomic, readonly) UIColor *systemOrangeColor API_AVAILABLE(ios(7.0), tvos(9.0)) API_UNAVAILABLE(watchos);
125 | @property (class, nonatomic, readonly) UIColor *systemYellowColor API_AVAILABLE(ios(7.0), tvos(9.0)) API_UNAVAILABLE(watchos);
126 | @property (class, nonatomic, readonly) UIColor *systemPinkColor API_AVAILABLE(ios(7.0), tvos(9.0)) API_UNAVAILABLE(watchos);
| `- note: 'systemPink' has been explicitly marked unavailable here
127 | @property (class, nonatomic, readonly) UIColor *systemPurpleColor API_AVAILABLE(ios(9.0), tvos(9.0)) API_UNAVAILABLE(watchos);
128 | @property (class, nonatomic, readonly) UIColor *systemTealColor API_AVAILABLE(ios(7.0), tvos(9.0)) API_UNAVAILABLE(watchos);
/Users/admin/builder/spi-builder-workspace/Sources/DSFSparkline/prebuilt/DSFSparklineWiperGaugeGraphView.swift:78:58: error: 'label' is unavailable in watchOS
76 | }
77 | #else
78 | @objc public dynamic var gaugeUpperArcColor: UIColor = .label {
| `- error: 'label' is unavailable in watchOS
79 | didSet {
80 | self.overlay.gaugeUpperArcColor = gaugeUpperArcColor.cgColor
/Applications/Xcode-27.0.0-Release.Candidate.app/Contents/Developer/Platforms/WatchOS.platform/Developer/SDKs/WatchOS27.0.sdk/System/Library/Frameworks/UIKit.framework/Headers/UIInterface.h:171:49: note: 'label' has been explicitly marked unavailable here
169 | /* Foreground colors for static text and related elements.
170 | */
171 | @property (class, nonatomic, readonly) UIColor *labelColor API_AVAILABLE(ios(13.0), tvos(13.0)) API_UNAVAILABLE(watchos);
| `- note: 'label' has been explicitly marked unavailable here
172 | @property (class, nonatomic, readonly) UIColor *secondaryLabelColor API_AVAILABLE(ios(13.0), tvos(13.0)) API_UNAVAILABLE(watchos);
173 | @property (class, nonatomic, readonly) UIColor *tertiaryLabelColor API_AVAILABLE(ios(13.0), tvos(13.0)) API_UNAVAILABLE(watchos);
/Users/admin/builder/spi-builder-workspace/Sources/DSFSparkline/prebuilt/DSFSparklineWiperGaugeGraphView.swift:84:60: error: 'quaternaryLabel' is unavailable in watchOS
82 | }
83 |
84 | @objc public dynamic var valueBackgroundColor: UIColor = .quaternaryLabel {
| `- error: 'quaternaryLabel' is unavailable in watchOS
85 | didSet {
86 | self.overlay.valueBackgroundColor = valueBackgroundColor.cgColor
/Applications/Xcode-27.0.0-Release.Candidate.app/Contents/Developer/Platforms/WatchOS.platform/Developer/SDKs/WatchOS27.0.sdk/System/Library/Frameworks/UIKit.framework/Headers/UIInterface.h:174:49: note: 'quaternaryLabel' has been explicitly marked unavailable here
172 | @property (class, nonatomic, readonly) UIColor *secondaryLabelColor API_AVAILABLE(ios(13.0), tvos(13.0)) API_UNAVAILABLE(watchos);
173 | @property (class, nonatomic, readonly) UIColor *tertiaryLabelColor API_AVAILABLE(ios(13.0), tvos(13.0)) API_UNAVAILABLE(watchos);
174 | @property (class, nonatomic, readonly) UIColor *quaternaryLabelColor API_AVAILABLE(ios(13.0), tvos(13.0)) API_UNAVAILABLE(watchos);
| `- note: 'quaternaryLabel' has been explicitly marked unavailable here
175 |
176 | /* Foreground color for standard system links.
/Users/admin/builder/spi-builder-workspace/Sources/DSFSparkline/prebuilt/DSFSparklineWiperGaugeGraphView.swift:91:57: error: 'label' is unavailable in watchOS
89 |
90 | /// The color of the pointer component of the gauge
91 | @objc public dynamic var gaugePointerColor: UIColor = .label {
| `- error: 'label' is unavailable in watchOS
92 | didSet {
93 | self.overlay.gaugePointerColor = gaugePointerColor.cgColor
/Applications/Xcode-27.0.0-Release.Candidate.app/Contents/Developer/Platforms/WatchOS.platform/Developer/SDKs/WatchOS27.0.sdk/System/Library/Frameworks/UIKit.framework/Headers/UIInterface.h:171:49: note: 'label' has been explicitly marked unavailable here
169 | /* Foreground colors for static text and related elements.
170 | */
171 | @property (class, nonatomic, readonly) UIColor *labelColor API_AVAILABLE(ios(13.0), tvos(13.0)) API_UNAVAILABLE(watchos);
| `- note: 'label' has been explicitly marked unavailable here
172 | @property (class, nonatomic, readonly) UIColor *secondaryLabelColor API_AVAILABLE(ios(13.0), tvos(13.0)) API_UNAVAILABLE(watchos);
173 | @property (class, nonatomic, readonly) UIColor *tertiaryLabelColor API_AVAILABLE(ios(13.0), tvos(13.0)) API_UNAVAILABLE(watchos);
/Users/admin/builder/spi-builder-workspace/Sources/DSFSparkline/prebuilt/ui/DSFSparklineZeroLinedGraphView.swift:55:53: error: 'systemGray' is unavailable in watchOS
53 | }
54 | #else
55 | @objc public dynamic var zeroLineColor: UIColor = .systemGray {
| `- error: 'systemGray' is unavailable in watchOS
56 | didSet {
57 | self.updateZeroLineSettings()
/Applications/Xcode-27.0.0-Release.Candidate.app/Contents/Developer/Platforms/WatchOS.platform/Developer/SDKs/WatchOS27.0.sdk/System/Library/Frameworks/UIKit.framework/Headers/UIInterface.h:136:49: note: 'systemGray' has been explicitly marked unavailable here
134 | /* Shades of gray. systemGray is the base gray color.
135 | */
136 | @property (class, nonatomic, readonly) UIColor *systemGrayColor API_AVAILABLE(ios(7.0), tvos(9.0)) API_UNAVAILABLE(watchos);
| `- note: 'systemGray' has been explicitly marked unavailable here
137 |
138 | /* The numbered variations, systemGray2 through systemGray6, are grays which increasingly
/Users/admin/builder/spi-builder-workspace/Sources/DSFSparkline/prebuilt/ui/DSFSparklineZeroLinedGraphView.swift:122:59: error: 'systemGray' is unavailable in watchOS
120 | }
121 | #else
122 | @objc public dynamic var highlightRangeColor: UIColor = .systemGray {
| `- error: 'systemGray' is unavailable in watchOS
123 | didSet {
124 | self.updateHighlightSettings()
/Applications/Xcode-27.0.0-Release.Candidate.app/Contents/Developer/Platforms/WatchOS.platform/Developer/SDKs/WatchOS27.0.sdk/System/Library/Frameworks/UIKit.framework/Headers/UIInterface.h:136:49: note: 'systemGray' has been explicitly marked unavailable here
134 | /* Shades of gray. systemGray is the base gray color.
135 | */
136 | @property (class, nonatomic, readonly) UIColor *systemGrayColor API_AVAILABLE(ios(7.0), tvos(9.0)) API_UNAVAILABLE(watchos);
| `- note: 'systemGray' has been explicitly marked unavailable here
137 |
138 | /* The numbered variations, systemGray2 through systemGray6, are grays which increasingly
/Users/admin/builder/spi-builder-workspace/Sources/DSFSparkline/prebuilt/ui/DSFSparklineZeroLinedGraphView.swift:171:54: error: 'systemGray' is unavailable in watchOS
169 | }
170 | #else
171 | @objc public dynamic var gridLinesColor: UIColor = .systemGray.withAlphaComponent(0.5) {
| `- error: 'systemGray' is unavailable in watchOS
172 | didSet {
173 | self.updateGridLinesSettings()
/Applications/Xcode-27.0.0-Release.Candidate.app/Contents/Developer/Platforms/WatchOS.platform/Developer/SDKs/WatchOS27.0.sdk/System/Library/Frameworks/UIKit.framework/Headers/UIInterface.h:136:49: note: 'systemGray' has been explicitly marked unavailable here
134 | /* Shades of gray. systemGray is the base gray color.
135 | */
136 | @property (class, nonatomic, readonly) UIColor *systemGrayColor API_AVAILABLE(ios(7.0), tvos(9.0)) API_UNAVAILABLE(watchos);
| `- note: 'systemGray' has been explicitly marked unavailable here
137 |
138 | /* The numbered variations, systemGray2 through systemGray6, are grays which increasingly
/Users/admin/builder/spi-builder-workspace/Sources/DSFSparkline/util/ArbitraryAnimator.swift:80:19: error: 'CADisplayLink' is unavailable in watchOS
78 | var displayLink: CVDisplayLink?
79 | #else
80 | var displayLink: CADisplayLink?
| `- error: 'CADisplayLink' is unavailable in watchOS
81 | #endif
82 |
/Applications/Xcode-27.0.0-Release.Candidate.app/Contents/Developer/Platforms/WatchOS.platform/Developer/SDKs/WatchOS27.0.sdk/System/Library/Frameworks/QuartzCore.framework/Headers/CADisplayLink.h:21:12: note: 'CADisplayLink' has been explicitly marked unavailable here
19 | API_AVAILABLE(macos(14.0))
20 |
21 | @interface CADisplayLink : NSObject
| `- note: 'CADisplayLink' has been explicitly marked unavailable here
22 | {
23 | @private
/Users/admin/builder/spi-builder-workspace/Sources/DSFSparkline/util/ArbitraryAnimator.swift:159:37: error: 'CADisplayLink' is unavailable in watchOS
157 |
158 | #if !os(macOS)
159 | @objc func callback(displaylink _: CADisplayLink) {
| `- error: 'CADisplayLink' is unavailable in watchOS
160 | self.perform()
161 | }
/Applications/Xcode-27.0.0-Release.Candidate.app/Contents/Developer/Platforms/WatchOS.platform/Developer/SDKs/WatchOS27.0.sdk/System/Library/Frameworks/QuartzCore.framework/Headers/CADisplayLink.h:21:12: note: 'CADisplayLink' has been explicitly marked unavailable here
19 | API_AVAILABLE(macos(14.0))
20 |
21 | @interface CADisplayLink : NSObject
| `- note: 'CADisplayLink' has been explicitly marked unavailable here
22 | {
23 | @private
/Users/admin/builder/spi-builder-workspace/Sources/DSFSparkline/util/ArbitraryAnimator.swift:119:22: error: 'CADisplayLink' is unavailable in watchOS
117 |
118 | #else
119 | self.displayLink = CADisplayLink(target: self, selector: #selector(self.callback(displaylink:)))
| `- error: 'CADisplayLink' is unavailable in watchOS
120 | #endif
121 | }
/Applications/Xcode-27.0.0-Release.Candidate.app/Contents/Developer/Platforms/WatchOS.platform/Developer/SDKs/WatchOS27.0.sdk/System/Library/Frameworks/QuartzCore.framework/Headers/CADisplayLink.h:21:12: note: 'CADisplayLink' has been explicitly marked unavailable here
19 | API_AVAILABLE(macos(14.0))
20 |
21 | @interface CADisplayLink : NSObject
| `- note: 'CADisplayLink' has been explicitly marked unavailable here
22 | {
23 | @private
/Users/admin/builder/spi-builder-workspace/Sources/DSFSparkline/util/ArbitraryAnimator.swift:124:20: error: 'CACurrentMediaTime()' is unavailable in watchOS
122 |
123 | func start() {
124 | self.startTime = CACurrentMediaTime()
| `- error: 'CACurrentMediaTime()' is unavailable in watchOS
125 | self.endTime = self.startTime + self.duration
126 |
/Applications/Xcode-27.0.0-Release.Candidate.app/Contents/Developer/Platforms/WatchOS.platform/Developer/SDKs/WatchOS27.0.sdk/System/Library/Frameworks/QuartzCore.framework/Headers/CABase.h:127:26: note: 'CACurrentMediaTime()' has been explicitly marked unavailable here
125 | * calling mach_absolute_time () and converting the units to seconds. */
126 |
127 | CA_EXTERN CFTimeInterval CACurrentMediaTime (void)
| `- note: 'CACurrentMediaTime()' has been explicitly marked unavailable here
128 | API_AVAILABLE(macos(10.5), ios(2.0)) API_UNAVAILABLE(watchos);
129 |
SwiftCompile normal arm64 /Users/admin/builder/spi-builder-workspace/Sources/DSFSparkline/prebuilt/DSFSparklineWinLossGraphView+SwiftUI.swift (in target 'DSFSparkline' from project 'DSFSparkline')
cd /Users/admin/builder/spi-builder-workspace/.swiftpm/xcode
builtin-SwiftPerFileCompile DSFSparklineWinLossGraphView+SwiftUI.swift
SwiftCompile normal arm64 /Users/admin/builder/spi-builder-workspace/Sources/DSFSparkline/prebuilt/DSFSparklineWinLossGraphView.swift (in target 'DSFSparkline' from project 'DSFSparkline')
cd /Users/admin/builder/spi-builder-workspace/.swiftpm/xcode
builtin-SwiftPerFileCompile DSFSparklineWinLossGraphView.swift
SwiftCompile normal arm64 /Users/admin/builder/spi-builder-workspace/Sources/DSFSparkline/prebuilt/DSFSparklineWiperGaugeGraphView+SwiftUI.swift (in target 'DSFSparkline' from project 'DSFSparkline')
cd /Users/admin/builder/spi-builder-workspace/.swiftpm/xcode
builtin-SwiftPerFileCompile DSFSparklineWiperGaugeGraphView+SwiftUI.swift
SwiftCompile normal arm64 /Users/admin/builder/spi-builder-workspace/Sources/DSFSparkline/prebuilt/DSFSparklineWiperGaugeGraphView.swift (in target 'DSFSparkline' from project 'DSFSparkline')
cd /Users/admin/builder/spi-builder-workspace/.swiftpm/xcode
builtin-SwiftPerFileCompile DSFSparklineWiperGaugeGraphView.swift
SwiftCompile normal arm64 /Users/admin/builder/spi-builder-workspace/Sources/DSFSparkline/prebuilt/ui/DSFSparklineDataSourceView.swift (in target 'DSFSparkline' from project 'DSFSparkline')
cd /Users/admin/builder/spi-builder-workspace/.swiftpm/xcode
builtin-SwiftPerFileCompile DSFSparklineDataSourceView.swift
SwiftCompile normal arm64 /Users/admin/builder/spi-builder-workspace/Sources/DSFSparkline/prebuilt/ui/DSFSparklineZeroLinedGraphView.swift (in target 'DSFSparkline' from project 'DSFSparkline')
cd /Users/admin/builder/spi-builder-workspace/.swiftpm/xcode
builtin-SwiftPerFileCompile DSFSparklineZeroLinedGraphView.swift
SwiftCompile normal arm64 /Users/admin/builder/spi-builder-workspace/Sources/DSFSparkline/util/Angle.swift (in target 'DSFSparkline' from project 'DSFSparkline')
cd /Users/admin/builder/spi-builder-workspace/.swiftpm/xcode
builtin-SwiftPerFileCompile Angle.swift
SwiftCompile normal arm64 /Users/admin/builder/spi-builder-workspace/Sources/DSFSparkline/util/ArbitraryAnimator.swift (in target 'DSFSparkline' from project 'DSFSparkline')
cd /Users/admin/builder/spi-builder-workspace/.swiftpm/xcode
builtin-SwiftPerFileCompile ArbitraryAnimator.swift
SwiftEmitModule normal arm64 Emitting\ module\ for\ DSFSparkline (in target 'DSFSparkline' from project 'DSFSparkline')
/Users/admin/builder/spi-builder-workspace/Sources/DSFSparkline/overlay/renderers/core/DSFSparklineOverlay.swift:29:41: error: 'CALayer' is unavailable in watchOS
27 | ///
28 | /// All sparkline renderers must inherit from this class
29 | @objc public class DSFSparklineOverlay: CALayer {
| `- error: 'CALayer' is unavailable in watchOS
30 | override public init() {
31 | super.init()
/Applications/Xcode-27.0.0-Release.Candidate.app/Contents/Developer/Platforms/WatchOS.platform/Developer/SDKs/WatchOS27.0.sdk/System/Library/Frameworks/QuartzCore.framework/Headers/CALayer.h:117:12: note: 'CALayer' has been explicitly marked unavailable here
115 |
116 | API_AVAILABLE(macos(10.5), ios(2.0), tvos(9.0)) API_UNAVAILABLE(watchos)
117 | @interface CALayer : NSObject <NSSecureCoding, CAMediaTiming>
| `- note: 'CALayer' has been explicitly marked unavailable here
118 |
119 | /** Layer creation and initialization. **/
/Users/admin/builder/spi-builder-workspace/Sources/DSFSparkline/overlay/types/DSFSparkline+Palette.swift:47:13: error: 'systemRed' is unavailable in watchOS
45 | /// A default palette used when no palette is specified.
46 | @objc public static let shared = DSFSparkline.Palette([
47 | DSFColor.systemRed,
| `- error: 'systemRed' is unavailable in watchOS
48 | DSFColor.systemOrange,
49 | DSFColor.systemYellow,
/Applications/Xcode-27.0.0-Release.Candidate.app/Contents/Developer/Platforms/WatchOS.platform/Developer/SDKs/WatchOS27.0.sdk/System/Library/Frameworks/UIKit.framework/Headers/UIInterface.h:121:49: note: 'systemRed' has been explicitly marked unavailable here
119 | * Do not make assumptions about the color spaces or actual colors used.
120 | */
121 | @property (class, nonatomic, readonly) UIColor *systemRedColor API_AVAILABLE(ios(7.0), tvos(9.0)) API_UNAVAILABLE(watchos);
| `- note: 'systemRed' has been explicitly marked unavailable here
122 | @property (class, nonatomic, readonly) UIColor *systemGreenColor API_AVAILABLE(ios(7.0), tvos(9.0)) API_UNAVAILABLE(watchos);
123 | @property (class, nonatomic, readonly) UIColor *systemBlueColor API_AVAILABLE(ios(7.0), tvos(9.0)) API_UNAVAILABLE(watchos);
/Users/admin/builder/spi-builder-workspace/Sources/DSFSparkline/overlay/types/DSFSparkline+Palette.swift:48:13: error: 'systemOrange' is unavailable in watchOS
46 | @objc public static let shared = DSFSparkline.Palette([
47 | DSFColor.systemRed,
48 | DSFColor.systemOrange,
| `- error: 'systemOrange' is unavailable in watchOS
49 | DSFColor.systemYellow,
50 | DSFColor.systemGreen,
/Applications/Xcode-27.0.0-Release.Candidate.app/Contents/Developer/Platforms/WatchOS.platform/Developer/SDKs/WatchOS27.0.sdk/System/Library/Frameworks/UIKit.framework/Headers/UIInterface.h:124:49: note: 'systemOrange' has been explicitly marked unavailable here
122 | @property (class, nonatomic, readonly) UIColor *systemGreenColor API_AVAILABLE(ios(7.0), tvos(9.0)) API_UNAVAILABLE(watchos);
123 | @property (class, nonatomic, readonly) UIColor *systemBlueColor API_AVAILABLE(ios(7.0), tvos(9.0)) API_UNAVAILABLE(watchos);
124 | @property (class, nonatomic, readonly) UIColor *systemOrangeColor API_AVAILABLE(ios(7.0), tvos(9.0)) API_UNAVAILABLE(watchos);
| `- note: 'systemOrange' has been explicitly marked unavailable here
125 | @property (class, nonatomic, readonly) UIColor *systemYellowColor API_AVAILABLE(ios(7.0), tvos(9.0)) API_UNAVAILABLE(watchos);
126 | @property (class, nonatomic, readonly) UIColor *systemPinkColor API_AVAILABLE(ios(7.0), tvos(9.0)) API_UNAVAILABLE(watchos);
/Users/admin/builder/spi-builder-workspace/Sources/DSFSparkline/overlay/types/DSFSparkline+Palette.swift:49:13: error: 'systemYellow' is unavailable in watchOS
47 | DSFColor.systemRed,
48 | DSFColor.systemOrange,
49 | DSFColor.systemYellow,
| `- error: 'systemYellow' is unavailable in watchOS
50 | DSFColor.systemGreen,
51 | DSFColor.systemBlue,
/Applications/Xcode-27.0.0-Release.Candidate.app/Contents/Developer/Platforms/WatchOS.platform/Developer/SDKs/WatchOS27.0.sdk/System/Library/Frameworks/UIKit.framework/Headers/UIInterface.h:125:49: note: 'systemYellow' has been explicitly marked unavailable here
123 | @property (class, nonatomic, readonly) UIColor *systemBlueColor API_AVAILABLE(ios(7.0), tvos(9.0)) API_UNAVAILABLE(watchos);
124 | @property (class, nonatomic, readonly) UIColor *systemOrangeColor API_AVAILABLE(ios(7.0), tvos(9.0)) API_UNAVAILABLE(watchos);
125 | @property (class, nonatomic, readonly) UIColor *systemYellowColor API_AVAILABLE(ios(7.0), tvos(9.0)) API_UNAVAILABLE(watchos);
| `- note: 'systemYellow' has been explicitly marked unavailable here
126 | @property (class, nonatomic, readonly) UIColor *systemPinkColor API_AVAILABLE(ios(7.0), tvos(9.0)) API_UNAVAILABLE(watchos);
127 | @property (class, nonatomic, readonly) UIColor *systemPurpleColor API_AVAILABLE(ios(9.0), tvos(9.0)) API_UNAVAILABLE(watchos);
/Users/admin/builder/spi-builder-workspace/Sources/DSFSparkline/overlay/types/DSFSparkline+Palette.swift:50:13: error: 'systemGreen' is unavailable in watchOS
48 | DSFColor.systemOrange,
49 | DSFColor.systemYellow,
50 | DSFColor.systemGreen,
| `- error: 'systemGreen' is unavailable in watchOS
51 | DSFColor.systemBlue,
52 | DSFColor.systemPurple,
/Applications/Xcode-27.0.0-Release.Candidate.app/Contents/Developer/Platforms/WatchOS.platform/Developer/SDKs/WatchOS27.0.sdk/System/Library/Frameworks/UIKit.framework/Headers/UIInterface.h:122:49: note: 'systemGreen' has been explicitly marked unavailable here
120 | */
121 | @property (class, nonatomic, readonly) UIColor *systemRedColor API_AVAILABLE(ios(7.0), tvos(9.0)) API_UNAVAILABLE(watchos);
122 | @property (class, nonatomic, readonly) UIColor *systemGreenColor API_AVAILABLE(ios(7.0), tvos(9.0)) API_UNAVAILABLE(watchos);
| `- note: 'systemGreen' has been explicitly marked unavailable here
123 | @property (class, nonatomic, readonly) UIColor *systemBlueColor API_AVAILABLE(ios(7.0), tvos(9.0)) API_UNAVAILABLE(watchos);
124 | @property (class, nonatomic, readonly) UIColor *systemOrangeColor API_AVAILABLE(ios(7.0), tvos(9.0)) API_UNAVAILABLE(watchos);
/Users/admin/builder/spi-builder-workspace/Sources/DSFSparkline/overlay/types/DSFSparkline+Palette.swift:51:13: error: 'systemBlue' is unavailable in watchOS
49 | DSFColor.systemYellow,
50 | DSFColor.systemGreen,
51 | DSFColor.systemBlue,
| `- error: 'systemBlue' is unavailable in watchOS
52 | DSFColor.systemPurple,
53 | DSFColor.systemPink,
/Applications/Xcode-27.0.0-Release.Candidate.app/Contents/Developer/Platforms/WatchOS.platform/Developer/SDKs/WatchOS27.0.sdk/System/Library/Frameworks/UIKit.framework/Headers/UIInterface.h:123:49: note: 'systemBlue' has been explicitly marked unavailable here
121 | @property (class, nonatomic, readonly) UIColor *systemRedColor API_AVAILABLE(ios(7.0), tvos(9.0)) API_UNAVAILABLE(watchos);
122 | @property (class, nonatomic, readonly) UIColor *systemGreenColor API_AVAILABLE(ios(7.0), tvos(9.0)) API_UNAVAILABLE(watchos);
123 | @property (class, nonatomic, readonly) UIColor *systemBlueColor API_AVAILABLE(ios(7.0), tvos(9.0)) API_UNAVAILABLE(watchos);
| `- note: 'systemBlue' has been explicitly marked unavailable here
124 | @property (class, nonatomic, readonly) UIColor *systemOrangeColor API_AVAILABLE(ios(7.0), tvos(9.0)) API_UNAVAILABLE(watchos);
125 | @property (class, nonatomic, readonly) UIColor *systemYellowColor API_AVAILABLE(ios(7.0), tvos(9.0)) API_UNAVAILABLE(watchos);
/Users/admin/builder/spi-builder-workspace/Sources/DSFSparkline/overlay/types/DSFSparkline+Palette.swift:52:13: error: 'systemPurple' is unavailable in watchOS
50 | DSFColor.systemGreen,
51 | DSFColor.systemBlue,
52 | DSFColor.systemPurple,
| `- error: 'systemPurple' is unavailable in watchOS
53 | DSFColor.systemPink,
54 | ])
/Applications/Xcode-27.0.0-Release.Candidate.app/Contents/Developer/Platforms/WatchOS.platform/Developer/SDKs/WatchOS27.0.sdk/System/Library/Frameworks/UIKit.framework/Headers/UIInterface.h:127:49: note: 'systemPurple' has been explicitly marked unavailable here
125 | @property (class, nonatomic, readonly) UIColor *systemYellowColor API_AVAILABLE(ios(7.0), tvos(9.0)) API_UNAVAILABLE(watchos);
126 | @property (class, nonatomic, readonly) UIColor *systemPinkColor API_AVAILABLE(ios(7.0), tvos(9.0)) API_UNAVAILABLE(watchos);
127 | @property (class, nonatomic, readonly) UIColor *systemPurpleColor API_AVAILABLE(ios(9.0), tvos(9.0)) API_UNAVAILABLE(watchos);
| `- note: 'systemPurple' has been explicitly marked unavailable here
128 | @property (class, nonatomic, readonly) UIColor *systemTealColor API_AVAILABLE(ios(7.0), tvos(9.0)) API_UNAVAILABLE(watchos);
129 | @property (class, nonatomic, readonly) UIColor *systemIndigoColor API_AVAILABLE(ios(13.0), tvos(13.0)) API_UNAVAILABLE(watchos);
/Users/admin/builder/spi-builder-workspace/Sources/DSFSparkline/overlay/types/DSFSparkline+Palette.swift:53:13: error: 'systemPink' is unavailable in watchOS
51 | DSFColor.systemBlue,
52 | DSFColor.systemPurple,
53 | DSFColor.systemPink,
| `- error: 'systemPink' is unavailable in watchOS
54 | ])
55 |
/Applications/Xcode-27.0.0-Release.Candidate.app/Contents/Developer/Platforms/WatchOS.platform/Developer/SDKs/WatchOS27.0.sdk/System/Library/Frameworks/UIKit.framework/Headers/UIInterface.h:126:49: note: 'systemPink' has been explicitly marked unavailable here
124 | @property (class, nonatomic, readonly) UIColor *systemOrangeColor API_AVAILABLE(ios(7.0), tvos(9.0)) API_UNAVAILABLE(watchos);
125 | @property (class, nonatomic, readonly) UIColor *systemYellowColor API_AVAILABLE(ios(7.0), tvos(9.0)) API_UNAVAILABLE(watchos);
126 | @property (class, nonatomic, readonly) UIColor *systemPinkColor API_AVAILABLE(ios(7.0), tvos(9.0)) API_UNAVAILABLE(watchos);
| `- note: 'systemPink' has been explicitly marked unavailable here
127 | @property (class, nonatomic, readonly) UIColor *systemPurpleColor API_AVAILABLE(ios(9.0), tvos(9.0)) API_UNAVAILABLE(watchos);
128 | @property (class, nonatomic, readonly) UIColor *systemTealColor API_AVAILABLE(ios(7.0), tvos(9.0)) API_UNAVAILABLE(watchos);
/Users/admin/builder/spi-builder-workspace/Sources/DSFSparkline/overlay/renderers/overlays-graph/DSFSparklineOverlay+PercentBar.swift:147:31: error: 'CAShapeLayer' is unavailable in watchOS
145 |
146 | private let textLayer = LCTextLayer() // Text layer
147 | private let fractionLayer = CAShapeLayer() // Bar layer
| `- error: 'CAShapeLayer' is unavailable in watchOS
148 |
149 | // MARK: Value helpers
/Applications/Xcode-27.0.0-Release.Candidate.app/Contents/Developer/Platforms/WatchOS.platform/Developer/SDKs/WatchOS27.0.sdk/System/Library/Frameworks/QuartzCore.framework/Headers/CAShapeLayer.h:40:12: note: 'CAShapeLayer' has been explicitly marked unavailable here
38 |
39 | API_AVAILABLE(macos(10.6), ios(3.0), tvos(9.0)) API_UNAVAILABLE(watchos)
40 | @interface CAShapeLayer : CALayer
| `- note: 'CAShapeLayer' has been explicitly marked unavailable here
41 |
42 | /* The path defining the shape to be rendered. If the path extends
/Users/admin/builder/spi-builder-workspace/Sources/DSFSparkline/overlay/renderers/overlays-graph/DSFSparklineOverlay+Stripes.swift:31:53: error: 'systemRed' is unavailable in watchOS
29 | // A default gradient pattern
30 | static let defaultGradient = DSFSparkline.GradientBucket(posts: [
31 | DSFSparkline.GradientBucket.Post(color: DSFColor.systemRed.cgColor, location: 0),
| `- error: 'systemRed' is unavailable in watchOS
32 | DSFSparkline.GradientBucket.Post(color: DSFColor.systemOrange.cgColor, location: 1 / 5),
33 | DSFSparkline.GradientBucket.Post(color: DSFColor.systemYellow.cgColor, location: 2 / 5),
/Applications/Xcode-27.0.0-Release.Candidate.app/Contents/Developer/Platforms/WatchOS.platform/Developer/SDKs/WatchOS27.0.sdk/System/Library/Frameworks/UIKit.framework/Headers/UIInterface.h:121:49: note: 'systemRed' has been explicitly marked unavailable here
119 | * Do not make assumptions about the color spaces or actual colors used.
120 | */
121 | @property (class, nonatomic, readonly) UIColor *systemRedColor API_AVAILABLE(ios(7.0), tvos(9.0)) API_UNAVAILABLE(watchos);
| `- note: 'systemRed' has been explicitly marked unavailable here
122 | @property (class, nonatomic, readonly) UIColor *systemGreenColor API_AVAILABLE(ios(7.0), tvos(9.0)) API_UNAVAILABLE(watchos);
123 | @property (class, nonatomic, readonly) UIColor *systemBlueColor API_AVAILABLE(ios(7.0), tvos(9.0)) API_UNAVAILABLE(watchos);
/Users/admin/builder/spi-builder-workspace/Sources/DSFSparkline/overlay/renderers/overlays-graph/DSFSparklineOverlay+Stripes.swift:32:53: error: 'systemOrange' is unavailable in watchOS
30 | static let defaultGradient = DSFSparkline.GradientBucket(posts: [
31 | DSFSparkline.GradientBucket.Post(color: DSFColor.systemRed.cgColor, location: 0),
32 | DSFSparkline.GradientBucket.Post(color: DSFColor.systemOrange.cgColor, location: 1 / 5),
| `- error: 'systemOrange' is unavailable in watchOS
33 | DSFSparkline.GradientBucket.Post(color: DSFColor.systemYellow.cgColor, location: 2 / 5),
34 | DSFSparkline.GradientBucket.Post(color: DSFColor.systemGreen.cgColor, location: 3 / 5),
/Applications/Xcode-27.0.0-Release.Candidate.app/Contents/Developer/Platforms/WatchOS.platform/Developer/SDKs/WatchOS27.0.sdk/System/Library/Frameworks/UIKit.framework/Headers/UIInterface.h:124:49: note: 'systemOrange' has been explicitly marked unavailable here
122 | @property (class, nonatomic, readonly) UIColor *systemGreenColor API_AVAILABLE(ios(7.0), tvos(9.0)) API_UNAVAILABLE(watchos);
123 | @property (class, nonatomic, readonly) UIColor *systemBlueColor API_AVAILABLE(ios(7.0), tvos(9.0)) API_UNAVAILABLE(watchos);
124 | @property (class, nonatomic, readonly) UIColor *systemOrangeColor API_AVAILABLE(ios(7.0), tvos(9.0)) API_UNAVAILABLE(watchos);
| `- note: 'systemOrange' has been explicitly marked unavailable here
125 | @property (class, nonatomic, readonly) UIColor *systemYellowColor API_AVAILABLE(ios(7.0), tvos(9.0)) API_UNAVAILABLE(watchos);
126 | @property (class, nonatomic, readonly) UIColor *systemPinkColor API_AVAILABLE(ios(7.0), tvos(9.0)) API_UNAVAILABLE(watchos);
/Users/admin/builder/spi-builder-workspace/Sources/DSFSparkline/overlay/renderers/overlays-graph/DSFSparklineOverlay+Stripes.swift:33:53: error: 'systemYellow' is unavailable in watchOS
31 | DSFSparkline.GradientBucket.Post(color: DSFColor.systemRed.cgColor, location: 0),
32 | DSFSparkline.GradientBucket.Post(color: DSFColor.systemOrange.cgColor, location: 1 / 5),
33 | DSFSparkline.GradientBucket.Post(color: DSFColor.systemYellow.cgColor, location: 2 / 5),
| `- error: 'systemYellow' is unavailable in watchOS
34 | DSFSparkline.GradientBucket.Post(color: DSFColor.systemGreen.cgColor, location: 3 / 5),
35 | DSFSparkline.GradientBucket.Post(color: DSFColor.systemBlue.cgColor, location: 4 / 5),
/Applications/Xcode-27.0.0-Release.Candidate.app/Contents/Developer/Platforms/WatchOS.platform/Developer/SDKs/WatchOS27.0.sdk/System/Library/Frameworks/UIKit.framework/Headers/UIInterface.h:125:49: note: 'systemYellow' has been explicitly marked unavailable here
123 | @property (class, nonatomic, readonly) UIColor *systemBlueColor API_AVAILABLE(ios(7.0), tvos(9.0)) API_UNAVAILABLE(watchos);
124 | @property (class, nonatomic, readonly) UIColor *systemOrangeColor API_AVAILABLE(ios(7.0), tvos(9.0)) API_UNAVAILABLE(watchos);
125 | @property (class, nonatomic, readonly) UIColor *systemYellowColor API_AVAILABLE(ios(7.0), tvos(9.0)) API_UNAVAILABLE(watchos);
| `- note: 'systemYellow' has been explicitly marked unavailable here
126 | @property (class, nonatomic, readonly) UIColor *systemPinkColor API_AVAILABLE(ios(7.0), tvos(9.0)) API_UNAVAILABLE(watchos);
127 | @property (class, nonatomic, readonly) UIColor *systemPurpleColor API_AVAILABLE(ios(9.0), tvos(9.0)) API_UNAVAILABLE(watchos);
/Users/admin/builder/spi-builder-workspace/Sources/DSFSparkline/overlay/renderers/overlays-graph/DSFSparklineOverlay+Stripes.swift:34:53: error: 'systemGreen' is unavailable in watchOS
32 | DSFSparkline.GradientBucket.Post(color: DSFColor.systemOrange.cgColor, location: 1 / 5),
33 | DSFSparkline.GradientBucket.Post(color: DSFColor.systemYellow.cgColor, location: 2 / 5),
34 | DSFSparkline.GradientBucket.Post(color: DSFColor.systemGreen.cgColor, location: 3 / 5),
| `- error: 'systemGreen' is unavailable in watchOS
35 | DSFSparkline.GradientBucket.Post(color: DSFColor.systemBlue.cgColor, location: 4 / 5),
36 | DSFSparkline.GradientBucket.Post(color: DSFColor.systemPurple.cgColor, location: 5 / 5),
/Applications/Xcode-27.0.0-Release.Candidate.app/Contents/Developer/Platforms/WatchOS.platform/Developer/SDKs/WatchOS27.0.sdk/System/Library/Frameworks/UIKit.framework/Headers/UIInterface.h:122:49: note: 'systemGreen' has been explicitly marked unavailable here
120 | */
121 | @property (class, nonatomic, readonly) UIColor *systemRedColor API_AVAILABLE(ios(7.0), tvos(9.0)) API_UNAVAILABLE(watchos);
122 | @property (class, nonatomic, readonly) UIColor *systemGreenColor API_AVAILABLE(ios(7.0), tvos(9.0)) API_UNAVAILABLE(watchos);
| `- note: 'systemGreen' has been explicitly marked unavailable here
123 | @property (class, nonatomic, readonly) UIColor *systemBlueColor API_AVAILABLE(ios(7.0), tvos(9.0)) API_UNAVAILABLE(watchos);
124 | @property (class, nonatomic, readonly) UIColor *systemOrangeColor API_AVAILABLE(ios(7.0), tvos(9.0)) API_UNAVAILABLE(watchos);
/Users/admin/builder/spi-builder-workspace/Sources/DSFSparkline/overlay/renderers/overlays-graph/DSFSparklineOverlay+Stripes.swift:35:53: error: 'systemBlue' is unavailable in watchOS
33 | DSFSparkline.GradientBucket.Post(color: DSFColor.systemYellow.cgColor, location: 2 / 5),
34 | DSFSparkline.GradientBucket.Post(color: DSFColor.systemGreen.cgColor, location: 3 / 5),
35 | DSFSparkline.GradientBucket.Post(color: DSFColor.systemBlue.cgColor, location: 4 / 5),
| `- error: 'systemBlue' is unavailable in watchOS
36 | DSFSparkline.GradientBucket.Post(color: DSFColor.systemPurple.cgColor, location: 5 / 5),
37 | ])
/Applications/Xcode-27.0.0-Release.Candidate.app/Contents/Developer/Platforms/WatchOS.platform/Developer/SDKs/WatchOS27.0.sdk/System/Library/Frameworks/UIKit.framework/Headers/UIInterface.h:123:49: note: 'systemBlue' has been explicitly marked unavailable here
121 | @property (class, nonatomic, readonly) UIColor *systemRedColor API_AVAILABLE(ios(7.0), tvos(9.0)) API_UNAVAILABLE(watchos);
122 | @property (class, nonatomic, readonly) UIColor *systemGreenColor API_AVAILABLE(ios(7.0), tvos(9.0)) API_UNAVAILABLE(watchos);
123 | @property (class, nonatomic, readonly) UIColor *systemBlueColor API_AVAILABLE(ios(7.0), tvos(9.0)) API_UNAVAILABLE(watchos);
| `- note: 'systemBlue' has been explicitly marked unavailable here
124 | @property (class, nonatomic, readonly) UIColor *systemOrangeColor API_AVAILABLE(ios(7.0), tvos(9.0)) API_UNAVAILABLE(watchos);
125 | @property (class, nonatomic, readonly) UIColor *systemYellowColor API_AVAILABLE(ios(7.0), tvos(9.0)) API_UNAVAILABLE(watchos);
/Users/admin/builder/spi-builder-workspace/Sources/DSFSparkline/overlay/renderers/overlays-graph/DSFSparklineOverlay+Stripes.swift:36:53: error: 'systemPurple' is unavailable in watchOS
34 | DSFSparkline.GradientBucket.Post(color: DSFColor.systemGreen.cgColor, location: 3 / 5),
35 | DSFSparkline.GradientBucket.Post(color: DSFColor.systemBlue.cgColor, location: 4 / 5),
36 | DSFSparkline.GradientBucket.Post(color: DSFColor.systemPurple.cgColor, location: 5 / 5),
| `- error: 'systemPurple' is unavailable in watchOS
37 | ])
38 |
/Applications/Xcode-27.0.0-Release.Candidate.app/Contents/Developer/Platforms/WatchOS.platform/Developer/SDKs/WatchOS27.0.sdk/System/Library/Frameworks/UIKit.framework/Headers/UIInterface.h:127:49: note: 'systemPurple' has been explicitly marked unavailable here
125 | @property (class, nonatomic, readonly) UIColor *systemYellowColor API_AVAILABLE(ios(7.0), tvos(9.0)) API_UNAVAILABLE(watchos);
126 | @property (class, nonatomic, readonly) UIColor *systemPinkColor API_AVAILABLE(ios(7.0), tvos(9.0)) API_UNAVAILABLE(watchos);
127 | @property (class, nonatomic, readonly) UIColor *systemPurpleColor API_AVAILABLE(ios(9.0), tvos(9.0)) API_UNAVAILABLE(watchos);
| `- note: 'systemPurple' has been explicitly marked unavailable here
128 | @property (class, nonatomic, readonly) UIColor *systemTealColor API_AVAILABLE(ios(7.0), tvos(9.0)) API_UNAVAILABLE(watchos);
129 | @property (class, nonatomic, readonly) UIColor *systemIndigoColor API_AVAILABLE(ios(13.0), tvos(13.0)) API_UNAVAILABLE(watchos);
/Users/admin/builder/spi-builder-workspace/Sources/DSFSparkline/overlay/renderers/overlays-graph/DSFSparklineOverlay+WiperGauge.swift:157:54: error: 'quaternaryLabel' is unavailable in watchOS
155 | private static let _gaugePointerColor = NSColor.textColor.cgColor
156 | #else
157 | private static let _valueBackgroundColor = UIColor.quaternaryLabel.cgColor
| `- error: 'quaternaryLabel' is unavailable in watchOS
158 | private static let _gaugeUpperArcColor = UIColor.label.cgColor
159 | private static let _gaugePointerColor = UIColor.label.cgColor
/Applications/Xcode-27.0.0-Release.Candidate.app/Contents/Developer/Platforms/WatchOS.platform/Developer/SDKs/WatchOS27.0.sdk/System/Library/Frameworks/UIKit.framework/Headers/UIInterface.h:174:49: note: 'quaternaryLabel' has been explicitly marked unavailable here
172 | @property (class, nonatomic, readonly) UIColor *secondaryLabelColor API_AVAILABLE(ios(13.0), tvos(13.0)) API_UNAVAILABLE(watchos);
173 | @property (class, nonatomic, readonly) UIColor *tertiaryLabelColor API_AVAILABLE(ios(13.0), tvos(13.0)) API_UNAVAILABLE(watchos);
174 | @property (class, nonatomic, readonly) UIColor *quaternaryLabelColor API_AVAILABLE(ios(13.0), tvos(13.0)) API_UNAVAILABLE(watchos);
| `- note: 'quaternaryLabel' has been explicitly marked unavailable here
175 |
176 | /* Foreground color for standard system links.
/Users/admin/builder/spi-builder-workspace/Sources/DSFSparkline/overlay/renderers/overlays-graph/DSFSparklineOverlay+WiperGauge.swift:158:52: error: 'label' is unavailable in watchOS
156 | #else
157 | private static let _valueBackgroundColor = UIColor.quaternaryLabel.cgColor
158 | private static let _gaugeUpperArcColor = UIColor.label.cgColor
| `- error: 'label' is unavailable in watchOS
159 | private static let _gaugePointerColor = UIColor.label.cgColor
160 | #endif
/Applications/Xcode-27.0.0-Release.Candidate.app/Contents/Developer/Platforms/WatchOS.platform/Developer/SDKs/WatchOS27.0.sdk/System/Library/Frameworks/UIKit.framework/Headers/UIInterface.h:171:49: note: 'label' has been explicitly marked unavailable here
169 | /* Foreground colors for static text and related elements.
170 | */
171 | @property (class, nonatomic, readonly) UIColor *labelColor API_AVAILABLE(ios(13.0), tvos(13.0)) API_UNAVAILABLE(watchos);
| `- note: 'label' has been explicitly marked unavailable here
172 | @property (class, nonatomic, readonly) UIColor *secondaryLabelColor API_AVAILABLE(ios(13.0), tvos(13.0)) API_UNAVAILABLE(watchos);
173 | @property (class, nonatomic, readonly) UIColor *tertiaryLabelColor API_AVAILABLE(ios(13.0), tvos(13.0)) API_UNAVAILABLE(watchos);
/Users/admin/builder/spi-builder-workspace/Sources/DSFSparkline/overlay/renderers/overlays-graph/DSFSparklineOverlay+WiperGauge.swift:159:51: error: 'label' is unavailable in watchOS
157 | private static let _valueBackgroundColor = UIColor.quaternaryLabel.cgColor
158 | private static let _gaugeUpperArcColor = UIColor.label.cgColor
159 | private static let _gaugePointerColor = UIColor.label.cgColor
| `- error: 'label' is unavailable in watchOS
160 | #endif
161 | }
/Applications/Xcode-27.0.0-Release.Candidate.app/Contents/Developer/Platforms/WatchOS.platform/Developer/SDKs/WatchOS27.0.sdk/System/Library/Frameworks/UIKit.framework/Headers/UIInterface.h:171:49: note: 'label' has been explicitly marked unavailable here
169 | /* Foreground colors for static text and related elements.
170 | */
171 | @property (class, nonatomic, readonly) UIColor *labelColor API_AVAILABLE(ios(13.0), tvos(13.0)) API_UNAVAILABLE(watchos);
| `- note: 'label' has been explicitly marked unavailable here
172 | @property (class, nonatomic, readonly) UIColor *secondaryLabelColor API_AVAILABLE(ios(13.0), tvos(13.0)) API_UNAVAILABLE(watchos);
173 | @property (class, nonatomic, readonly) UIColor *tertiaryLabelColor API_AVAILABLE(ios(13.0), tvos(13.0)) API_UNAVAILABLE(watchos);
/Users/admin/builder/spi-builder-workspace/Sources/DSFSparkline/overlay/renderers/overlays-graph/DSFSparklineOverlay+WiperGauge.swift:132:38: error: 'CAShapeLayer' is unavailable in watchOS
130 | // Private
131 |
132 | private let wiperBackgroundShape = CAShapeLayer()
| `- error: 'CAShapeLayer' is unavailable in watchOS
133 | private let arcShape = CAShapeLayer()
134 |
/Applications/Xcode-27.0.0-Release.Candidate.app/Contents/Developer/Platforms/WatchOS.platform/Developer/SDKs/WatchOS27.0.sdk/System/Library/Frameworks/QuartzCore.framework/Headers/CAShapeLayer.h:40:12: note: 'CAShapeLayer' has been explicitly marked unavailable here
38 |
39 | API_AVAILABLE(macos(10.6), ios(3.0), tvos(9.0)) API_UNAVAILABLE(watchos)
40 | @interface CAShapeLayer : CALayer
| `- note: 'CAShapeLayer' has been explicitly marked unavailable here
41 |
42 | /* The path defining the shape to be rendered. If the path extends
/Users/admin/builder/spi-builder-workspace/Sources/DSFSparkline/overlay/renderers/overlays-graph/DSFSparklineOverlay+WiperGauge.swift:133:26: error: 'CAShapeLayer' is unavailable in watchOS
131 |
132 | private let wiperBackgroundShape = CAShapeLayer()
133 | private let arcShape = CAShapeLayer()
| `- error: 'CAShapeLayer' is unavailable in watchOS
134 |
135 | private let arcInnerShape = CAShapeLayer()
/Applications/Xcode-27.0.0-Release.Candidate.app/Contents/Developer/Platforms/WatchOS.platform/Developer/SDKs/WatchOS27.0.sdk/System/Library/Frameworks/QuartzCore.framework/Headers/CAShapeLayer.h:40:12: note: 'CAShapeLayer' has been explicitly marked unavailable here
38 |
39 | API_AVAILABLE(macos(10.6), ios(3.0), tvos(9.0)) API_UNAVAILABLE(watchos)
40 | @interface CAShapeLayer : CALayer
| `- note: 'CAShapeLayer' has been explicitly marked unavailable here
41 |
42 | /* The path defining the shape to be rendered. If the path extends
/Users/admin/builder/spi-builder-workspace/Sources/DSFSparkline/overlay/renderers/overlays-graph/DSFSparklineOverlay+WiperGauge.swift:135:31: error: 'CAShapeLayer' is unavailable in watchOS
133 | private let arcShape = CAShapeLayer()
134 |
135 | private let arcInnerShape = CAShapeLayer()
| `- error: 'CAShapeLayer' is unavailable in watchOS
136 | private let arcColorInnerShape = CAShapeLayer()
137 |
/Applications/Xcode-27.0.0-Release.Candidate.app/Contents/Developer/Platforms/WatchOS.platform/Developer/SDKs/WatchOS27.0.sdk/System/Library/Frameworks/QuartzCore.framework/Headers/CAShapeLayer.h:40:12: note: 'CAShapeLayer' has been explicitly marked unavailable here
38 |
39 | API_AVAILABLE(macos(10.6), ios(3.0), tvos(9.0)) API_UNAVAILABLE(watchos)
40 | @interface CAShapeLayer : CALayer
| `- note: 'CAShapeLayer' has been explicitly marked unavailable here
41 |
42 | /* The path defining the shape to be rendered. If the path extends
/Users/admin/builder/spi-builder-workspace/Sources/DSFSparkline/overlay/renderers/overlays-graph/DSFSparklineOverlay+WiperGauge.swift:136:36: error: 'CAShapeLayer' is unavailable in watchOS
134 |
135 | private let arcInnerShape = CAShapeLayer()
136 | private let arcColorInnerShape = CAShapeLayer()
| `- error: 'CAShapeLayer' is unavailable in watchOS
137 |
138 | private let pinion = CAShapeLayer()
/Applications/Xcode-27.0.0-Release.Candidate.app/Contents/Developer/Platforms/WatchOS.platform/Developer/SDKs/WatchOS27.0.sdk/System/Library/Frameworks/QuartzCore.framework/Headers/CAShapeLayer.h:40:12: note: 'CAShapeLayer' has been explicitly marked unavailable here
38 |
39 | API_AVAILABLE(macos(10.6), ios(3.0), tvos(9.0)) API_UNAVAILABLE(watchos)
40 | @interface CAShapeLayer : CALayer
| `- note: 'CAShapeLayer' has been explicitly marked unavailable here
41 |
42 | /* The path defining the shape to be rendered. If the path extends
/Users/admin/builder/spi-builder-workspace/Sources/DSFSparkline/overlay/renderers/overlays-graph/DSFSparklineOverlay+WiperGauge.swift:138:24: error: 'CAShapeLayer' is unavailable in watchOS
136 | private let arcColorInnerShape = CAShapeLayer()
137 |
138 | private let pinion = CAShapeLayer()
| `- error: 'CAShapeLayer' is unavailable in watchOS
139 | private let arcline = CAShapeLayer()
140 |
/Applications/Xcode-27.0.0-Release.Candidate.app/Contents/Developer/Platforms/WatchOS.platform/Developer/SDKs/WatchOS27.0.sdk/System/Library/Frameworks/QuartzCore.framework/Headers/CAShapeLayer.h:40:12: note: 'CAShapeLayer' has been explicitly marked unavailable here
38 |
39 | API_AVAILABLE(macos(10.6), ios(3.0), tvos(9.0)) API_UNAVAILABLE(watchos)
40 | @interface CAShapeLayer : CALayer
| `- note: 'CAShapeLayer' has been explicitly marked unavailable here
41 |
42 | /* The path defining the shape to be rendered. If the path extends
/Users/admin/builder/spi-builder-workspace/Sources/DSFSparkline/overlay/renderers/overlays-graph/DSFSparklineOverlay+WiperGauge.swift:139:25: error: 'CAShapeLayer' is unavailable in watchOS
137 |
138 | private let pinion = CAShapeLayer()
139 | private let arcline = CAShapeLayer()
| `- error: 'CAShapeLayer' is unavailable in watchOS
140 |
141 | private var animator = ArbitraryAnimator()
/Applications/Xcode-27.0.0-Release.Candidate.app/Contents/Developer/Platforms/WatchOS.platform/Developer/SDKs/WatchOS27.0.sdk/System/Library/Frameworks/QuartzCore.framework/Headers/CAShapeLayer.h:40:12: note: 'CAShapeLayer' has been explicitly marked unavailable here
38 |
39 | API_AVAILABLE(macos(10.6), ios(3.0), tvos(9.0)) API_UNAVAILABLE(watchos)
40 | @interface CAShapeLayer : CALayer
| `- note: 'CAShapeLayer' has been explicitly marked unavailable here
41 |
42 | /* The path defining the shape to be rendered. If the path extends
/Users/admin/builder/spi-builder-workspace/Sources/DSFSparkline/util/Utilities.swift:50:34: error: cannot find type 'UIViewRepresentable' in scope
48 | #else
49 | @available(iOS 13.0, tvOS 13.0, *)
50 | typealias DSFViewRepresentable = UIViewRepresentable
| `- error: cannot find type 'UIViewRepresentable' in scope
51 | #endif
52 | #endif
/Users/admin/builder/spi-builder-workspace/Sources/DSFSparkline/overlay/surfaces/DSFSparklineSurface+SwiftUI.swift:57:38: error: cannot find type 'Context' in scope
55 | }
56 |
57 | private func makeSurface(_ context: Context) -> DSFSparklineSurfaceView {
| `- error: cannot find type 'Context' in scope
58 | let view = DSFSparklineSurfaceView(frame: .zero)
59 | view.translatesAutoresizingMaskIntoConstraints = false
/Users/admin/builder/spi-builder-workspace/Sources/DSFSparkline/overlay/surfaces/DSFSparklineSurface+SwiftUI.swift:72:27: error: cannot find type 'Context' in scope
70 | @available(iOS 13.0, tvOS 13.0, macOS 9999.0, *)
71 | public extension DSFSparklineSurface.SwiftUI {
72 | func makeUIView(context: Context) -> DSFSparklineSurfaceView {
| `- error: cannot find type 'Context' in scope
73 | return self.makeSurface(context)
74 | }
/Users/admin/builder/spi-builder-workspace/Sources/DSFSparkline/overlay/surfaces/DSFSparklineSurface+SwiftUI.swift:76:62: error: cannot find type 'Context' in scope
74 | }
75 |
76 | func updateUIView(_ view: DSFSparklineSurfaceView, context: Context) {
| `- error: cannot find type 'Context' in scope
77 | self.updateView(view, context: context)
78 | }
/Users/admin/builder/spi-builder-workspace/Sources/DSFSparkline/overlay/surfaces/DSFSparklineSurface+SwiftUI.swift:85:27: error: cannot find type 'Context' in scope
83 | @available(macOS 10.15, iOS 9999.0, tvOS 9999.0, *)
84 | public extension DSFSparklineSurface.SwiftUI {
85 | func makeNSView(context: Context) -> DSFSparklineSurfaceView {
| `- error: cannot find type 'Context' in scope
86 | return self.makeSurface(context)
87 | }
/Users/admin/builder/spi-builder-workspace/Sources/DSFSparkline/overlay/surfaces/DSFSparklineSurface+SwiftUI.swift:89:64: error: cannot find type 'Context' in scope
87 | }
88 |
89 | func updateNSView(_ nsView: DSFSparklineSurfaceView, context: Context) {
| `- error: cannot find type 'Context' in scope
90 | self.updateView(nsView, context: context)
91 | }
/Users/admin/builder/spi-builder-workspace/Sources/DSFSparkline/overlay/surfaces/DSFSparklineSurface+SwiftUI.swift:96:60: error: cannot find type 'Context' in scope
94 | @available(macOS 10.15, iOS 13.0, tvOS 13.0, *)
95 | public extension DSFSparklineSurface.SwiftUI {
96 | func updateView(_ view: DSFSparklineSurfaceView, context: Context) {
| `- error: cannot find type 'Context' in scope
97 |
98 | }
/Users/admin/builder/spi-builder-workspace/Sources/DSFSparkline/overlay/surfaces/DSFSparklineSurface+View.swift:45:17: error: 'CALayer' is unavailable in watchOS
43 | }()
44 |
45 | var rootLayer: CALayer {
| `- error: 'CALayer' is unavailable in watchOS
46 | #if os(macOS)
47 | return self.layer!
/Applications/Xcode-27.0.0-Release.Candidate.app/Contents/Developer/Platforms/WatchOS.platform/Developer/SDKs/WatchOS27.0.sdk/System/Library/Frameworks/QuartzCore.framework/Headers/CALayer.h:117:12: note: 'CALayer' has been explicitly marked unavailable here
115 |
116 | API_AVAILABLE(macos(10.5), ios(2.0), tvos(9.0)) API_UNAVAILABLE(watchos)
117 | @interface CALayer : NSObject <NSSecureCoding, CAMediaTiming>
| `- note: 'CALayer' has been explicitly marked unavailable here
118 |
119 | /** Layer creation and initialization. **/
/Users/admin/builder/spi-builder-workspace/Sources/DSFSparkline/overlay/surfaces/DSFSparklineSurface+View.swift:157:21: error: 'CALayer' is unavailable in watchOS
155 | }
156 |
157 | func draw(_ layer: CALayer, in ctx: CGContext) {
| `- error: 'CALayer' is unavailable in watchOS
158 | if let l = layer as? DSFSparklineOverlay {
159 | let scale = view.retinaScale()
/Applications/Xcode-27.0.0-Release.Candidate.app/Contents/Developer/Platforms/WatchOS.platform/Developer/SDKs/WatchOS27.0.sdk/System/Library/Frameworks/QuartzCore.framework/Headers/CALayer.h:117:12: note: 'CALayer' has been explicitly marked unavailable here
115 |
116 | API_AVAILABLE(macos(10.5), ios(2.0), tvos(9.0)) API_UNAVAILABLE(watchos)
117 | @interface CALayer : NSObject <NSSecureCoding, CAMediaTiming>
| `- note: 'CALayer' has been explicitly marked unavailable here
118 |
119 | /** Layer creation and initialization. **/
/Users/admin/builder/spi-builder-workspace/Sources/DSFSparkline/overlay/surfaces/DSFSparklineSurface+View.swift:148:47: error: 'CALayerDelegate' is unavailable in watchOS
146 |
147 | // the draw delegate for the overlay layers
148 | fileprivate class RendererDelegate: NSObject, CALayerDelegate {
| `- error: 'CALayerDelegate' is unavailable in watchOS
149 |
150 | let view: DSFSparklineSurfaceView
/Applications/Xcode-27.0.0-Release.Candidate.app/Contents/Developer/Platforms/WatchOS.platform/Developer/SDKs/WatchOS27.0.sdk/System/Library/Frameworks/QuartzCore.framework/Headers/CALayer.h:967:11: note: 'CALayerDelegate' has been explicitly marked unavailable here
965 |
966 | API_AVAILABLE(macos(10.12), ios(10.0), tvos(10.0)) API_UNAVAILABLE(watchos)
967 | @protocol CALayerDelegate <NSObject>
| `- note: 'CALayerDelegate' has been explicitly marked unavailable here
968 | @optional
969 |
/Users/admin/builder/spi-builder-workspace/Sources/DSFSparkline/overlay/types/DSFSparkline+HighlightRangeDefinition.swift:37:68: error: 'systemGray' is unavailable in watchOS
35 | /// A highlight range definition
36 | @objc(DSFSparklineHighlightRangeDefinition) class HighlightRangeDefinition: NSObject {
37 | public static let DefaultFill = DSFSparkline.Fill.Color(DSFColor.systemGray.cgColor)
| `- error: 'systemGray' is unavailable in watchOS
38 |
39 | /// The range in the sparkline to highlight
/Applications/Xcode-27.0.0-Release.Candidate.app/Contents/Developer/Platforms/WatchOS.platform/Developer/SDKs/WatchOS27.0.sdk/System/Library/Frameworks/UIKit.framework/Headers/UIInterface.h:136:49: note: 'systemGray' has been explicitly marked unavailable here
134 | /* Shades of gray. systemGray is the base gray color.
135 | */
136 | @property (class, nonatomic, readonly) UIColor *systemGrayColor API_AVAILABLE(ios(7.0), tvos(9.0)) API_UNAVAILABLE(watchos);
| `- note: 'systemGray' has been explicitly marked unavailable here
137 |
138 | /* The numbered variations, systemGray2 through systemGray6, are grays which increasingly
/Users/admin/builder/spi-builder-workspace/Sources/DSFSparkline/overlay/types/DSFSparkline+ZeroLineDefinition.swift:40:45: error: 'systemGray' is unavailable in watchOS
38 | public static let DefaultColor = DSFColor.disabledControlTextColor
39 | #else
40 | public static let DefaultColor = DSFColor.systemGray
| `- error: 'systemGray' is unavailable in watchOS
41 | #endif
42 |
/Applications/Xcode-27.0.0-Release.Candidate.app/Contents/Developer/Platforms/WatchOS.platform/Developer/SDKs/WatchOS27.0.sdk/System/Library/Frameworks/UIKit.framework/Headers/UIInterface.h:136:49: note: 'systemGray' has been explicitly marked unavailable here
134 | /* Shades of gray. systemGray is the base gray color.
135 | */
136 | @property (class, nonatomic, readonly) UIColor *systemGrayColor API_AVAILABLE(ios(7.0), tvos(9.0)) API_UNAVAILABLE(watchos);
| `- note: 'systemGray' has been explicitly marked unavailable here
137 |
138 | /* The numbered variations, systemGray2 through systemGray6, are grays which increasingly
/Users/admin/builder/spi-builder-workspace/Sources/DSFSparkline/prebuilt/DSFSparklineActivityGridView+SwiftUI.swift:139:35: error: cannot find type 'Context' in scope
137 | }
138 |
139 | func makeActivityGrid(_ context: Context) -> DSFSparklineActivityGridView {
| `- error: cannot find type 'Context' in scope
140 | let view = DSFSparklineActivityGridView(frame: .zero)
141 | self.updateView(view)
/Users/admin/builder/spi-builder-workspace/Sources/DSFSparkline/prebuilt/DSFSparklineActivityGridView+SwiftUI.swift:154:104: error: cannot find type 'Context' in scope
152 | #else
153 | @available(iOS 16.0, tvOS 16.0, *)
154 | public func sizeThatFits(_ proposal: ProposedViewSize, uiView: DSFSparklineActivityGridView, context: Context) -> CGSize? {
| `- error: cannot find type 'Context' in scope
155 | let w = (uiView.horizontalCellCount == 0) ? (proposal.width ?? uiView.activityLayer.intrinsicWidth) : uiView.activityLayer.intrinsicWidth
156 | return CGSize(width: w, height: uiView.intrinsicContentSize.height)
/Users/admin/builder/spi-builder-workspace/Sources/DSFSparkline/prebuilt/DSFSparklineActivityGridView+SwiftUI.swift:165:27: error: cannot find type 'Context' in scope
163 | @available(iOS 13.0, tvOS 13.0, macOS 9999.0, *)
164 | public extension DSFSparklineActivityGridView.SwiftUI {
165 | func makeUIView(context: Context) -> DSFSparklineActivityGridView {
| `- error: cannot find type 'Context' in scope
166 | return self.makeActivityGrid(context)
167 | }
/Users/admin/builder/spi-builder-workspace/Sources/DSFSparkline/prebuilt/DSFSparklineActivityGridView+SwiftUI.swift:169:69: error: cannot find type 'Context' in scope
167 | }
168 |
169 | func updateUIView(_ view: DSFSparklineActivityGridView, context _: Context) {
| `- error: cannot find type 'Context' in scope
170 | self.updateView(view)
171 | }
/Users/admin/builder/spi-builder-workspace/Sources/DSFSparkline/prebuilt/DSFSparklineActivityGridView+SwiftUI.swift:178:27: error: cannot find type 'Context' in scope
176 | @available(macOS 10.15, iOS 9999.0, tvOS 9999.0, *)
177 | public extension DSFSparklineActivityGridView.SwiftUI {
178 | func makeNSView(context: Context) -> DSFSparklineActivityGridView {
| `- error: cannot find type 'Context' in scope
179 | let v = self.makeActivityGrid(context)
180 | return v
/Users/admin/builder/spi-builder-workspace/Sources/DSFSparkline/prebuilt/DSFSparklineActivityGridView+SwiftUI.swift:183:69: error: cannot find type 'Context' in scope
181 | }
182 |
183 | func updateNSView(_ view: DSFSparklineActivityGridView, context _: Context) {
| `- error: cannot find type 'Context' in scope
184 | self.updateView(view)
185 | }
/Users/admin/builder/spi-builder-workspace/Sources/DSFSparkline/prebuilt/DSFSparklineBarGraphView+SwiftUI.swift:131:31: error: cannot find type 'Context' in scope
129 | }
130 |
131 | private func makeBarGraph(_: Context) -> DSFSparklineBarGraphView {
| `- error: cannot find type 'Context' in scope
132 | let view = DSFSparklineBarGraphView(frame: .zero)
133 | view.translatesAutoresizingMaskIntoConstraints = false
/Users/admin/builder/spi-builder-workspace/Sources/DSFSparkline/prebuilt/DSFSparklineBarGraphView+SwiftUI.swift:167:27: error: cannot find type 'Context' in scope
165 | @available(iOS 13.0, tvOS 13.0, macOS 9999.0, *)
166 | public extension DSFSparklineBarGraphView.SwiftUI {
167 | func makeUIView(context: Context) -> DSFSparklineBarGraphView {
| `- error: cannot find type 'Context' in scope
168 | return self.makeBarGraph(context)
169 | }
/Users/admin/builder/spi-builder-workspace/Sources/DSFSparkline/prebuilt/DSFSparklineBarGraphView+SwiftUI.swift:171:65: error: cannot find type 'Context' in scope
169 | }
170 |
171 | func updateUIView(_ view: DSFSparklineBarGraphView, context _: Context) {
| `- error: cannot find type 'Context' in scope
172 | self.updateView(view)
173 | }
/Users/admin/builder/spi-builder-workspace/Sources/DSFSparkline/prebuilt/DSFSparklineBarGraphView+SwiftUI.swift:180:27: error: cannot find type 'Context' in scope
178 | @available(macOS 10.15, iOS 9999.0, tvOS 9999.0, *)
179 | public extension DSFSparklineBarGraphView.SwiftUI {
180 | func makeNSView(context: Context) -> DSFSparklineBarGraphView {
| `- error: cannot find type 'Context' in scope
181 | return self.makeBarGraph(context)
182 | }
/Users/admin/builder/spi-builder-workspace/Sources/DSFSparkline/prebuilt/DSFSparklineBarGraphView+SwiftUI.swift:184:65: error: cannot find type 'Context' in scope
182 | }
183 |
184 | func updateNSView(_ view: DSFSparklineBarGraphView, context _: Context) {
| `- error: cannot find type 'Context' in scope
185 | self.updateView(view)
186 | }
/Users/admin/builder/spi-builder-workspace/Sources/DSFSparkline/prebuilt/DSFSparklineCircularGaugeView+SwiftUI.swift:91:28: error: cannot find type 'Context' in scope
89 | #endif
90 |
91 | func makeCircularGauge(_: Context) -> DSFSparklineCircularGaugeView {
| `- error: cannot find type 'Context' in scope
92 | let view = DSFSparklineCircularGaugeView(frame: .zero)
93 | view.translatesAutoresizingMaskIntoConstraints = false
/Users/admin/builder/spi-builder-workspace/Sources/DSFSparkline/prebuilt/DSFSparklineCircularGaugeView+SwiftUI.swift:106:27: error: cannot find type 'Context' in scope
104 | @available(iOS 13.0, tvOS 13.0, macOS 9999.0, *)
105 | public extension DSFSparklineCircularGaugeView.SwiftUI {
106 | func makeUIView(context: Context) -> DSFSparklineCircularGaugeView {
| `- error: cannot find type 'Context' in scope
107 | return self.makeCircularGauge(context)
108 | }
/Users/admin/builder/spi-builder-workspace/Sources/DSFSparkline/prebuilt/DSFSparklineCircularGaugeView+SwiftUI.swift:110:70: error: cannot find type 'Context' in scope
108 | }
109 |
110 | func updateUIView(_ view: DSFSparklineCircularGaugeView, context _: Context) {
| `- error: cannot find type 'Context' in scope
111 | self.updateView(view)
112 | }
/Users/admin/builder/spi-builder-workspace/Sources/DSFSparkline/prebuilt/DSFSparklineCircularGaugeView+SwiftUI.swift:119:27: error: cannot find type 'Context' in scope
117 | @available(macOS 10.15, iOS 9999.0, tvOS 9999.0, *)
118 | public extension DSFSparklineCircularGaugeView.SwiftUI {
119 | func makeNSView(context: Context) -> DSFSparklineCircularGaugeView {
| `- error: cannot find type 'Context' in scope
120 | return self.makeCircularGauge(context)
121 | }
/Users/admin/builder/spi-builder-workspace/Sources/DSFSparkline/prebuilt/DSFSparklineCircularGaugeView+SwiftUI.swift:123:70: error: cannot find type 'Context' in scope
121 | }
122 |
123 | func updateNSView(_ view: DSFSparklineCircularGaugeView, context _: Context) {
| `- error: cannot find type 'Context' in scope
124 | self.updateView(view)
125 | }
/Users/admin/builder/spi-builder-workspace/Sources/DSFSparkline/prebuilt/DSFSparklineCircularProgressView+SwiftUI.swift:63:28: error: cannot find type 'Context' in scope
61 | #endif
62 |
63 | func makeProgressGraph(_: Context) -> DSFSparklineCircularProgressView {
| `- error: cannot find type 'Context' in scope
64 | let view = DSFSparklineCircularProgressView(frame: .zero)
65 | view.translatesAutoresizingMaskIntoConstraints = false
/Users/admin/builder/spi-builder-workspace/Sources/DSFSparkline/prebuilt/DSFSparklineCircularProgressView+SwiftUI.swift:82:27: error: cannot find type 'Context' in scope
80 | @available(iOS 13.0, tvOS 13.0, macOS 9999.0, *)
81 | public extension DSFSparklineCircularProgressView.SwiftUI {
82 | func makeUIView(context: Context) -> DSFSparklineCircularProgressView {
| `- error: cannot find type 'Context' in scope
83 | return self.makeProgressGraph(context)
84 | }
/Users/admin/builder/spi-builder-workspace/Sources/DSFSparkline/prebuilt/DSFSparklineCircularProgressView+SwiftUI.swift:86:73: error: cannot find type 'Context' in scope
84 | }
85 |
86 | func updateUIView(_ view: DSFSparklineCircularProgressView, context _: Context) {
| `- error: cannot find type 'Context' in scope
87 | self.updateView(view)
88 | }
/Users/admin/builder/spi-builder-workspace/Sources/DSFSparkline/prebuilt/DSFSparklineCircularProgressView+SwiftUI.swift:95:27: error: cannot find type 'Context' in scope
93 | @available(macOS 10.15, iOS 9999.0, tvOS 9999.0, *)
94 | public extension DSFSparklineCircularProgressView.SwiftUI {
95 | func makeNSView(context: Context) -> DSFSparklineCircularProgressView {
| `- error: cannot find type 'Context' in scope
96 | return self.makeProgressGraph(context)
97 | }
/Users/admin/builder/spi-builder-workspace/Sources/DSFSparkline/prebuilt/DSFSparklineCircularProgressView+SwiftUI.swift:99:73: error: cannot find type 'Context' in scope
97 | }
98 |
99 | func updateNSView(_ view: DSFSparklineCircularProgressView, context _: Context) {
| `- error: cannot find type 'Context' in scope
100 | self.updateView(view)
101 | }
/Users/admin/builder/spi-builder-workspace/Sources/DSFSparkline/prebuilt/DSFSparklineDataBarGraphView+SwiftUI.swift:98:27: error: cannot find type 'Context' in scope
96 | }
97 |
98 | func makeDataBarGraph(_: Context) -> DSFSparklineDataBarGraphView {
| `- error: cannot find type 'Context' in scope
99 | let view = DSFSparklineDataBarGraphView(frame: .zero)
100 | view.translatesAutoresizingMaskIntoConstraints = false
/Users/admin/builder/spi-builder-workspace/Sources/DSFSparkline/prebuilt/DSFSparklineDataBarGraphView+SwiftUI.swift:118:27: error: cannot find type 'Context' in scope
116 | @available(iOS 13.0, tvOS 13.0, macOS 9999.0, *)
117 | public extension DSFSparklineDataBarGraphView.SwiftUI {
118 | func makeUIView(context: Context) -> DSFSparklineDataBarGraphView {
| `- error: cannot find type 'Context' in scope
119 | return self.makeDataBarGraph(context)
120 | }
/Users/admin/builder/spi-builder-workspace/Sources/DSFSparkline/prebuilt/DSFSparklineDataBarGraphView+SwiftUI.swift:122:69: error: cannot find type 'Context' in scope
120 | }
121 |
122 | func updateUIView(_ view: DSFSparklineDataBarGraphView, context _: Context) {
| `- error: cannot find type 'Context' in scope
123 | self.updateView(view)
124 | }
/Users/admin/builder/spi-builder-workspace/Sources/DSFSparkline/prebuilt/DSFSparklineDataBarGraphView+SwiftUI.swift:131:27: error: cannot find type 'Context' in scope
129 | @available(macOS 10.15, iOS 9999.0, tvOS 9999.0, *)
130 | public extension DSFSparklineDataBarGraphView.SwiftUI {
131 | func makeNSView(context: Context) -> DSFSparklineDataBarGraphView {
| `- error: cannot find type 'Context' in scope
132 | return self.makeDataBarGraph(context)
133 | }
/Users/admin/builder/spi-builder-workspace/Sources/DSFSparkline/prebuilt/DSFSparklineDataBarGraphView+SwiftUI.swift:135:69: error: cannot find type 'Context' in scope
133 | }
134 |
135 | func updateNSView(_ view: DSFSparklineDataBarGraphView, context _: Context) {
| `- error: cannot find type 'Context' in scope
136 | self.updateView(view)
137 | }
/Users/admin/builder/spi-builder-workspace/Sources/DSFSparkline/prebuilt/DSFSparklineDotGraphView+SwiftUI.swift:83:31: error: cannot find type 'Context' in scope
81 | }
82 |
83 | private func makeDotGraph(_: Context) -> DSFSparklineDotGraphView {
| `- error: cannot find type 'Context' in scope
84 | let view = DSFSparklineDotGraphView(frame: .zero)
85 | view.translatesAutoresizingMaskIntoConstraints = false
/Users/admin/builder/spi-builder-workspace/Sources/DSFSparkline/prebuilt/DSFSparklineDotGraphView+SwiftUI.swift:100:27: error: cannot find type 'Context' in scope
98 | @available(iOS 13.0, tvOS 13.0, macOS 99.0, *)
99 | public extension DSFSparklineDotGraphView.SwiftUI {
100 | func makeUIView(context: Context) -> DSFSparklineDotGraphView {
| `- error: cannot find type 'Context' in scope
101 | return self.makeDotGraph(context)
102 | }
/Users/admin/builder/spi-builder-workspace/Sources/DSFSparkline/prebuilt/DSFSparklineDotGraphView+SwiftUI.swift:104:65: error: cannot find type 'Context' in scope
102 | }
103 |
104 | func updateUIView(_ view: DSFSparklineDotGraphView, context _: Context) {
| `- error: cannot find type 'Context' in scope
105 | self.updateView(view)
106 | }
/Users/admin/builder/spi-builder-workspace/Sources/DSFSparkline/prebuilt/DSFSparklineDotGraphView+SwiftUI.swift:113:27: error: cannot find type 'Context' in scope
111 | @available(macOS 10.15, iOS 9999.0, tvOS 9999.0, *)
112 | public extension DSFSparklineDotGraphView.SwiftUI {
113 | func makeNSView(context: Context) -> DSFSparklineDotGraphView {
| `- error: cannot find type 'Context' in scope
114 | return self.makeDotGraph(context)
115 | }
/Users/admin/builder/spi-builder-workspace/Sources/DSFSparkline/prebuilt/DSFSparklineDotGraphView+SwiftUI.swift:117:65: error: cannot find type 'Context' in scope
115 | }
116 |
117 | func updateNSView(_ view: DSFSparklineDotGraphView, context _: Context) {
| `- error: cannot find type 'Context' in scope
118 | self.updateView(view)
119 | }
/Users/admin/builder/spi-builder-workspace/Sources/DSFSparkline/prebuilt/DSFSparklineLineGraphView+SwiftUI.swift:151:24: error: cannot find type 'Context' in scope
149 | }
150 |
151 | func makeLineGraph(_: Context) -> DSFSparklineLineGraphView {
| `- error: cannot find type 'Context' in scope
152 | let view = DSFSparklineLineGraphView(frame: .zero)
153 | view.translatesAutoresizingMaskIntoConstraints = false
/Users/admin/builder/spi-builder-workspace/Sources/DSFSparkline/prebuilt/DSFSparklineLineGraphView+SwiftUI.swift:197:27: error: cannot find type 'Context' in scope
195 | @available(iOS 13.0, tvOS 13.0, macOS 9999.0, *)
196 | public extension DSFSparklineLineGraphView.SwiftUI {
197 | func makeUIView(context: Context) -> DSFSparklineLineGraphView {
| `- error: cannot find type 'Context' in scope
198 | return self.makeLineGraph(context)
199 | }
/Users/admin/builder/spi-builder-workspace/Sources/DSFSparkline/prebuilt/DSFSparklineLineGraphView+SwiftUI.swift:201:66: error: cannot find type 'Context' in scope
199 | }
200 |
201 | func updateUIView(_ view: DSFSparklineLineGraphView, context _: Context) {
| `- error: cannot find type 'Context' in scope
202 | self.updateView(view)
203 | }
/Users/admin/builder/spi-builder-workspace/Sources/DSFSparkline/prebuilt/DSFSparklineLineGraphView+SwiftUI.swift:210:27: error: cannot find type 'Context' in scope
208 | @available(macOS 10.15, iOS 9999.0, tvOS 9999.0, *)
209 | public extension DSFSparklineLineGraphView.SwiftUI {
210 | func makeNSView(context: Context) -> DSFSparklineLineGraphView {
| `- error: cannot find type 'Context' in scope
211 | return self.makeLineGraph(context)
212 | }
/Users/admin/builder/spi-builder-workspace/Sources/DSFSparkline/prebuilt/DSFSparklineLineGraphView+SwiftUI.swift:214:66: error: cannot find type 'Context' in scope
212 | }
213 |
214 | func updateNSView(_ view: DSFSparklineLineGraphView, context _: Context) {
| `- error: cannot find type 'Context' in scope
215 | self.updateView(view)
216 | }
/Users/admin/builder/spi-builder-workspace/Sources/DSFSparkline/prebuilt/DSFSparklinePercentBarGraphView+SwiftUI.swift:73:25: error: cannot find type 'Context' in scope
71 | }
72 |
73 | func makePercentBar(_: Context) -> DSFSparklinePercentBarGraphView {
| `- error: cannot find type 'Context' in scope
74 | let view = DSFSparklinePercentBarGraphView(frame: .zero)
75 | view.displayStyle = self.style
/Users/admin/builder/spi-builder-workspace/Sources/DSFSparkline/prebuilt/DSFSparklinePercentBarGraphView+SwiftUI.swift:86:27: error: cannot find type 'Context' in scope
84 | @available(iOS 13.0, tvOS 13.0, macOS 9999.0, *)
85 | public extension DSFSparklinePercentBarGraphView.SwiftUI {
86 | func makeUIView(context: Context) -> DSFSparklinePercentBarGraphView {
| `- error: cannot find type 'Context' in scope
87 | return self.makePercentBar(context)
88 | }
/Users/admin/builder/spi-builder-workspace/Sources/DSFSparkline/prebuilt/DSFSparklinePercentBarGraphView+SwiftUI.swift:90:72: error: cannot find type 'Context' in scope
88 | }
89 |
90 | func updateUIView(_ view: DSFSparklinePercentBarGraphView, context _: Context) {
| `- error: cannot find type 'Context' in scope
91 | self.updateView(view)
92 | }
/Users/admin/builder/spi-builder-workspace/Sources/DSFSparkline/prebuilt/DSFSparklinePercentBarGraphView+SwiftUI.swift:99:27: error: cannot find type 'Context' in scope
97 | @available(macOS 10.15, iOS 9999.0, tvOS 9999.0, *)
98 | public extension DSFSparklinePercentBarGraphView.SwiftUI {
99 | func makeNSView(context: Context) -> DSFSparklinePercentBarGraphView {
| `- error: cannot find type 'Context' in scope
100 | return self.makePercentBar(context)
101 | }
/Users/admin/builder/spi-builder-workspace/Sources/DSFSparkline/prebuilt/DSFSparklinePercentBarGraphView+SwiftUI.swift:103:72: error: cannot find type 'Context' in scope
101 | }
102 |
103 | func updateNSView(_ view: DSFSparklinePercentBarGraphView, context _: Context) {
| `- error: cannot find type 'Context' in scope
104 | self.updateView(view)
105 | }
/Users/admin/builder/spi-builder-workspace/Sources/DSFSparkline/prebuilt/DSFSparklinePieGraphView+SwiftUI.swift:83:23: error: cannot find type 'Context' in scope
81 | }
82 |
83 | func makePieGraph(_: Context) -> DSFSparklinePieGraphView {
| `- error: cannot find type 'Context' in scope
84 | let view = DSFSparklinePieGraphView(frame: .zero)
85 | view.translatesAutoresizingMaskIntoConstraints = false
/Users/admin/builder/spi-builder-workspace/Sources/DSFSparkline/prebuilt/DSFSparklinePieGraphView+SwiftUI.swift:101:27: error: cannot find type 'Context' in scope
99 | @available(iOS 13.0, tvOS 13.0, macOS 9999.0, *)
100 | public extension DSFSparklinePieGraphView.SwiftUI {
101 | func makeUIView(context: Context) -> DSFSparklinePieGraphView {
| `- error: cannot find type 'Context' in scope
102 | return self.makePieGraph(context)
103 | }
/Users/admin/builder/spi-builder-workspace/Sources/DSFSparkline/prebuilt/DSFSparklinePieGraphView+SwiftUI.swift:105:65: error: cannot find type 'Context' in scope
103 | }
104 |
105 | func updateUIView(_ view: DSFSparklinePieGraphView, context _: Context) {
| `- error: cannot find type 'Context' in scope
106 | self.updateView(view)
107 | }
/Users/admin/builder/spi-builder-workspace/Sources/DSFSparkline/prebuilt/DSFSparklinePieGraphView+SwiftUI.swift:114:27: error: cannot find type 'Context' in scope
112 | @available(macOS 10.15, iOS 9999.0, tvOS 9999.0, *)
113 | public extension DSFSparklinePieGraphView.SwiftUI {
114 | func makeNSView(context: Context) -> DSFSparklinePieGraphView {
| `- error: cannot find type 'Context' in scope
115 | return self.makePieGraph(context)
116 | }
/Users/admin/builder/spi-builder-workspace/Sources/DSFSparkline/prebuilt/DSFSparklinePieGraphView+SwiftUI.swift:118:65: error: cannot find type 'Context' in scope
116 | }
117 |
118 | func updateNSView(_ view: DSFSparklinePieGraphView, context _: Context) {
| `- error: cannot find type 'Context' in scope
119 | self.updateView(view)
120 | }
/Users/admin/builder/spi-builder-workspace/Sources/DSFSparkline/prebuilt/DSFSparklineStackLineGraphView+SwiftUI.swift:133:24: error: cannot find type 'Context' in scope
131 | }
132 |
133 | func makeLineGraph(_: Context) -> DSFSparklineStackLineGraphView {
| `- error: cannot find type 'Context' in scope
134 | let view = DSFSparklineStackLineGraphView(frame: .zero)
135 | view.translatesAutoresizingMaskIntoConstraints = false
/Users/admin/builder/spi-builder-workspace/Sources/DSFSparkline/prebuilt/DSFSparklineStackLineGraphView+SwiftUI.swift:177:27: error: cannot find type 'Context' in scope
175 | @available(iOS 13.0, tvOS 13.0, macOS 9999.0, *)
176 | public extension DSFSparklineStackLineGraphView.SwiftUI {
177 | func makeUIView(context: Context) -> DSFSparklineStackLineGraphView {
| `- error: cannot find type 'Context' in scope
178 | return self.makeLineGraph(context)
179 | }
/Users/admin/builder/spi-builder-workspace/Sources/DSFSparkline/prebuilt/DSFSparklineStackLineGraphView+SwiftUI.swift:181:71: error: cannot find type 'Context' in scope
179 | }
180 |
181 | func updateUIView(_ view: DSFSparklineStackLineGraphView, context _: Context) {
| `- error: cannot find type 'Context' in scope
182 | self.updateView(view)
183 | }
/Users/admin/builder/spi-builder-workspace/Sources/DSFSparkline/prebuilt/DSFSparklineStackLineGraphView+SwiftUI.swift:190:27: error: cannot find type 'Context' in scope
188 | @available(macOS 10.15, iOS 9999.0, tvOS 9999.0, *)
189 | public extension DSFSparklineStackLineGraphView.SwiftUI {
190 | func makeNSView(context: Context) -> DSFSparklineStackLineGraphView {
| `- error: cannot find type 'Context' in scope
191 | return self.makeLineGraph(context)
192 | }
/Users/admin/builder/spi-builder-workspace/Sources/DSFSparkline/prebuilt/DSFSparklineStackLineGraphView+SwiftUI.swift:194:71: error: cannot find type 'Context' in scope
192 | }
193 |
194 | func updateNSView(_ view: DSFSparklineStackLineGraphView, context _: Context) {
| `- error: cannot find type 'Context' in scope
195 | self.updateView(view)
196 | }
/Users/admin/builder/spi-builder-workspace/Sources/DSFSparkline/prebuilt/DSFSparklineStripesGraphView+SwiftUI.swift:87:27: error: cannot find type 'Context' in scope
85 | }
86 |
87 | func makeStripesGraph(_: Context) -> DSFSparklineStripesGraphView {
| `- error: cannot find type 'Context' in scope
88 | let view = DSFSparklineStripesGraphView(frame: .zero)
89 | view.translatesAutoresizingMaskIntoConstraints = false
/Users/admin/builder/spi-builder-workspace/Sources/DSFSparkline/prebuilt/DSFSparklineStripesGraphView+SwiftUI.swift:102:27: error: cannot find type 'Context' in scope
100 | @available(iOS 13.0, tvOS 13.0, macOS 9999.0, *)
101 | public extension DSFSparklineStripesGraphView.SwiftUI {
102 | func makeUIView(context: Context) -> DSFSparklineStripesGraphView {
| `- error: cannot find type 'Context' in scope
103 | return self.makeStripesGraph(context)
104 | }
/Users/admin/builder/spi-builder-workspace/Sources/DSFSparkline/prebuilt/DSFSparklineStripesGraphView+SwiftUI.swift:106:69: error: cannot find type 'Context' in scope
104 | }
105 |
106 | func updateUIView(_ view: DSFSparklineStripesGraphView, context _: Context) {
| `- error: cannot find type 'Context' in scope
107 | self.updateView(view)
108 | }
/Users/admin/builder/spi-builder-workspace/Sources/DSFSparkline/prebuilt/DSFSparklineStripesGraphView+SwiftUI.swift:115:27: error: cannot find type 'Context' in scope
113 | @available(macOS 11, iOS 9999.0, tvOS 9999.0, *)
114 | public extension DSFSparklineStripesGraphView.SwiftUI {
115 | func makeNSView(context: Context) -> DSFSparklineStripesGraphView {
| `- error: cannot find type 'Context' in scope
116 | return self.makeStripesGraph(context)
117 | }
/Users/admin/builder/spi-builder-workspace/Sources/DSFSparkline/prebuilt/DSFSparklineStripesGraphView+SwiftUI.swift:119:69: error: cannot find type 'Context' in scope
117 | }
118 |
119 | func updateNSView(_ view: DSFSparklineStripesGraphView, context _: Context) {
| `- error: cannot find type 'Context' in scope
120 | self.updateView(view)
121 | }
/Users/admin/builder/spi-builder-workspace/Sources/DSFSparkline/prebuilt/DSFSparklineTabletGraphView+SwiftUI.swift:53:29: error: 'systemGreen' is unavailable in watchOS
51 | /// - barSpacing: The spacing between the tablets
52 | public init(dataSource: DSFSparkline.DataSource,
53 | winColor: DSFColor = .systemGreen,
| `- error: 'systemGreen' is unavailable in watchOS
54 | lossColor: DSFColor = .systemRed,
55 | lineWidth: CGFloat = 1,
/Applications/Xcode-27.0.0-Release.Candidate.app/Contents/Developer/Platforms/WatchOS.platform/Developer/SDKs/WatchOS27.0.sdk/System/Library/Frameworks/UIKit.framework/Headers/UIInterface.h:122:49: note: 'systemGreen' has been explicitly marked unavailable here
120 | */
121 | @property (class, nonatomic, readonly) UIColor *systemRedColor API_AVAILABLE(ios(7.0), tvos(9.0)) API_UNAVAILABLE(watchos);
122 | @property (class, nonatomic, readonly) UIColor *systemGreenColor API_AVAILABLE(ios(7.0), tvos(9.0)) API_UNAVAILABLE(watchos);
| `- note: 'systemGreen' has been explicitly marked unavailable here
123 | @property (class, nonatomic, readonly) UIColor *systemBlueColor API_AVAILABLE(ios(7.0), tvos(9.0)) API_UNAVAILABLE(watchos);
124 | @property (class, nonatomic, readonly) UIColor *systemOrangeColor API_AVAILABLE(ios(7.0), tvos(9.0)) API_UNAVAILABLE(watchos);
/Users/admin/builder/spi-builder-workspace/Sources/DSFSparkline/prebuilt/DSFSparklineTabletGraphView+SwiftUI.swift:54:30: error: 'systemRed' is unavailable in watchOS
52 | public init(dataSource: DSFSparkline.DataSource,
53 | winColor: DSFColor = .systemGreen,
54 | lossColor: DSFColor = .systemRed,
| `- error: 'systemRed' is unavailable in watchOS
55 | lineWidth: CGFloat = 1,
56 | barSpacing: CGFloat = 1)
/Applications/Xcode-27.0.0-Release.Candidate.app/Contents/Developer/Platforms/WatchOS.platform/Developer/SDKs/WatchOS27.0.sdk/System/Library/Frameworks/UIKit.framework/Headers/UIInterface.h:121:49: note: 'systemRed' has been explicitly marked unavailable here
119 | * Do not make assumptions about the color spaces or actual colors used.
120 | */
121 | @property (class, nonatomic, readonly) UIColor *systemRedColor API_AVAILABLE(ios(7.0), tvos(9.0)) API_UNAVAILABLE(watchos);
| `- note: 'systemRed' has been explicitly marked unavailable here
122 | @property (class, nonatomic, readonly) UIColor *systemGreenColor API_AVAILABLE(ios(7.0), tvos(9.0)) API_UNAVAILABLE(watchos);
123 | @property (class, nonatomic, readonly) UIColor *systemBlueColor API_AVAILABLE(ios(7.0), tvos(9.0)) API_UNAVAILABLE(watchos);
/Users/admin/builder/spi-builder-workspace/Sources/DSFSparkline/prebuilt/DSFSparklineTabletGraphView+SwiftUI.swift:88:34: error: cannot find type 'Context' in scope
86 | }
87 |
88 | private func makeTabletGraph(_: Context) -> DSFSparklineTabletGraphView {
| `- error: cannot find type 'Context' in scope
89 | let view = DSFSparklineTabletGraphView(frame: .zero)
90 | view.translatesAutoresizingMaskIntoConstraints = false
/Users/admin/builder/spi-builder-workspace/Sources/DSFSparkline/prebuilt/DSFSparklineTabletGraphView+SwiftUI.swift:108:27: error: cannot find type 'Context' in scope
106 | @available(iOS 13.0, tvOS 13.0, macOS 9999.0, *)
107 | public extension DSFSparklineTabletGraphView.SwiftUI {
108 | func makeUIView(context: Context) -> DSFSparklineTabletGraphView {
| `- error: cannot find type 'Context' in scope
109 | return self.makeTabletGraph(context)
110 | }
/Users/admin/builder/spi-builder-workspace/Sources/DSFSparkline/prebuilt/DSFSparklineTabletGraphView+SwiftUI.swift:112:68: error: cannot find type 'Context' in scope
110 | }
111 |
112 | func updateUIView(_ view: DSFSparklineTabletGraphView, context _: Context) {
| `- error: cannot find type 'Context' in scope
113 | self.updateView(view)
114 | }
/Users/admin/builder/spi-builder-workspace/Sources/DSFSparkline/prebuilt/DSFSparklineTabletGraphView+SwiftUI.swift:121:27: error: cannot find type 'Context' in scope
119 | @available(macOS 10.15, iOS 9999.0, tvOS 9999.0, *)
120 | public extension DSFSparklineTabletGraphView.SwiftUI {
121 | func makeNSView(context: Context) -> DSFSparklineTabletGraphView {
| `- error: cannot find type 'Context' in scope
122 | return self.makeTabletGraph(context)
123 | }
/Users/admin/builder/spi-builder-workspace/Sources/DSFSparkline/prebuilt/DSFSparklineTabletGraphView+SwiftUI.swift:125:68: error: cannot find type 'Context' in scope
123 | }
124 |
125 | func updateNSView(_ view: DSFSparklineTabletGraphView, context _: Context) {
| `- error: cannot find type 'Context' in scope
126 | self.updateView(view)
127 | }
/Users/admin/builder/spi-builder-workspace/Sources/DSFSparkline/prebuilt/DSFSparklineTabletGraphView.swift:70:55: error: 'systemGreen' is unavailable in watchOS
68 | #else
69 | /// The color to draw the 'win' boxes
70 | @objc public dynamic var winColor: UIColor = UIColor.systemGreen {
| `- error: 'systemGreen' is unavailable in watchOS
71 | didSet {
72 | self.colorDidChange()
/Applications/Xcode-27.0.0-Release.Candidate.app/Contents/Developer/Platforms/WatchOS.platform/Developer/SDKs/WatchOS27.0.sdk/System/Library/Frameworks/UIKit.framework/Headers/UIInterface.h:122:49: note: 'systemGreen' has been explicitly marked unavailable here
120 | */
121 | @property (class, nonatomic, readonly) UIColor *systemRedColor API_AVAILABLE(ios(7.0), tvos(9.0)) API_UNAVAILABLE(watchos);
122 | @property (class, nonatomic, readonly) UIColor *systemGreenColor API_AVAILABLE(ios(7.0), tvos(9.0)) API_UNAVAILABLE(watchos);
| `- note: 'systemGreen' has been explicitly marked unavailable here
123 | @property (class, nonatomic, readonly) UIColor *systemBlueColor API_AVAILABLE(ios(7.0), tvos(9.0)) API_UNAVAILABLE(watchos);
124 | @property (class, nonatomic, readonly) UIColor *systemOrangeColor API_AVAILABLE(ios(7.0), tvos(9.0)) API_UNAVAILABLE(watchos);
/Users/admin/builder/spi-builder-workspace/Sources/DSFSparkline/prebuilt/DSFSparklineTabletGraphView.swift:77:56: error: 'systemRed' is unavailable in watchOS
75 |
76 | /// The color to draw the 'loss' boxes
77 | @objc public dynamic var lossColor: UIColor = UIColor.systemRed {
| `- error: 'systemRed' is unavailable in watchOS
78 | didSet {
79 | self.colorDidChange()
/Applications/Xcode-27.0.0-Release.Candidate.app/Contents/Developer/Platforms/WatchOS.platform/Developer/SDKs/WatchOS27.0.sdk/System/Library/Frameworks/UIKit.framework/Headers/UIInterface.h:121:49: note: 'systemRed' has been explicitly marked unavailable here
119 | * Do not make assumptions about the color spaces or actual colors used.
120 | */
121 | @property (class, nonatomic, readonly) UIColor *systemRedColor API_AVAILABLE(ios(7.0), tvos(9.0)) API_UNAVAILABLE(watchos);
| `- note: 'systemRed' has been explicitly marked unavailable here
122 | @property (class, nonatomic, readonly) UIColor *systemGreenColor API_AVAILABLE(ios(7.0), tvos(9.0)) API_UNAVAILABLE(watchos);
123 | @property (class, nonatomic, readonly) UIColor *systemBlueColor API_AVAILABLE(ios(7.0), tvos(9.0)) API_UNAVAILABLE(watchos);
/Users/admin/builder/spi-builder-workspace/Sources/DSFSparkline/prebuilt/DSFSparklineWinLossGraphView+SwiftUI.swift:62:29: error: 'systemGreen' is unavailable in watchOS
60 | /// - zeroLineDefinition: the settings for drawing the zero line
61 | public init(dataSource: DSFSparkline.DataSource,
62 | winColor: DSFColor = .systemGreen,
| `- error: 'systemGreen' is unavailable in watchOS
63 | lossColor: DSFColor = .systemRed,
64 | tieColor: DSFColor? = nil,
/Applications/Xcode-27.0.0-Release.Candidate.app/Contents/Developer/Platforms/WatchOS.platform/Developer/SDKs/WatchOS27.0.sdk/System/Library/Frameworks/UIKit.framework/Headers/UIInterface.h:122:49: note: 'systemGreen' has been explicitly marked unavailable here
120 | */
121 | @property (class, nonatomic, readonly) UIColor *systemRedColor API_AVAILABLE(ios(7.0), tvos(9.0)) API_UNAVAILABLE(watchos);
122 | @property (class, nonatomic, readonly) UIColor *systemGreenColor API_AVAILABLE(ios(7.0), tvos(9.0)) API_UNAVAILABLE(watchos);
| `- note: 'systemGreen' has been explicitly marked unavailable here
123 | @property (class, nonatomic, readonly) UIColor *systemBlueColor API_AVAILABLE(ios(7.0), tvos(9.0)) API_UNAVAILABLE(watchos);
124 | @property (class, nonatomic, readonly) UIColor *systemOrangeColor API_AVAILABLE(ios(7.0), tvos(9.0)) API_UNAVAILABLE(watchos);
/Users/admin/builder/spi-builder-workspace/Sources/DSFSparkline/prebuilt/DSFSparklineWinLossGraphView+SwiftUI.swift:63:30: error: 'systemRed' is unavailable in watchOS
61 | public init(dataSource: DSFSparkline.DataSource,
62 | winColor: DSFColor = .systemGreen,
63 | lossColor: DSFColor = .systemRed,
| `- error: 'systemRed' is unavailable in watchOS
64 | tieColor: DSFColor? = nil,
65 | lineWidth: UInt = 1,
/Applications/Xcode-27.0.0-Release.Candidate.app/Contents/Developer/Platforms/WatchOS.platform/Developer/SDKs/WatchOS27.0.sdk/System/Library/Frameworks/UIKit.framework/Headers/UIInterface.h:121:49: note: 'systemRed' has been explicitly marked unavailable here
119 | * Do not make assumptions about the color spaces or actual colors used.
120 | */
121 | @property (class, nonatomic, readonly) UIColor *systemRedColor API_AVAILABLE(ios(7.0), tvos(9.0)) API_UNAVAILABLE(watchos);
| `- note: 'systemRed' has been explicitly marked unavailable here
122 | @property (class, nonatomic, readonly) UIColor *systemGreenColor API_AVAILABLE(ios(7.0), tvos(9.0)) API_UNAVAILABLE(watchos);
123 | @property (class, nonatomic, readonly) UIColor *systemBlueColor API_AVAILABLE(ios(7.0), tvos(9.0)) API_UNAVAILABLE(watchos);
/Users/admin/builder/spi-builder-workspace/Sources/DSFSparkline/prebuilt/DSFSparklineWinLossGraphView+SwiftUI.swift:104:35: error: cannot find type 'Context' in scope
102 | }
103 |
104 | private func makeWinLossGraph(_: Context) -> DSFSparklineWinLossGraphView {
| `- error: cannot find type 'Context' in scope
105 | let view = DSFSparklineWinLossGraphView(frame: .zero)
106 | view.translatesAutoresizingMaskIntoConstraints = false
/Users/admin/builder/spi-builder-workspace/Sources/DSFSparkline/prebuilt/DSFSparklineWinLossGraphView+SwiftUI.swift:129:27: error: cannot find type 'Context' in scope
127 | @available(iOS 13.0, tvOS 13.0, macOS 9999.0, *)
128 | public extension DSFSparklineWinLossGraphView.SwiftUI {
129 | func makeUIView(context: Context) -> DSFSparklineWinLossGraphView {
| `- error: cannot find type 'Context' in scope
130 | return self.makeWinLossGraph(context)
131 | }
/Users/admin/builder/spi-builder-workspace/Sources/DSFSparkline/prebuilt/DSFSparklineWinLossGraphView+SwiftUI.swift:133:69: error: cannot find type 'Context' in scope
131 | }
132 |
133 | func updateUIView(_ view: DSFSparklineWinLossGraphView, context _: Context) {
| `- error: cannot find type 'Context' in scope
134 | self.updateView(view)
135 | }
/Users/admin/builder/spi-builder-workspace/Sources/DSFSparkline/prebuilt/DSFSparklineWinLossGraphView+SwiftUI.swift:142:27: error: cannot find type 'Context' in scope
140 | @available(macOS 10.15, iOS 9999.0, tvOS 9999.0, *)
141 | public extension DSFSparklineWinLossGraphView.SwiftUI {
142 | func makeNSView(context: Context) -> DSFSparklineWinLossGraphView {
| `- error: cannot find type 'Context' in scope
143 | return self.makeWinLossGraph(context)
144 | }
/Users/admin/builder/spi-builder-workspace/Sources/DSFSparkline/prebuilt/DSFSparklineWinLossGraphView+SwiftUI.swift:146:69: error: cannot find type 'Context' in scope
144 | }
145 |
146 | func updateNSView(_ view: DSFSparklineWinLossGraphView, context _: Context) {
| `- error: cannot find type 'Context' in scope
147 | self.updateView(view)
148 | }
/Users/admin/builder/spi-builder-workspace/Sources/DSFSparkline/prebuilt/DSFSparklineWinLossGraphView.swift:72:55: error: 'systemGreen' is unavailable in watchOS
70 | #else
71 | /// The color to draw the 'win' boxes
72 | @objc public dynamic var winColor: UIColor = UIColor.systemGreen {
| `- error: 'systemGreen' is unavailable in watchOS
73 | didSet {
74 | self.colorDidChange()
/Applications/Xcode-27.0.0-Release.Candidate.app/Contents/Developer/Platforms/WatchOS.platform/Developer/SDKs/WatchOS27.0.sdk/System/Library/Frameworks/UIKit.framework/Headers/UIInterface.h:122:49: note: 'systemGreen' has been explicitly marked unavailable here
120 | */
121 | @property (class, nonatomic, readonly) UIColor *systemRedColor API_AVAILABLE(ios(7.0), tvos(9.0)) API_UNAVAILABLE(watchos);
122 | @property (class, nonatomic, readonly) UIColor *systemGreenColor API_AVAILABLE(ios(7.0), tvos(9.0)) API_UNAVAILABLE(watchos);
| `- note: 'systemGreen' has been explicitly marked unavailable here
123 | @property (class, nonatomic, readonly) UIColor *systemBlueColor API_AVAILABLE(ios(7.0), tvos(9.0)) API_UNAVAILABLE(watchos);
124 | @property (class, nonatomic, readonly) UIColor *systemOrangeColor API_AVAILABLE(ios(7.0), tvos(9.0)) API_UNAVAILABLE(watchos);
/Users/admin/builder/spi-builder-workspace/Sources/DSFSparkline/prebuilt/DSFSparklineWinLossGraphView.swift:78:56: error: 'systemRed' is unavailable in watchOS
76 | }
77 | /// The color to draw the 'loss' boxes
78 | @objc public dynamic var lossColor: UIColor = UIColor.systemRed {
| `- error: 'systemRed' is unavailable in watchOS
79 | didSet {
80 | self.colorDidChange()
/Applications/Xcode-27.0.0-Release.Candidate.app/Contents/Developer/Platforms/WatchOS.platform/Developer/SDKs/WatchOS27.0.sdk/System/Library/Frameworks/UIKit.framework/Headers/UIInterface.h:121:49: note: 'systemRed' has been explicitly marked unavailable here
119 | * Do not make assumptions about the color spaces or actual colors used.
120 | */
121 | @property (class, nonatomic, readonly) UIColor *systemRedColor API_AVAILABLE(ios(7.0), tvos(9.0)) API_UNAVAILABLE(watchos);
| `- note: 'systemRed' has been explicitly marked unavailable here
122 | @property (class, nonatomic, readonly) UIColor *systemGreenColor API_AVAILABLE(ios(7.0), tvos(9.0)) API_UNAVAILABLE(watchos);
123 | @property (class, nonatomic, readonly) UIColor *systemBlueColor API_AVAILABLE(ios(7.0), tvos(9.0)) API_UNAVAILABLE(watchos);
/Users/admin/builder/spi-builder-workspace/Sources/DSFSparkline/prebuilt/DSFSparklineWiperGaugeGraphView+SwiftUI.swift:106:25: error: cannot find type 'Context' in scope
104 | }
105 |
106 | func makeWiperGauge(_: Context) -> DSFSparklineWiperGaugeGraphView {
| `- error: cannot find type 'Context' in scope
107 | let view = DSFSparklineWiperGaugeGraphView(frame: .zero)
108 | self.updateView(view)
/Users/admin/builder/spi-builder-workspace/Sources/DSFSparkline/prebuilt/DSFSparklineWiperGaugeGraphView+SwiftUI.swift:117:27: error: cannot find type 'Context' in scope
115 | @available(iOS 13.0, tvOS 13.0, macOS 9999.0, *)
116 | public extension DSFSparklineWiperGaugeGraphView.SwiftUI {
117 | func makeUIView(context: Context) -> DSFSparklineWiperGaugeGraphView {
| `- error: cannot find type 'Context' in scope
118 | return self.makeWiperGauge(context)
119 | }
/Users/admin/builder/spi-builder-workspace/Sources/DSFSparkline/prebuilt/DSFSparklineWiperGaugeGraphView+SwiftUI.swift:121:72: error: cannot find type 'Context' in scope
119 | }
120 |
121 | func updateUIView(_ view: DSFSparklineWiperGaugeGraphView, context _: Context) {
| `- error: cannot find type 'Context' in scope
122 | self.updateView(view)
123 | }
/Users/admin/builder/spi-builder-workspace/Sources/DSFSparkline/prebuilt/DSFSparklineWiperGaugeGraphView+SwiftUI.swift:130:27: error: cannot find type 'Context' in scope
128 | @available(macOS 10.15, iOS 9999.0, tvOS 9999.0, *)
129 | public extension DSFSparklineWiperGaugeGraphView.SwiftUI {
130 | func makeNSView(context: Context) -> DSFSparklineWiperGaugeGraphView {
| `- error: cannot find type 'Context' in scope
131 | return self.makeWiperGauge(context)
132 | }
/Users/admin/builder/spi-builder-workspace/Sources/DSFSparkline/prebuilt/DSFSparklineWiperGaugeGraphView+SwiftUI.swift:134:72: error: cannot find type 'Context' in scope
132 | }
133 |
134 | func updateNSView(_ view: DSFSparklineWiperGaugeGraphView, context _: Context) {
| `- error: cannot find type 'Context' in scope
135 | self.updateView(view)
136 | }
/Users/admin/builder/spi-builder-workspace/Sources/DSFSparkline/prebuilt/DSFSparklineWiperGaugeGraphView.swift:78:58: error: 'label' is unavailable in watchOS
76 | }
77 | #else
78 | @objc public dynamic var gaugeUpperArcColor: UIColor = .label {
| `- error: 'label' is unavailable in watchOS
79 | didSet {
80 | self.overlay.gaugeUpperArcColor = gaugeUpperArcColor.cgColor
/Applications/Xcode-27.0.0-Release.Candidate.app/Contents/Developer/Platforms/WatchOS.platform/Developer/SDKs/WatchOS27.0.sdk/System/Library/Frameworks/UIKit.framework/Headers/UIInterface.h:171:49: note: 'label' has been explicitly marked unavailable here
169 | /* Foreground colors for static text and related elements.
170 | */
171 | @property (class, nonatomic, readonly) UIColor *labelColor API_AVAILABLE(ios(13.0), tvos(13.0)) API_UNAVAILABLE(watchos);
| `- note: 'label' has been explicitly marked unavailable here
172 | @property (class, nonatomic, readonly) UIColor *secondaryLabelColor API_AVAILABLE(ios(13.0), tvos(13.0)) API_UNAVAILABLE(watchos);
173 | @property (class, nonatomic, readonly) UIColor *tertiaryLabelColor API_AVAILABLE(ios(13.0), tvos(13.0)) API_UNAVAILABLE(watchos);
/Users/admin/builder/spi-builder-workspace/Sources/DSFSparkline/prebuilt/DSFSparklineWiperGaugeGraphView.swift:84:60: error: 'quaternaryLabel' is unavailable in watchOS
82 | }
83 |
84 | @objc public dynamic var valueBackgroundColor: UIColor = .quaternaryLabel {
| `- error: 'quaternaryLabel' is unavailable in watchOS
85 | didSet {
86 | self.overlay.valueBackgroundColor = valueBackgroundColor.cgColor
/Applications/Xcode-27.0.0-Release.Candidate.app/Contents/Developer/Platforms/WatchOS.platform/Developer/SDKs/WatchOS27.0.sdk/System/Library/Frameworks/UIKit.framework/Headers/UIInterface.h:174:49: note: 'quaternaryLabel' has been explicitly marked unavailable here
172 | @property (class, nonatomic, readonly) UIColor *secondaryLabelColor API_AVAILABLE(ios(13.0), tvos(13.0)) API_UNAVAILABLE(watchos);
173 | @property (class, nonatomic, readonly) UIColor *tertiaryLabelColor API_AVAILABLE(ios(13.0), tvos(13.0)) API_UNAVAILABLE(watchos);
174 | @property (class, nonatomic, readonly) UIColor *quaternaryLabelColor API_AVAILABLE(ios(13.0), tvos(13.0)) API_UNAVAILABLE(watchos);
| `- note: 'quaternaryLabel' has been explicitly marked unavailable here
175 |
176 | /* Foreground color for standard system links.
/Users/admin/builder/spi-builder-workspace/Sources/DSFSparkline/prebuilt/DSFSparklineWiperGaugeGraphView.swift:91:57: error: 'label' is unavailable in watchOS
89 |
90 | /// The color of the pointer component of the gauge
91 | @objc public dynamic var gaugePointerColor: UIColor = .label {
| `- error: 'label' is unavailable in watchOS
92 | didSet {
93 | self.overlay.gaugePointerColor = gaugePointerColor.cgColor
/Applications/Xcode-27.0.0-Release.Candidate.app/Contents/Developer/Platforms/WatchOS.platform/Developer/SDKs/WatchOS27.0.sdk/System/Library/Frameworks/UIKit.framework/Headers/UIInterface.h:171:49: note: 'label' has been explicitly marked unavailable here
169 | /* Foreground colors for static text and related elements.
170 | */
171 | @property (class, nonatomic, readonly) UIColor *labelColor API_AVAILABLE(ios(13.0), tvos(13.0)) API_UNAVAILABLE(watchos);
| `- note: 'label' has been explicitly marked unavailable here
172 | @property (class, nonatomic, readonly) UIColor *secondaryLabelColor API_AVAILABLE(ios(13.0), tvos(13.0)) API_UNAVAILABLE(watchos);
173 | @property (class, nonatomic, readonly) UIColor *tertiaryLabelColor API_AVAILABLE(ios(13.0), tvos(13.0)) API_UNAVAILABLE(watchos);
/Users/admin/builder/spi-builder-workspace/Sources/DSFSparkline/prebuilt/ui/DSFSparklineZeroLinedGraphView.swift:55:53: error: 'systemGray' is unavailable in watchOS
53 | }
54 | #else
55 | @objc public dynamic var zeroLineColor: UIColor = .systemGray {
| `- error: 'systemGray' is unavailable in watchOS
56 | didSet {
57 | self.updateZeroLineSettings()
/Applications/Xcode-27.0.0-Release.Candidate.app/Contents/Developer/Platforms/WatchOS.platform/Developer/SDKs/WatchOS27.0.sdk/System/Library/Frameworks/UIKit.framework/Headers/UIInterface.h:136:49: note: 'systemGray' has been explicitly marked unavailable here
134 | /* Shades of gray. systemGray is the base gray color.
135 | */
136 | @property (class, nonatomic, readonly) UIColor *systemGrayColor API_AVAILABLE(ios(7.0), tvos(9.0)) API_UNAVAILABLE(watchos);
| `- note: 'systemGray' has been explicitly marked unavailable here
137 |
138 | /* The numbered variations, systemGray2 through systemGray6, are grays which increasingly
/Users/admin/builder/spi-builder-workspace/Sources/DSFSparkline/prebuilt/ui/DSFSparklineZeroLinedGraphView.swift:122:59: error: 'systemGray' is unavailable in watchOS
120 | }
121 | #else
122 | @objc public dynamic var highlightRangeColor: UIColor = .systemGray {
| `- error: 'systemGray' is unavailable in watchOS
123 | didSet {
124 | self.updateHighlightSettings()
/Applications/Xcode-27.0.0-Release.Candidate.app/Contents/Developer/Platforms/WatchOS.platform/Developer/SDKs/WatchOS27.0.sdk/System/Library/Frameworks/UIKit.framework/Headers/UIInterface.h:136:49: note: 'systemGray' has been explicitly marked unavailable here
134 | /* Shades of gray. systemGray is the base gray color.
135 | */
136 | @property (class, nonatomic, readonly) UIColor *systemGrayColor API_AVAILABLE(ios(7.0), tvos(9.0)) API_UNAVAILABLE(watchos);
| `- note: 'systemGray' has been explicitly marked unavailable here
137 |
138 | /* The numbered variations, systemGray2 through systemGray6, are grays which increasingly
/Users/admin/builder/spi-builder-workspace/Sources/DSFSparkline/prebuilt/ui/DSFSparklineZeroLinedGraphView.swift:171:54: error: 'systemGray' is unavailable in watchOS
169 | }
170 | #else
171 | @objc public dynamic var gridLinesColor: UIColor = .systemGray.withAlphaComponent(0.5) {
| `- error: 'systemGray' is unavailable in watchOS
172 | didSet {
173 | self.updateGridLinesSettings()
/Applications/Xcode-27.0.0-Release.Candidate.app/Contents/Developer/Platforms/WatchOS.platform/Developer/SDKs/WatchOS27.0.sdk/System/Library/Frameworks/UIKit.framework/Headers/UIInterface.h:136:49: note: 'systemGray' has been explicitly marked unavailable here
134 | /* Shades of gray. systemGray is the base gray color.
135 | */
136 | @property (class, nonatomic, readonly) UIColor *systemGrayColor API_AVAILABLE(ios(7.0), tvos(9.0)) API_UNAVAILABLE(watchos);
| `- note: 'systemGray' has been explicitly marked unavailable here
137 |
138 | /* The numbered variations, systemGray2 through systemGray6, are grays which increasingly
/Users/admin/builder/spi-builder-workspace/Sources/DSFSparkline/util/ArbitraryAnimator.swift:80:19: error: 'CADisplayLink' is unavailable in watchOS
78 | var displayLink: CVDisplayLink?
79 | #else
80 | var displayLink: CADisplayLink?
| `- error: 'CADisplayLink' is unavailable in watchOS
81 | #endif
82 |
/Applications/Xcode-27.0.0-Release.Candidate.app/Contents/Developer/Platforms/WatchOS.platform/Developer/SDKs/WatchOS27.0.sdk/System/Library/Frameworks/QuartzCore.framework/Headers/CADisplayLink.h:21:12: note: 'CADisplayLink' has been explicitly marked unavailable here
19 | API_AVAILABLE(macos(14.0))
20 |
21 | @interface CADisplayLink : NSObject
| `- note: 'CADisplayLink' has been explicitly marked unavailable here
22 | {
23 | @private
/Users/admin/builder/spi-builder-workspace/Sources/DSFSparkline/util/ArbitraryAnimator.swift:159:37: error: 'CADisplayLink' is unavailable in watchOS
157 |
158 | #if !os(macOS)
159 | @objc func callback(displaylink _: CADisplayLink) {
| `- error: 'CADisplayLink' is unavailable in watchOS
160 | self.perform()
161 | }
/Applications/Xcode-27.0.0-Release.Candidate.app/Contents/Developer/Platforms/WatchOS.platform/Developer/SDKs/WatchOS27.0.sdk/System/Library/Frameworks/QuartzCore.framework/Headers/CADisplayLink.h:21:12: note: 'CADisplayLink' has been explicitly marked unavailable here
19 | API_AVAILABLE(macos(14.0))
20 |
21 | @interface CADisplayLink : NSObject
| `- note: 'CADisplayLink' has been explicitly marked unavailable here
22 | {
23 | @private
/Users/admin/builder/spi-builder-workspace/Sources/DSFSparkline/util/LayerInvalidating.swift:64:41: error: 'CALayer' is unavailable in watchOS
62 | }
63 |
64 | public static subscript<EnclosingSelf: CALayer>(
| `- error: 'CALayer' is unavailable in watchOS
65 | _enclosingInstance object: EnclosingSelf,
66 | wrapped _: ReferenceWritableKeyPath<EnclosingSelf, Value>,
/Applications/Xcode-27.0.0-Release.Candidate.app/Contents/Developer/Platforms/WatchOS.platform/Developer/SDKs/WatchOS27.0.sdk/System/Library/Frameworks/QuartzCore.framework/Headers/CALayer.h:117:12: note: 'CALayer' has been explicitly marked unavailable here
115 |
116 | API_AVAILABLE(macos(10.5), ios(2.0), tvos(9.0)) API_UNAVAILABLE(watchos)
117 | @interface CALayer : NSObject <NSSecureCoding, CAMediaTiming>
| `- note: 'CALayer' has been explicitly marked unavailable here
118 |
119 | /** Layer creation and initialization. **/
/Users/admin/builder/spi-builder-workspace/Sources/DSFSparkline/util/LayerInvalidating.swift:77:80: error: 'CALayer' is unavailable in watchOS
75 | }
76 |
77 | mutating func updateLayerInvalidatingPropertyWrapper(_ value: Value, _ layer: CALayer) {
| `- error: 'CALayer' is unavailable in watchOS
78 | guard self.wrappedValue != value else { return }
79 |
/Applications/Xcode-27.0.0-Release.Candidate.app/Contents/Developer/Platforms/WatchOS.platform/Developer/SDKs/WatchOS27.0.sdk/System/Library/Frameworks/QuartzCore.framework/Headers/CALayer.h:117:12: note: 'CALayer' has been explicitly marked unavailable here
115 |
116 | API_AVAILABLE(macos(10.5), ios(2.0), tvos(9.0)) API_UNAVAILABLE(watchos)
117 | @interface CALayer : NSObject <NSSecureCoding, CAMediaTiming>
| `- note: 'CALayer' has been explicitly marked unavailable here
118 |
119 | /** Layer creation and initialization. **/
/Users/admin/builder/spi-builder-workspace/Sources/DSFSparkline/util/Utilities.swift:37:28: error: 'UIView' is unavailable in watchOS
35 | import UIKit
36 | public typealias DSFColor = UIColor
37 | public typealias DSFView = UIView
| `- error: 'UIView' is unavailable in watchOS
38 | public typealias DSFFont = UIFont
39 | public typealias DSFEdgeInsets = UIEdgeInsets
/Applications/Xcode-27.0.0-Release.Candidate.app/Contents/Developer/Platforms/WatchOS.platform/Developer/SDKs/WatchOS27.0.sdk/System/Library/Frameworks/UIKit.framework/Headers/UIView.h:152:12: note: 'UIView' has been explicitly marked unavailable here
150 |
151 | UIKIT_EXTERN API_AVAILABLE(ios(2.0)) API_UNAVAILABLE(watchos) NS_SWIFT_UI_ACTOR
152 | @interface UIView : UIResponder <NSCoding, UIAppearance, UIAppearanceContainer, UIDynamicItem, UITraitEnvironment, UICoordinateSpace, UIFocusItem, UIFocusItemContainer, CALayerDelegate>
| `- note: 'UIView' has been explicitly marked unavailable here
153 |
154 | @property(class, nonatomic, readonly) Class layerClass; // default is [CALayer class]. Used when creating the underlying layer for the view.
/Users/admin/builder/spi-builder-workspace/Sources/DSFSparkline/util/Utilities.swift:113:18: error: 'UIView' is unavailable in watchOS
111 | }
112 | #else
113 | public extension UIView {
| `- error: 'UIView' is unavailable in watchOS
114 | @objc func snapshot() -> UIImage {
115 | if #available(iOS 10.0, tvOS 10.0, *) {
/Applications/Xcode-27.0.0-Release.Candidate.app/Contents/Developer/Platforms/WatchOS.platform/Developer/SDKs/WatchOS27.0.sdk/System/Library/Frameworks/UIKit.framework/Headers/UIView.h:152:12: note: 'UIView' has been explicitly marked unavailable here
150 |
151 | UIKIT_EXTERN API_AVAILABLE(ios(2.0)) API_UNAVAILABLE(watchos) NS_SWIFT_UI_ACTOR
152 | @interface UIView : UIResponder <NSCoding, UIAppearance, UIAppearanceContainer, UIDynamicItem, UITraitEnvironment, UICoordinateSpace, UIFocusItem, UIFocusItemContainer, CALayerDelegate>
| `- note: 'UIView' has been explicitly marked unavailable here
153 |
154 | @property(class, nonatomic, readonly) Class layerClass; // default is [CALayer class]. Used when creating the underlying layer for the view.
/Users/admin/builder/spi-builder-workspace/Sources/DSFSparkline/util/Utilities.swift:145:75: error: 'systemRed' is unavailable in watchOS
143 |
144 | // Simple method to draw a rectangle in a context (usually for testing)
145 | func DrawRect(primary: CGContext, rect: CGRect, color: CGColor = DSFColor.systemRed.cgColor) {
| `- error: 'systemRed' is unavailable in watchOS
146 | primary.usingGState { (outer) in
147 | outer.addRect(rect)
/Applications/Xcode-27.0.0-Release.Candidate.app/Contents/Developer/Platforms/WatchOS.platform/Developer/SDKs/WatchOS27.0.sdk/System/Library/Frameworks/UIKit.framework/Headers/UIInterface.h:121:49: note: 'systemRed' has been explicitly marked unavailable here
119 | * Do not make assumptions about the color spaces or actual colors used.
120 | */
121 | @property (class, nonatomic, readonly) UIColor *systemRedColor API_AVAILABLE(ios(7.0), tvos(9.0)) API_UNAVAILABLE(watchos);
| `- note: 'systemRed' has been explicitly marked unavailable here
122 | @property (class, nonatomic, readonly) UIColor *systemGreenColor API_AVAILABLE(ios(7.0), tvos(9.0)) API_UNAVAILABLE(watchos);
123 | @property (class, nonatomic, readonly) UIColor *systemBlueColor API_AVAILABLE(ios(7.0), tvos(9.0)) API_UNAVAILABLE(watchos);
/Users/admin/builder/spi-builder-workspace/Sources/DSFSparkline/util/Utilities.swift:182:21: error: 'CATextLayer' is unavailable in watchOS
180 |
181 | // A CATextLayer that vertically centers its content
182 | class LCTextLayer : CATextLayer {
| `- error: 'CATextLayer' is unavailable in watchOS
183 |
184 | // REF: http://lists.apple.com/archives/quartz-dev/2008/Aug/msg00016.html
/Applications/Xcode-27.0.0-Release.Candidate.app/Contents/Developer/Platforms/WatchOS.platform/Developer/SDKs/WatchOS27.0.sdk/System/Library/Frameworks/QuartzCore.framework/Headers/CATextLayer.h:20:12: note: 'CATextLayer' has been explicitly marked unavailable here
18 |
19 | API_AVAILABLE(macos(10.5), ios(2.0), tvos(9.0)) API_UNAVAILABLE(watchos)
20 | @interface CATextLayer : CALayer
| `- note: 'CATextLayer' has been explicitly marked unavailable here
21 | {
22 | @private
/Users/admin/builder/spi-builder-workspace/Sources/DSFSparkline/util/Utilities.swift:230:11: error: 'CATextLayer' is unavailable in watchOS
228 | // MARK: - CATextLayer extensions
229 |
230 | extension CATextLayer {
| `- error: 'CATextLayer' is unavailable in watchOS
231 | func font() -> DSFFont? {
232 | if let f = self.font as? DSFFont {
/Applications/Xcode-27.0.0-Release.Candidate.app/Contents/Developer/Platforms/WatchOS.platform/Developer/SDKs/WatchOS27.0.sdk/System/Library/Frameworks/QuartzCore.framework/Headers/CATextLayer.h:20:12: note: 'CATextLayer' has been explicitly marked unavailable here
18 |
19 | API_AVAILABLE(macos(10.5), ios(2.0), tvos(9.0)) API_UNAVAILABLE(watchos)
20 | @interface CATextLayer : CALayer
| `- note: 'CATextLayer' has been explicitly marked unavailable here
21 | {
22 | @private
/Users/admin/builder/spi-builder-workspace/Sources/DSFSparkline/util/Utilities.swift:274:11: error: 'CATransaction' is unavailable in watchOS
272 | }
273 |
274 | extension CATransaction {
| `- error: 'CATransaction' is unavailable in watchOS
275 | /// Perform 'body' without implicit animations
276 | ///
/Applications/Xcode-27.0.0-Release.Candidate.app/Contents/Developer/Platforms/WatchOS.platform/Developer/SDKs/WatchOS27.0.sdk/System/Library/Frameworks/QuartzCore.framework/Headers/CATransaction.h:34:12: note: 'CATransaction' has been explicitly marked unavailable here
32 |
33 | API_AVAILABLE(macos(10.5), ios(2.0), tvos(9.0)) API_UNAVAILABLE(watchos)
34 | @interface CATransaction : NSObject
| `- note: 'CATransaction' has been explicitly marked unavailable here
35 |
36 | /* Begin a new transaction for the current thread; nests. */
Failed frontend command:
/Applications/Xcode-27.0.0-Release.Candidate.app/Contents/Developer/Toolchains/XcodeDefault.xctoolchain/usr/bin/swift-frontend -frontend -emit-module -experimental-skip-non-inlinable-function-bodies-without-types /Users/admin/builder/spi-builder-workspace/Sources/DSFSparkline/datasource/DSFSparkline+DataSource.swift /Users/admin/builder/spi-builder-workspace/Sources/DSFSparkline/datasource/DSFSparkline+StaticDataSource.swift /Users/admin/builder/spi-builder-workspace/Sources/DSFSparkline/datasource/data-core/SparklineData.swift /Users/admin/builder/spi-builder-workspace/Sources/DSFSparkline/datasource/data-core/SparklineWindow.swift /Users/admin/builder/spi-builder-workspace/Sources/DSFSparkline/overlay/renderers/core/DSFSparklineOverlay+Centerable.swift /Users/admin/builder/spi-builder-workspace/Sources/DSFSparkline/overlay/renderers/core/DSFSparklineOverlay+DataSource.swift /Users/admin/builder/spi-builder-workspace/Sources/DSFSparkline/overlay/renderers/core/DSFSparklineOverlay+StaticDataSource.swift /Users/admin/builder/spi-builder-workspace/Sources/DSFSparkline/overlay/renderers/core/DSFSparklineOverlay.swift /Users/admin/builder/spi-builder-workspace/Sources/DSFSparkline/overlay/renderers/overlays-components/DSFSparklineOverlay+GridLines.swift /Users/admin/builder/spi-builder-workspace/Sources/DSFSparkline/overlay/renderers/overlays-components/DSFSparklineOverlay+RangeHighlight.swift /Users/admin/builder/spi-builder-workspace/Sources/DSFSparkline/overlay/renderers/overlays-components/DSFSparklineOverlay+ZeroLine.swift /Users/admin/builder/spi-builder-workspace/Sources/DSFSparkline/overlay/renderers/overlays-graph/DSFSparklineOverlay+ActivityGrid.swift /Users/admin/builder/spi-builder-workspace/Sources/DSFSparkline/overlay/renderers/overlays-graph/DSFSparklineOverlay+Bar.swift /Users/admin/builder/spi-builder-workspace/Sources/DSFSparkline/overlay/renderers/overlays-graph/DSFSparklineOverlay+CircularGauge.swift /Users/admin/builder/spi-builder-workspace/Sources/DSFSparkline/overlay/renderers/overlays-graph/DSFSparklineOverlay+CircularProgress.swift /Users/admin/builder/spi-builder-workspace/Sources/DSFSparkline/overlay/renderers/overlays-graph/DSFSparklineOverlay+DataBar.swift /Users/admin/builder/spi-builder-workspace/Sources/DSFSparkline/overlay/renderers/overlays-graph/DSFSparklineOverlay+Dot.swift /Users/admin/builder/spi-builder-workspace/Sources/DSFSparkline/overlay/renderers/overlays-graph/DSFSparklineOverlay+Line.swift /Users/admin/builder/spi-builder-workspace/Sources/DSFSparkline/overlay/renderers/overlays-graph/DSFSparklineOverlay+PercentBar.swift /Users/admin/builder/spi-builder-workspace/Sources/DSFSparkline/overlay/renderers/overlays-graph/DSFSparklineOverlay+Pie.swift /Users/admin/builder/spi-builder-workspace/Sources/DSFSparkline/overlay/renderers/overlays-graph/DSFSparklineOverlay+Stackline.swift /Users/admin/builder/spi-builder-workspace/Sources/DSFSparkline/overlay/renderers/overlays-graph/DSFSparklineOverlay+Stripes.swift /Users/admin/builder/spi-builder-workspace/Sources/DSFSparkline/overlay/renderers/overlays-graph/DSFSparklineOverlay+Tablet.swift /Users/admin/builder/spi-builder-workspace/Sources/DSFSparkline/overlay/renderers/overlays-graph/DSFSparklineOverlay+WinLossTie.swift /Users/admin/builder/spi-builder-workspace/Sources/DSFSparkline/overlay/renderers/overlays-graph/DSFSparklineOverlay+WiperGauge.swift /Users/admin/builder/spi-builder-workspace/Sources/DSFSparkline/overlay/surfaces/DSFSparklineSurface+AttributedString.swift /Users/admin/builder/spi-builder-workspace/Sources/DSFSparkline/overlay/surfaces/DSFSparklineSurface+Bitmap.swift /Users/admin/builder/spi-builder-workspace/Sources/DSFSparkline/overlay/surfaces/DSFSparklineSurface+SwiftUI.swift /Users/admin/builder/spi-builder-workspace/Sources/DSFSparkline/overlay/surfaces/DSFSparklineSurface+View.swift /Users/admin/builder/spi-builder-workspace/Sources/DSFSparkline/overlay/surfaces/DSFSparklineSurface.swift /Users/admin/builder/spi-builder-workspace/Sources/DSFSparkline/overlay/types/DSFSparkline+ActivityGridDefinition.swift /Users/admin/builder/spi-builder-workspace/Sources/DSFSparkline/overlay/types/DSFSparkline+GradientBucket.swift /Users/admin/builder/spi-builder-workspace/Sources/DSFSparkline/overlay/types/DSFSparkline+GridLinesDefinition.swift /Users/admin/builder/spi-builder-workspace/Sources/DSFSparkline/overlay/types/DSFSparkline+HighlightRangeDefinition.swift /Users/admin/builder/spi-builder-workspace/Sources/DSFSparkline/overlay/types/DSFSparkline+Palette.swift /Users/admin/builder/spi-builder-workspace/Sources/DSFSparkline/overlay/types/DSFSparkline+ValueBasedFill.swift /Users/admin/builder/spi-builder-workspace/Sources/DSFSparkline/overlay/types/DSFSparkline+ZeroLineDefinition.swift /Users/admin/builder/spi-builder-workspace/Sources/DSFSparkline/overlay/types/DSFSparkline.swift /Users/admin/builder/spi-builder-workspace/Sources/DSFSparkline/overlay/types/fill/DSFSparkline+FillColor.swift /Users/admin/builder/spi-builder-workspace/Sources/DSFSparkline/overlay/types/fill/DSFSparkline+FillGradient.swift /Users/admin/builder/spi-builder-workspace/Sources/DSFSparkline/overlay/types/fill/DSFSparkline+Fillable.swift /Users/admin/builder/spi-builder-workspace/Sources/DSFSparkline/prebuilt/DSFSparklineActivityGridView+SwiftUI.swift /Users/admin/builder/spi-builder-workspace/Sources/DSFSparkline/prebuilt/DSFSparklineActivityGridView.swift /Users/admin/builder/spi-builder-workspace/Sources/DSFSparkline/prebuilt/DSFSparklineBarGraphView+SwiftUI.swift /Users/admin/builder/spi-builder-workspace/Sources/DSFSparkline/prebuilt/DSFSparklineBarGraphView.swift /Users/admin/builder/spi-builder-workspace/Sources/DSFSparkline/prebuilt/DSFSparklineCircularGaugeView+SwiftUI.swift /Users/admin/builder/spi-builder-workspace/Sources/DSFSparkline/prebuilt/DSFSparklineCircularGaugeView.swift /Users/admin/builder/spi-builder-workspace/Sources/DSFSparkline/prebuilt/DSFSparklineCircularProgressView+SwiftUI.swift /Users/admin/builder/spi-builder-workspace/Sources/DSFSparkline/prebuilt/DSFSparklineCircularProgressView.swift /Users/admin/builder/spi-builder-workspace/Sources/DSFSparkline/prebuilt/DSFSparklineDataBarGraphView+SwiftUI.swift /Users/admin/builder/spi-builder-workspace/Sources/DSFSparkline/prebuilt/DSFSparklineDataBarGraphView.swift /Users/admin/builder/spi-builder-workspace/Sources/DSFSparkline/prebuilt/DSFSparklineDotGraphView+SwiftUI.swift /Users/admin/builder/spi-builder-workspace/Sources/DSFSparkline/prebuilt/DSFSparklineDotGraphView.swift /Users/admin/builder/spi-builder-workspace/Sources/DSFSparkline/prebuilt/DSFSparklineLineGraphView+SwiftUI.swift /Users/admin/builder/spi-builder-workspace/Sources/DSFSparkline/prebuilt/DSFSparklineLineGraphView.swift /Users/admin/builder/spi-builder-workspace/Sources/DSFSparkline/prebuilt/DSFSparklinePercentBarGraphView+SwiftUI.swift /Users/admin/builder/spi-builder-workspace/Sources/DSFSparkline/prebuilt/DSFSparklinePercentBarGraphView.swift /Users/admin/builder/spi-builder-workspace/Sources/DSFSparkline/prebuilt/DSFSparklinePieGraphView+SwiftUI.swift /Users/admin/builder/spi-builder-workspace/Sources/DSFSparkline/prebuilt/DSFSparklinePieGraphView.swift /Users/admin/builder/spi-builder-workspace/Sources/DSFSparkline/prebuilt/DSFSparklineStackLineGraphView+SwiftUI.swift /Users/admin/builder/spi-builder-workspace/Sources/DSFSparkline/prebuilt/DSFSparklineStackLineGraphView.swift /Users/admin/builder/spi-builder-workspace/Sources/DSFSparkline/prebuilt/DSFSparklineStripesGraphView+SwiftUI.swift /Users/admin/builder/spi-builder-workspace/Sources/DSFSparkline/prebuilt/DSFSparklineStripesGraphView.swift /Users/admin/builder/spi-builder-workspace/Sources/DSFSparkline/prebuilt/DSFSparklineTabletGraphView+SwiftUI.swift /Users/admin/builder/spi-builder-workspace/Sources/DSFSparkline/prebuilt/DSFSparklineTabletGraphView.swift /Users/admin/builder/spi-builder-workspace/Sources/DSFSparkline/prebuilt/DSFSparklineWinLossGraphView+SwiftUI.swift /Users/admin/builder/spi-builder-workspace/Sources/DSFSparkline/prebuilt/DSFSparklineWinLossGraphView.swift /Users/admin/builder/spi-builder-workspace/Sources/DSFSparkline/prebuilt/DSFSparklineWiperGaugeGraphView+SwiftUI.swift /Users/admin/builder/spi-builder-workspace/Sources/DSFSparkline/prebuilt/DSFSparklineWiperGaugeGraphView.swift /Users/admin/builder/spi-builder-workspace/Sources/DSFSparkline/prebuilt/ui/DSFSparklineDataSourceView.swift /Users/admin/builder/spi-builder-workspace/Sources/DSFSparkline/prebuilt/ui/DSFSparklineZeroLinedGraphView.swift /Users/admin/builder/spi-builder-workspace/Sources/DSFSparkline/util/Angle.swift /Users/admin/builder/spi-builder-workspace/Sources/DSFSparkline/util/ArbitraryAnimator.swift /Users/admin/builder/spi-builder-workspace/Sources/DSFSparkline/util/CGColor+BackwardsCompatibility.swift /Users/admin/builder/spi-builder-workspace/Sources/DSFSparkline/util/CGContext+extensions.swift /Users/admin/builder/spi-builder-workspace/Sources/DSFSparkline/util/CGPath+Hermite.swift /Users/admin/builder/spi-builder-workspace/Sources/DSFSparkline/util/CGPath+innerShadow.swift /Users/admin/builder/spi-builder-workspace/Sources/DSFSparkline/util/DSFSparkline+Shadow.swift /Users/admin/builder/spi-builder-workspace/Sources/DSFSparkline/util/LayerInvalidating.swift /Users/admin/builder/spi-builder-workspace/Sources/DSFSparkline/util/NSShadow+extensions.swift /Users/admin/builder/spi-builder-workspace/Sources/DSFSparkline/util/Utilities.swift -target arm64-apple-watchos9.0 -module-can-import-version SwiftUI 8.0.84.1 8.0.84 -disable-cross-import-overlay-search -load-resolved-plugin /Applications/Xcode-27.0.0-Release.Candidate.app/Contents/Developer/Platforms/WatchOS.platform/Developer/usr/lib/swift/host/plugins/libFoundationMacros.dylib\#/Applications/Xcode-27.0.0-Release.Candidate.app/Contents/Developer/Platforms/WatchOS.platform/Developer/usr/bin/swift-plugin-server\#FoundationMacros -load-resolved-plugin /Applications/Xcode-27.0.0-Release.Candidate.app/Contents/Developer/Platforms/WatchOS.platform/Developer/usr/lib/swift/host/plugins/libObservationMacros.dylib\#/Applications/Xcode-27.0.0-Release.Candidate.app/Contents/Developer/Platforms/WatchOS.platform/Developer/usr/bin/swift-plugin-server\#ObservationMacros -load-resolved-plugin /Applications/Xcode-27.0.0-Release.Candidate.app/Contents/Developer/Platforms/WatchOS.platform/Developer/usr/lib/swift/host/plugins/libPreviewsMacros.dylib\#/Applications/Xcode-27.0.0-Release.Candidate.app/Contents/Developer/Platforms/WatchOS.platform/Developer/usr/bin/swift-plugin-server\#PreviewsMacros -load-resolved-plugin /Applications/Xcode-27.0.0-Release.Candidate.app/Contents/Developer/Platforms/WatchOS.platform/Developer/usr/lib/swift/host/plugins/libSwiftMacros.dylib\#/Applications/Xcode-27.0.0-Release.Candidate.app/Contents/Developer/Platforms/WatchOS.platform/Developer/usr/bin/swift-plugin-server\#SwiftMacros -load-resolved-plugin /Applications/Xcode-27.0.0-Release.Candidate.app/Contents/Developer/Platforms/WatchOS.platform/Developer/usr/lib/swift/host/plugins/libSwiftUIMacros.dylib\#/Applications/Xcode-27.0.0-Release.Candidate.app/Contents/Developer/Platforms/WatchOS.platform/Developer/usr/bin/swift-plugin-server\#SwiftUIMacros -disable-implicit-swift-modules -Xcc -fno-implicit-modules -Xcc -fno-implicit-module-maps -explicit-swift-module-map-file /Users/admin/builder/spi-builder-workspace/.derivedData/Build/Intermediates.noindex/DSFSparkline.build/Debug-watchos/DSFSparkline-t.build/Objects-normal/arm64/DSFSparkline-dependencies-1.json -Xllvm -aarch64-use-tbi -enable-objc-interop -stack-check -sdk /Applications/Xcode-27.0.0-Release.Candidate.app/Contents/Developer/Platforms/WatchOS.platform/Developer/SDKs/WatchOS27.0.sdk -I /Users/admin/builder/spi-builder-workspace/.derivedData/Build/Products/Debug-watchos -Isystem /Applications/Xcode-27.0.0-Release.Candidate.app/Contents/Developer/Platforms/WatchOS.platform/Developer/usr/lib -F /Users/admin/builder/spi-builder-workspace/.derivedData/Build/Products/Debug-watchos -F /Applications/Xcode-27.0.0-Release.Candidate.app/Contents/Developer/Platforms/WatchOS.platform/Developer/Library/Frameworks -F /Applications/Xcode-27.0.0-Release.Candidate.app/Contents/Developer/Platforms/WatchOS.platform/Developer/SDKs/WatchOS27.0.sdk/Developer/Library/Frameworks -module-cache-path /Users/admin/builder/spi-builder-workspace/.derivedData/Build/Intermediates.noindex/SwiftExplicitPrecompiledModules -no-color-diagnostics -Xcc -fno-color-diagnostics -enable-testing -g -debug-info-format\=dwarf -dwarf-version\=4 -profile-generate -profile-coverage-mapping -swift-version 5 -Onone -D SWIFT_PACKAGE -D DEBUG -D SWIFT_MODULE_RESOURCE_BUNDLE_UNAVAILABLE -D Xcode -serialize-debugging-options -enable-experimental-feature DebugDescriptionMacro -empty-abi-descriptor -validate-clang-modules-once -clang-build-session-file /Users/admin/builder/spi-builder-workspace/.derivedData/ModuleCache.noindex/Session.modulevalidation -Xcc -working-directory -Xcc /Users/admin/builder/spi-builder-workspace/.swiftpm/xcode -enable-anonymous-context-mangled-names -file-compilation-dir /Users/admin/builder/spi-builder-workspace/.swiftpm/xcode -Xcc -D_LIBCPP_HARDENING_MODE\=_LIBCPP_HARDENING_MODE_DEBUG -Xcc -ivfsstatcache -Xcc /Users/admin/builder/spi-builder-workspace/.derivedData/SDKStatCaches.noindex/watchos27.0-24R360-e829b21a6f8c9b70876ba0858053c04477534ef55a1706bf4c1112bbb242f0a2.sdkstatcache -Xcc -fmodules-prune-interval\=86400 -Xcc -fmodules-prune-after\=345600 -Xcc -I/Users/admin/builder/spi-builder-workspace/.derivedData/Build/Products/Debug-watchos/include -Xcc -I/Users/admin/builder/spi-builder-workspace/.derivedData/Build/Intermediates.noindex/DSFSparkline.build/Debug-watchos/DSFSparkline-t.build/DerivedSources-normal/arm64 -Xcc -I/Users/admin/builder/spi-builder-workspace/.derivedData/Build/Intermediates.noindex/DSFSparkline.build/Debug-watchos/DSFSparkline-t.build/DerivedSources/arm64 -Xcc -I/Users/admin/builder/spi-builder-workspace/.derivedData/Build/Intermediates.noindex/DSFSparkline.build/Debug-watchos/DSFSparkline-t.build/DerivedSources -Xcc -DSWIFT_PACKAGE -Xcc -DDEBUG\=1 -no-auto-bridging-header-chaining -module-name DSFSparkline -const-gather-protocols-file /Users/admin/builder/spi-builder-workspace/.derivedData/Build/Intermediates.noindex/DSFSparkline.build/Debug-watchos/DSFSparkline-t.build/Objects-normal/arm64/DSFSparkline_const_extract_protocols.json -disable-clang-spi -clang-target arm64-apple-watchos27.0 -target-sdk-version 27.0 -target-sdk-name watchos27.0 -in-process-plugin-server-path /Applications/Xcode-27.0.0-Release.Candidate.app/Contents/Developer/Toolchains/XcodeDefault.xctoolchain/usr/lib/swift/host/libSwiftInProcPluginServer.dylib -emit-module-doc-path /Users/admin/builder/spi-builder-workspace/.derivedData/Build/Intermediates.noindex/DSFSparkline.build/Debug-watchos/DSFSparkline-t.build/Objects-normal/arm64/DSFSparkline.swiftdoc -emit-module-source-info-path /Users/admin/builder/spi-builder-workspace/.derivedData/Build/Intermediates.noindex/DSFSparkline.build/Debug-watchos/DSFSparkline-t.build/Objects-normal/arm64/DSFSparkline.swiftsourceinfo -emit-objc-header-path /Users/admin/builder/spi-builder-workspace/.derivedData/Build/Intermediates.noindex/DSFSparkline.build/Debug-watchos/DSFSparkline-t.build/Objects-normal/arm64/DSFSparkline-Swift.h -serialize-diagnostics-path /Users/admin/builder/spi-builder-workspace/.derivedData/Build/Intermediates.noindex/DSFSparkline.build/Debug-watchos/DSFSparkline-t.build/Objects-normal/arm64/DSFSparkline-primary-emit-module.dia -emit-dependencies-path /Users/admin/builder/spi-builder-workspace/.derivedData/Build/Intermediates.noindex/DSFSparkline.build/Debug-watchos/DSFSparkline-t.build/Objects-normal/arm64/DSFSparkline-primary-emit-module.d -parse-as-library -o /Users/admin/builder/spi-builder-workspace/.derivedData/Build/Intermediates.noindex/DSFSparkline.build/Debug-watchos/DSFSparkline-t.build/Objects-normal/arm64/DSFSparkline.swiftmodule -emit-abi-descriptor-path /Users/admin/builder/spi-builder-workspace/.derivedData/Build/Intermediates.noindex/DSFSparkline.build/Debug-watchos/DSFSparkline-t.build/Objects-normal/arm64/DSFSparkline.abi.json
SwiftCompile normal arm64 (in target 'DSFSparkline' from project 'DSFSparkline')
cd /Users/admin/builder/spi-builder-workspace/.swiftpm/xcode
PruneExplicitPrecompiledModules /Users/admin/builder/spi-builder-workspace/.derivedData/Build/Intermediates.noindex/ExplicitPrecompiledModules
PruneExplicitPrecompiledModules /Users/admin/builder/spi-builder-workspace/.derivedData/SDKExplicitPrecompiledModules
PruneExplicitPrecompiledModules /Users/admin/builder/spi-builder-workspace/.derivedData/Build/Intermediates.noindex/SwiftExplicitPrecompiledModules
2026-09-22 04:34:58.484 xcodebuild[881:5252] [MT] IDERunDestination: Supported platforms for the buildables in the current scheme is empty.
2026-09-22 04:34:58.589 xcodebuild[881:5252] [MT] IDERunDestination: Supported platforms for the buildables in the current scheme is empty.
** BUILD FAILED **
The following build commands failed:
SwiftEmitModule normal arm64 Emitting\ module\ for\ DSFSparkline (in target 'DSFSparkline' from project 'DSFSparkline')
SwiftCompile normal arm64 (in target 'DSFSparkline' from project 'DSFSparkline')
Building workspace DSFSparkline with scheme DSFSparkline-Package
(3 failures)
BUILD FAILURE 6.4 watchOS