Build Information
Failed to build FeaturesKit, reference 2.2.1 (69b7ac), with Swift 6.3 for visionOS using Xcode 26.4 on 26 Sep 2026 00:53:26 UTC.
Build Command
No build command. This typically means the build failed at an early stage where we determine the build command.Build Log
========================================
RunAll
========================================
Builder version: 5.1.0
Interrupt handler set up.
========================================
Checkout
========================================
Clone URL: https://github.com/adamfootdev/FeaturesKit.git
Reference: 2.2.1
Initialized empty Git repository in /Users/admin/builder/spi-builder-workspace/.git/
From https://github.com/adamfootdev/FeaturesKit
* tag 2.2.1 -> FETCH_HEAD
HEAD is now at 69b7ac5 Removed bottom scroll edge effect on iOS
Cloned https://github.com/adamfootdev/FeaturesKit.git
Revision (git rev-parse @):
69b7ac51a7bc762e21bd4f394eda215895ebc7e7
SUCCESS checkout https://github.com/adamfootdev/FeaturesKit.git at 2.2.1
========================================
Build
========================================
Selected platform: visionOS
Swift version: 6.3
Building package at path: $PWD
https://github.com/adamfootdev/FeaturesKit.git
Command line invocation:
/Applications/Xcode-26.5.0.app/Contents/Developer/usr/bin/xcodebuild -IDEClonedSourcePackagesDirPathOverride=/Users/admin/builder/spi-builder-workspace/.dependencies -resolvePackageDependencies
Resolve Package Graph
package 'spi-builder-workspace' is using Swift tools version 6.4.0 but the installed version is 6.3.2
Resolved source packages:
spi-builder-workspace: (null)
2026-09-25 20:53:24.630 xcodebuild[541:3127] Writing error result bundle to /var/folders/xq/y_g06wb113726d38xsyx71_h0000gn/T/ResultBundle_2026-25-09_20-53-0024.xcresult
xcodebuild: error: Could not resolve package dependencies:
package 'spi-builder-workspace' is using Swift tools version 6.4.0 but the installed version is 6.3.2
Command line invocation:
/Applications/Xcode-26.5.0.app/Contents/Developer/usr/bin/xcodebuild -IDEClonedSourcePackagesDirPathOverride=/Users/admin/builder/spi-builder-workspace/.dependencies -resolvePackageDependencies
Resolve Package Graph
package 'spi-builder-workspace' is using Swift tools version 6.4.0 but the installed version is 6.3.2
Resolved source packages:
spi-builder-workspace: (null)
2026-09-25 20:53:26.033 xcodebuild[606:3632] Writing error result bundle to /var/folders/xq/y_g06wb113726d38xsyx71_h0000gn/T/ResultBundle_2026-25-09_20-53-0026.xcresult
xcodebuild: error: Could not resolve package dependencies:
package 'spi-builder-workspace' is using Swift tools version 6.4.0 but the installed version is 6.3.2
BUILD FAILURE 6.3 visionOS