Build Information
Failed to build ECMASwift, reference main (746f56), with Swift 6.4 for watchOS using Xcode 27.0 on 21 Sep 2026 01:57:59 UTC.
Build Command
env DEVELOPER_DIR=/Applications/Xcode-27.0.0-Release.Candidate.app xcrun xcodebuild -IDEClonedSourcePackagesDirPathOverride=$PWD/.dependencies -skipMacroValidation -skipPackagePluginValidation -derivedDataPath $PWD/.derivedData build -scheme ECMASwift -destination generic/platform=watchOSBuild Log
========================================
RunAll
========================================
Builder version: 5.1.0
Interrupt handler set up.
========================================
Checkout
========================================
Clone URL: https://github.com/theolampert/ECMASwift.git
Reference: main
Initialized empty Git repository in /Users/admin/builder/spi-builder-workspace/.git/
From https://github.com/theolampert/ECMASwift
* branch main -> FETCH_HEAD
* [new branch] main -> origin/main
HEAD is now at 746f56f Test more methods
Cloned https://github.com/theolampert/ECMASwift.git
Revision (git rev-parse @):
746f56f1ea60600f13daaf6b27e8871ab4618857
SUCCESS checkout https://github.com/theolampert/ECMASwift.git at main
========================================
Build
========================================
Selected platform: watchOS
Swift version: 6.4
Building package at path: $PWD
https://github.com/theolampert/ECMASwift.git
Command line invocation:
/Applications/Xcode-27.0.0-Release.Candidate.app/Contents/Developer/usr/bin/xcodebuild -IDEClonedSourcePackagesDirPathOverride=/Users/admin/builder/spi-builder-workspace/.dependencies -resolvePackageDependencies
Resolve Package Graph
Resolve Package Graph
Resolved source packages:
ECMASwift: /Users/admin/builder/spi-builder-workspace
resolved source packages: ECMASwift
2026-09-20 21:57:20.173 xcodebuild[525:3002] [MT] IDERunDestination: Supported platforms for the buildables in the current scheme is empty.
{
"dependencies" : [
],
"manifest_display_name" : "ECMASwift",
"name" : "ECMASwift",
"path" : "/Users/admin/builder/spi-builder-workspace",
"platforms" : [
{
"name" : "macos",
"version" : "11.0"
},
{
"name" : "ios",
"version" : "14.0"
},
{
"name" : "tvos",
"version" : "14.0"
},
{
"name" : "watchos",
"version" : "7.0"
}
],
"products" : [
{
"name" : "ECMASwift",
"targets" : [
"ECMASwift"
],
"type" : {
"library" : [
"automatic"
]
}
}
],
"targets" : [
{
"c99name" : "ECMASwiftTests",
"module_type" : "SwiftTarget",
"name" : "ECMASwiftTests",
"path" : "Tests/ECMASwiftTests",
"sources" : [
"BlobTests.swift",
"CryptoTests.swift",
"FetchTests.swift",
"HeadersTests.swift",
"RequestTests.swift",
"SubtleCryptoTests.swift",
"TextEncoderTests.swift",
"TimerTests.swift",
"URLSearchParamsTests.swift",
"URLTests.swift"
],
"target_dependencies" : [
"ECMASwift"
],
"type" : "test"
},
{
"c99name" : "ECMASwift",
"module_type" : "SwiftTarget",
"name" : "ECMASwift",
"path" : "Sources/ECMASwift",
"product_memberships" : [
"ECMASwift"
],
"sources" : [
"API/Blob/Blob.swift",
"API/Console/Console.swift",
"API/Crypto/Crypto.swift",
"API/Crypto/SublteCrypto.swift",
"API/Fetch/AbortController.swift",
"API/Fetch/Fetch.swift",
"API/Fetch/HTTPClient.swift",
"API/FormData/FormData.swift",
"API/Headers/Headers.swift",
"API/Request/Request.swift",
"API/Request/RequestBody.swift",
"API/TextEncoder/TextEncoder.swift",
"API/Timers/Timers.swift",
"API/URL/URL.swift",
"API/URLSearchParams/URLSearchParams.swift",
"Helpers/JSContext+callFunction.swift",
"Helpers/JSValue+callFunction.swift",
"Helpers/JSValue+isNil.swift",
"Helpers/JSValue+toType.swift",
"JSRuntime.swift"
],
"type" : "library"
}
],
"tools_version" : "5.10"
}
{
"workspace" : {
"name" : "ECMASwift",
"schemes" : [
"ECMASwift"
]
}
}
2026-09-20 21:57:51.767 xcodebuild[622:3790] [MT] IDERunDestination: Supported platforms for the buildables in the current scheme is empty.
Running build ...
env DEVELOPER_DIR=/Applications/Xcode-27.0.0-Release.Candidate.app xcrun xcodebuild -IDEClonedSourcePackagesDirPathOverride=$PWD/.dependencies -skipMacroValidation -skipPackagePluginValidation -derivedDataPath $PWD/.derivedData build -scheme ECMASwift -destination generic/platform=watchOS
Command line invocation:
/Applications/Xcode-27.0.0-Release.Candidate.app/Contents/Developer/usr/bin/xcodebuild -IDEClonedSourcePackagesDirPathOverride=/Users/admin/builder/spi-builder-workspace/.dependencies -skipMacroValidation -skipPackagePluginValidation -derivedDataPath /Users/admin/builder/spi-builder-workspace/.derivedData build -scheme ECMASwift -destination generic/platform=watchOS
Resolve Package Graph
Resolved source packages:
ECMASwift: /Users/admin/builder/spi-builder-workspace
ComputePackagePrebuildTargetDependencyGraph
Prepare packages
CreateBuildRequest
SendProjectDescription
CreateBuildOperation
ComputeTargetDependencyGraph
note: Building targets in dependency order
note: Target dependency graph (2 targets)
Target 'ECMASwift-product' in project 'ECMASwift'
➜ Explicit dependency on target 'ECMASwift' in project 'ECMASwift'
Target 'ECMASwift' in project 'ECMASwift' (no dependencies)
GatherProvisioningInputs
CreateBuildDescription
ExecuteExternalTool /Applications/Xcode-27.0.0-Release.Candidate.app/Contents/Developer/Toolchains/XcodeDefault.xctoolchain/usr/bin/clang -v -E -dM -isysroot /Applications/Xcode-27.0.0-Release.Candidate.app/Contents/Developer/Platforms/WatchOS.platform/Developer/SDKs/WatchOS27.0.sdk -x c -c /dev/null
ExecuteExternalTool /Applications/Xcode-27.0.0-Release.Candidate.app/Contents/Developer/Toolchains/XcodeDefault.xctoolchain/usr/bin/swiftc --version
ExecuteExternalTool /Applications/Xcode-27.0.0-Release.Candidate.app/Contents/Developer/Toolchains/XcodeDefault.xctoolchain/usr/bin/ld -version_details
Build description signature: 049ea823898b31c001e39fbc85f5f488
Build description path: /Users/admin/builder/spi-builder-workspace/.derivedData/Build/Intermediates.noindex/XCBuildData/049ea823898b31c001e39fbc85f5f488.xcbuilddata
CreateBuildDirectory /Users/admin/builder/spi-builder-workspace/.derivedData/SDKExplicitPrecompiledModules
cd /Users/admin/builder/spi-builder-workspace/.swiftpm/xcode
builtin-create-build-directory /Users/admin/builder/spi-builder-workspace/.derivedData/SDKExplicitPrecompiledModules
CreateBuildDirectory /Users/admin/builder/spi-builder-workspace/.derivedData/ModuleCache.noindex
cd /Users/admin/builder/spi-builder-workspace/.swiftpm/xcode
builtin-create-build-directory /Users/admin/builder/spi-builder-workspace/.derivedData/ModuleCache.noindex
CreateBuildDirectory /Users/admin/builder/spi-builder-workspace/.derivedData/CompilationCache.noindex
cd /Users/admin/builder/spi-builder-workspace/.swiftpm/xcode
builtin-create-build-directory /Users/admin/builder/spi-builder-workspace/.derivedData/CompilationCache.noindex
CreateBuildDirectory /Users/admin/builder/spi-builder-workspace/.derivedData/Build/Products
cd /Users/admin/builder/spi-builder-workspace/.swiftpm/xcode
builtin-create-build-directory /Users/admin/builder/spi-builder-workspace/.derivedData/Build/Products
ClangStatCache /Applications/Xcode-27.0.0-Release.Candidate.app/Contents/Developer/Toolchains/XcodeDefault.xctoolchain/usr/bin/clang-stat-cache /Applications/Xcode-27.0.0-Release.Candidate.app/Contents/Developer/Platforms/WatchOS.platform/Developer/SDKs/WatchOS27.0.sdk /Users/admin/builder/spi-builder-workspace/.derivedData/SDKStatCaches.noindex/watchos27.0-24R360-e829b21a6f8c9b70876ba0858053c04477534ef55a1706bf4c1112bbb242f0a2.sdkstatcache
cd /Users/admin/builder/spi-builder-workspace/.swiftpm/xcode
/Applications/Xcode-27.0.0-Release.Candidate.app/Contents/Developer/Toolchains/XcodeDefault.xctoolchain/usr/bin/clang-stat-cache /Applications/Xcode-27.0.0-Release.Candidate.app/Contents/Developer/Platforms/WatchOS.platform/Developer/SDKs/WatchOS27.0.sdk -o /Users/admin/builder/spi-builder-workspace/.derivedData/SDKStatCaches.noindex/watchos27.0-24R360-e829b21a6f8c9b70876ba0858053c04477534ef55a1706bf4c1112bbb242f0a2.sdkstatcache
CreateBuildDirectory /Users/admin/builder/spi-builder-workspace/.derivedData/Build/Intermediates.noindex
cd /Users/admin/builder/spi-builder-workspace/.swiftpm/xcode
builtin-create-build-directory /Users/admin/builder/spi-builder-workspace/.derivedData/Build/Intermediates.noindex
CreateBuildDirectory /Users/admin/builder/spi-builder-workspace/.derivedData/Build/Intermediates.noindex/SwiftExplicitPrecompiledModules
cd /Users/admin/builder/spi-builder-workspace/.swiftpm/xcode
builtin-create-build-directory /Users/admin/builder/spi-builder-workspace/.derivedData/Build/Intermediates.noindex/SwiftExplicitPrecompiledModules
CreateBuildDirectory /Users/admin/builder/spi-builder-workspace/.derivedData/Build/Intermediates.noindex/PrecompiledHeaders
cd /Users/admin/builder/spi-builder-workspace/.swiftpm/xcode
builtin-create-build-directory /Users/admin/builder/spi-builder-workspace/.derivedData/Build/Intermediates.noindex/PrecompiledHeaders
CreateBuildDirectory /Users/admin/builder/spi-builder-workspace/.derivedData/Build/Intermediates.noindex/ExplicitPrecompiledModules
cd /Users/admin/builder/spi-builder-workspace/.swiftpm/xcode
builtin-create-build-directory /Users/admin/builder/spi-builder-workspace/.derivedData/Build/Intermediates.noindex/ExplicitPrecompiledModules
CreateBuildDirectory /Users/admin/builder/spi-builder-workspace/.derivedData/Build/Intermediates.noindex/EagerLinkingTBDs/Debug-watchos
cd /Users/admin/builder/spi-builder-workspace/.swiftpm/xcode
builtin-create-build-directory /Users/admin/builder/spi-builder-workspace/.derivedData/Build/Intermediates.noindex/EagerLinkingTBDs/Debug-watchos
CreateBuildDirectory /Users/admin/builder/spi-builder-workspace/.derivedData/Build/Products/Debug-watchos
cd /Users/admin/builder/spi-builder-workspace/.swiftpm/xcode
builtin-create-build-directory /Users/admin/builder/spi-builder-workspace/.derivedData/Build/Products/Debug-watchos
CreateBuildDirectory /Users/admin/builder/spi-builder-workspace/.derivedData/Build/Products/Debug-watchos/PackageFrameworks
cd /Users/admin/builder/spi-builder-workspace/.swiftpm/xcode
builtin-create-build-directory /Users/admin/builder/spi-builder-workspace/.derivedData/Build/Products/Debug-watchos/PackageFrameworks
WriteAuxiliaryFile /Users/admin/builder/spi-builder-workspace/.derivedData/Build/Intermediates.noindex/ECMASwift.build/Debug-watchos/ECMASwift-t.build/ECMASwift.modulemap (in target 'ECMASwift' from project 'ECMASwift')
cd /Users/admin/builder/spi-builder-workspace
write-file /Users/admin/builder/spi-builder-workspace/.derivedData/Build/Intermediates.noindex/ECMASwift.build/Debug-watchos/ECMASwift-t.build/ECMASwift.modulemap
WriteAuxiliaryFile /Users/admin/builder/spi-builder-workspace/.derivedData/Build/Intermediates.noindex/ECMASwift.build/Debug-watchos/ECMASwift-t.build/Objects-normal/arm64/ECMASwift.SwiftFileList (in target 'ECMASwift' from project 'ECMASwift')
cd /Users/admin/builder/spi-builder-workspace
write-file /Users/admin/builder/spi-builder-workspace/.derivedData/Build/Intermediates.noindex/ECMASwift.build/Debug-watchos/ECMASwift-t.build/Objects-normal/arm64/ECMASwift.SwiftFileList
WriteAuxiliaryFile /Users/admin/builder/spi-builder-workspace/.derivedData/Build/Intermediates.noindex/ECMASwift.build/Debug-watchos/ECMASwift-t.build/Objects-normal/arm64_32/ECMASwift.LinkFileList (in target 'ECMASwift' from project 'ECMASwift')
cd /Users/admin/builder/spi-builder-workspace
write-file /Users/admin/builder/spi-builder-workspace/.derivedData/Build/Intermediates.noindex/ECMASwift.build/Debug-watchos/ECMASwift-t.build/Objects-normal/arm64_32/ECMASwift.LinkFileList
WriteAuxiliaryFile /Users/admin/builder/spi-builder-workspace/.derivedData/Build/Intermediates.noindex/ECMASwift.build/Debug-watchos/ECMASwift-t.build/Objects-normal/arm64_32/ECMASwift-OutputFileMap.json (in target 'ECMASwift' from project 'ECMASwift')
cd /Users/admin/builder/spi-builder-workspace
write-file /Users/admin/builder/spi-builder-workspace/.derivedData/Build/Intermediates.noindex/ECMASwift.build/Debug-watchos/ECMASwift-t.build/Objects-normal/arm64_32/ECMASwift-OutputFileMap.json
WriteAuxiliaryFile /Users/admin/builder/spi-builder-workspace/.derivedData/Build/Intermediates.noindex/ECMASwift.build/Debug-watchos/ECMASwift-t.build/Objects-normal/arm64/ECMASwift_const_extract_protocols.json (in target 'ECMASwift' from project 'ECMASwift')
cd /Users/admin/builder/spi-builder-workspace
write-file /Users/admin/builder/spi-builder-workspace/.derivedData/Build/Intermediates.noindex/ECMASwift.build/Debug-watchos/ECMASwift-t.build/Objects-normal/arm64/ECMASwift_const_extract_protocols.json
WriteAuxiliaryFile /Users/admin/builder/spi-builder-workspace/.derivedData/Build/Intermediates.noindex/ECMASwift.build/Debug-watchos/ECMASwift-t.build/Objects-normal/arm64_32/ECMASwift_const_extract_protocols.json (in target 'ECMASwift' from project 'ECMASwift')
cd /Users/admin/builder/spi-builder-workspace
write-file /Users/admin/builder/spi-builder-workspace/.derivedData/Build/Intermediates.noindex/ECMASwift.build/Debug-watchos/ECMASwift-t.build/Objects-normal/arm64_32/ECMASwift_const_extract_protocols.json
WriteAuxiliaryFile /Users/admin/builder/spi-builder-workspace/.derivedData/Build/Intermediates.noindex/ECMASwift.build/Debug-watchos/ECMASwift-t.build/Objects-normal/arm64_32/ECMASwift.SwiftConstValuesFileList (in target 'ECMASwift' from project 'ECMASwift')
cd /Users/admin/builder/spi-builder-workspace
write-file /Users/admin/builder/spi-builder-workspace/.derivedData/Build/Intermediates.noindex/ECMASwift.build/Debug-watchos/ECMASwift-t.build/Objects-normal/arm64_32/ECMASwift.SwiftConstValuesFileList
WriteAuxiliaryFile /Users/admin/builder/spi-builder-workspace/.derivedData/Build/Intermediates.noindex/ECMASwift.build/Debug-watchos/ECMASwift-t.build/Objects-normal/arm64_32/ECMASwift.SwiftFileList (in target 'ECMASwift' from project 'ECMASwift')
cd /Users/admin/builder/spi-builder-workspace
write-file /Users/admin/builder/spi-builder-workspace/.derivedData/Build/Intermediates.noindex/ECMASwift.build/Debug-watchos/ECMASwift-t.build/Objects-normal/arm64_32/ECMASwift.SwiftFileList
WriteAuxiliaryFile /Users/admin/builder/spi-builder-workspace/.derivedData/Build/Intermediates.noindex/ECMASwift.build/Debug-watchos/ECMASwift-t.build/Objects-normal/arm64/ECMASwift.SwiftConstValuesFileList (in target 'ECMASwift' from project 'ECMASwift')
cd /Users/admin/builder/spi-builder-workspace
write-file /Users/admin/builder/spi-builder-workspace/.derivedData/Build/Intermediates.noindex/ECMASwift.build/Debug-watchos/ECMASwift-t.build/Objects-normal/arm64/ECMASwift.SwiftConstValuesFileList
WriteAuxiliaryFile /Users/admin/builder/spi-builder-workspace/.derivedData/Build/Intermediates.noindex/ECMASwift.build/Debug-watchos/ECMASwift-t.build/Objects-normal/arm64/ECMASwift.LinkFileList (in target 'ECMASwift' from project 'ECMASwift')
cd /Users/admin/builder/spi-builder-workspace
write-file /Users/admin/builder/spi-builder-workspace/.derivedData/Build/Intermediates.noindex/ECMASwift.build/Debug-watchos/ECMASwift-t.build/Objects-normal/arm64/ECMASwift.LinkFileList
WriteAuxiliaryFile /Users/admin/builder/spi-builder-workspace/.derivedData/Build/Intermediates.noindex/ECMASwift.build/Debug-watchos/ECMASwift-t.build/Objects-normal/arm64/ECMASwift-OutputFileMap.json (in target 'ECMASwift' from project 'ECMASwift')
cd /Users/admin/builder/spi-builder-workspace
write-file /Users/admin/builder/spi-builder-workspace/.derivedData/Build/Intermediates.noindex/ECMASwift.build/Debug-watchos/ECMASwift-t.build/Objects-normal/arm64/ECMASwift-OutputFileMap.json
WriteAuxiliaryFile /Users/admin/builder/spi-builder-workspace/.derivedData/Build/Intermediates.noindex/ECMASwift.build/Debug-watchos/ECMASwift-t.build/ECMASwift.DependencyStaticMetadataFileList (in target 'ECMASwift' from project 'ECMASwift')
cd /Users/admin/builder/spi-builder-workspace
write-file /Users/admin/builder/spi-builder-workspace/.derivedData/Build/Intermediates.noindex/ECMASwift.build/Debug-watchos/ECMASwift-t.build/ECMASwift.DependencyStaticMetadataFileList
WriteAuxiliaryFile /Users/admin/builder/spi-builder-workspace/.derivedData/Build/Intermediates.noindex/ECMASwift.build/Debug-watchos/ECMASwift-t.build/ECMASwift.DependencyMetadataFileList (in target 'ECMASwift' from project 'ECMASwift')
cd /Users/admin/builder/spi-builder-workspace
write-file /Users/admin/builder/spi-builder-workspace/.derivedData/Build/Intermediates.noindex/ECMASwift.build/Debug-watchos/ECMASwift-t.build/ECMASwift.DependencyMetadataFileList
Copy /Users/admin/builder/spi-builder-workspace/.derivedData/Build/Intermediates.noindex/GeneratedModuleMaps-watchos/ECMASwift.modulemap /Users/admin/builder/spi-builder-workspace/.derivedData/Build/Intermediates.noindex/ECMASwift.build/Debug-watchos/ECMASwift-t.build/ECMASwift.modulemap (in target 'ECMASwift' from project 'ECMASwift')
cd /Users/admin/builder/spi-builder-workspace
builtin-copy -exclude .DS_Store -exclude CVS -exclude .svn -exclude .git -exclude .hg -resolve-src-symlinks /Users/admin/builder/spi-builder-workspace/.derivedData/Build/Intermediates.noindex/ECMASwift.build/Debug-watchos/ECMASwift-t.build/ECMASwift.modulemap /Users/admin/builder/spi-builder-workspace/.derivedData/Build/Intermediates.noindex/GeneratedModuleMaps-watchos
SwiftDriver ECMASwift normal arm64 com.apple.xcode.tools.swift.compiler (in target 'ECMASwift' from project 'ECMASwift')
cd /Users/admin/builder/spi-builder-workspace/.swiftpm/xcode
builtin-SwiftDriver -- /Applications/Xcode-27.0.0-Release.Candidate.app/Contents/Developer/Toolchains/XcodeDefault.xctoolchain/usr/bin/swiftc -parse-as-library -module-name ECMASwift -Onone @/Users/admin/builder/spi-builder-workspace/.derivedData/Build/Intermediates.noindex/ECMASwift.build/Debug-watchos/ECMASwift-t.build/Objects-normal/arm64/ECMASwift.SwiftFileList -DSWIFT_PACKAGE -DDEBUG -DSWIFT_MODULE_RESOURCE_BUNDLE_UNAVAILABLE -DXcode -plugin-path /Applications/Xcode-27.0.0-Release.Candidate.app/Contents/Developer/Toolchains/XcodeDefault.xctoolchain/usr/lib/swift/host/plugins/testing -enable-experimental-feature DebugDescriptionMacro -sdk /Applications/Xcode-27.0.0-Release.Candidate.app/Contents/Developer/Platforms/WatchOS.platform/Developer/SDKs/WatchOS27.0.sdk -target arm64-apple-watchos9.0 -g -module-cache-path /Users/admin/builder/spi-builder-workspace/.derivedData/ModuleCache.noindex -Xfrontend -serialize-debugging-options -profile-coverage-mapping -profile-generate -enable-testing -index-store-path /Users/admin/builder/spi-builder-workspace/.derivedData/Index.noindex/DataStore -Xcc -D_LIBCPP_HARDENING_MODE\=_LIBCPP_HARDENING_MODE_DEBUG -swift-version 5 -I /Users/admin/builder/spi-builder-workspace/.derivedData/Build/Products/Debug-watchos -Isystem /Applications/Xcode-27.0.0-Release.Candidate.app/Contents/Developer/Platforms/WatchOS.platform/Developer/usr/lib -F /Users/admin/builder/spi-builder-workspace/.derivedData/Build/Products/Debug-watchos -F /Applications/Xcode-27.0.0-Release.Candidate.app/Contents/Developer/Platforms/WatchOS.platform/Developer/Library/Frameworks -F /Applications/Xcode-27.0.0-Release.Candidate.app/Contents/Developer/Platforms/WatchOS.platform/Developer/SDKs/WatchOS27.0.sdk/Developer/Library/Frameworks -c -j10 -enable-batch-mode -incremental -Xcc -ivfsstatcache -Xcc /Users/admin/builder/spi-builder-workspace/.derivedData/SDKStatCaches.noindex/watchos27.0-24R360-e829b21a6f8c9b70876ba0858053c04477534ef55a1706bf4c1112bbb242f0a2.sdkstatcache -output-file-map /Users/admin/builder/spi-builder-workspace/.derivedData/Build/Intermediates.noindex/ECMASwift.build/Debug-watchos/ECMASwift-t.build/Objects-normal/arm64/ECMASwift-OutputFileMap.json -save-temps -no-color-diagnostics -explicit-module-build -module-cache-path /Users/admin/builder/spi-builder-workspace/.derivedData/Build/Intermediates.noindex/SwiftExplicitPrecompiledModules -clang-scanner-module-cache-path /Users/admin/builder/spi-builder-workspace/.derivedData/ModuleCache.noindex -sdk-module-cache-path /Users/admin/builder/spi-builder-workspace/.derivedData/SDKExplicitPrecompiledModules -emit-dependencies -emit-module -emit-module-path /Users/admin/builder/spi-builder-workspace/.derivedData/Build/Intermediates.noindex/ECMASwift.build/Debug-watchos/ECMASwift-t.build/Objects-normal/arm64/ECMASwift.swiftmodule -serialize-diagnostics -dependency-scan-serialize-diagnostics-path /Users/admin/builder/spi-builder-workspace/.derivedData/Build/Intermediates.noindex/ECMASwift.build/Debug-watchos/ECMASwift-t.build/Objects-normal/arm64/ECMASwift-dependency-scan.dia -validate-clang-modules-once -clang-build-session-file /Users/admin/builder/spi-builder-workspace/.derivedData/ModuleCache.noindex/Session.modulevalidation -Xcc -fmodules-prune-interval\=86400 -Xcc -fmodules-prune-after\=345600 -package-name spi_builder_workspace -emit-const-values -const-gather-protocols-list /Users/admin/builder/spi-builder-workspace/.derivedData/Build/Intermediates.noindex/ECMASwift.build/Debug-watchos/ECMASwift-t.build/Objects-normal/arm64/ECMASwift_const_extract_protocols.json -Xcc -I/Users/admin/builder/spi-builder-workspace/.derivedData/Build/Products/Debug-watchos/include -Xcc -I/Users/admin/builder/spi-builder-workspace/.derivedData/Build/Intermediates.noindex/ECMASwift.build/Debug-watchos/ECMASwift-t.build/DerivedSources-normal/arm64 -Xcc -I/Users/admin/builder/spi-builder-workspace/.derivedData/Build/Intermediates.noindex/ECMASwift.build/Debug-watchos/ECMASwift-t.build/DerivedSources/arm64 -Xcc -I/Users/admin/builder/spi-builder-workspace/.derivedData/Build/Intermediates.noindex/ECMASwift.build/Debug-watchos/ECMASwift-t.build/DerivedSources -Xcc -DSWIFT_PACKAGE -Xcc -DDEBUG\=1 -emit-objc-header -emit-objc-header-path /Users/admin/builder/spi-builder-workspace/.derivedData/Build/Intermediates.noindex/ECMASwift.build/Debug-watchos/ECMASwift-t.build/Objects-normal/arm64/ECMASwift-Swift.h -working-directory /Users/admin/builder/spi-builder-workspace/.swiftpm/xcode -experimental-emit-module-separately -disable-cmo
/Users/admin/builder/spi-builder-workspace/Sources/ECMASwift/API/Blob/Blob.swift:2:8: error: Unable to resolve module dependency: 'JavaScriptCore' (in target 'ECMASwift' from project 'ECMASwift')
note: A dependency of main module 'ECMASwift'
/Users/admin/builder/spi-builder-workspace/Sources/ECMASwift/API/Console/Console.swift:1:8: note: Also imported here
/Users/admin/builder/spi-builder-workspace/Sources/ECMASwift/API/Crypto/Crypto.swift:2:8: note: Also imported here
/Users/admin/builder/spi-builder-workspace/Sources/ECMASwift/API/Crypto/SublteCrypto.swift:2:8: note: Also imported here
/Users/admin/builder/spi-builder-workspace/Sources/ECMASwift/API/Fetch/AbortController.swift:1:8: note: Also imported here
/Users/admin/builder/spi-builder-workspace/Sources/ECMASwift/API/Fetch/Fetch.swift:1:24: note: Also imported here
/Users/admin/builder/spi-builder-workspace/Sources/ECMASwift/API/FormData/FormData.swift:2:8: note: Also imported here
/Users/admin/builder/spi-builder-workspace/Sources/ECMASwift/API/Headers/Headers.swift:1:8: note: Also imported here
/Users/admin/builder/spi-builder-workspace/Sources/ECMASwift/API/Request/Request.swift:2:8: note: Also imported here
/Users/admin/builder/spi-builder-workspace/Sources/ECMASwift/API/Request/RequestBody.swift:2:8: note: Also imported here
/Users/admin/builder/spi-builder-workspace/Sources/ECMASwift/API/TextEncoder/TextEncoder.swift:1:8: note: Also imported here
/Users/admin/builder/spi-builder-workspace/Sources/ECMASwift/API/Timers/Timers.swift:1:8: note: Also imported here
/Users/admin/builder/spi-builder-workspace/Sources/ECMASwift/API/URL/URL.swift:2:8: note: Also imported here
/Users/admin/builder/spi-builder-workspace/Sources/ECMASwift/API/URLSearchParams/URLSearchParams.swift:1:8: note: Also imported here
/Users/admin/builder/spi-builder-workspace/Sources/ECMASwift/Helpers/JSContext+callFunction.swift:1:8: note: Also imported here
/Users/admin/builder/spi-builder-workspace/Sources/ECMASwift/Helpers/JSValue+callFunction.swift:1:8: note: Also imported here
/Users/admin/builder/spi-builder-workspace/Sources/ECMASwift/Helpers/JSValue+isNil.swift:1:8: note: Also imported here
/Users/admin/builder/spi-builder-workspace/Sources/ECMASwift/Helpers/JSValue+toType.swift:1:8: note: Also imported here
/Users/admin/builder/spi-builder-workspace/Sources/ECMASwift/JSRuntime.swift:1:8: note: Also imported here
/Users/admin/builder/spi-builder-workspace/Sources/ECMASwift/API/Blob/Blob.swift:2:8: note: A dependency of main module 'ECMASwift'
import JavaScriptCore
^ (in target 'ECMASwift' from project 'ECMASwift')
/Users/admin/builder/spi-builder-workspace/Sources/ECMASwift/API/Console/Console.swift:1:8: note: Also imported here
import JavaScriptCore
^ (in target 'ECMASwift' from project 'ECMASwift')
/Users/admin/builder/spi-builder-workspace/Sources/ECMASwift/API/Crypto/Crypto.swift:2:8: note: Also imported here
import JavaScriptCore
^ (in target 'ECMASwift' from project 'ECMASwift')
/Users/admin/builder/spi-builder-workspace/Sources/ECMASwift/API/Crypto/SublteCrypto.swift:2:8: note: Also imported here
import JavaScriptCore
^ (in target 'ECMASwift' from project 'ECMASwift')
/Users/admin/builder/spi-builder-workspace/Sources/ECMASwift/API/Fetch/AbortController.swift:1:8: note: Also imported here
import JavaScriptCore
^ (in target 'ECMASwift' from project 'ECMASwift')
/Users/admin/builder/spi-builder-workspace/Sources/ECMASwift/API/Fetch/Fetch.swift:1:24: note: Also imported here
@preconcurrency import JavaScriptCore
^ (in target 'ECMASwift' from project 'ECMASwift')
/Users/admin/builder/spi-builder-workspace/Sources/ECMASwift/API/FormData/FormData.swift:2:8: note: Also imported here
import JavaScriptCore
^ (in target 'ECMASwift' from project 'ECMASwift')
/Users/admin/builder/spi-builder-workspace/Sources/ECMASwift/API/Headers/Headers.swift:1:8: note: Also imported here
import JavaScriptCore
^ (in target 'ECMASwift' from project 'ECMASwift')
/Users/admin/builder/spi-builder-workspace/Sources/ECMASwift/API/Request/Request.swift:2:8: note: Also imported here
import JavaScriptCore
^ (in target 'ECMASwift' from project 'ECMASwift')
/Users/admin/builder/spi-builder-workspace/Sources/ECMASwift/API/Request/RequestBody.swift:2:8: note: Also imported here
import JavaScriptCore
^ (in target 'ECMASwift' from project 'ECMASwift')
/Users/admin/builder/spi-builder-workspace/Sources/ECMASwift/API/TextEncoder/TextEncoder.swift:1:8: note: Also imported here
import JavaScriptCore
^ (in target 'ECMASwift' from project 'ECMASwift')
/Users/admin/builder/spi-builder-workspace/Sources/ECMASwift/API/Timers/Timers.swift:1:8: note: Also imported here
import JavaScriptCore
^ (in target 'ECMASwift' from project 'ECMASwift')
/Users/admin/builder/spi-builder-workspace/Sources/ECMASwift/API/URL/URL.swift:2:8: note: Also imported here
import JavaScriptCore
^ (in target 'ECMASwift' from project 'ECMASwift')
/Users/admin/builder/spi-builder-workspace/Sources/ECMASwift/API/URLSearchParams/URLSearchParams.swift:1:8: note: Also imported here
import JavaScriptCore
^ (in target 'ECMASwift' from project 'ECMASwift')
/Users/admin/builder/spi-builder-workspace/Sources/ECMASwift/Helpers/JSContext+callFunction.swift:1:8: note: Also imported here
import JavaScriptCore
^ (in target 'ECMASwift' from project 'ECMASwift')
/Users/admin/builder/spi-builder-workspace/Sources/ECMASwift/Helpers/JSValue+callFunction.swift:1:8: note: Also imported here
import JavaScriptCore
^ (in target 'ECMASwift' from project 'ECMASwift')
/Users/admin/builder/spi-builder-workspace/Sources/ECMASwift/Helpers/JSValue+isNil.swift:1:8: note: Also imported here
import JavaScriptCore
^ (in target 'ECMASwift' from project 'ECMASwift')
/Users/admin/builder/spi-builder-workspace/Sources/ECMASwift/Helpers/JSValue+toType.swift:1:8: note: Also imported here
import JavaScriptCore
^ (in target 'ECMASwift' from project 'ECMASwift')
/Users/admin/builder/spi-builder-workspace/Sources/ECMASwift/JSRuntime.swift:1:8: note: Also imported here
import JavaScriptCore
^ (in target 'ECMASwift' from project 'ECMASwift')
SwiftDriver ECMASwift normal arm64_32 com.apple.xcode.tools.swift.compiler (in target 'ECMASwift' from project 'ECMASwift')
cd /Users/admin/builder/spi-builder-workspace/.swiftpm/xcode
builtin-SwiftDriver -- /Applications/Xcode-27.0.0-Release.Candidate.app/Contents/Developer/Toolchains/XcodeDefault.xctoolchain/usr/bin/swiftc -parse-as-library -module-name ECMASwift -Onone @/Users/admin/builder/spi-builder-workspace/.derivedData/Build/Intermediates.noindex/ECMASwift.build/Debug-watchos/ECMASwift-t.build/Objects-normal/arm64_32/ECMASwift.SwiftFileList -DSWIFT_PACKAGE -DDEBUG -DSWIFT_MODULE_RESOURCE_BUNDLE_UNAVAILABLE -DXcode -plugin-path /Applications/Xcode-27.0.0-Release.Candidate.app/Contents/Developer/Toolchains/XcodeDefault.xctoolchain/usr/lib/swift/host/plugins/testing -enable-experimental-feature DebugDescriptionMacro -sdk /Applications/Xcode-27.0.0-Release.Candidate.app/Contents/Developer/Platforms/WatchOS.platform/Developer/SDKs/WatchOS27.0.sdk -target arm64_32-apple-watchos9.0 -g -module-cache-path /Users/admin/builder/spi-builder-workspace/.derivedData/ModuleCache.noindex -Xfrontend -serialize-debugging-options -profile-coverage-mapping -profile-generate -enable-testing -index-store-path /Users/admin/builder/spi-builder-workspace/.derivedData/Index.noindex/DataStore -Xcc -D_LIBCPP_HARDENING_MODE\=_LIBCPP_HARDENING_MODE_DEBUG -swift-version 5 -I /Users/admin/builder/spi-builder-workspace/.derivedData/Build/Products/Debug-watchos -Isystem /Applications/Xcode-27.0.0-Release.Candidate.app/Contents/Developer/Platforms/WatchOS.platform/Developer/usr/lib -F /Users/admin/builder/spi-builder-workspace/.derivedData/Build/Products/Debug-watchos -F /Applications/Xcode-27.0.0-Release.Candidate.app/Contents/Developer/Platforms/WatchOS.platform/Developer/Library/Frameworks -F /Applications/Xcode-27.0.0-Release.Candidate.app/Contents/Developer/Platforms/WatchOS.platform/Developer/SDKs/WatchOS27.0.sdk/Developer/Library/Frameworks -c -j10 -enable-batch-mode -incremental -Xcc -ivfsstatcache -Xcc /Users/admin/builder/spi-builder-workspace/.derivedData/SDKStatCaches.noindex/watchos27.0-24R360-e829b21a6f8c9b70876ba0858053c04477534ef55a1706bf4c1112bbb242f0a2.sdkstatcache -output-file-map /Users/admin/builder/spi-builder-workspace/.derivedData/Build/Intermediates.noindex/ECMASwift.build/Debug-watchos/ECMASwift-t.build/Objects-normal/arm64_32/ECMASwift-OutputFileMap.json -save-temps -no-color-diagnostics -explicit-module-build -module-cache-path /Users/admin/builder/spi-builder-workspace/.derivedData/Build/Intermediates.noindex/SwiftExplicitPrecompiledModules -clang-scanner-module-cache-path /Users/admin/builder/spi-builder-workspace/.derivedData/ModuleCache.noindex -sdk-module-cache-path /Users/admin/builder/spi-builder-workspace/.derivedData/SDKExplicitPrecompiledModules -emit-dependencies -emit-module -emit-module-path /Users/admin/builder/spi-builder-workspace/.derivedData/Build/Intermediates.noindex/ECMASwift.build/Debug-watchos/ECMASwift-t.build/Objects-normal/arm64_32/ECMASwift.swiftmodule -serialize-diagnostics -dependency-scan-serialize-diagnostics-path /Users/admin/builder/spi-builder-workspace/.derivedData/Build/Intermediates.noindex/ECMASwift.build/Debug-watchos/ECMASwift-t.build/Objects-normal/arm64_32/ECMASwift-dependency-scan.dia -validate-clang-modules-once -clang-build-session-file /Users/admin/builder/spi-builder-workspace/.derivedData/ModuleCache.noindex/Session.modulevalidation -Xcc -fmodules-prune-interval\=86400 -Xcc -fmodules-prune-after\=345600 -package-name spi_builder_workspace -emit-const-values -const-gather-protocols-list /Users/admin/builder/spi-builder-workspace/.derivedData/Build/Intermediates.noindex/ECMASwift.build/Debug-watchos/ECMASwift-t.build/Objects-normal/arm64_32/ECMASwift_const_extract_protocols.json -Xcc -I/Users/admin/builder/spi-builder-workspace/.derivedData/Build/Products/Debug-watchos/include -Xcc -I/Users/admin/builder/spi-builder-workspace/.derivedData/Build/Intermediates.noindex/ECMASwift.build/Debug-watchos/ECMASwift-t.build/DerivedSources-normal/arm64_32 -Xcc -I/Users/admin/builder/spi-builder-workspace/.derivedData/Build/Intermediates.noindex/ECMASwift.build/Debug-watchos/ECMASwift-t.build/DerivedSources/arm64_32 -Xcc -I/Users/admin/builder/spi-builder-workspace/.derivedData/Build/Intermediates.noindex/ECMASwift.build/Debug-watchos/ECMASwift-t.build/DerivedSources -Xcc -DSWIFT_PACKAGE -Xcc -DDEBUG\=1 -emit-objc-header -emit-objc-header-path /Users/admin/builder/spi-builder-workspace/.derivedData/Build/Intermediates.noindex/ECMASwift.build/Debug-watchos/ECMASwift-t.build/Objects-normal/arm64_32/ECMASwift-Swift.h -working-directory /Users/admin/builder/spi-builder-workspace/.swiftpm/xcode -experimental-emit-module-separately -disable-cmo
/Users/admin/builder/spi-builder-workspace/Sources/ECMASwift/API/Blob/Blob.swift:2:8: error: Unable to resolve module dependency: 'JavaScriptCore' (in target 'ECMASwift' from project 'ECMASwift')
note: A dependency of main module 'ECMASwift'
/Users/admin/builder/spi-builder-workspace/Sources/ECMASwift/API/Console/Console.swift:1:8: note: Also imported here
/Users/admin/builder/spi-builder-workspace/Sources/ECMASwift/API/Crypto/Crypto.swift:2:8: note: Also imported here
/Users/admin/builder/spi-builder-workspace/Sources/ECMASwift/API/Crypto/SublteCrypto.swift:2:8: note: Also imported here
/Users/admin/builder/spi-builder-workspace/Sources/ECMASwift/API/Fetch/AbortController.swift:1:8: note: Also imported here
/Users/admin/builder/spi-builder-workspace/Sources/ECMASwift/API/Fetch/Fetch.swift:1:24: note: Also imported here
/Users/admin/builder/spi-builder-workspace/Sources/ECMASwift/API/FormData/FormData.swift:2:8: note: Also imported here
/Users/admin/builder/spi-builder-workspace/Sources/ECMASwift/API/Headers/Headers.swift:1:8: note: Also imported here
/Users/admin/builder/spi-builder-workspace/Sources/ECMASwift/API/Request/Request.swift:2:8: note: Also imported here
/Users/admin/builder/spi-builder-workspace/Sources/ECMASwift/API/Request/RequestBody.swift:2:8: note: Also imported here
/Users/admin/builder/spi-builder-workspace/Sources/ECMASwift/API/TextEncoder/TextEncoder.swift:1:8: note: Also imported here
/Users/admin/builder/spi-builder-workspace/Sources/ECMASwift/API/Timers/Timers.swift:1:8: note: Also imported here
/Users/admin/builder/spi-builder-workspace/Sources/ECMASwift/API/URL/URL.swift:2:8: note: Also imported here
/Users/admin/builder/spi-builder-workspace/Sources/ECMASwift/API/URLSearchParams/URLSearchParams.swift:1:8: note: Also imported here
/Users/admin/builder/spi-builder-workspace/Sources/ECMASwift/Helpers/JSContext+callFunction.swift:1:8: note: Also imported here
/Users/admin/builder/spi-builder-workspace/Sources/ECMASwift/Helpers/JSValue+callFunction.swift:1:8: note: Also imported here
/Users/admin/builder/spi-builder-workspace/Sources/ECMASwift/Helpers/JSValue+isNil.swift:1:8: note: Also imported here
/Users/admin/builder/spi-builder-workspace/Sources/ECMASwift/Helpers/JSValue+toType.swift:1:8: note: Also imported here
/Users/admin/builder/spi-builder-workspace/Sources/ECMASwift/JSRuntime.swift:1:8: note: Also imported here
/Users/admin/builder/spi-builder-workspace/Sources/ECMASwift/API/Blob/Blob.swift:2:8: note: A dependency of main module 'ECMASwift'
import JavaScriptCore
^ (in target 'ECMASwift' from project 'ECMASwift')
/Users/admin/builder/spi-builder-workspace/Sources/ECMASwift/API/Console/Console.swift:1:8: note: Also imported here
import JavaScriptCore
^ (in target 'ECMASwift' from project 'ECMASwift')
/Users/admin/builder/spi-builder-workspace/Sources/ECMASwift/API/Crypto/Crypto.swift:2:8: note: Also imported here
import JavaScriptCore
^ (in target 'ECMASwift' from project 'ECMASwift')
/Users/admin/builder/spi-builder-workspace/Sources/ECMASwift/API/Crypto/SublteCrypto.swift:2:8: note: Also imported here
import JavaScriptCore
^ (in target 'ECMASwift' from project 'ECMASwift')
/Users/admin/builder/spi-builder-workspace/Sources/ECMASwift/API/Fetch/AbortController.swift:1:8: note: Also imported here
import JavaScriptCore
^ (in target 'ECMASwift' from project 'ECMASwift')
/Users/admin/builder/spi-builder-workspace/Sources/ECMASwift/API/Fetch/Fetch.swift:1:24: note: Also imported here
@preconcurrency import JavaScriptCore
^ (in target 'ECMASwift' from project 'ECMASwift')
/Users/admin/builder/spi-builder-workspace/Sources/ECMASwift/API/FormData/FormData.swift:2:8: note: Also imported here
import JavaScriptCore
^ (in target 'ECMASwift' from project 'ECMASwift')
/Users/admin/builder/spi-builder-workspace/Sources/ECMASwift/API/Headers/Headers.swift:1:8: note: Also imported here
import JavaScriptCore
^ (in target 'ECMASwift' from project 'ECMASwift')
/Users/admin/builder/spi-builder-workspace/Sources/ECMASwift/API/Request/Request.swift:2:8: note: Also imported here
import JavaScriptCore
^ (in target 'ECMASwift' from project 'ECMASwift')
/Users/admin/builder/spi-builder-workspace/Sources/ECMASwift/API/Request/RequestBody.swift:2:8: note: Also imported here
import JavaScriptCore
^ (in target 'ECMASwift' from project 'ECMASwift')
/Users/admin/builder/spi-builder-workspace/Sources/ECMASwift/API/TextEncoder/TextEncoder.swift:1:8: note: Also imported here
import JavaScriptCore
^ (in target 'ECMASwift' from project 'ECMASwift')
/Users/admin/builder/spi-builder-workspace/Sources/ECMASwift/API/Timers/Timers.swift:1:8: note: Also imported here
import JavaScriptCore
^ (in target 'ECMASwift' from project 'ECMASwift')
/Users/admin/builder/spi-builder-workspace/Sources/ECMASwift/API/URL/URL.swift:2:8: note: Also imported here
import JavaScriptCore
^ (in target 'ECMASwift' from project 'ECMASwift')
/Users/admin/builder/spi-builder-workspace/Sources/ECMASwift/API/URLSearchParams/URLSearchParams.swift:1:8: note: Also imported here
import JavaScriptCore
^ (in target 'ECMASwift' from project 'ECMASwift')
/Users/admin/builder/spi-builder-workspace/Sources/ECMASwift/Helpers/JSContext+callFunction.swift:1:8: note: Also imported here
import JavaScriptCore
^ (in target 'ECMASwift' from project 'ECMASwift')
/Users/admin/builder/spi-builder-workspace/Sources/ECMASwift/Helpers/JSValue+callFunction.swift:1:8: note: Also imported here
import JavaScriptCore
^ (in target 'ECMASwift' from project 'ECMASwift')
/Users/admin/builder/spi-builder-workspace/Sources/ECMASwift/Helpers/JSValue+isNil.swift:1:8: note: Also imported here
import JavaScriptCore
^ (in target 'ECMASwift' from project 'ECMASwift')
/Users/admin/builder/spi-builder-workspace/Sources/ECMASwift/Helpers/JSValue+toType.swift:1:8: note: Also imported here
import JavaScriptCore
^ (in target 'ECMASwift' from project 'ECMASwift')
/Users/admin/builder/spi-builder-workspace/Sources/ECMASwift/JSRuntime.swift:1:8: note: Also imported here
import JavaScriptCore
^ (in target 'ECMASwift' from project 'ECMASwift')
PruneExplicitPrecompiledModules /Users/admin/builder/spi-builder-workspace/.derivedData/SDKExplicitPrecompiledModules
PruneExplicitPrecompiledModules /Users/admin/builder/spi-builder-workspace/.derivedData/Build/Intermediates.noindex/SwiftExplicitPrecompiledModules
PruneExplicitPrecompiledModules /Users/admin/builder/spi-builder-workspace/.derivedData/Build/Intermediates.noindex/ExplicitPrecompiledModules
2026-09-20 21:57:53.332 xcodebuild[623:3834] [MT] IDERunDestination: Supported platforms for the buildables in the current scheme is empty.
** BUILD FAILED **
The following build commands failed:
SwiftDriver ECMASwift normal arm64 com.apple.xcode.tools.swift.compiler (in target 'ECMASwift' from project 'ECMASwift')
SwiftDriver ECMASwift normal arm64_32 com.apple.xcode.tools.swift.compiler (in target 'ECMASwift' from project 'ECMASwift')
Building workspace ECMASwift with scheme ECMASwift
(3 failures)
Command line invocation:
/Applications/Xcode-27.0.0-Release.Candidate.app/Contents/Developer/usr/bin/xcodebuild -IDEClonedSourcePackagesDirPathOverride=/Users/admin/builder/spi-builder-workspace/.dependencies -resolvePackageDependencies
Resolve Package Graph
Resolved source packages:
ECMASwift: /Users/admin/builder/spi-builder-workspace
resolved source packages: ECMASwift
2026-09-20 21:57:56.379 xcodebuild[638:4033] [MT] IDERunDestination: Supported platforms for the buildables in the current scheme is empty.
{
"dependencies" : [
],
"manifest_display_name" : "ECMASwift",
"name" : "ECMASwift",
"path" : "/Users/admin/builder/spi-builder-workspace",
"platforms" : [
{
"name" : "macos",
"version" : "11.0"
},
{
"name" : "ios",
"version" : "14.0"
},
{
"name" : "tvos",
"version" : "14.0"
},
{
"name" : "watchos",
"version" : "7.0"
}
],
"products" : [
{
"name" : "ECMASwift",
"targets" : [
"ECMASwift"
],
"type" : {
"library" : [
"automatic"
]
}
}
],
"targets" : [
{
"c99name" : "ECMASwiftTests",
"module_type" : "SwiftTarget",
"name" : "ECMASwiftTests",
"path" : "Tests/ECMASwiftTests",
"sources" : [
"BlobTests.swift",
"CryptoTests.swift",
"FetchTests.swift",
"HeadersTests.swift",
"RequestTests.swift",
"SubtleCryptoTests.swift",
"TextEncoderTests.swift",
"TimerTests.swift",
"URLSearchParamsTests.swift",
"URLTests.swift"
],
"target_dependencies" : [
"ECMASwift"
],
"type" : "test"
},
{
"c99name" : "ECMASwift",
"module_type" : "SwiftTarget",
"name" : "ECMASwift",
"path" : "Sources/ECMASwift",
"product_memberships" : [
"ECMASwift"
],
"sources" : [
"API/Blob/Blob.swift",
"API/Console/Console.swift",
"API/Crypto/Crypto.swift",
"API/Crypto/SublteCrypto.swift",
"API/Fetch/AbortController.swift",
"API/Fetch/Fetch.swift",
"API/Fetch/HTTPClient.swift",
"API/FormData/FormData.swift",
"API/Headers/Headers.swift",
"API/Request/Request.swift",
"API/Request/RequestBody.swift",
"API/TextEncoder/TextEncoder.swift",
"API/Timers/Timers.swift",
"API/URL/URL.swift",
"API/URLSearchParams/URLSearchParams.swift",
"Helpers/JSContext+callFunction.swift",
"Helpers/JSValue+callFunction.swift",
"Helpers/JSValue+isNil.swift",
"Helpers/JSValue+toType.swift",
"JSRuntime.swift"
],
"type" : "library"
}
],
"tools_version" : "5.10"
}
{
"workspace" : {
"name" : "ECMASwift",
"schemes" : [
"ECMASwift"
]
}
}
2026-09-20 21:57:57.647 xcodebuild[646:4090] [MT] IDERunDestination: Supported platforms for the buildables in the current scheme is empty.
Running build ...
env DEVELOPER_DIR=/Applications/Xcode-27.0.0-Release.Candidate.app xcrun xcodebuild -IDEClonedSourcePackagesDirPathOverride=$PWD/.dependencies -skipMacroValidation -skipPackagePluginValidation -derivedDataPath $PWD/.derivedData build -scheme ECMASwift -destination generic/platform=watchOS
Command line invocation:
/Applications/Xcode-27.0.0-Release.Candidate.app/Contents/Developer/usr/bin/xcodebuild -IDEClonedSourcePackagesDirPathOverride=/Users/admin/builder/spi-builder-workspace/.dependencies -skipMacroValidation -skipPackagePluginValidation -derivedDataPath /Users/admin/builder/spi-builder-workspace/.derivedData build -scheme ECMASwift -destination generic/platform=watchOS
Resolve Package Graph
Resolved source packages:
ECMASwift: /Users/admin/builder/spi-builder-workspace
ComputePackagePrebuildTargetDependencyGraph
Prepare packages
CreateBuildRequest
SendProjectDescription
CreateBuildOperation
ComputeTargetDependencyGraph
note: Building targets in dependency order
note: Target dependency graph (2 targets)
Target 'ECMASwift-product' in project 'ECMASwift'
➜ Explicit dependency on target 'ECMASwift' in project 'ECMASwift'
Target 'ECMASwift' in project 'ECMASwift' (no dependencies)
GatherProvisioningInputs
CreateBuildDescription
ClangStatCache /Applications/Xcode-27.0.0-Release.Candidate.app/Contents/Developer/Toolchains/XcodeDefault.xctoolchain/usr/bin/clang-stat-cache /Applications/Xcode-27.0.0-Release.Candidate.app/Contents/Developer/Platforms/WatchOS.platform/Developer/SDKs/WatchOS27.0.sdk /Users/admin/builder/spi-builder-workspace/.derivedData/SDKStatCaches.noindex/watchos27.0-24R360-e829b21a6f8c9b70876ba0858053c04477534ef55a1706bf4c1112bbb242f0a2.sdkstatcache
cd /Users/admin/builder/spi-builder-workspace/.swiftpm/xcode
/Applications/Xcode-27.0.0-Release.Candidate.app/Contents/Developer/Toolchains/XcodeDefault.xctoolchain/usr/bin/clang-stat-cache /Applications/Xcode-27.0.0-Release.Candidate.app/Contents/Developer/Platforms/WatchOS.platform/Developer/SDKs/WatchOS27.0.sdk -o /Users/admin/builder/spi-builder-workspace/.derivedData/SDKStatCaches.noindex/watchos27.0-24R360-e829b21a6f8c9b70876ba0858053c04477534ef55a1706bf4c1112bbb242f0a2.sdkstatcache
SwiftDriver ECMASwift normal arm64 com.apple.xcode.tools.swift.compiler (in target 'ECMASwift' from project 'ECMASwift')
cd /Users/admin/builder/spi-builder-workspace/.swiftpm/xcode
builtin-SwiftDriver -- /Applications/Xcode-27.0.0-Release.Candidate.app/Contents/Developer/Toolchains/XcodeDefault.xctoolchain/usr/bin/swiftc -parse-as-library -module-name ECMASwift -Onone @/Users/admin/builder/spi-builder-workspace/.derivedData/Build/Intermediates.noindex/ECMASwift.build/Debug-watchos/ECMASwift-t.build/Objects-normal/arm64/ECMASwift.SwiftFileList -DSWIFT_PACKAGE -DDEBUG -DSWIFT_MODULE_RESOURCE_BUNDLE_UNAVAILABLE -DXcode -plugin-path /Applications/Xcode-27.0.0-Release.Candidate.app/Contents/Developer/Toolchains/XcodeDefault.xctoolchain/usr/lib/swift/host/plugins/testing -enable-experimental-feature DebugDescriptionMacro -sdk /Applications/Xcode-27.0.0-Release.Candidate.app/Contents/Developer/Platforms/WatchOS.platform/Developer/SDKs/WatchOS27.0.sdk -target arm64-apple-watchos9.0 -g -module-cache-path /Users/admin/builder/spi-builder-workspace/.derivedData/ModuleCache.noindex -Xfrontend -serialize-debugging-options -profile-coverage-mapping -profile-generate -enable-testing -index-store-path /Users/admin/builder/spi-builder-workspace/.derivedData/Index.noindex/DataStore -Xcc -D_LIBCPP_HARDENING_MODE\=_LIBCPP_HARDENING_MODE_DEBUG -swift-version 5 -I /Users/admin/builder/spi-builder-workspace/.derivedData/Build/Products/Debug-watchos -Isystem /Applications/Xcode-27.0.0-Release.Candidate.app/Contents/Developer/Platforms/WatchOS.platform/Developer/usr/lib -F /Users/admin/builder/spi-builder-workspace/.derivedData/Build/Products/Debug-watchos -F /Applications/Xcode-27.0.0-Release.Candidate.app/Contents/Developer/Platforms/WatchOS.platform/Developer/Library/Frameworks -F /Applications/Xcode-27.0.0-Release.Candidate.app/Contents/Developer/Platforms/WatchOS.platform/Developer/SDKs/WatchOS27.0.sdk/Developer/Library/Frameworks -c -j10 -enable-batch-mode -incremental -Xcc -ivfsstatcache -Xcc /Users/admin/builder/spi-builder-workspace/.derivedData/SDKStatCaches.noindex/watchos27.0-24R360-e829b21a6f8c9b70876ba0858053c04477534ef55a1706bf4c1112bbb242f0a2.sdkstatcache -output-file-map /Users/admin/builder/spi-builder-workspace/.derivedData/Build/Intermediates.noindex/ECMASwift.build/Debug-watchos/ECMASwift-t.build/Objects-normal/arm64/ECMASwift-OutputFileMap.json -save-temps -no-color-diagnostics -explicit-module-build -module-cache-path /Users/admin/builder/spi-builder-workspace/.derivedData/Build/Intermediates.noindex/SwiftExplicitPrecompiledModules -clang-scanner-module-cache-path /Users/admin/builder/spi-builder-workspace/.derivedData/ModuleCache.noindex -sdk-module-cache-path /Users/admin/builder/spi-builder-workspace/.derivedData/SDKExplicitPrecompiledModules -emit-dependencies -emit-module -emit-module-path /Users/admin/builder/spi-builder-workspace/.derivedData/Build/Intermediates.noindex/ECMASwift.build/Debug-watchos/ECMASwift-t.build/Objects-normal/arm64/ECMASwift.swiftmodule -serialize-diagnostics -dependency-scan-serialize-diagnostics-path /Users/admin/builder/spi-builder-workspace/.derivedData/Build/Intermediates.noindex/ECMASwift.build/Debug-watchos/ECMASwift-t.build/Objects-normal/arm64/ECMASwift-dependency-scan.dia -validate-clang-modules-once -clang-build-session-file /Users/admin/builder/spi-builder-workspace/.derivedData/ModuleCache.noindex/Session.modulevalidation -Xcc -fmodules-prune-interval\=86400 -Xcc -fmodules-prune-after\=345600 -package-name spi_builder_workspace -emit-const-values -const-gather-protocols-list /Users/admin/builder/spi-builder-workspace/.derivedData/Build/Intermediates.noindex/ECMASwift.build/Debug-watchos/ECMASwift-t.build/Objects-normal/arm64/ECMASwift_const_extract_protocols.json -Xcc -I/Users/admin/builder/spi-builder-workspace/.derivedData/Build/Products/Debug-watchos/include -Xcc -I/Users/admin/builder/spi-builder-workspace/.derivedData/Build/Intermediates.noindex/ECMASwift.build/Debug-watchos/ECMASwift-t.build/DerivedSources-normal/arm64 -Xcc -I/Users/admin/builder/spi-builder-workspace/.derivedData/Build/Intermediates.noindex/ECMASwift.build/Debug-watchos/ECMASwift-t.build/DerivedSources/arm64 -Xcc -I/Users/admin/builder/spi-builder-workspace/.derivedData/Build/Intermediates.noindex/ECMASwift.build/Debug-watchos/ECMASwift-t.build/DerivedSources -Xcc -DSWIFT_PACKAGE -Xcc -DDEBUG\=1 -emit-objc-header -emit-objc-header-path /Users/admin/builder/spi-builder-workspace/.derivedData/Build/Intermediates.noindex/ECMASwift.build/Debug-watchos/ECMASwift-t.build/Objects-normal/arm64/ECMASwift-Swift.h -working-directory /Users/admin/builder/spi-builder-workspace/.swiftpm/xcode -experimental-emit-module-separately -disable-cmo
/Users/admin/builder/spi-builder-workspace/Sources/ECMASwift/API/Blob/Blob.swift:2:8: error: Unable to resolve module dependency: 'JavaScriptCore' (in target 'ECMASwift' from project 'ECMASwift')
note: A dependency of main module 'ECMASwift'
/Users/admin/builder/spi-builder-workspace/Sources/ECMASwift/API/Console/Console.swift:1:8: note: Also imported here
/Users/admin/builder/spi-builder-workspace/Sources/ECMASwift/API/Crypto/Crypto.swift:2:8: note: Also imported here
/Users/admin/builder/spi-builder-workspace/Sources/ECMASwift/API/Crypto/SublteCrypto.swift:2:8: note: Also imported here
/Users/admin/builder/spi-builder-workspace/Sources/ECMASwift/API/Fetch/AbortController.swift:1:8: note: Also imported here
/Users/admin/builder/spi-builder-workspace/Sources/ECMASwift/API/Fetch/Fetch.swift:1:24: note: Also imported here
/Users/admin/builder/spi-builder-workspace/Sources/ECMASwift/API/FormData/FormData.swift:2:8: note: Also imported here
/Users/admin/builder/spi-builder-workspace/Sources/ECMASwift/API/Headers/Headers.swift:1:8: note: Also imported here
/Users/admin/builder/spi-builder-workspace/Sources/ECMASwift/API/Request/Request.swift:2:8: note: Also imported here
/Users/admin/builder/spi-builder-workspace/Sources/ECMASwift/API/Request/RequestBody.swift:2:8: note: Also imported here
/Users/admin/builder/spi-builder-workspace/Sources/ECMASwift/API/TextEncoder/TextEncoder.swift:1:8: note: Also imported here
/Users/admin/builder/spi-builder-workspace/Sources/ECMASwift/API/Timers/Timers.swift:1:8: note: Also imported here
/Users/admin/builder/spi-builder-workspace/Sources/ECMASwift/API/URL/URL.swift:2:8: note: Also imported here
/Users/admin/builder/spi-builder-workspace/Sources/ECMASwift/API/URLSearchParams/URLSearchParams.swift:1:8: note: Also imported here
/Users/admin/builder/spi-builder-workspace/Sources/ECMASwift/Helpers/JSContext+callFunction.swift:1:8: note: Also imported here
/Users/admin/builder/spi-builder-workspace/Sources/ECMASwift/Helpers/JSValue+callFunction.swift:1:8: note: Also imported here
/Users/admin/builder/spi-builder-workspace/Sources/ECMASwift/Helpers/JSValue+isNil.swift:1:8: note: Also imported here
/Users/admin/builder/spi-builder-workspace/Sources/ECMASwift/Helpers/JSValue+toType.swift:1:8: note: Also imported here
/Users/admin/builder/spi-builder-workspace/Sources/ECMASwift/JSRuntime.swift:1:8: note: Also imported here
/Users/admin/builder/spi-builder-workspace/Sources/ECMASwift/API/Blob/Blob.swift:2:8: note: A dependency of main module 'ECMASwift'
import JavaScriptCore
^ (in target 'ECMASwift' from project 'ECMASwift')
/Users/admin/builder/spi-builder-workspace/Sources/ECMASwift/API/Console/Console.swift:1:8: note: Also imported here
import JavaScriptCore
^ (in target 'ECMASwift' from project 'ECMASwift')
/Users/admin/builder/spi-builder-workspace/Sources/ECMASwift/API/Crypto/Crypto.swift:2:8: note: Also imported here
import JavaScriptCore
^ (in target 'ECMASwift' from project 'ECMASwift')
/Users/admin/builder/spi-builder-workspace/Sources/ECMASwift/API/Crypto/SublteCrypto.swift:2:8: note: Also imported here
import JavaScriptCore
^ (in target 'ECMASwift' from project 'ECMASwift')
/Users/admin/builder/spi-builder-workspace/Sources/ECMASwift/API/Fetch/AbortController.swift:1:8: note: Also imported here
import JavaScriptCore
^ (in target 'ECMASwift' from project 'ECMASwift')
/Users/admin/builder/spi-builder-workspace/Sources/ECMASwift/API/Fetch/Fetch.swift:1:24: note: Also imported here
@preconcurrency import JavaScriptCore
^ (in target 'ECMASwift' from project 'ECMASwift')
/Users/admin/builder/spi-builder-workspace/Sources/ECMASwift/API/FormData/FormData.swift:2:8: note: Also imported here
import JavaScriptCore
^ (in target 'ECMASwift' from project 'ECMASwift')
/Users/admin/builder/spi-builder-workspace/Sources/ECMASwift/API/Headers/Headers.swift:1:8: note: Also imported here
import JavaScriptCore
^ (in target 'ECMASwift' from project 'ECMASwift')
/Users/admin/builder/spi-builder-workspace/Sources/ECMASwift/API/Request/Request.swift:2:8: note: Also imported here
import JavaScriptCore
^ (in target 'ECMASwift' from project 'ECMASwift')
/Users/admin/builder/spi-builder-workspace/Sources/ECMASwift/API/Request/RequestBody.swift:2:8: note: Also imported here
import JavaScriptCore
^ (in target 'ECMASwift' from project 'ECMASwift')
/Users/admin/builder/spi-builder-workspace/Sources/ECMASwift/API/TextEncoder/TextEncoder.swift:1:8: note: Also imported here
import JavaScriptCore
^ (in target 'ECMASwift' from project 'ECMASwift')
/Users/admin/builder/spi-builder-workspace/Sources/ECMASwift/API/Timers/Timers.swift:1:8: note: Also imported here
import JavaScriptCore
^ (in target 'ECMASwift' from project 'ECMASwift')
/Users/admin/builder/spi-builder-workspace/Sources/ECMASwift/API/URL/URL.swift:2:8: note: Also imported here
import JavaScriptCore
^ (in target 'ECMASwift' from project 'ECMASwift')
/Users/admin/builder/spi-builder-workspace/Sources/ECMASwift/API/URLSearchParams/URLSearchParams.swift:1:8: note: Also imported here
import JavaScriptCore
^ (in target 'ECMASwift' from project 'ECMASwift')
/Users/admin/builder/spi-builder-workspace/Sources/ECMASwift/Helpers/JSContext+callFunction.swift:1:8: note: Also imported here
import JavaScriptCore
^ (in target 'ECMASwift' from project 'ECMASwift')
/Users/admin/builder/spi-builder-workspace/Sources/ECMASwift/Helpers/JSValue+callFunction.swift:1:8: note: Also imported here
import JavaScriptCore
^ (in target 'ECMASwift' from project 'ECMASwift')
/Users/admin/builder/spi-builder-workspace/Sources/ECMASwift/Helpers/JSValue+isNil.swift:1:8: note: Also imported here
import JavaScriptCore
^ (in target 'ECMASwift' from project 'ECMASwift')
/Users/admin/builder/spi-builder-workspace/Sources/ECMASwift/Helpers/JSValue+toType.swift:1:8: note: Also imported here
import JavaScriptCore
^ (in target 'ECMASwift' from project 'ECMASwift')
/Users/admin/builder/spi-builder-workspace/Sources/ECMASwift/JSRuntime.swift:1:8: note: Also imported here
import JavaScriptCore
^ (in target 'ECMASwift' from project 'ECMASwift')
SwiftDriver ECMASwift normal arm64_32 com.apple.xcode.tools.swift.compiler (in target 'ECMASwift' from project 'ECMASwift')
cd /Users/admin/builder/spi-builder-workspace/.swiftpm/xcode
builtin-SwiftDriver -- /Applications/Xcode-27.0.0-Release.Candidate.app/Contents/Developer/Toolchains/XcodeDefault.xctoolchain/usr/bin/swiftc -parse-as-library -module-name ECMASwift -Onone @/Users/admin/builder/spi-builder-workspace/.derivedData/Build/Intermediates.noindex/ECMASwift.build/Debug-watchos/ECMASwift-t.build/Objects-normal/arm64_32/ECMASwift.SwiftFileList -DSWIFT_PACKAGE -DDEBUG -DSWIFT_MODULE_RESOURCE_BUNDLE_UNAVAILABLE -DXcode -plugin-path /Applications/Xcode-27.0.0-Release.Candidate.app/Contents/Developer/Toolchains/XcodeDefault.xctoolchain/usr/lib/swift/host/plugins/testing -enable-experimental-feature DebugDescriptionMacro -sdk /Applications/Xcode-27.0.0-Release.Candidate.app/Contents/Developer/Platforms/WatchOS.platform/Developer/SDKs/WatchOS27.0.sdk -target arm64_32-apple-watchos9.0 -g -module-cache-path /Users/admin/builder/spi-builder-workspace/.derivedData/ModuleCache.noindex -Xfrontend -serialize-debugging-options -profile-coverage-mapping -profile-generate -enable-testing -index-store-path /Users/admin/builder/spi-builder-workspace/.derivedData/Index.noindex/DataStore -Xcc -D_LIBCPP_HARDENING_MODE\=_LIBCPP_HARDENING_MODE_DEBUG -swift-version 5 -I /Users/admin/builder/spi-builder-workspace/.derivedData/Build/Products/Debug-watchos -Isystem /Applications/Xcode-27.0.0-Release.Candidate.app/Contents/Developer/Platforms/WatchOS.platform/Developer/usr/lib -F /Users/admin/builder/spi-builder-workspace/.derivedData/Build/Products/Debug-watchos -F /Applications/Xcode-27.0.0-Release.Candidate.app/Contents/Developer/Platforms/WatchOS.platform/Developer/Library/Frameworks -F /Applications/Xcode-27.0.0-Release.Candidate.app/Contents/Developer/Platforms/WatchOS.platform/Developer/SDKs/WatchOS27.0.sdk/Developer/Library/Frameworks -c -j10 -enable-batch-mode -incremental -Xcc -ivfsstatcache -Xcc /Users/admin/builder/spi-builder-workspace/.derivedData/SDKStatCaches.noindex/watchos27.0-24R360-e829b21a6f8c9b70876ba0858053c04477534ef55a1706bf4c1112bbb242f0a2.sdkstatcache -output-file-map /Users/admin/builder/spi-builder-workspace/.derivedData/Build/Intermediates.noindex/ECMASwift.build/Debug-watchos/ECMASwift-t.build/Objects-normal/arm64_32/ECMASwift-OutputFileMap.json -save-temps -no-color-diagnostics -explicit-module-build -module-cache-path /Users/admin/builder/spi-builder-workspace/.derivedData/Build/Intermediates.noindex/SwiftExplicitPrecompiledModules -clang-scanner-module-cache-path /Users/admin/builder/spi-builder-workspace/.derivedData/ModuleCache.noindex -sdk-module-cache-path /Users/admin/builder/spi-builder-workspace/.derivedData/SDKExplicitPrecompiledModules -emit-dependencies -emit-module -emit-module-path /Users/admin/builder/spi-builder-workspace/.derivedData/Build/Intermediates.noindex/ECMASwift.build/Debug-watchos/ECMASwift-t.build/Objects-normal/arm64_32/ECMASwift.swiftmodule -serialize-diagnostics -dependency-scan-serialize-diagnostics-path /Users/admin/builder/spi-builder-workspace/.derivedData/Build/Intermediates.noindex/ECMASwift.build/Debug-watchos/ECMASwift-t.build/Objects-normal/arm64_32/ECMASwift-dependency-scan.dia -validate-clang-modules-once -clang-build-session-file /Users/admin/builder/spi-builder-workspace/.derivedData/ModuleCache.noindex/Session.modulevalidation -Xcc -fmodules-prune-interval\=86400 -Xcc -fmodules-prune-after\=345600 -package-name spi_builder_workspace -emit-const-values -const-gather-protocols-list /Users/admin/builder/spi-builder-workspace/.derivedData/Build/Intermediates.noindex/ECMASwift.build/Debug-watchos/ECMASwift-t.build/Objects-normal/arm64_32/ECMASwift_const_extract_protocols.json -Xcc -I/Users/admin/builder/spi-builder-workspace/.derivedData/Build/Products/Debug-watchos/include -Xcc -I/Users/admin/builder/spi-builder-workspace/.derivedData/Build/Intermediates.noindex/ECMASwift.build/Debug-watchos/ECMASwift-t.build/DerivedSources-normal/arm64_32 -Xcc -I/Users/admin/builder/spi-builder-workspace/.derivedData/Build/Intermediates.noindex/ECMASwift.build/Debug-watchos/ECMASwift-t.build/DerivedSources/arm64_32 -Xcc -I/Users/admin/builder/spi-builder-workspace/.derivedData/Build/Intermediates.noindex/ECMASwift.build/Debug-watchos/ECMASwift-t.build/DerivedSources -Xcc -DSWIFT_PACKAGE -Xcc -DDEBUG\=1 -emit-objc-header -emit-objc-header-path /Users/admin/builder/spi-builder-workspace/.derivedData/Build/Intermediates.noindex/ECMASwift.build/Debug-watchos/ECMASwift-t.build/Objects-normal/arm64_32/ECMASwift-Swift.h -working-directory /Users/admin/builder/spi-builder-workspace/.swiftpm/xcode -experimental-emit-module-separately -disable-cmo
/Users/admin/builder/spi-builder-workspace/Sources/ECMASwift/API/Blob/Blob.swift:2:8: error: Unable to resolve module dependency: 'JavaScriptCore' (in target 'ECMASwift' from project 'ECMASwift')
note: A dependency of main module 'ECMASwift'
/Users/admin/builder/spi-builder-workspace/Sources/ECMASwift/API/Console/Console.swift:1:8: note: Also imported here
/Users/admin/builder/spi-builder-workspace/Sources/ECMASwift/API/Crypto/Crypto.swift:2:8: note: Also imported here
/Users/admin/builder/spi-builder-workspace/Sources/ECMASwift/API/Crypto/SublteCrypto.swift:2:8: note: Also imported here
/Users/admin/builder/spi-builder-workspace/Sources/ECMASwift/API/Fetch/AbortController.swift:1:8: note: Also imported here
/Users/admin/builder/spi-builder-workspace/Sources/ECMASwift/API/Fetch/Fetch.swift:1:24: note: Also imported here
/Users/admin/builder/spi-builder-workspace/Sources/ECMASwift/API/FormData/FormData.swift:2:8: note: Also imported here
/Users/admin/builder/spi-builder-workspace/Sources/ECMASwift/API/Headers/Headers.swift:1:8: note: Also imported here
/Users/admin/builder/spi-builder-workspace/Sources/ECMASwift/API/Request/Request.swift:2:8: note: Also imported here
/Users/admin/builder/spi-builder-workspace/Sources/ECMASwift/API/Request/RequestBody.swift:2:8: note: Also imported here
/Users/admin/builder/spi-builder-workspace/Sources/ECMASwift/API/TextEncoder/TextEncoder.swift:1:8: note: Also imported here
/Users/admin/builder/spi-builder-workspace/Sources/ECMASwift/API/Timers/Timers.swift:1:8: note: Also imported here
/Users/admin/builder/spi-builder-workspace/Sources/ECMASwift/API/URL/URL.swift:2:8: note: Also imported here
/Users/admin/builder/spi-builder-workspace/Sources/ECMASwift/API/URLSearchParams/URLSearchParams.swift:1:8: note: Also imported here
/Users/admin/builder/spi-builder-workspace/Sources/ECMASwift/Helpers/JSContext+callFunction.swift:1:8: note: Also imported here
/Users/admin/builder/spi-builder-workspace/Sources/ECMASwift/Helpers/JSValue+callFunction.swift:1:8: note: Also imported here
/Users/admin/builder/spi-builder-workspace/Sources/ECMASwift/Helpers/JSValue+isNil.swift:1:8: note: Also imported here
/Users/admin/builder/spi-builder-workspace/Sources/ECMASwift/Helpers/JSValue+toType.swift:1:8: note: Also imported here
/Users/admin/builder/spi-builder-workspace/Sources/ECMASwift/JSRuntime.swift:1:8: note: Also imported here
/Users/admin/builder/spi-builder-workspace/Sources/ECMASwift/API/Blob/Blob.swift:2:8: note: A dependency of main module 'ECMASwift'
import JavaScriptCore
^ (in target 'ECMASwift' from project 'ECMASwift')
/Users/admin/builder/spi-builder-workspace/Sources/ECMASwift/API/Console/Console.swift:1:8: note: Also imported here
import JavaScriptCore
^ (in target 'ECMASwift' from project 'ECMASwift')
/Users/admin/builder/spi-builder-workspace/Sources/ECMASwift/API/Crypto/Crypto.swift:2:8: note: Also imported here
import JavaScriptCore
^ (in target 'ECMASwift' from project 'ECMASwift')
/Users/admin/builder/spi-builder-workspace/Sources/ECMASwift/API/Crypto/SublteCrypto.swift:2:8: note: Also imported here
import JavaScriptCore
^ (in target 'ECMASwift' from project 'ECMASwift')
/Users/admin/builder/spi-builder-workspace/Sources/ECMASwift/API/Fetch/AbortController.swift:1:8: note: Also imported here
import JavaScriptCore
^ (in target 'ECMASwift' from project 'ECMASwift')
/Users/admin/builder/spi-builder-workspace/Sources/ECMASwift/API/Fetch/Fetch.swift:1:24: note: Also imported here
@preconcurrency import JavaScriptCore
^ (in target 'ECMASwift' from project 'ECMASwift')
/Users/admin/builder/spi-builder-workspace/Sources/ECMASwift/API/FormData/FormData.swift:2:8: note: Also imported here
import JavaScriptCore
^ (in target 'ECMASwift' from project 'ECMASwift')
/Users/admin/builder/spi-builder-workspace/Sources/ECMASwift/API/Headers/Headers.swift:1:8: note: Also imported here
import JavaScriptCore
^ (in target 'ECMASwift' from project 'ECMASwift')
/Users/admin/builder/spi-builder-workspace/Sources/ECMASwift/API/Request/Request.swift:2:8: note: Also imported here
import JavaScriptCore
^ (in target 'ECMASwift' from project 'ECMASwift')
/Users/admin/builder/spi-builder-workspace/Sources/ECMASwift/API/Request/RequestBody.swift:2:8: note: Also imported here
import JavaScriptCore
^ (in target 'ECMASwift' from project 'ECMASwift')
/Users/admin/builder/spi-builder-workspace/Sources/ECMASwift/API/TextEncoder/TextEncoder.swift:1:8: note: Also imported here
import JavaScriptCore
^ (in target 'ECMASwift' from project 'ECMASwift')
/Users/admin/builder/spi-builder-workspace/Sources/ECMASwift/API/Timers/Timers.swift:1:8: note: Also imported here
import JavaScriptCore
^ (in target 'ECMASwift' from project 'ECMASwift')
/Users/admin/builder/spi-builder-workspace/Sources/ECMASwift/API/URL/URL.swift:2:8: note: Also imported here
import JavaScriptCore
^ (in target 'ECMASwift' from project 'ECMASwift')
/Users/admin/builder/spi-builder-workspace/Sources/ECMASwift/API/URLSearchParams/URLSearchParams.swift:1:8: note: Also imported here
import JavaScriptCore
^ (in target 'ECMASwift' from project 'ECMASwift')
/Users/admin/builder/spi-builder-workspace/Sources/ECMASwift/Helpers/JSContext+callFunction.swift:1:8: note: Also imported here
import JavaScriptCore
^ (in target 'ECMASwift' from project 'ECMASwift')
/Users/admin/builder/spi-builder-workspace/Sources/ECMASwift/Helpers/JSValue+callFunction.swift:1:8: note: Also imported here
import JavaScriptCore
^ (in target 'ECMASwift' from project 'ECMASwift')
/Users/admin/builder/spi-builder-workspace/Sources/ECMASwift/Helpers/JSValue+isNil.swift:1:8: note: Also imported here
import JavaScriptCore
^ (in target 'ECMASwift' from project 'ECMASwift')
/Users/admin/builder/spi-builder-workspace/Sources/ECMASwift/Helpers/JSValue+toType.swift:1:8: note: Also imported here
import JavaScriptCore
^ (in target 'ECMASwift' from project 'ECMASwift')
/Users/admin/builder/spi-builder-workspace/Sources/ECMASwift/JSRuntime.swift:1:8: note: Also imported here
import JavaScriptCore
^ (in target 'ECMASwift' from project 'ECMASwift')
PruneExplicitPrecompiledModules /Users/admin/builder/spi-builder-workspace/.derivedData/Build/Intermediates.noindex/ExplicitPrecompiledModules
PruneExplicitPrecompiledModules /Users/admin/builder/spi-builder-workspace/.derivedData/Build/Intermediates.noindex/SwiftExplicitPrecompiledModules
PruneExplicitPrecompiledModules /Users/admin/builder/spi-builder-workspace/.derivedData/SDKExplicitPrecompiledModules
2026-09-20 21:57:58.557 xcodebuild[647:4116] [MT] IDERunDestination: Supported platforms for the buildables in the current scheme is empty.
** BUILD FAILED **
The following build commands failed:
SwiftDriver ECMASwift normal arm64 com.apple.xcode.tools.swift.compiler (in target 'ECMASwift' from project 'ECMASwift')
SwiftDriver ECMASwift normal arm64_32 com.apple.xcode.tools.swift.compiler (in target 'ECMASwift' from project 'ECMASwift')
Building workspace ECMASwift with scheme ECMASwift
(3 failures)
BUILD FAILURE 6.4 watchOS