Build Information
Failed to build Parchment, reference 1.3.1 (5d888b), with Swift 6.4 for watchOS using Xcode 27.0 on 19 Sep 2026 06:44:59 UTC.
Build Command
env DEVELOPER_DIR=/Applications/Xcode-27.0.0-Release.Candidate.app xcrun xcodebuild -IDEClonedSourcePackagesDirPathOverride=$PWD/.dependencies -skipMacroValidation -skipPackagePluginValidation -derivedDataPath $PWD/.derivedData build -scheme Parchment-Package -destination generic/platform=watchOSBuild Log
SwiftDriverJobDiscovery normal arm64 Emitting module for SQLite (in target 'SQLite' from project 'SQLite.swift')
SwiftEmitModule normal arm64_32 Emitting\ module\ for\ ParchmentCore (in target 'ParchmentCore' from project 'Parchment')
/Users/admin/builder/spi-builder-workspace/Sources/ParchmentCore/AnyLoggable.swift:12:16: warning: static property 'shared' is not concurrency-safe because it is nonisolated global shared mutable state; this is an error in the Swift 6 language mode [#MutableGlobalVariable]
10 | @globalActor
11 | final actor AnyLoggableActor {
12 | static var shared: AnyLoggableActor = .init()
| |- warning: static property 'shared' is not concurrency-safe because it is nonisolated global shared mutable state; this is an error in the Swift 6 language mode [#MutableGlobalVariable]
| |- note: convert 'shared' to a 'let' constant to make 'Sendable' shared state immutable
| |- note: add '@MainActor' to make static property 'shared' part of global actor 'MainActor'
| `- note: disable concurrency-safety checks if accesses are protected by an external synchronization mechanism
13 | }
14 |
/Users/admin/builder/spi-builder-workspace/Sources/ParchmentCore/LoggableDictonary.swift:14:1: warning: extension declares a conformance of imported type 'PartialKeyPath' to imported protocol 'Sendable'; this will not behave correctly if the owners of 'Swift' introduce this conformance in the future
12 | public typealias LoggableDictonary = [PartialKeyPath<Loggable>: Sendable]
13 |
14 | extension PartialKeyPath<Loggable>: @unchecked Sendable {}
| |- warning: extension declares a conformance of imported type 'PartialKeyPath' to imported protocol 'Sendable'; this will not behave correctly if the owners of 'Swift' introduce this conformance in the future
| `- note: add '@retroactive' to silence this warning
15 |
16 | extension LoggableDictonary: Loggable {
[#MutableGlobalVariable]: <https://docs.swift.org/compiler/documentation/diagnostics/mutable-global-variable>
SwiftCompile normal arm64_32 (in target 'ParchmentCore' from project 'Parchment')
cd /Users/admin/builder/spi-builder-workspace/.swiftpm/xcode
SwiftDriver\ Compilation\ Requirements SQLite normal arm64 com.apple.xcode.tools.swift.compiler (in target 'SQLite' from project 'SQLite.swift')
cd /Users/admin/builder/spi-builder-workspace/.swiftpm/xcode
builtin-Swift-Compilation-Requirements -- /Applications/Xcode-27.0.0-Release.Candidate.app/Contents/Developer/Toolchains/XcodeDefault.xctoolchain/usr/bin/swiftc -parse-as-library -module-name SQLite -Onone @/Users/admin/builder/spi-builder-workspace/.derivedData/Build/Intermediates.noindex/SQLite.swift.build/Debug-watchos/SQLite-t.build/Objects-normal/arm64/SQLite.SwiftFileList -DSWIFT_PACKAGE -DDEBUG -DSWIFT_MODULE_RESOURCE_BUNDLE_AVAILABLE -DSystemSQLite -DXcode -plugin-path /Applications/Xcode-27.0.0-Release.Candidate.app/Contents/Developer/Toolchains/XcodeDefault.xctoolchain/usr/lib/swift/host/plugins/testing -enable-experimental-feature DebugDescriptionMacro -sdk /Applications/Xcode-27.0.0-Release.Candidate.app/Contents/Developer/Platforms/WatchOS.platform/Developer/SDKs/WatchOS27.0.sdk -target arm64-apple-watchos9.0 -g -module-cache-path /Users/admin/builder/spi-builder-workspace/.derivedData/ModuleCache.noindex -Xfrontend -serialize-debugging-options -profile-coverage-mapping -profile-generate -enable-testing -suppress-warnings -index-store-path /Users/admin/builder/spi-builder-workspace/.derivedData/Index.noindex/DataStore -Xcc -D_LIBCPP_HARDENING_MODE\=_LIBCPP_HARDENING_MODE_DEBUG -swift-version 5 -I /Users/admin/builder/spi-builder-workspace/.derivedData/Build/Products/Debug-watchos -Isystem /Applications/Xcode-27.0.0-Release.Candidate.app/Contents/Developer/Platforms/WatchOS.platform/Developer/usr/lib -F /Users/admin/builder/spi-builder-workspace/.derivedData/Build/Products/Debug-watchos -F /Applications/Xcode-27.0.0-Release.Candidate.app/Contents/Developer/Platforms/WatchOS.platform/Developer/Library/Frameworks -F /Applications/Xcode-27.0.0-Release.Candidate.app/Contents/Developer/Platforms/WatchOS.platform/Developer/SDKs/WatchOS27.0.sdk/Developer/Library/Frameworks -c -j10 -enable-batch-mode -incremental -Xcc -ivfsstatcache -Xcc /Users/admin/builder/spi-builder-workspace/.derivedData/SDKStatCaches.noindex/watchos27.0-24R360-e829b21a6f8c9b70876ba0858053c04477534ef55a1706bf4c1112bbb242f0a2.sdkstatcache -output-file-map /Users/admin/builder/spi-builder-workspace/.derivedData/Build/Intermediates.noindex/SQLite.swift.build/Debug-watchos/SQLite-t.build/Objects-normal/arm64/SQLite-OutputFileMap.json -save-temps -no-color-diagnostics -explicit-module-build -module-cache-path /Users/admin/builder/spi-builder-workspace/.derivedData/Build/Intermediates.noindex/SwiftExplicitPrecompiledModules -clang-scanner-module-cache-path /Users/admin/builder/spi-builder-workspace/.derivedData/ModuleCache.noindex -sdk-module-cache-path /Users/admin/builder/spi-builder-workspace/.derivedData/SDKExplicitPrecompiledModules -emit-dependencies -emit-module -emit-module-path /Users/admin/builder/spi-builder-workspace/.derivedData/Build/Intermediates.noindex/SQLite.swift.build/Debug-watchos/SQLite-t.build/Objects-normal/arm64/SQLite.swiftmodule -serialize-diagnostics -dependency-scan-serialize-diagnostics-path /Users/admin/builder/spi-builder-workspace/.derivedData/Build/Intermediates.noindex/SQLite.swift.build/Debug-watchos/SQLite-t.build/Objects-normal/arm64/SQLite-dependency-scan.dia -user-module-version 0.16.0 -validate-clang-modules-once -clang-build-session-file /Users/admin/builder/spi-builder-workspace/.derivedData/ModuleCache.noindex/Session.modulevalidation -Xcc -fmodules-prune-interval\=86400 -Xcc -fmodules-prune-after\=345600 -package-name sqlite_swift -emit-const-values -const-gather-protocols-list /Users/admin/builder/spi-builder-workspace/.derivedData/Build/Intermediates.noindex/SQLite.swift.build/Debug-watchos/SQLite-t.build/Objects-normal/arm64/SQLite_const_extract_protocols.json -Xcc -I/Users/admin/builder/spi-builder-workspace/.derivedData/Build/Products/Debug-watchos/include -Xcc -I/Users/admin/builder/spi-builder-workspace/.derivedData/Build/Intermediates.noindex/SQLite.swift.build/Debug-watchos/SQLite-t.build/DerivedSources-normal/arm64 -Xcc -I/Users/admin/builder/spi-builder-workspace/.derivedData/Build/Intermediates.noindex/SQLite.swift.build/Debug-watchos/SQLite-t.build/DerivedSources/arm64 -Xcc -I/Users/admin/builder/spi-builder-workspace/.derivedData/Build/Intermediates.noindex/SQLite.swift.build/Debug-watchos/SQLite-t.build/DerivedSources -Xcc -DSWIFT_PACKAGE -Xcc -DDEBUG\=1 -emit-objc-header -emit-objc-header-path /Users/admin/builder/spi-builder-workspace/.derivedData/Build/Intermediates.noindex/SQLite.swift.build/Debug-watchos/SQLite-t.build/Objects-normal/arm64/SQLite-Swift.h -working-directory /Users/admin/builder/spi-builder-workspace/.swiftpm/xcode -experimental-emit-module-separately -disable-cmo
SwiftDriverJobDiscovery normal arm64_32 Emitting module for ParchmentCore (in target 'ParchmentCore' from project 'Parchment')
SwiftDriver\ Compilation\ Requirements ParchmentCore normal arm64_32 com.apple.xcode.tools.swift.compiler (in target 'ParchmentCore' from project 'Parchment')
cd /Users/admin/builder/spi-builder-workspace/.swiftpm/xcode
builtin-Swift-Compilation-Requirements -- /Applications/Xcode-27.0.0-Release.Candidate.app/Contents/Developer/Toolchains/XcodeDefault.xctoolchain/usr/bin/swiftc -parse-as-library -module-name ParchmentCore -Onone @/Users/admin/builder/spi-builder-workspace/.derivedData/Build/Intermediates.noindex/Parchment.build/Debug-watchos/ParchmentCore-t.build/Objects-normal/arm64_32/ParchmentCore.SwiftFileList -DSWIFT_PACKAGE -DDEBUG -DSWIFT_MODULE_RESOURCE_BUNDLE_UNAVAILABLE -DXcode -strict-concurrency\=complete -plugin-path /Applications/Xcode-27.0.0-Release.Candidate.app/Contents/Developer/Toolchains/XcodeDefault.xctoolchain/usr/lib/swift/host/plugins/testing -enable-experimental-feature DebugDescriptionMacro -sdk /Applications/Xcode-27.0.0-Release.Candidate.app/Contents/Developer/Platforms/WatchOS.platform/Developer/SDKs/WatchOS27.0.sdk -target arm64_32-apple-watchos9.0 -g -module-cache-path /Users/admin/builder/spi-builder-workspace/.derivedData/ModuleCache.noindex -Xfrontend -serialize-debugging-options -profile-coverage-mapping -profile-generate -enable-testing -index-store-path /Users/admin/builder/spi-builder-workspace/.derivedData/Index.noindex/DataStore -Xcc -D_LIBCPP_HARDENING_MODE\=_LIBCPP_HARDENING_MODE_DEBUG -swift-version 5 -I /Users/admin/builder/spi-builder-workspace/.derivedData/Build/Products/Debug-watchos -Isystem /Applications/Xcode-27.0.0-Release.Candidate.app/Contents/Developer/Platforms/WatchOS.platform/Developer/usr/lib -F /Users/admin/builder/spi-builder-workspace/.derivedData/Build/Products/Debug-watchos -F /Applications/Xcode-27.0.0-Release.Candidate.app/Contents/Developer/Platforms/WatchOS.platform/Developer/Library/Frameworks -F /Applications/Xcode-27.0.0-Release.Candidate.app/Contents/Developer/Platforms/WatchOS.platform/Developer/SDKs/WatchOS27.0.sdk/Developer/Library/Frameworks -c -j10 -enable-batch-mode -incremental -Xcc -ivfsstatcache -Xcc /Users/admin/builder/spi-builder-workspace/.derivedData/SDKStatCaches.noindex/watchos27.0-24R360-e829b21a6f8c9b70876ba0858053c04477534ef55a1706bf4c1112bbb242f0a2.sdkstatcache -output-file-map /Users/admin/builder/spi-builder-workspace/.derivedData/Build/Intermediates.noindex/Parchment.build/Debug-watchos/ParchmentCore-t.build/Objects-normal/arm64_32/ParchmentCore-OutputFileMap.json -save-temps -no-color-diagnostics -explicit-module-build -module-cache-path /Users/admin/builder/spi-builder-workspace/.derivedData/Build/Intermediates.noindex/SwiftExplicitPrecompiledModules -clang-scanner-module-cache-path /Users/admin/builder/spi-builder-workspace/.derivedData/ModuleCache.noindex -sdk-module-cache-path /Users/admin/builder/spi-builder-workspace/.derivedData/SDKExplicitPrecompiledModules -emit-dependencies -emit-module -emit-module-path /Users/admin/builder/spi-builder-workspace/.derivedData/Build/Intermediates.noindex/Parchment.build/Debug-watchos/ParchmentCore-t.build/Objects-normal/arm64_32/ParchmentCore.swiftmodule -serialize-diagnostics -dependency-scan-serialize-diagnostics-path /Users/admin/builder/spi-builder-workspace/.derivedData/Build/Intermediates.noindex/Parchment.build/Debug-watchos/ParchmentCore-t.build/Objects-normal/arm64_32/ParchmentCore-dependency-scan.dia -validate-clang-modules-once -clang-build-session-file /Users/admin/builder/spi-builder-workspace/.derivedData/ModuleCache.noindex/Session.modulevalidation -Xcc -fmodules-prune-interval\=86400 -Xcc -fmodules-prune-after\=345600 -emit-const-values -const-gather-protocols-list /Users/admin/builder/spi-builder-workspace/.derivedData/Build/Intermediates.noindex/Parchment.build/Debug-watchos/ParchmentCore-t.build/Objects-normal/arm64_32/ParchmentCore_const_extract_protocols.json -Xcc -I/Users/admin/builder/spi-builder-workspace/.derivedData/Build/Products/Debug-watchos/include -Xcc -I/Users/admin/builder/spi-builder-workspace/.derivedData/Build/Intermediates.noindex/Parchment.build/Debug-watchos/ParchmentCore-t.build/DerivedSources-normal/arm64_32 -Xcc -I/Users/admin/builder/spi-builder-workspace/.derivedData/Build/Intermediates.noindex/Parchment.build/Debug-watchos/ParchmentCore-t.build/DerivedSources/arm64_32 -Xcc -I/Users/admin/builder/spi-builder-workspace/.derivedData/Build/Intermediates.noindex/Parchment.build/Debug-watchos/ParchmentCore-t.build/DerivedSources -Xcc -DSWIFT_PACKAGE -Xcc -DDEBUG\=1 -emit-objc-header -emit-objc-header-path /Users/admin/builder/spi-builder-workspace/.derivedData/Build/Intermediates.noindex/Parchment.build/Debug-watchos/ParchmentCore-t.build/Objects-normal/arm64_32/ParchmentCore-Swift.h -working-directory /Users/admin/builder/spi-builder-workspace/.swiftpm/xcode -experimental-emit-module-separately -disable-cmo
Copy /Users/admin/builder/spi-builder-workspace/.derivedData/Build/Products/Debug-watchos/SQLite.swiftmodule/arm64-apple-watchos.swiftmodule /Users/admin/builder/spi-builder-workspace/.derivedData/Build/Intermediates.noindex/SQLite.swift.build/Debug-watchos/SQLite-t.build/Objects-normal/arm64/SQLite.swiftmodule (in target 'SQLite' from project 'SQLite.swift')
cd /Users/admin/builder/spi-builder-workspace/.dependencies/checkouts/SQLite.swift
builtin-copy -exclude .DS_Store -exclude CVS -exclude .svn -exclude .git -exclude .hg -resolve-src-symlinks -rename /Users/admin/builder/spi-builder-workspace/.derivedData/Build/Intermediates.noindex/SQLite.swift.build/Debug-watchos/SQLite-t.build/Objects-normal/arm64/SQLite.swiftmodule /Users/admin/builder/spi-builder-workspace/.derivedData/Build/Products/Debug-watchos/SQLite.swiftmodule/arm64-apple-watchos.swiftmodule
Copy /Users/admin/builder/spi-builder-workspace/.derivedData/Build/Products/Debug-watchos/SQLite.swiftmodule/arm64-apple-watchos.swiftdoc /Users/admin/builder/spi-builder-workspace/.derivedData/Build/Intermediates.noindex/SQLite.swift.build/Debug-watchos/SQLite-t.build/Objects-normal/arm64/SQLite.swiftdoc (in target 'SQLite' from project 'SQLite.swift')
cd /Users/admin/builder/spi-builder-workspace/.dependencies/checkouts/SQLite.swift
builtin-copy -exclude .DS_Store -exclude CVS -exclude .svn -exclude .git -exclude .hg -resolve-src-symlinks -rename /Users/admin/builder/spi-builder-workspace/.derivedData/Build/Intermediates.noindex/SQLite.swift.build/Debug-watchos/SQLite-t.build/Objects-normal/arm64/SQLite.swiftdoc /Users/admin/builder/spi-builder-workspace/.derivedData/Build/Products/Debug-watchos/SQLite.swiftmodule/arm64-apple-watchos.swiftdoc
Copy /Users/admin/builder/spi-builder-workspace/.derivedData/Build/Products/Debug-watchos/SQLite.swiftmodule/arm64-apple-watchos.abi.json /Users/admin/builder/spi-builder-workspace/.derivedData/Build/Intermediates.noindex/SQLite.swift.build/Debug-watchos/SQLite-t.build/Objects-normal/arm64/SQLite.abi.json (in target 'SQLite' from project 'SQLite.swift')
cd /Users/admin/builder/spi-builder-workspace/.dependencies/checkouts/SQLite.swift
builtin-copy -exclude .DS_Store -exclude CVS -exclude .svn -exclude .git -exclude .hg -resolve-src-symlinks -rename /Users/admin/builder/spi-builder-workspace/.derivedData/Build/Intermediates.noindex/SQLite.swift.build/Debug-watchos/SQLite-t.build/Objects-normal/arm64/SQLite.abi.json /Users/admin/builder/spi-builder-workspace/.derivedData/Build/Products/Debug-watchos/SQLite.swiftmodule/arm64-apple-watchos.abi.json
Copy /Users/admin/builder/spi-builder-workspace/.derivedData/Build/Products/Debug-watchos/SQLite.swiftmodule/Project/arm64-apple-watchos.swiftsourceinfo /Users/admin/builder/spi-builder-workspace/.derivedData/Build/Intermediates.noindex/SQLite.swift.build/Debug-watchos/SQLite-t.build/Objects-normal/arm64/SQLite.swiftsourceinfo (in target 'SQLite' from project 'SQLite.swift')
cd /Users/admin/builder/spi-builder-workspace/.dependencies/checkouts/SQLite.swift
builtin-copy -exclude .DS_Store -exclude CVS -exclude .svn -exclude .git -exclude .hg -resolve-src-symlinks -rename /Users/admin/builder/spi-builder-workspace/.derivedData/Build/Intermediates.noindex/SQLite.swift.build/Debug-watchos/SQLite-t.build/Objects-normal/arm64/SQLite.swiftsourceinfo /Users/admin/builder/spi-builder-workspace/.derivedData/Build/Products/Debug-watchos/SQLite.swiftmodule/Project/arm64-apple-watchos.swiftsourceinfo
SwiftMergeGeneratedHeaders /Users/admin/builder/spi-builder-workspace/.derivedData/Build/Intermediates.noindex/GeneratedModuleMaps-watchos/ParchmentCore-Swift.h /Users/admin/builder/spi-builder-workspace/.derivedData/Build/Intermediates.noindex/Parchment.build/Debug-watchos/ParchmentCore-t.build/Objects-normal/arm64/ParchmentCore-Swift.h /Users/admin/builder/spi-builder-workspace/.derivedData/Build/Intermediates.noindex/Parchment.build/Debug-watchos/ParchmentCore-t.build/Objects-normal/arm64_32/ParchmentCore-Swift.h (in target 'ParchmentCore' from project 'Parchment')
cd /Users/admin/builder/spi-builder-workspace
builtin-swiftHeaderTool -arch arm64 /Users/admin/builder/spi-builder-workspace/.derivedData/Build/Intermediates.noindex/Parchment.build/Debug-watchos/ParchmentCore-t.build/Objects-normal/arm64/ParchmentCore-Swift.h -arch arm64_32 /Users/admin/builder/spi-builder-workspace/.derivedData/Build/Intermediates.noindex/Parchment.build/Debug-watchos/ParchmentCore-t.build/Objects-normal/arm64_32/ParchmentCore-Swift.h -o /Users/admin/builder/spi-builder-workspace/.derivedData/Build/Intermediates.noindex/GeneratedModuleMaps-watchos/ParchmentCore-Swift.h
Copy /Users/admin/builder/spi-builder-workspace/.derivedData/Build/Products/Debug-watchos/ParchmentCore.swiftmodule/arm64_32-apple-watchos.swiftmodule /Users/admin/builder/spi-builder-workspace/.derivedData/Build/Intermediates.noindex/Parchment.build/Debug-watchos/ParchmentCore-t.build/Objects-normal/arm64_32/ParchmentCore.swiftmodule (in target 'ParchmentCore' from project 'Parchment')
cd /Users/admin/builder/spi-builder-workspace
builtin-copy -exclude .DS_Store -exclude CVS -exclude .svn -exclude .git -exclude .hg -resolve-src-symlinks -rename /Users/admin/builder/spi-builder-workspace/.derivedData/Build/Intermediates.noindex/Parchment.build/Debug-watchos/ParchmentCore-t.build/Objects-normal/arm64_32/ParchmentCore.swiftmodule /Users/admin/builder/spi-builder-workspace/.derivedData/Build/Products/Debug-watchos/ParchmentCore.swiftmodule/arm64_32-apple-watchos.swiftmodule
Copy /Users/admin/builder/spi-builder-workspace/.derivedData/Build/Products/Debug-watchos/ParchmentCore.swiftmodule/arm64_32-apple-watchos.swiftdoc /Users/admin/builder/spi-builder-workspace/.derivedData/Build/Intermediates.noindex/Parchment.build/Debug-watchos/ParchmentCore-t.build/Objects-normal/arm64_32/ParchmentCore.swiftdoc (in target 'ParchmentCore' from project 'Parchment')
cd /Users/admin/builder/spi-builder-workspace
builtin-copy -exclude .DS_Store -exclude CVS -exclude .svn -exclude .git -exclude .hg -resolve-src-symlinks -rename /Users/admin/builder/spi-builder-workspace/.derivedData/Build/Intermediates.noindex/Parchment.build/Debug-watchos/ParchmentCore-t.build/Objects-normal/arm64_32/ParchmentCore.swiftdoc /Users/admin/builder/spi-builder-workspace/.derivedData/Build/Products/Debug-watchos/ParchmentCore.swiftmodule/arm64_32-apple-watchos.swiftdoc
Copy /Users/admin/builder/spi-builder-workspace/.derivedData/Build/Products/Debug-watchos/ParchmentCore.swiftmodule/arm64_32-apple-watchos.abi.json /Users/admin/builder/spi-builder-workspace/.derivedData/Build/Intermediates.noindex/Parchment.build/Debug-watchos/ParchmentCore-t.build/Objects-normal/arm64_32/ParchmentCore.abi.json (in target 'ParchmentCore' from project 'Parchment')
cd /Users/admin/builder/spi-builder-workspace
builtin-copy -exclude .DS_Store -exclude CVS -exclude .svn -exclude .git -exclude .hg -resolve-src-symlinks -rename /Users/admin/builder/spi-builder-workspace/.derivedData/Build/Intermediates.noindex/Parchment.build/Debug-watchos/ParchmentCore-t.build/Objects-normal/arm64_32/ParchmentCore.abi.json /Users/admin/builder/spi-builder-workspace/.derivedData/Build/Products/Debug-watchos/ParchmentCore.swiftmodule/arm64_32-apple-watchos.abi.json
Copy /Users/admin/builder/spi-builder-workspace/.derivedData/Build/Products/Debug-watchos/ParchmentCore.swiftmodule/arm64-apple-watchos.swiftmodule /Users/admin/builder/spi-builder-workspace/.derivedData/Build/Intermediates.noindex/Parchment.build/Debug-watchos/ParchmentCore-t.build/Objects-normal/arm64/ParchmentCore.swiftmodule (in target 'ParchmentCore' from project 'Parchment')
cd /Users/admin/builder/spi-builder-workspace
builtin-copy -exclude .DS_Store -exclude CVS -exclude .svn -exclude .git -exclude .hg -resolve-src-symlinks -rename /Users/admin/builder/spi-builder-workspace/.derivedData/Build/Intermediates.noindex/Parchment.build/Debug-watchos/ParchmentCore-t.build/Objects-normal/arm64/ParchmentCore.swiftmodule /Users/admin/builder/spi-builder-workspace/.derivedData/Build/Products/Debug-watchos/ParchmentCore.swiftmodule/arm64-apple-watchos.swiftmodule
Copy /Users/admin/builder/spi-builder-workspace/.derivedData/Build/Products/Debug-watchos/ParchmentCore.swiftmodule/arm64-apple-watchos.swiftdoc /Users/admin/builder/spi-builder-workspace/.derivedData/Build/Intermediates.noindex/Parchment.build/Debug-watchos/ParchmentCore-t.build/Objects-normal/arm64/ParchmentCore.swiftdoc (in target 'ParchmentCore' from project 'Parchment')
cd /Users/admin/builder/spi-builder-workspace
builtin-copy -exclude .DS_Store -exclude CVS -exclude .svn -exclude .git -exclude .hg -resolve-src-symlinks -rename /Users/admin/builder/spi-builder-workspace/.derivedData/Build/Intermediates.noindex/Parchment.build/Debug-watchos/ParchmentCore-t.build/Objects-normal/arm64/ParchmentCore.swiftdoc /Users/admin/builder/spi-builder-workspace/.derivedData/Build/Products/Debug-watchos/ParchmentCore.swiftmodule/arm64-apple-watchos.swiftdoc
Copy /Users/admin/builder/spi-builder-workspace/.derivedData/Build/Products/Debug-watchos/ParchmentCore.swiftmodule/arm64-apple-watchos.abi.json /Users/admin/builder/spi-builder-workspace/.derivedData/Build/Intermediates.noindex/Parchment.build/Debug-watchos/ParchmentCore-t.build/Objects-normal/arm64/ParchmentCore.abi.json (in target 'ParchmentCore' from project 'Parchment')
cd /Users/admin/builder/spi-builder-workspace
builtin-copy -exclude .DS_Store -exclude CVS -exclude .svn -exclude .git -exclude .hg -resolve-src-symlinks -rename /Users/admin/builder/spi-builder-workspace/.derivedData/Build/Intermediates.noindex/Parchment.build/Debug-watchos/ParchmentCore-t.build/Objects-normal/arm64/ParchmentCore.abi.json /Users/admin/builder/spi-builder-workspace/.derivedData/Build/Products/Debug-watchos/ParchmentCore.swiftmodule/arm64-apple-watchos.abi.json
Copy /Users/admin/builder/spi-builder-workspace/.derivedData/Build/Products/Debug-watchos/ParchmentCore.swiftmodule/Project/arm64_32-apple-watchos.swiftsourceinfo /Users/admin/builder/spi-builder-workspace/.derivedData/Build/Intermediates.noindex/Parchment.build/Debug-watchos/ParchmentCore-t.build/Objects-normal/arm64_32/ParchmentCore.swiftsourceinfo (in target 'ParchmentCore' from project 'Parchment')
cd /Users/admin/builder/spi-builder-workspace
builtin-copy -exclude .DS_Store -exclude CVS -exclude .svn -exclude .git -exclude .hg -resolve-src-symlinks -rename /Users/admin/builder/spi-builder-workspace/.derivedData/Build/Intermediates.noindex/Parchment.build/Debug-watchos/ParchmentCore-t.build/Objects-normal/arm64_32/ParchmentCore.swiftsourceinfo /Users/admin/builder/spi-builder-workspace/.derivedData/Build/Products/Debug-watchos/ParchmentCore.swiftmodule/Project/arm64_32-apple-watchos.swiftsourceinfo
Copy /Users/admin/builder/spi-builder-workspace/.derivedData/Build/Products/Debug-watchos/ParchmentCore.swiftmodule/Project/arm64-apple-watchos.swiftsourceinfo /Users/admin/builder/spi-builder-workspace/.derivedData/Build/Intermediates.noindex/Parchment.build/Debug-watchos/ParchmentCore-t.build/Objects-normal/arm64/ParchmentCore.swiftsourceinfo (in target 'ParchmentCore' from project 'Parchment')
cd /Users/admin/builder/spi-builder-workspace
builtin-copy -exclude .DS_Store -exclude CVS -exclude .svn -exclude .git -exclude .hg -resolve-src-symlinks -rename /Users/admin/builder/spi-builder-workspace/.derivedData/Build/Intermediates.noindex/Parchment.build/Debug-watchos/ParchmentCore-t.build/Objects-normal/arm64/ParchmentCore.swiftsourceinfo /Users/admin/builder/spi-builder-workspace/.derivedData/Build/Products/Debug-watchos/ParchmentCore.swiftmodule/Project/arm64-apple-watchos.swiftsourceinfo
SwiftCompile normal arm64_32 Compiling\ URIQueryParameter.swift,\ Value.swift,\ Cipher.swift,\ FTS4.swift /Users/admin/builder/spi-builder-workspace/.dependencies/checkouts/SQLite.swift/Sources/SQLite/Core/URIQueryParameter.swift /Users/admin/builder/spi-builder-workspace/.dependencies/checkouts/SQLite.swift/Sources/SQLite/Core/Value.swift /Users/admin/builder/spi-builder-workspace/.dependencies/checkouts/SQLite.swift/Sources/SQLite/Extensions/Cipher.swift /Users/admin/builder/spi-builder-workspace/.dependencies/checkouts/SQLite.swift/Sources/SQLite/Extensions/FTS4.swift (in target 'SQLite' from project 'SQLite.swift')
SwiftCompile normal arm64_32 /Users/admin/builder/spi-builder-workspace/.dependencies/checkouts/SQLite.swift/Sources/SQLite/Core/URIQueryParameter.swift (in target 'SQLite' from project 'SQLite.swift')
cd /Users/admin/builder/spi-builder-workspace/.swiftpm/xcode
builtin-SwiftPerFileCompile URIQueryParameter.swift
SwiftCompile normal arm64_32 /Users/admin/builder/spi-builder-workspace/.dependencies/checkouts/SQLite.swift/Sources/SQLite/Core/Value.swift (in target 'SQLite' from project 'SQLite.swift')
cd /Users/admin/builder/spi-builder-workspace/.swiftpm/xcode
builtin-SwiftPerFileCompile Value.swift
SwiftCompile normal arm64_32 /Users/admin/builder/spi-builder-workspace/.dependencies/checkouts/SQLite.swift/Sources/SQLite/Extensions/Cipher.swift (in target 'SQLite' from project 'SQLite.swift')
cd /Users/admin/builder/spi-builder-workspace/.swiftpm/xcode
builtin-SwiftPerFileCompile Cipher.swift
SwiftCompile normal arm64_32 /Users/admin/builder/spi-builder-workspace/.dependencies/checkouts/SQLite.swift/Sources/SQLite/Extensions/FTS4.swift (in target 'SQLite' from project 'SQLite.swift')
cd /Users/admin/builder/spi-builder-workspace/.swiftpm/xcode
builtin-SwiftPerFileCompile FTS4.swift
SwiftCompile normal arm64_32 Compiling\ FTS5.swift,\ RTree.swift,\ Foundation.swift,\ Helpers.swift /Users/admin/builder/spi-builder-workspace/.dependencies/checkouts/SQLite.swift/Sources/SQLite/Extensions/FTS5.swift /Users/admin/builder/spi-builder-workspace/.dependencies/checkouts/SQLite.swift/Sources/SQLite/Extensions/RTree.swift /Users/admin/builder/spi-builder-workspace/.dependencies/checkouts/SQLite.swift/Sources/SQLite/Foundation.swift /Users/admin/builder/spi-builder-workspace/.dependencies/checkouts/SQLite.swift/Sources/SQLite/Helpers.swift (in target 'SQLite' from project 'SQLite.swift')
SwiftCompile normal arm64_32 /Users/admin/builder/spi-builder-workspace/.dependencies/checkouts/SQLite.swift/Sources/SQLite/Extensions/FTS5.swift (in target 'SQLite' from project 'SQLite.swift')
cd /Users/admin/builder/spi-builder-workspace/.swiftpm/xcode
builtin-SwiftPerFileCompile FTS5.swift
SwiftCompile normal arm64_32 /Users/admin/builder/spi-builder-workspace/.dependencies/checkouts/SQLite.swift/Sources/SQLite/Extensions/RTree.swift (in target 'SQLite' from project 'SQLite.swift')
cd /Users/admin/builder/spi-builder-workspace/.swiftpm/xcode
builtin-SwiftPerFileCompile RTree.swift
SwiftCompile normal arm64_32 /Users/admin/builder/spi-builder-workspace/.dependencies/checkouts/SQLite.swift/Sources/SQLite/Foundation.swift (in target 'SQLite' from project 'SQLite.swift')
cd /Users/admin/builder/spi-builder-workspace/.swiftpm/xcode
builtin-SwiftPerFileCompile Foundation.swift
SwiftCompile normal arm64_32 /Users/admin/builder/spi-builder-workspace/.dependencies/checkouts/SQLite.swift/Sources/SQLite/Helpers.swift (in target 'SQLite' from project 'SQLite.swift')
cd /Users/admin/builder/spi-builder-workspace/.swiftpm/xcode
builtin-SwiftPerFileCompile Helpers.swift
SwiftDriverJobDiscovery normal arm64_32 Emitting module for SQLite (in target 'SQLite' from project 'SQLite.swift')
SwiftDriver\ Compilation\ Requirements SQLite normal arm64_32 com.apple.xcode.tools.swift.compiler (in target 'SQLite' from project 'SQLite.swift')
cd /Users/admin/builder/spi-builder-workspace/.swiftpm/xcode
builtin-Swift-Compilation-Requirements -- /Applications/Xcode-27.0.0-Release.Candidate.app/Contents/Developer/Toolchains/XcodeDefault.xctoolchain/usr/bin/swiftc -parse-as-library -module-name SQLite -Onone @/Users/admin/builder/spi-builder-workspace/.derivedData/Build/Intermediates.noindex/SQLite.swift.build/Debug-watchos/SQLite-t.build/Objects-normal/arm64_32/SQLite.SwiftFileList -DSWIFT_PACKAGE -DDEBUG -DSWIFT_MODULE_RESOURCE_BUNDLE_AVAILABLE -DSystemSQLite -DXcode -plugin-path /Applications/Xcode-27.0.0-Release.Candidate.app/Contents/Developer/Toolchains/XcodeDefault.xctoolchain/usr/lib/swift/host/plugins/testing -enable-experimental-feature DebugDescriptionMacro -sdk /Applications/Xcode-27.0.0-Release.Candidate.app/Contents/Developer/Platforms/WatchOS.platform/Developer/SDKs/WatchOS27.0.sdk -target arm64_32-apple-watchos9.0 -g -module-cache-path /Users/admin/builder/spi-builder-workspace/.derivedData/ModuleCache.noindex -Xfrontend -serialize-debugging-options -profile-coverage-mapping -profile-generate -enable-testing -suppress-warnings -index-store-path /Users/admin/builder/spi-builder-workspace/.derivedData/Index.noindex/DataStore -Xcc -D_LIBCPP_HARDENING_MODE\=_LIBCPP_HARDENING_MODE_DEBUG -swift-version 5 -I /Users/admin/builder/spi-builder-workspace/.derivedData/Build/Products/Debug-watchos -Isystem /Applications/Xcode-27.0.0-Release.Candidate.app/Contents/Developer/Platforms/WatchOS.platform/Developer/usr/lib -F /Users/admin/builder/spi-builder-workspace/.derivedData/Build/Products/Debug-watchos -F /Applications/Xcode-27.0.0-Release.Candidate.app/Contents/Developer/Platforms/WatchOS.platform/Developer/Library/Frameworks -F /Applications/Xcode-27.0.0-Release.Candidate.app/Contents/Developer/Platforms/WatchOS.platform/Developer/SDKs/WatchOS27.0.sdk/Developer/Library/Frameworks -c -j10 -enable-batch-mode -incremental -Xcc -ivfsstatcache -Xcc /Users/admin/builder/spi-builder-workspace/.derivedData/SDKStatCaches.noindex/watchos27.0-24R360-e829b21a6f8c9b70876ba0858053c04477534ef55a1706bf4c1112bbb242f0a2.sdkstatcache -output-file-map /Users/admin/builder/spi-builder-workspace/.derivedData/Build/Intermediates.noindex/SQLite.swift.build/Debug-watchos/SQLite-t.build/Objects-normal/arm64_32/SQLite-OutputFileMap.json -save-temps -no-color-diagnostics -explicit-module-build -module-cache-path /Users/admin/builder/spi-builder-workspace/.derivedData/Build/Intermediates.noindex/SwiftExplicitPrecompiledModules -clang-scanner-module-cache-path /Users/admin/builder/spi-builder-workspace/.derivedData/ModuleCache.noindex -sdk-module-cache-path /Users/admin/builder/spi-builder-workspace/.derivedData/SDKExplicitPrecompiledModules -emit-dependencies -emit-module -emit-module-path /Users/admin/builder/spi-builder-workspace/.derivedData/Build/Intermediates.noindex/SQLite.swift.build/Debug-watchos/SQLite-t.build/Objects-normal/arm64_32/SQLite.swiftmodule -serialize-diagnostics -dependency-scan-serialize-diagnostics-path /Users/admin/builder/spi-builder-workspace/.derivedData/Build/Intermediates.noindex/SQLite.swift.build/Debug-watchos/SQLite-t.build/Objects-normal/arm64_32/SQLite-dependency-scan.dia -user-module-version 0.16.0 -validate-clang-modules-once -clang-build-session-file /Users/admin/builder/spi-builder-workspace/.derivedData/ModuleCache.noindex/Session.modulevalidation -Xcc -fmodules-prune-interval\=86400 -Xcc -fmodules-prune-after\=345600 -package-name sqlite_swift -emit-const-values -const-gather-protocols-list /Users/admin/builder/spi-builder-workspace/.derivedData/Build/Intermediates.noindex/SQLite.swift.build/Debug-watchos/SQLite-t.build/Objects-normal/arm64_32/SQLite_const_extract_protocols.json -Xcc -I/Users/admin/builder/spi-builder-workspace/.derivedData/Build/Products/Debug-watchos/include -Xcc -I/Users/admin/builder/spi-builder-workspace/.derivedData/Build/Intermediates.noindex/SQLite.swift.build/Debug-watchos/SQLite-t.build/DerivedSources-normal/arm64_32 -Xcc -I/Users/admin/builder/spi-builder-workspace/.derivedData/Build/Intermediates.noindex/SQLite.swift.build/Debug-watchos/SQLite-t.build/DerivedSources/arm64_32 -Xcc -I/Users/admin/builder/spi-builder-workspace/.derivedData/Build/Intermediates.noindex/SQLite.swift.build/Debug-watchos/SQLite-t.build/DerivedSources -Xcc -DSWIFT_PACKAGE -Xcc -DDEBUG\=1 -emit-objc-header -emit-objc-header-path /Users/admin/builder/spi-builder-workspace/.derivedData/Build/Intermediates.noindex/SQLite.swift.build/Debug-watchos/SQLite-t.build/Objects-normal/arm64_32/SQLite-Swift.h -working-directory /Users/admin/builder/spi-builder-workspace/.swiftpm/xcode -experimental-emit-module-separately -disable-cmo
SwiftDriverJobDiscovery normal arm64 Compiling CustomFunctions.swift, DateAndTimeFunctions.swift, Expression.swift (in target 'SQLite' from project 'SQLite.swift')
SwiftCompile normal arm64_32 Compiling\ AggregateFunctions.swift,\ Coding.swift,\ Collation.swift,\ CoreFunctions.swift /Users/admin/builder/spi-builder-workspace/.dependencies/checkouts/SQLite.swift/Sources/SQLite/Typed/AggregateFunctions.swift /Users/admin/builder/spi-builder-workspace/.dependencies/checkouts/SQLite.swift/Sources/SQLite/Typed/Coding.swift /Users/admin/builder/spi-builder-workspace/.dependencies/checkouts/SQLite.swift/Sources/SQLite/Typed/Collation.swift /Users/admin/builder/spi-builder-workspace/.dependencies/checkouts/SQLite.swift/Sources/SQLite/Typed/CoreFunctions.swift (in target 'SQLite' from project 'SQLite.swift')
SwiftCompile normal arm64_32 /Users/admin/builder/spi-builder-workspace/.dependencies/checkouts/SQLite.swift/Sources/SQLite/Typed/AggregateFunctions.swift (in target 'SQLite' from project 'SQLite.swift')
cd /Users/admin/builder/spi-builder-workspace/.swiftpm/xcode
builtin-SwiftPerFileCompile AggregateFunctions.swift
SwiftCompile normal arm64_32 /Users/admin/builder/spi-builder-workspace/.dependencies/checkouts/SQLite.swift/Sources/SQLite/Typed/Coding.swift (in target 'SQLite' from project 'SQLite.swift')
cd /Users/admin/builder/spi-builder-workspace/.swiftpm/xcode
builtin-SwiftPerFileCompile Coding.swift
SwiftCompile normal arm64_32 /Users/admin/builder/spi-builder-workspace/.dependencies/checkouts/SQLite.swift/Sources/SQLite/Typed/Collation.swift (in target 'SQLite' from project 'SQLite.swift')
cd /Users/admin/builder/spi-builder-workspace/.swiftpm/xcode
builtin-SwiftPerFileCompile Collation.swift
SwiftCompile normal arm64_32 /Users/admin/builder/spi-builder-workspace/.dependencies/checkouts/SQLite.swift/Sources/SQLite/Typed/CoreFunctions.swift (in target 'SQLite' from project 'SQLite.swift')
cd /Users/admin/builder/spi-builder-workspace/.swiftpm/xcode
builtin-SwiftPerFileCompile CoreFunctions.swift
SwiftMergeGeneratedHeaders /Users/admin/builder/spi-builder-workspace/.derivedData/Build/Intermediates.noindex/GeneratedModuleMaps-watchos/SQLite-Swift.h /Users/admin/builder/spi-builder-workspace/.derivedData/Build/Intermediates.noindex/SQLite.swift.build/Debug-watchos/SQLite-t.build/Objects-normal/arm64/SQLite-Swift.h /Users/admin/builder/spi-builder-workspace/.derivedData/Build/Intermediates.noindex/SQLite.swift.build/Debug-watchos/SQLite-t.build/Objects-normal/arm64_32/SQLite-Swift.h (in target 'SQLite' from project 'SQLite.swift')
cd /Users/admin/builder/spi-builder-workspace/.dependencies/checkouts/SQLite.swift
builtin-swiftHeaderTool -arch arm64 /Users/admin/builder/spi-builder-workspace/.derivedData/Build/Intermediates.noindex/SQLite.swift.build/Debug-watchos/SQLite-t.build/Objects-normal/arm64/SQLite-Swift.h -arch arm64_32 /Users/admin/builder/spi-builder-workspace/.derivedData/Build/Intermediates.noindex/SQLite.swift.build/Debug-watchos/SQLite-t.build/Objects-normal/arm64_32/SQLite-Swift.h -o /Users/admin/builder/spi-builder-workspace/.derivedData/Build/Intermediates.noindex/GeneratedModuleMaps-watchos/SQLite-Swift.h
SwiftDriverJobDiscovery normal arm64 Compiling Schema.swift, Setter.swift, WindowFunctions.swift (in target 'SQLite' from project 'SQLite.swift')
Copy /Users/admin/builder/spi-builder-workspace/.derivedData/Build/Products/Debug-watchos/SQLite.swiftmodule/arm64_32-apple-watchos.swiftmodule /Users/admin/builder/spi-builder-workspace/.derivedData/Build/Intermediates.noindex/SQLite.swift.build/Debug-watchos/SQLite-t.build/Objects-normal/arm64_32/SQLite.swiftmodule (in target 'SQLite' from project 'SQLite.swift')
cd /Users/admin/builder/spi-builder-workspace/.dependencies/checkouts/SQLite.swift
builtin-copy -exclude .DS_Store -exclude CVS -exclude .svn -exclude .git -exclude .hg -resolve-src-symlinks -rename /Users/admin/builder/spi-builder-workspace/.derivedData/Build/Intermediates.noindex/SQLite.swift.build/Debug-watchos/SQLite-t.build/Objects-normal/arm64_32/SQLite.swiftmodule /Users/admin/builder/spi-builder-workspace/.derivedData/Build/Products/Debug-watchos/SQLite.swiftmodule/arm64_32-apple-watchos.swiftmodule
Copy /Users/admin/builder/spi-builder-workspace/.derivedData/Build/Products/Debug-watchos/SQLite.swiftmodule/arm64_32-apple-watchos.swiftdoc /Users/admin/builder/spi-builder-workspace/.derivedData/Build/Intermediates.noindex/SQLite.swift.build/Debug-watchos/SQLite-t.build/Objects-normal/arm64_32/SQLite.swiftdoc (in target 'SQLite' from project 'SQLite.swift')
cd /Users/admin/builder/spi-builder-workspace/.dependencies/checkouts/SQLite.swift
builtin-copy -exclude .DS_Store -exclude CVS -exclude .svn -exclude .git -exclude .hg -resolve-src-symlinks -rename /Users/admin/builder/spi-builder-workspace/.derivedData/Build/Intermediates.noindex/SQLite.swift.build/Debug-watchos/SQLite-t.build/Objects-normal/arm64_32/SQLite.swiftdoc /Users/admin/builder/spi-builder-workspace/.derivedData/Build/Products/Debug-watchos/SQLite.swiftmodule/arm64_32-apple-watchos.swiftdoc
Copy /Users/admin/builder/spi-builder-workspace/.derivedData/Build/Products/Debug-watchos/SQLite.swiftmodule/arm64_32-apple-watchos.abi.json /Users/admin/builder/spi-builder-workspace/.derivedData/Build/Intermediates.noindex/SQLite.swift.build/Debug-watchos/SQLite-t.build/Objects-normal/arm64_32/SQLite.abi.json (in target 'SQLite' from project 'SQLite.swift')
cd /Users/admin/builder/spi-builder-workspace/.dependencies/checkouts/SQLite.swift
builtin-copy -exclude .DS_Store -exclude CVS -exclude .svn -exclude .git -exclude .hg -resolve-src-symlinks -rename /Users/admin/builder/spi-builder-workspace/.derivedData/Build/Intermediates.noindex/SQLite.swift.build/Debug-watchos/SQLite-t.build/Objects-normal/arm64_32/SQLite.abi.json /Users/admin/builder/spi-builder-workspace/.derivedData/Build/Products/Debug-watchos/SQLite.swiftmodule/arm64_32-apple-watchos.abi.json
Copy /Users/admin/builder/spi-builder-workspace/.derivedData/Build/Products/Debug-watchos/SQLite.swiftmodule/Project/arm64_32-apple-watchos.swiftsourceinfo /Users/admin/builder/spi-builder-workspace/.derivedData/Build/Intermediates.noindex/SQLite.swift.build/Debug-watchos/SQLite-t.build/Objects-normal/arm64_32/SQLite.swiftsourceinfo (in target 'SQLite' from project 'SQLite.swift')
cd /Users/admin/builder/spi-builder-workspace/.dependencies/checkouts/SQLite.swift
builtin-copy -exclude .DS_Store -exclude CVS -exclude .svn -exclude .git -exclude .hg -resolve-src-symlinks -rename /Users/admin/builder/spi-builder-workspace/.derivedData/Build/Intermediates.noindex/SQLite.swift.build/Debug-watchos/SQLite-t.build/Objects-normal/arm64_32/SQLite.swiftsourceinfo /Users/admin/builder/spi-builder-workspace/.derivedData/Build/Products/Debug-watchos/SQLite.swiftmodule/Project/arm64_32-apple-watchos.swiftsourceinfo
SwiftCompile normal arm64_32 Compiling\ Connection+Schema.swift,\ SchemaChanger.swift,\ SchemaDefinitions.swift,\ SchemaReader.swift /Users/admin/builder/spi-builder-workspace/.dependencies/checkouts/SQLite.swift/Sources/SQLite/Schema/Connection+Schema.swift /Users/admin/builder/spi-builder-workspace/.dependencies/checkouts/SQLite.swift/Sources/SQLite/Schema/SchemaChanger.swift /Users/admin/builder/spi-builder-workspace/.dependencies/checkouts/SQLite.swift/Sources/SQLite/Schema/SchemaDefinitions.swift /Users/admin/builder/spi-builder-workspace/.dependencies/checkouts/SQLite.swift/Sources/SQLite/Schema/SchemaReader.swift (in target 'SQLite' from project 'SQLite.swift')
SwiftCompile normal arm64_32 /Users/admin/builder/spi-builder-workspace/.dependencies/checkouts/SQLite.swift/Sources/SQLite/Schema/Connection+Schema.swift (in target 'SQLite' from project 'SQLite.swift')
cd /Users/admin/builder/spi-builder-workspace/.swiftpm/xcode
builtin-SwiftPerFileCompile Connection+Schema.swift
SwiftCompile normal arm64_32 /Users/admin/builder/spi-builder-workspace/.dependencies/checkouts/SQLite.swift/Sources/SQLite/Schema/SchemaChanger.swift (in target 'SQLite' from project 'SQLite.swift')
cd /Users/admin/builder/spi-builder-workspace/.swiftpm/xcode
builtin-SwiftPerFileCompile SchemaChanger.swift
SwiftCompile normal arm64_32 /Users/admin/builder/spi-builder-workspace/.dependencies/checkouts/SQLite.swift/Sources/SQLite/Schema/SchemaDefinitions.swift (in target 'SQLite' from project 'SQLite.swift')
cd /Users/admin/builder/spi-builder-workspace/.swiftpm/xcode
builtin-SwiftPerFileCompile SchemaDefinitions.swift
SwiftCompile normal arm64_32 /Users/admin/builder/spi-builder-workspace/.dependencies/checkouts/SQLite.swift/Sources/SQLite/Schema/SchemaReader.swift (in target 'SQLite' from project 'SQLite.swift')
cd /Users/admin/builder/spi-builder-workspace/.swiftpm/xcode
builtin-SwiftPerFileCompile SchemaReader.swift
SwiftCompile normal arm64_32 Compiling\ Connection+Attach.swift,\ Connection+Pragmas.swift,\ Connection.swift,\ Errors.swift /Users/admin/builder/spi-builder-workspace/.dependencies/checkouts/SQLite.swift/Sources/SQLite/Core/Connection+Attach.swift /Users/admin/builder/spi-builder-workspace/.dependencies/checkouts/SQLite.swift/Sources/SQLite/Core/Connection+Pragmas.swift /Users/admin/builder/spi-builder-workspace/.dependencies/checkouts/SQLite.swift/Sources/SQLite/Core/Connection.swift /Users/admin/builder/spi-builder-workspace/.dependencies/checkouts/SQLite.swift/Sources/SQLite/Core/Errors.swift (in target 'SQLite' from project 'SQLite.swift')
SwiftCompile normal arm64_32 /Users/admin/builder/spi-builder-workspace/.dependencies/checkouts/SQLite.swift/Sources/SQLite/Core/Connection+Attach.swift (in target 'SQLite' from project 'SQLite.swift')
cd /Users/admin/builder/spi-builder-workspace/.swiftpm/xcode
builtin-SwiftPerFileCompile Connection+Attach.swift
SwiftCompile normal arm64_32 /Users/admin/builder/spi-builder-workspace/.dependencies/checkouts/SQLite.swift/Sources/SQLite/Core/Connection+Pragmas.swift (in target 'SQLite' from project 'SQLite.swift')
cd /Users/admin/builder/spi-builder-workspace/.swiftpm/xcode
builtin-SwiftPerFileCompile Connection+Pragmas.swift
SwiftCompile normal arm64_32 /Users/admin/builder/spi-builder-workspace/.dependencies/checkouts/SQLite.swift/Sources/SQLite/Core/Connection.swift (in target 'SQLite' from project 'SQLite.swift')
cd /Users/admin/builder/spi-builder-workspace/.swiftpm/xcode
builtin-SwiftPerFileCompile Connection.swift
SwiftCompile normal arm64_32 /Users/admin/builder/spi-builder-workspace/.dependencies/checkouts/SQLite.swift/Sources/SQLite/Core/Errors.swift (in target 'SQLite' from project 'SQLite.swift')
cd /Users/admin/builder/spi-builder-workspace/.swiftpm/xcode
builtin-SwiftPerFileCompile Errors.swift
SwiftCompile normal arm64_32 Compiling\ CustomFunctions.swift,\ DateAndTimeFunctions.swift,\ Expression.swift /Users/admin/builder/spi-builder-workspace/.dependencies/checkouts/SQLite.swift/Sources/SQLite/Typed/CustomFunctions.swift /Users/admin/builder/spi-builder-workspace/.dependencies/checkouts/SQLite.swift/Sources/SQLite/Typed/DateAndTimeFunctions.swift /Users/admin/builder/spi-builder-workspace/.dependencies/checkouts/SQLite.swift/Sources/SQLite/Typed/Expression.swift (in target 'SQLite' from project 'SQLite.swift')
SwiftCompile normal arm64_32 /Users/admin/builder/spi-builder-workspace/.dependencies/checkouts/SQLite.swift/Sources/SQLite/Typed/CustomFunctions.swift (in target 'SQLite' from project 'SQLite.swift')
cd /Users/admin/builder/spi-builder-workspace/.swiftpm/xcode
builtin-SwiftPerFileCompile CustomFunctions.swift
SwiftCompile normal arm64_32 /Users/admin/builder/spi-builder-workspace/.dependencies/checkouts/SQLite.swift/Sources/SQLite/Typed/DateAndTimeFunctions.swift (in target 'SQLite' from project 'SQLite.swift')
cd /Users/admin/builder/spi-builder-workspace/.swiftpm/xcode
builtin-SwiftPerFileCompile DateAndTimeFunctions.swift
SwiftCompile normal arm64_32 /Users/admin/builder/spi-builder-workspace/.dependencies/checkouts/SQLite.swift/Sources/SQLite/Typed/Expression.swift (in target 'SQLite' from project 'SQLite.swift')
cd /Users/admin/builder/spi-builder-workspace/.swiftpm/xcode
builtin-SwiftPerFileCompile Expression.swift
SwiftCompile normal arm64_32 Compiling\ Result.swift,\ SQLiteFeature.swift,\ SQLiteVersion.swift,\ Statement.swift /Users/admin/builder/spi-builder-workspace/.dependencies/checkouts/SQLite.swift/Sources/SQLite/Core/Result.swift /Users/admin/builder/spi-builder-workspace/.dependencies/checkouts/SQLite.swift/Sources/SQLite/Core/SQLiteFeature.swift /Users/admin/builder/spi-builder-workspace/.dependencies/checkouts/SQLite.swift/Sources/SQLite/Core/SQLiteVersion.swift /Users/admin/builder/spi-builder-workspace/.dependencies/checkouts/SQLite.swift/Sources/SQLite/Core/Statement.swift (in target 'SQLite' from project 'SQLite.swift')
SwiftCompile normal arm64_32 /Users/admin/builder/spi-builder-workspace/.dependencies/checkouts/SQLite.swift/Sources/SQLite/Core/Result.swift (in target 'SQLite' from project 'SQLite.swift')
cd /Users/admin/builder/spi-builder-workspace/.swiftpm/xcode
builtin-SwiftPerFileCompile Result.swift
SwiftCompile normal arm64_32 /Users/admin/builder/spi-builder-workspace/.dependencies/checkouts/SQLite.swift/Sources/SQLite/Core/SQLiteFeature.swift (in target 'SQLite' from project 'SQLite.swift')
cd /Users/admin/builder/spi-builder-workspace/.swiftpm/xcode
builtin-SwiftPerFileCompile SQLiteFeature.swift
SwiftCompile normal arm64_32 /Users/admin/builder/spi-builder-workspace/.dependencies/checkouts/SQLite.swift/Sources/SQLite/Core/SQLiteVersion.swift (in target 'SQLite' from project 'SQLite.swift')
cd /Users/admin/builder/spi-builder-workspace/.swiftpm/xcode
builtin-SwiftPerFileCompile SQLiteVersion.swift
SwiftCompile normal arm64_32 /Users/admin/builder/spi-builder-workspace/.dependencies/checkouts/SQLite.swift/Sources/SQLite/Core/Statement.swift (in target 'SQLite' from project 'SQLite.swift')
cd /Users/admin/builder/spi-builder-workspace/.swiftpm/xcode
builtin-SwiftPerFileCompile Statement.swift
SwiftDriverJobDiscovery normal arm64 Compiling URIQueryParameter.swift, Value.swift, Cipher.swift, FTS4.swift (in target 'SQLite' from project 'SQLite.swift')
SwiftCompile normal arm64_32 Compiling\ Schema.swift,\ Setter.swift,\ WindowFunctions.swift /Users/admin/builder/spi-builder-workspace/.dependencies/checkouts/SQLite.swift/Sources/SQLite/Typed/Schema.swift /Users/admin/builder/spi-builder-workspace/.dependencies/checkouts/SQLite.swift/Sources/SQLite/Typed/Setter.swift /Users/admin/builder/spi-builder-workspace/.dependencies/checkouts/SQLite.swift/Sources/SQLite/Typed/WindowFunctions.swift (in target 'SQLite' from project 'SQLite.swift')
SwiftCompile normal arm64_32 /Users/admin/builder/spi-builder-workspace/.dependencies/checkouts/SQLite.swift/Sources/SQLite/Typed/Schema.swift (in target 'SQLite' from project 'SQLite.swift')
cd /Users/admin/builder/spi-builder-workspace/.swiftpm/xcode
builtin-SwiftPerFileCompile Schema.swift
SwiftCompile normal arm64_32 /Users/admin/builder/spi-builder-workspace/.dependencies/checkouts/SQLite.swift/Sources/SQLite/Typed/Setter.swift (in target 'SQLite' from project 'SQLite.swift')
cd /Users/admin/builder/spi-builder-workspace/.swiftpm/xcode
builtin-SwiftPerFileCompile Setter.swift
SwiftCompile normal arm64_32 /Users/admin/builder/spi-builder-workspace/.dependencies/checkouts/SQLite.swift/Sources/SQLite/Typed/WindowFunctions.swift (in target 'SQLite' from project 'SQLite.swift')
cd /Users/admin/builder/spi-builder-workspace/.swiftpm/xcode
builtin-SwiftPerFileCompile WindowFunctions.swift
SwiftCompile normal arm64_32 Compiling\ resource_bundle_accessor.swift,\ Backup.swift,\ Blob.swift,\ Connection+Aggregation.swift /Users/admin/builder/spi-builder-workspace/.derivedData/Build/Intermediates.noindex/SQLite.swift.build/Debug-watchos/SQLite-t.build/DerivedSources/resource_bundle_accessor.swift /Users/admin/builder/spi-builder-workspace/.dependencies/checkouts/SQLite.swift/Sources/SQLite/Core/Backup.swift /Users/admin/builder/spi-builder-workspace/.dependencies/checkouts/SQLite.swift/Sources/SQLite/Core/Blob.swift /Users/admin/builder/spi-builder-workspace/.dependencies/checkouts/SQLite.swift/Sources/SQLite/Core/Connection+Aggregation.swift (in target 'SQLite' from project 'SQLite.swift')
SwiftCompile normal arm64_32 /Users/admin/builder/spi-builder-workspace/.derivedData/Build/Intermediates.noindex/SQLite.swift.build/Debug-watchos/SQLite-t.build/DerivedSources/resource_bundle_accessor.swift (in target 'SQLite' from project 'SQLite.swift')
cd /Users/admin/builder/spi-builder-workspace/.swiftpm/xcode
builtin-SwiftPerFileCompile resource_bundle_accessor.swift
SwiftCompile normal arm64_32 /Users/admin/builder/spi-builder-workspace/.dependencies/checkouts/SQLite.swift/Sources/SQLite/Core/Backup.swift (in target 'SQLite' from project 'SQLite.swift')
cd /Users/admin/builder/spi-builder-workspace/.swiftpm/xcode
builtin-SwiftPerFileCompile Backup.swift
SwiftCompile normal arm64_32 /Users/admin/builder/spi-builder-workspace/.dependencies/checkouts/SQLite.swift/Sources/SQLite/Core/Blob.swift (in target 'SQLite' from project 'SQLite.swift')
cd /Users/admin/builder/spi-builder-workspace/.swiftpm/xcode
builtin-SwiftPerFileCompile Blob.swift
SwiftCompile normal arm64_32 /Users/admin/builder/spi-builder-workspace/.dependencies/checkouts/SQLite.swift/Sources/SQLite/Core/Connection+Aggregation.swift (in target 'SQLite' from project 'SQLite.swift')
cd /Users/admin/builder/spi-builder-workspace/.swiftpm/xcode
builtin-SwiftPerFileCompile Connection+Aggregation.swift
SwiftCompile normal arm64 Compiling\ Result.swift,\ SQLiteFeature.swift,\ SQLiteVersion.swift,\ Statement.swift /Users/admin/builder/spi-builder-workspace/.dependencies/checkouts/SQLite.swift/Sources/SQLite/Core/Result.swift /Users/admin/builder/spi-builder-workspace/.dependencies/checkouts/SQLite.swift/Sources/SQLite/Core/SQLiteFeature.swift /Users/admin/builder/spi-builder-workspace/.dependencies/checkouts/SQLite.swift/Sources/SQLite/Core/SQLiteVersion.swift /Users/admin/builder/spi-builder-workspace/.dependencies/checkouts/SQLite.swift/Sources/SQLite/Core/Statement.swift (in target 'SQLite' from project 'SQLite.swift')
SwiftCompile normal arm64 /Users/admin/builder/spi-builder-workspace/.dependencies/checkouts/SQLite.swift/Sources/SQLite/Core/Result.swift (in target 'SQLite' from project 'SQLite.swift')
cd /Users/admin/builder/spi-builder-workspace/.swiftpm/xcode
builtin-SwiftPerFileCompile Result.swift
SwiftCompile normal arm64 /Users/admin/builder/spi-builder-workspace/.dependencies/checkouts/SQLite.swift/Sources/SQLite/Core/SQLiteFeature.swift (in target 'SQLite' from project 'SQLite.swift')
cd /Users/admin/builder/spi-builder-workspace/.swiftpm/xcode
builtin-SwiftPerFileCompile SQLiteFeature.swift
SwiftCompile normal arm64 /Users/admin/builder/spi-builder-workspace/.dependencies/checkouts/SQLite.swift/Sources/SQLite/Core/SQLiteVersion.swift (in target 'SQLite' from project 'SQLite.swift')
cd /Users/admin/builder/spi-builder-workspace/.swiftpm/xcode
builtin-SwiftPerFileCompile SQLiteVersion.swift
SwiftCompile normal arm64 /Users/admin/builder/spi-builder-workspace/.dependencies/checkouts/SQLite.swift/Sources/SQLite/Core/Statement.swift (in target 'SQLite' from project 'SQLite.swift')
cd /Users/admin/builder/spi-builder-workspace/.swiftpm/xcode
builtin-SwiftPerFileCompile Statement.swift
SwiftDriverJobDiscovery normal arm64 Compiling FTS5.swift, RTree.swift, Foundation.swift, Helpers.swift (in target 'SQLite' from project 'SQLite.swift')
SwiftDriverJobDiscovery normal arm64 Compiling resource_bundle_accessor.swift, Backup.swift, Blob.swift, Connection+Aggregation.swift (in target 'SQLite' from project 'SQLite.swift')
SwiftDriverJobDiscovery normal arm64 Compiling AggregateFunctions.swift, Coding.swift, Collation.swift, CoreFunctions.swift (in target 'SQLite' from project 'SQLite.swift')
SwiftDriverJobDiscovery normal arm64 Compiling Operators.swift, Query+with.swift, Query.swift (in target 'SQLite' from project 'SQLite.swift')
SwiftDriverJobDiscovery normal arm64 Compiling Connection+Schema.swift, SchemaChanger.swift, SchemaDefinitions.swift, SchemaReader.swift (in target 'SQLite' from project 'SQLite.swift')
SwiftDriverJobDiscovery normal arm64_32 Compiling URIQueryParameter.swift, Value.swift, Cipher.swift, FTS4.swift (in target 'SQLite' from project 'SQLite.swift')
SwiftCompile normal arm64_32 Compiling\ Operators.swift,\ Query+with.swift,\ Query.swift /Users/admin/builder/spi-builder-workspace/.dependencies/checkouts/SQLite.swift/Sources/SQLite/Typed/Operators.swift /Users/admin/builder/spi-builder-workspace/.dependencies/checkouts/SQLite.swift/Sources/SQLite/Typed/Query+with.swift /Users/admin/builder/spi-builder-workspace/.dependencies/checkouts/SQLite.swift/Sources/SQLite/Typed/Query.swift (in target 'SQLite' from project 'SQLite.swift')
SwiftCompile normal arm64_32 /Users/admin/builder/spi-builder-workspace/.dependencies/checkouts/SQLite.swift/Sources/SQLite/Typed/Operators.swift (in target 'SQLite' from project 'SQLite.swift')
cd /Users/admin/builder/spi-builder-workspace/.swiftpm/xcode
builtin-SwiftPerFileCompile Operators.swift
SwiftCompile normal arm64_32 /Users/admin/builder/spi-builder-workspace/.dependencies/checkouts/SQLite.swift/Sources/SQLite/Typed/Query+with.swift (in target 'SQLite' from project 'SQLite.swift')
cd /Users/admin/builder/spi-builder-workspace/.swiftpm/xcode
builtin-SwiftPerFileCompile Query+with.swift
SwiftCompile normal arm64_32 /Users/admin/builder/spi-builder-workspace/.dependencies/checkouts/SQLite.swift/Sources/SQLite/Typed/Query.swift (in target 'SQLite' from project 'SQLite.swift')
cd /Users/admin/builder/spi-builder-workspace/.swiftpm/xcode
builtin-SwiftPerFileCompile Query.swift
SwiftCompile normal arm64 Compiling\ Connection+Attach.swift,\ Connection+Pragmas.swift,\ Connection.swift,\ Errors.swift /Users/admin/builder/spi-builder-workspace/.dependencies/checkouts/SQLite.swift/Sources/SQLite/Core/Connection+Attach.swift /Users/admin/builder/spi-builder-workspace/.dependencies/checkouts/SQLite.swift/Sources/SQLite/Core/Connection+Pragmas.swift /Users/admin/builder/spi-builder-workspace/.dependencies/checkouts/SQLite.swift/Sources/SQLite/Core/Connection.swift /Users/admin/builder/spi-builder-workspace/.dependencies/checkouts/SQLite.swift/Sources/SQLite/Core/Errors.swift (in target 'SQLite' from project 'SQLite.swift')
SwiftCompile normal arm64 /Users/admin/builder/spi-builder-workspace/.dependencies/checkouts/SQLite.swift/Sources/SQLite/Core/Connection+Attach.swift (in target 'SQLite' from project 'SQLite.swift')
cd /Users/admin/builder/spi-builder-workspace/.swiftpm/xcode
builtin-SwiftPerFileCompile Connection+Attach.swift
SwiftCompile normal arm64 /Users/admin/builder/spi-builder-workspace/.dependencies/checkouts/SQLite.swift/Sources/SQLite/Core/Connection+Pragmas.swift (in target 'SQLite' from project 'SQLite.swift')
cd /Users/admin/builder/spi-builder-workspace/.swiftpm/xcode
builtin-SwiftPerFileCompile Connection+Pragmas.swift
SwiftCompile normal arm64 /Users/admin/builder/spi-builder-workspace/.dependencies/checkouts/SQLite.swift/Sources/SQLite/Core/Connection.swift (in target 'SQLite' from project 'SQLite.swift')
cd /Users/admin/builder/spi-builder-workspace/.swiftpm/xcode
builtin-SwiftPerFileCompile Connection.swift
SwiftCompile normal arm64 /Users/admin/builder/spi-builder-workspace/.dependencies/checkouts/SQLite.swift/Sources/SQLite/Core/Errors.swift (in target 'SQLite' from project 'SQLite.swift')
cd /Users/admin/builder/spi-builder-workspace/.swiftpm/xcode
builtin-SwiftPerFileCompile Errors.swift
SwiftDriverJobDiscovery normal arm64_32 Compiling FTS5.swift, RTree.swift, Foundation.swift, Helpers.swift (in target 'SQLite' from project 'SQLite.swift')
SwiftDriverJobDiscovery normal arm64_32 Compiling resource_bundle_accessor.swift, Backup.swift, Blob.swift, Connection+Aggregation.swift (in target 'SQLite' from project 'SQLite.swift')
SwiftCompile normal arm64_32 Compiling\ Mutation.swift /Users/admin/builder/spi-builder-workspace/Sources/ParchmentCore/Mutation.swift (in target 'ParchmentCore' from project 'Parchment')
SwiftCompile normal arm64_32 /Users/admin/builder/spi-builder-workspace/Sources/ParchmentCore/Mutation.swift (in target 'ParchmentCore' from project 'Parchment')
cd /Users/admin/builder/spi-builder-workspace/.swiftpm/xcode
builtin-SwiftPerFileCompile Mutation.swift
SwiftDriverJobDiscovery normal arm64_32 Compiling CustomFunctions.swift, DateAndTimeFunctions.swift, Expression.swift (in target 'SQLite' from project 'SQLite.swift')
SwiftCompile normal arm64 Compiling\ BufferFlowController.swift /Users/admin/builder/spi-builder-workspace/Sources/ParchmentCore/BufferFlowController.swift (in target 'ParchmentCore' from project 'Parchment')
SwiftCompile normal arm64 /Users/admin/builder/spi-builder-workspace/Sources/ParchmentCore/BufferFlowController.swift (in target 'ParchmentCore' from project 'Parchment')
cd /Users/admin/builder/spi-builder-workspace/.swiftpm/xcode
builtin-SwiftPerFileCompile BufferFlowController.swift
SwiftCompile normal arm64_32 Compiling\ LogBuffer.swift /Users/admin/builder/spi-builder-workspace/Sources/ParchmentCore/LogBuffer.swift (in target 'ParchmentCore' from project 'Parchment')
SwiftCompile normal arm64_32 /Users/admin/builder/spi-builder-workspace/Sources/ParchmentCore/LogBuffer.swift (in target 'ParchmentCore' from project 'Parchment')
cd /Users/admin/builder/spi-builder-workspace/.swiftpm/xcode
builtin-SwiftPerFileCompile LogBuffer.swift
SwiftDriverJobDiscovery normal arm64 Compiling BufferFlowController.swift (in target 'ParchmentCore' from project 'Parchment')
SwiftCompile normal arm64 Compiling\ LoggerComponent.swift /Users/admin/builder/spi-builder-workspace/Sources/ParchmentCore/LoggerComponent.swift (in target 'ParchmentCore' from project 'Parchment')
SwiftCompile normal arm64 /Users/admin/builder/spi-builder-workspace/Sources/ParchmentCore/LoggerComponent.swift (in target 'ParchmentCore' from project 'Parchment')
cd /Users/admin/builder/spi-builder-workspace/.swiftpm/xcode
builtin-SwiftPerFileCompile LoggerComponent.swift
SwiftDriverJobDiscovery normal arm64_32 Compiling Mutation.swift (in target 'ParchmentCore' from project 'Parchment')
SwiftCompile normal arm64_32 Compiling\ Loggable.swift /Users/admin/builder/spi-builder-workspace/Sources/ParchmentCore/Loggable.swift (in target 'ParchmentCore' from project 'Parchment')
SwiftCompile normal arm64_32 /Users/admin/builder/spi-builder-workspace/Sources/ParchmentCore/Loggable.swift (in target 'ParchmentCore' from project 'Parchment')
cd /Users/admin/builder/spi-builder-workspace/.swiftpm/xcode
builtin-SwiftPerFileCompile Loggable.swift
SwiftDriverJobDiscovery normal arm64 Compiling Result.swift, SQLiteFeature.swift, SQLiteVersion.swift, Statement.swift (in target 'SQLite' from project 'SQLite.swift')
SwiftCompile normal arm64 Compiling\ LogBuffer.swift /Users/admin/builder/spi-builder-workspace/Sources/ParchmentCore/LogBuffer.swift (in target 'ParchmentCore' from project 'Parchment')
SwiftCompile normal arm64 /Users/admin/builder/spi-builder-workspace/Sources/ParchmentCore/LogBuffer.swift (in target 'ParchmentCore' from project 'Parchment')
cd /Users/admin/builder/spi-builder-workspace/.swiftpm/xcode
builtin-SwiftPerFileCompile LogBuffer.swift
SwiftDriverJobDiscovery normal arm64_32 Compiling Result.swift, SQLiteFeature.swift, SQLiteVersion.swift, Statement.swift (in target 'SQLite' from project 'SQLite.swift')
SwiftCompile normal arm64 Compiling\ Payload.swift /Users/admin/builder/spi-builder-workspace/Sources/ParchmentCore/Payload.swift (in target 'ParchmentCore' from project 'Parchment')
/Users/admin/builder/spi-builder-workspace/Sources/ParchmentCore/Payload.swift:190:26: warning: type 'Any' does not conform to the 'Sendable' protocol; this is an error in the Swift 6 language mode
188 |
189 | let parametersContainer = try container.nestedContainer(keyedBy: DynamicCodingKeys.self, forKey: .parameters)
190 | parameters = try decodeFromContainer(container: parametersContainer)
| `- warning: type 'Any' does not conform to the 'Sendable' protocol; this is an error in the Swift 6 language mode
191 | }
192 |
SwiftCompile normal arm64 /Users/admin/builder/spi-builder-workspace/Sources/ParchmentCore/Payload.swift (in target 'ParchmentCore' from project 'Parchment')
cd /Users/admin/builder/spi-builder-workspace/.swiftpm/xcode
builtin-SwiftPerFileCompile Payload.swift
SwiftDriverJobDiscovery normal arm64_32 Compiling LogBuffer.swift (in target 'ParchmentCore' from project 'Parchment')
SwiftCompile normal arm64 Compiling\ Loggable.swift /Users/admin/builder/spi-builder-workspace/Sources/ParchmentCore/Loggable.swift (in target 'ParchmentCore' from project 'Parchment')
SwiftCompile normal arm64 /Users/admin/builder/spi-builder-workspace/Sources/ParchmentCore/Loggable.swift (in target 'ParchmentCore' from project 'Parchment')
cd /Users/admin/builder/spi-builder-workspace/.swiftpm/xcode
builtin-SwiftPerFileCompile Loggable.swift
SwiftDriverJobDiscovery normal arm64_32 Compiling Loggable.swift (in target 'ParchmentCore' from project 'Parchment')
SwiftDriverJobDiscovery normal arm64 Compiling LogBuffer.swift (in target 'ParchmentCore' from project 'Parchment')
SwiftCompile normal arm64_32 Compiling\ AnyLoggable.swift /Users/admin/builder/spi-builder-workspace/Sources/ParchmentCore/AnyLoggable.swift (in target 'ParchmentCore' from project 'Parchment')
/Users/admin/builder/spi-builder-workspace/Sources/ParchmentCore/AnyLoggable.swift:12:16: warning: static property 'shared' is not concurrency-safe because it is nonisolated global shared mutable state; this is an error in the Swift 6 language mode [#MutableGlobalVariable]
10 | @globalActor
11 | final actor AnyLoggableActor {
12 | static var shared: AnyLoggableActor = .init()
| |- warning: static property 'shared' is not concurrency-safe because it is nonisolated global shared mutable state; this is an error in the Swift 6 language mode [#MutableGlobalVariable]
| |- note: convert 'shared' to a 'let' constant to make 'Sendable' shared state immutable
| |- note: add '@MainActor' to make static property 'shared' part of global actor 'MainActor'
| `- note: disable concurrency-safety checks if accesses are protected by an external synchronization mechanism
13 | }
14 |
[#MutableGlobalVariable]: <https://docs.swift.org/compiler/documentation/diagnostics/mutable-global-variable>
SwiftCompile normal arm64_32 /Users/admin/builder/spi-builder-workspace/Sources/ParchmentCore/AnyLoggable.swift (in target 'ParchmentCore' from project 'Parchment')
cd /Users/admin/builder/spi-builder-workspace/.swiftpm/xcode
builtin-SwiftPerFileCompile AnyLoggable.swift
SwiftDriverJobDiscovery normal arm64_32 Compiling Connection+Attach.swift, Connection+Pragmas.swift, Connection.swift, Errors.swift (in target 'SQLite' from project 'SQLite.swift')
SwiftCompile normal arm64_32 Compiling\ Payload.swift /Users/admin/builder/spi-builder-workspace/Sources/ParchmentCore/Payload.swift (in target 'ParchmentCore' from project 'Parchment')
/Users/admin/builder/spi-builder-workspace/Sources/ParchmentCore/Payload.swift:190:26: warning: type 'Any' does not conform to the 'Sendable' protocol; this is an error in the Swift 6 language mode
188 |
189 | let parametersContainer = try container.nestedContainer(keyedBy: DynamicCodingKeys.self, forKey: .parameters)
190 | parameters = try decodeFromContainer(container: parametersContainer)
| `- warning: type 'Any' does not conform to the 'Sendable' protocol; this is an error in the Swift 6 language mode
191 | }
192 |
SwiftCompile normal arm64_32 /Users/admin/builder/spi-builder-workspace/Sources/ParchmentCore/Payload.swift (in target 'ParchmentCore' from project 'Parchment')
cd /Users/admin/builder/spi-builder-workspace/.swiftpm/xcode
builtin-SwiftPerFileCompile Payload.swift
SwiftCompile normal arm64_32 Compiling\ LoggerComponent.swift /Users/admin/builder/spi-builder-workspace/Sources/ParchmentCore/LoggerComponent.swift (in target 'ParchmentCore' from project 'Parchment')
SwiftCompile normal arm64_32 /Users/admin/builder/spi-builder-workspace/Sources/ParchmentCore/LoggerComponent.swift (in target 'ParchmentCore' from project 'Parchment')
cd /Users/admin/builder/spi-builder-workspace/.swiftpm/xcode
builtin-SwiftPerFileCompile LoggerComponent.swift
SwiftDriverJobDiscovery normal arm64 Compiling LoggerComponent.swift (in target 'ParchmentCore' from project 'Parchment')
SwiftDriverJobDiscovery normal arm64 Compiling Loggable.swift (in target 'ParchmentCore' from project 'Parchment')
SwiftCompile normal arm64_32 Compiling\ osLogger.swift /Users/admin/builder/spi-builder-workspace/Sources/ParchmentCore/osLogger.swift (in target 'ParchmentCore' from project 'Parchment')
SwiftCompile normal arm64_32 /Users/admin/builder/spi-builder-workspace/Sources/ParchmentCore/osLogger.swift (in target 'ParchmentCore' from project 'Parchment')
cd /Users/admin/builder/spi-builder-workspace/.swiftpm/xcode
builtin-SwiftPerFileCompile osLogger.swift
SwiftDriverJobDiscovery normal arm64_32 Compiling AggregateFunctions.swift, Coding.swift, Collation.swift, CoreFunctions.swift (in target 'SQLite' from project 'SQLite.swift')
SwiftCompile normal arm64 Compiling\ LoggerBundler.swift /Users/admin/builder/spi-builder-workspace/Sources/ParchmentCore/LoggerBundler.swift (in target 'ParchmentCore' from project 'Parchment')
SwiftCompile normal arm64 /Users/admin/builder/spi-builder-workspace/Sources/ParchmentCore/LoggerBundler.swift (in target 'ParchmentCore' from project 'Parchment')
cd /Users/admin/builder/spi-builder-workspace/.swiftpm/xcode
builtin-SwiftPerFileCompile LoggerBundler.swift
SwiftCompile normal arm64 Compiling\ osLogger.swift /Users/admin/builder/spi-builder-workspace/Sources/ParchmentCore/osLogger.swift (in target 'ParchmentCore' from project 'Parchment')
SwiftCompile normal arm64 /Users/admin/builder/spi-builder-workspace/Sources/ParchmentCore/osLogger.swift (in target 'ParchmentCore' from project 'Parchment')
cd /Users/admin/builder/spi-builder-workspace/.swiftpm/xcode
builtin-SwiftPerFileCompile osLogger.swift
SwiftDriverJobDiscovery normal arm64 Compiling Connection+Attach.swift, Connection+Pragmas.swift, Connection.swift, Errors.swift (in target 'SQLite' from project 'SQLite.swift')
SwiftDriver\ Compilation SQLite normal arm64 com.apple.xcode.tools.swift.compiler (in target 'SQLite' from project 'SQLite.swift')
cd /Users/admin/builder/spi-builder-workspace/.swiftpm/xcode
builtin-Swift-Compilation -- /Applications/Xcode-27.0.0-Release.Candidate.app/Contents/Developer/Toolchains/XcodeDefault.xctoolchain/usr/bin/swiftc -parse-as-library -module-name SQLite -Onone @/Users/admin/builder/spi-builder-workspace/.derivedData/Build/Intermediates.noindex/SQLite.swift.build/Debug-watchos/SQLite-t.build/Objects-normal/arm64/SQLite.SwiftFileList -DSWIFT_PACKAGE -DDEBUG -DSWIFT_MODULE_RESOURCE_BUNDLE_AVAILABLE -DSystemSQLite -DXcode -plugin-path /Applications/Xcode-27.0.0-Release.Candidate.app/Contents/Developer/Toolchains/XcodeDefault.xctoolchain/usr/lib/swift/host/plugins/testing -enable-experimental-feature DebugDescriptionMacro -sdk /Applications/Xcode-27.0.0-Release.Candidate.app/Contents/Developer/Platforms/WatchOS.platform/Developer/SDKs/WatchOS27.0.sdk -target arm64-apple-watchos9.0 -g -module-cache-path /Users/admin/builder/spi-builder-workspace/.derivedData/ModuleCache.noindex -Xfrontend -serialize-debugging-options -profile-coverage-mapping -profile-generate -enable-testing -suppress-warnings -index-store-path /Users/admin/builder/spi-builder-workspace/.derivedData/Index.noindex/DataStore -Xcc -D_LIBCPP_HARDENING_MODE\=_LIBCPP_HARDENING_MODE_DEBUG -swift-version 5 -I /Users/admin/builder/spi-builder-workspace/.derivedData/Build/Products/Debug-watchos -Isystem /Applications/Xcode-27.0.0-Release.Candidate.app/Contents/Developer/Platforms/WatchOS.platform/Developer/usr/lib -F /Users/admin/builder/spi-builder-workspace/.derivedData/Build/Products/Debug-watchos -F /Applications/Xcode-27.0.0-Release.Candidate.app/Contents/Developer/Platforms/WatchOS.platform/Developer/Library/Frameworks -F /Applications/Xcode-27.0.0-Release.Candidate.app/Contents/Developer/Platforms/WatchOS.platform/Developer/SDKs/WatchOS27.0.sdk/Developer/Library/Frameworks -c -j10 -enable-batch-mode -incremental -Xcc -ivfsstatcache -Xcc /Users/admin/builder/spi-builder-workspace/.derivedData/SDKStatCaches.noindex/watchos27.0-24R360-e829b21a6f8c9b70876ba0858053c04477534ef55a1706bf4c1112bbb242f0a2.sdkstatcache -output-file-map /Users/admin/builder/spi-builder-workspace/.derivedData/Build/Intermediates.noindex/SQLite.swift.build/Debug-watchos/SQLite-t.build/Objects-normal/arm64/SQLite-OutputFileMap.json -save-temps -no-color-diagnostics -explicit-module-build -module-cache-path /Users/admin/builder/spi-builder-workspace/.derivedData/Build/Intermediates.noindex/SwiftExplicitPrecompiledModules -clang-scanner-module-cache-path /Users/admin/builder/spi-builder-workspace/.derivedData/ModuleCache.noindex -sdk-module-cache-path /Users/admin/builder/spi-builder-workspace/.derivedData/SDKExplicitPrecompiledModules -emit-dependencies -emit-module -emit-module-path /Users/admin/builder/spi-builder-workspace/.derivedData/Build/Intermediates.noindex/SQLite.swift.build/Debug-watchos/SQLite-t.build/Objects-normal/arm64/SQLite.swiftmodule -serialize-diagnostics -dependency-scan-serialize-diagnostics-path /Users/admin/builder/spi-builder-workspace/.derivedData/Build/Intermediates.noindex/SQLite.swift.build/Debug-watchos/SQLite-t.build/Objects-normal/arm64/SQLite-dependency-scan.dia -user-module-version 0.16.0 -validate-clang-modules-once -clang-build-session-file /Users/admin/builder/spi-builder-workspace/.derivedData/ModuleCache.noindex/Session.modulevalidation -Xcc -fmodules-prune-interval\=86400 -Xcc -fmodules-prune-after\=345600 -package-name sqlite_swift -emit-const-values -const-gather-protocols-list /Users/admin/builder/spi-builder-workspace/.derivedData/Build/Intermediates.noindex/SQLite.swift.build/Debug-watchos/SQLite-t.build/Objects-normal/arm64/SQLite_const_extract_protocols.json -Xcc -I/Users/admin/builder/spi-builder-workspace/.derivedData/Build/Products/Debug-watchos/include -Xcc -I/Users/admin/builder/spi-builder-workspace/.derivedData/Build/Intermediates.noindex/SQLite.swift.build/Debug-watchos/SQLite-t.build/DerivedSources-normal/arm64 -Xcc -I/Users/admin/builder/spi-builder-workspace/.derivedData/Build/Intermediates.noindex/SQLite.swift.build/Debug-watchos/SQLite-t.build/DerivedSources/arm64 -Xcc -I/Users/admin/builder/spi-builder-workspace/.derivedData/Build/Intermediates.noindex/SQLite.swift.build/Debug-watchos/SQLite-t.build/DerivedSources -Xcc -DSWIFT_PACKAGE -Xcc -DDEBUG\=1 -emit-objc-header -emit-objc-header-path /Users/admin/builder/spi-builder-workspace/.derivedData/Build/Intermediates.noindex/SQLite.swift.build/Debug-watchos/SQLite-t.build/Objects-normal/arm64/SQLite-Swift.h -working-directory /Users/admin/builder/spi-builder-workspace/.swiftpm/xcode -experimental-emit-module-separately -disable-cmo
SwiftDriverJobDiscovery normal arm64_32 Compiling LoggerComponent.swift (in target 'ParchmentCore' from project 'Parchment')
SwiftCompile normal arm64 Compiling\ Mutation.swift /Users/admin/builder/spi-builder-workspace/Sources/ParchmentCore/Mutation.swift (in target 'ParchmentCore' from project 'Parchment')
SwiftCompile normal arm64 /Users/admin/builder/spi-builder-workspace/Sources/ParchmentCore/Mutation.swift (in target 'ParchmentCore' from project 'Parchment')
cd /Users/admin/builder/spi-builder-workspace/.swiftpm/xcode
builtin-SwiftPerFileCompile Mutation.swift
SwiftCompile normal arm64_32 Compiling\ LoggableDictonary.swift /Users/admin/builder/spi-builder-workspace/Sources/ParchmentCore/LoggableDictonary.swift (in target 'ParchmentCore' from project 'Parchment')
/Users/admin/builder/spi-builder-workspace/Sources/ParchmentCore/LoggableDictonary.swift:14:1: warning: extension declares a conformance of imported type 'PartialKeyPath' to imported protocol 'Sendable'; this will not behave correctly if the owners of 'Swift' introduce this conformance in the future
12 | public typealias LoggableDictonary = [PartialKeyPath<Loggable>: Sendable]
13 |
14 | extension PartialKeyPath<Loggable>: @unchecked Sendable {}
| |- warning: extension declares a conformance of imported type 'PartialKeyPath' to imported protocol 'Sendable'; this will not behave correctly if the owners of 'Swift' introduce this conformance in the future
| `- note: add '@retroactive' to silence this warning
15 |
16 | extension LoggableDictonary: Loggable {
SwiftCompile normal arm64_32 /Users/admin/builder/spi-builder-workspace/Sources/ParchmentCore/LoggableDictonary.swift (in target 'ParchmentCore' from project 'Parchment')
cd /Users/admin/builder/spi-builder-workspace/.swiftpm/xcode
builtin-SwiftPerFileCompile LoggableDictonary.swift
SwiftDriverJobDiscovery normal arm64_32 Compiling Schema.swift, Setter.swift, WindowFunctions.swift (in target 'SQLite' from project 'SQLite.swift')
SwiftCompile normal arm64_32 Compiling\ BufferFlowController.swift /Users/admin/builder/spi-builder-workspace/Sources/ParchmentCore/BufferFlowController.swift (in target 'ParchmentCore' from project 'Parchment')
SwiftCompile normal arm64_32 /Users/admin/builder/spi-builder-workspace/Sources/ParchmentCore/BufferFlowController.swift (in target 'ParchmentCore' from project 'Parchment')
cd /Users/admin/builder/spi-builder-workspace/.swiftpm/xcode
builtin-SwiftPerFileCompile BufferFlowController.swift
SwiftDriverJobDiscovery normal arm64_32 Compiling AnyLoggable.swift (in target 'ParchmentCore' from project 'Parchment')
SwiftCompile normal arm64 Compiling\ AnyLoggable.swift /Users/admin/builder/spi-builder-workspace/Sources/ParchmentCore/AnyLoggable.swift (in target 'ParchmentCore' from project 'Parchment')
/Users/admin/builder/spi-builder-workspace/Sources/ParchmentCore/AnyLoggable.swift:12:16: warning: static property 'shared' is not concurrency-safe because it is nonisolated global shared mutable state; this is an error in the Swift 6 language mode [#MutableGlobalVariable]
10 | @globalActor
11 | final actor AnyLoggableActor {
12 | static var shared: AnyLoggableActor = .init()
| |- warning: static property 'shared' is not concurrency-safe because it is nonisolated global shared mutable state; this is an error in the Swift 6 language mode [#MutableGlobalVariable]
| |- note: convert 'shared' to a 'let' constant to make 'Sendable' shared state immutable
| |- note: add '@MainActor' to make static property 'shared' part of global actor 'MainActor'
| `- note: disable concurrency-safety checks if accesses are protected by an external synchronization mechanism
13 | }
14 |
[#MutableGlobalVariable]: <https://docs.swift.org/compiler/documentation/diagnostics/mutable-global-variable>
SwiftCompile normal arm64 /Users/admin/builder/spi-builder-workspace/Sources/ParchmentCore/AnyLoggable.swift (in target 'ParchmentCore' from project 'Parchment')
cd /Users/admin/builder/spi-builder-workspace/.swiftpm/xcode
builtin-SwiftPerFileCompile AnyLoggable.swift
SwiftDriverJobDiscovery normal arm64 Compiling Payload.swift (in target 'ParchmentCore' from project 'Parchment')
SwiftCompile normal arm64_32 Compiling\ LoggerBundler.swift /Users/admin/builder/spi-builder-workspace/Sources/ParchmentCore/LoggerBundler.swift (in target 'ParchmentCore' from project 'Parchment')
SwiftCompile normal arm64_32 /Users/admin/builder/spi-builder-workspace/Sources/ParchmentCore/LoggerBundler.swift (in target 'ParchmentCore' from project 'Parchment')
cd /Users/admin/builder/spi-builder-workspace/.swiftpm/xcode
builtin-SwiftPerFileCompile LoggerBundler.swift
SwiftDriverJobDiscovery normal arm64 Compiling Mutation.swift (in target 'ParchmentCore' from project 'Parchment')
SwiftCompile normal arm64 Compiling\ LoggableDictonary.swift /Users/admin/builder/spi-builder-workspace/Sources/ParchmentCore/LoggableDictonary.swift (in target 'ParchmentCore' from project 'Parchment')
/Users/admin/builder/spi-builder-workspace/Sources/ParchmentCore/LoggableDictonary.swift:14:1: warning: extension declares a conformance of imported type 'PartialKeyPath' to imported protocol 'Sendable'; this will not behave correctly if the owners of 'Swift' introduce this conformance in the future
12 | public typealias LoggableDictonary = [PartialKeyPath<Loggable>: Sendable]
13 |
14 | extension PartialKeyPath<Loggable>: @unchecked Sendable {}
| |- warning: extension declares a conformance of imported type 'PartialKeyPath' to imported protocol 'Sendable'; this will not behave correctly if the owners of 'Swift' introduce this conformance in the future
| `- note: add '@retroactive' to silence this warning
15 |
16 | extension LoggableDictonary: Loggable {
SwiftCompile normal arm64 /Users/admin/builder/spi-builder-workspace/Sources/ParchmentCore/LoggableDictonary.swift (in target 'ParchmentCore' from project 'Parchment')
cd /Users/admin/builder/spi-builder-workspace/.swiftpm/xcode
builtin-SwiftPerFileCompile LoggableDictonary.swift
SwiftDriverJobDiscovery normal arm64_32 Compiling BufferFlowController.swift (in target 'ParchmentCore' from project 'Parchment')
SwiftDriverJobDiscovery normal arm64_32 Compiling LoggableDictonary.swift (in target 'ParchmentCore' from project 'Parchment')
Ld /Users/admin/builder/spi-builder-workspace/.derivedData/Build/Intermediates.noindex/SQLite.swift.build/Debug-watchos/SQLite-t.build/Objects-normal/arm64/Binary/SQLite.o normal arm64 (in target 'SQLite' from project 'SQLite.swift')
cd /Users/admin/builder/spi-builder-workspace/.dependencies/checkouts/SQLite.swift
/Applications/Xcode-27.0.0-Release.Candidate.app/Contents/Developer/Toolchains/XcodeDefault.xctoolchain/usr/bin/clang -Xlinker -reproducible -target arm64-apple-watchos9.0 -r -isysroot /Applications/Xcode-27.0.0-Release.Candidate.app/Contents/Developer/Platforms/WatchOS.platform/Developer/SDKs/WatchOS27.0.sdk -O0 -w -Xlinker -no_warn_duplicate_libraries -F/Users/admin/builder/spi-builder-workspace/.derivedData/Build/Intermediates.noindex/EagerLinkingTBDs/Debug-watchos -F/Users/admin/builder/spi-builder-workspace/.derivedData/Build/Products/Debug-watchos -iframework /Applications/Xcode-27.0.0-Release.Candidate.app/Contents/Developer/Platforms/WatchOS.platform/Developer/Library/Frameworks -iframework /Applications/Xcode-27.0.0-Release.Candidate.app/Contents/Developer/Platforms/WatchOS.platform/Developer/SDKs/WatchOS27.0.sdk/Developer/Library/Frameworks -filelist /Users/admin/builder/spi-builder-workspace/.derivedData/Build/Intermediates.noindex/SQLite.swift.build/Debug-watchos/SQLite-t.build/Objects-normal/arm64/SQLite.LinkFileList -nostdlib -Xlinker -object_path_lto -Xlinker /Users/admin/builder/spi-builder-workspace/.derivedData/Build/Intermediates.noindex/SQLite.swift.build/Debug-watchos/SQLite-t.build/Objects-normal/arm64/SQLite_lto.o -Xlinker -no_deduplicate -Xlinker -debug_variant -Xlinker -dependency_info -Xlinker /Users/admin/builder/spi-builder-workspace/.derivedData/Build/Intermediates.noindex/SQLite.swift.build/Debug-watchos/SQLite-t.build/Objects-normal/arm64/SQLite_dependency_info.dat -fobjc-link-runtime -L/Applications/Xcode-27.0.0-Release.Candidate.app/Contents/Developer/Toolchains/XcodeDefault.xctoolchain/usr/lib/swift/watchos -L/usr/lib/swift -Xlinker -add_ast_path -Xlinker /Users/admin/builder/spi-builder-workspace/.derivedData/Build/Intermediates.noindex/SQLite.swift.build/Debug-watchos/SQLite-t.build/Objects-normal/arm64/SQLite.swiftmodule -o /Users/admin/builder/spi-builder-workspace/.derivedData/Build/Intermediates.noindex/SQLite.swift.build/Debug-watchos/SQLite-t.build/Objects-normal/arm64/Binary/SQLite.o
SwiftDriverJobDiscovery normal arm64_32 Compiling Payload.swift (in target 'ParchmentCore' from project 'Parchment')
SwiftDriver Parchment normal arm64_32 com.apple.xcode.tools.swift.compiler (in target 'Parchment' from project 'Parchment')
cd /Users/admin/builder/spi-builder-workspace/.swiftpm/xcode
builtin-SwiftDriver -- /Applications/Xcode-27.0.0-Release.Candidate.app/Contents/Developer/Toolchains/XcodeDefault.xctoolchain/usr/bin/swiftc -parse-as-library -module-name Parchment -Onone @/Users/admin/builder/spi-builder-workspace/.derivedData/Build/Intermediates.noindex/Parchment.build/Debug-watchos/Parchment-t.build/Objects-normal/arm64_32/Parchment.SwiftFileList -DSWIFT_PACKAGE -DDEBUG -DSWIFT_MODULE_RESOURCE_BUNDLE_UNAVAILABLE -DXcode -strict-concurrency\=complete -plugin-path /Applications/Xcode-27.0.0-Release.Candidate.app/Contents/Developer/Toolchains/XcodeDefault.xctoolchain/usr/lib/swift/host/plugins/testing -enable-experimental-feature DebugDescriptionMacro -sdk /Applications/Xcode-27.0.0-Release.Candidate.app/Contents/Developer/Platforms/WatchOS.platform/Developer/SDKs/WatchOS27.0.sdk -target arm64_32-apple-watchos9.0 -g -module-cache-path /Users/admin/builder/spi-builder-workspace/.derivedData/ModuleCache.noindex -Xfrontend -serialize-debugging-options -profile-coverage-mapping -profile-generate -enable-testing -index-store-path /Users/admin/builder/spi-builder-workspace/.derivedData/Index.noindex/DataStore -Xcc -D_LIBCPP_HARDENING_MODE\=_LIBCPP_HARDENING_MODE_DEBUG -swift-version 5 -I /Users/admin/builder/spi-builder-workspace/.derivedData/Build/Products/Debug-watchos -Isystem /Applications/Xcode-27.0.0-Release.Candidate.app/Contents/Developer/Platforms/WatchOS.platform/Developer/usr/lib -F /Users/admin/builder/spi-builder-workspace/.derivedData/Build/Products/Debug-watchos/PackageFrameworks -F /Users/admin/builder/spi-builder-workspace/.derivedData/Build/Products/Debug-watchos -F /Applications/Xcode-27.0.0-Release.Candidate.app/Contents/Developer/Platforms/WatchOS.platform/Developer/Library/Frameworks -F /Applications/Xcode-27.0.0-Release.Candidate.app/Contents/Developer/Platforms/WatchOS.platform/Developer/SDKs/WatchOS27.0.sdk/Developer/Library/Frameworks -c -j10 -enable-batch-mode -incremental -Xcc -ivfsstatcache -Xcc /Users/admin/builder/spi-builder-workspace/.derivedData/SDKStatCaches.noindex/watchos27.0-24R360-e829b21a6f8c9b70876ba0858053c04477534ef55a1706bf4c1112bbb242f0a2.sdkstatcache -output-file-map /Users/admin/builder/spi-builder-workspace/.derivedData/Build/Intermediates.noindex/Parchment.build/Debug-watchos/Parchment-t.build/Objects-normal/arm64_32/Parchment-OutputFileMap.json -save-temps -no-color-diagnostics -explicit-module-build -module-cache-path /Users/admin/builder/spi-builder-workspace/.derivedData/Build/Intermediates.noindex/SwiftExplicitPrecompiledModules -clang-scanner-module-cache-path /Users/admin/builder/spi-builder-workspace/.derivedData/ModuleCache.noindex -sdk-module-cache-path /Users/admin/builder/spi-builder-workspace/.derivedData/SDKExplicitPrecompiledModules -emit-dependencies -emit-module -emit-module-path /Users/admin/builder/spi-builder-workspace/.derivedData/Build/Intermediates.noindex/Parchment.build/Debug-watchos/Parchment-t.build/Objects-normal/arm64_32/Parchment.swiftmodule -serialize-diagnostics -dependency-scan-serialize-diagnostics-path /Users/admin/builder/spi-builder-workspace/.derivedData/Build/Intermediates.noindex/Parchment.build/Debug-watchos/Parchment-t.build/Objects-normal/arm64_32/Parchment-dependency-scan.dia -validate-clang-modules-once -clang-build-session-file /Users/admin/builder/spi-builder-workspace/.derivedData/ModuleCache.noindex/Session.modulevalidation -Xcc -fmodules-prune-interval\=86400 -Xcc -fmodules-prune-after\=345600 -emit-const-values -const-gather-protocols-list /Users/admin/builder/spi-builder-workspace/.derivedData/Build/Intermediates.noindex/Parchment.build/Debug-watchos/Parchment-t.build/Objects-normal/arm64_32/Parchment_const_extract_protocols.json -Xcc -I/Users/admin/builder/spi-builder-workspace/.derivedData/Build/Products/Debug-watchos/include -Xcc -I/Users/admin/builder/spi-builder-workspace/.derivedData/Build/Intermediates.noindex/Parchment.build/Debug-watchos/Parchment-t.build/DerivedSources-normal/arm64_32 -Xcc -I/Users/admin/builder/spi-builder-workspace/.derivedData/Build/Intermediates.noindex/Parchment.build/Debug-watchos/Parchment-t.build/DerivedSources/arm64_32 -Xcc -I/Users/admin/builder/spi-builder-workspace/.derivedData/Build/Intermediates.noindex/Parchment.build/Debug-watchos/Parchment-t.build/DerivedSources -Xcc -DSWIFT_PACKAGE -Xcc -DDEBUG\=1 -emit-objc-header -emit-objc-header-path /Users/admin/builder/spi-builder-workspace/.derivedData/Build/Intermediates.noindex/Parchment.build/Debug-watchos/Parchment-t.build/Objects-normal/arm64_32/Parchment-Swift.h -working-directory /Users/admin/builder/spi-builder-workspace/.swiftpm/xcode -experimental-emit-module-separately -disable-cmo
SwiftDriver Parchment normal arm64 com.apple.xcode.tools.swift.compiler (in target 'Parchment' from project 'Parchment')
cd /Users/admin/builder/spi-builder-workspace/.swiftpm/xcode
builtin-SwiftDriver -- /Applications/Xcode-27.0.0-Release.Candidate.app/Contents/Developer/Toolchains/XcodeDefault.xctoolchain/usr/bin/swiftc -parse-as-library -module-name Parchment -Onone @/Users/admin/builder/spi-builder-workspace/.derivedData/Build/Intermediates.noindex/Parchment.build/Debug-watchos/Parchment-t.build/Objects-normal/arm64/Parchment.SwiftFileList -DSWIFT_PACKAGE -DDEBUG -DSWIFT_MODULE_RESOURCE_BUNDLE_UNAVAILABLE -DXcode -strict-concurrency\=complete -plugin-path /Applications/Xcode-27.0.0-Release.Candidate.app/Contents/Developer/Toolchains/XcodeDefault.xctoolchain/usr/lib/swift/host/plugins/testing -enable-experimental-feature DebugDescriptionMacro -sdk /Applications/Xcode-27.0.0-Release.Candidate.app/Contents/Developer/Platforms/WatchOS.platform/Developer/SDKs/WatchOS27.0.sdk -target arm64-apple-watchos9.0 -g -module-cache-path /Users/admin/builder/spi-builder-workspace/.derivedData/ModuleCache.noindex -Xfrontend -serialize-debugging-options -profile-coverage-mapping -profile-generate -enable-testing -index-store-path /Users/admin/builder/spi-builder-workspace/.derivedData/Index.noindex/DataStore -Xcc -D_LIBCPP_HARDENING_MODE\=_LIBCPP_HARDENING_MODE_DEBUG -swift-version 5 -I /Users/admin/builder/spi-builder-workspace/.derivedData/Build/Products/Debug-watchos -Isystem /Applications/Xcode-27.0.0-Release.Candidate.app/Contents/Developer/Platforms/WatchOS.platform/Developer/usr/lib -F /Users/admin/builder/spi-builder-workspace/.derivedData/Build/Products/Debug-watchos/PackageFrameworks -F /Users/admin/builder/spi-builder-workspace/.derivedData/Build/Products/Debug-watchos -F /Applications/Xcode-27.0.0-Release.Candidate.app/Contents/Developer/Platforms/WatchOS.platform/Developer/Library/Frameworks -F /Applications/Xcode-27.0.0-Release.Candidate.app/Contents/Developer/Platforms/WatchOS.platform/Developer/SDKs/WatchOS27.0.sdk/Developer/Library/Frameworks -c -j10 -enable-batch-mode -incremental -Xcc -ivfsstatcache -Xcc /Users/admin/builder/spi-builder-workspace/.derivedData/SDKStatCaches.noindex/watchos27.0-24R360-e829b21a6f8c9b70876ba0858053c04477534ef55a1706bf4c1112bbb242f0a2.sdkstatcache -output-file-map /Users/admin/builder/spi-builder-workspace/.derivedData/Build/Intermediates.noindex/Parchment.build/Debug-watchos/Parchment-t.build/Objects-normal/arm64/Parchment-OutputFileMap.json -save-temps -no-color-diagnostics -explicit-module-build -module-cache-path /Users/admin/builder/spi-builder-workspace/.derivedData/Build/Intermediates.noindex/SwiftExplicitPrecompiledModules -clang-scanner-module-cache-path /Users/admin/builder/spi-builder-workspace/.derivedData/ModuleCache.noindex -sdk-module-cache-path /Users/admin/builder/spi-builder-workspace/.derivedData/SDKExplicitPrecompiledModules -emit-dependencies -emit-module -emit-module-path /Users/admin/builder/spi-builder-workspace/.derivedData/Build/Intermediates.noindex/Parchment.build/Debug-watchos/Parchment-t.build/Objects-normal/arm64/Parchment.swiftmodule -serialize-diagnostics -dependency-scan-serialize-diagnostics-path /Users/admin/builder/spi-builder-workspace/.derivedData/Build/Intermediates.noindex/Parchment.build/Debug-watchos/Parchment-t.build/Objects-normal/arm64/Parchment-dependency-scan.dia -validate-clang-modules-once -clang-build-session-file /Users/admin/builder/spi-builder-workspace/.derivedData/ModuleCache.noindex/Session.modulevalidation -Xcc -fmodules-prune-interval\=86400 -Xcc -fmodules-prune-after\=345600 -emit-const-values -const-gather-protocols-list /Users/admin/builder/spi-builder-workspace/.derivedData/Build/Intermediates.noindex/Parchment.build/Debug-watchos/Parchment-t.build/Objects-normal/arm64/Parchment_const_extract_protocols.json -Xcc -I/Users/admin/builder/spi-builder-workspace/.derivedData/Build/Products/Debug-watchos/include -Xcc -I/Users/admin/builder/spi-builder-workspace/.derivedData/Build/Intermediates.noindex/Parchment.build/Debug-watchos/Parchment-t.build/DerivedSources-normal/arm64 -Xcc -I/Users/admin/builder/spi-builder-workspace/.derivedData/Build/Intermediates.noindex/Parchment.build/Debug-watchos/Parchment-t.build/DerivedSources/arm64 -Xcc -I/Users/admin/builder/spi-builder-workspace/.derivedData/Build/Intermediates.noindex/Parchment.build/Debug-watchos/Parchment-t.build/DerivedSources -Xcc -DSWIFT_PACKAGE -Xcc -DDEBUG\=1 -emit-objc-header -emit-objc-header-path /Users/admin/builder/spi-builder-workspace/.derivedData/Build/Intermediates.noindex/Parchment.build/Debug-watchos/Parchment-t.build/Objects-normal/arm64/Parchment-Swift.h -working-directory /Users/admin/builder/spi-builder-workspace/.swiftpm/xcode -experimental-emit-module-separately -disable-cmo
SwiftDriverJobDiscovery normal arm64_32 Compiling osLogger.swift (in target 'ParchmentCore' from project 'Parchment')
SwiftDriverJobDiscovery normal arm64 Compiling LoggableDictonary.swift (in target 'ParchmentCore' from project 'Parchment')
SwiftDriverJobDiscovery normal arm64 Compiling osLogger.swift (in target 'ParchmentCore' from project 'Parchment')
SwiftDriverJobDiscovery normal arm64_32 Compiling Connection+Schema.swift, SchemaChanger.swift, SchemaDefinitions.swift, SchemaReader.swift (in target 'SQLite' from project 'SQLite.swift')
SwiftDriverJobDiscovery normal arm64 Compiling AnyLoggable.swift (in target 'ParchmentCore' from project 'Parchment')
SwiftDriverJobDiscovery normal arm64 Compiling LoggerBundler.swift (in target 'ParchmentCore' from project 'Parchment')
SwiftDriver\ Compilation ParchmentCore normal arm64 com.apple.xcode.tools.swift.compiler (in target 'ParchmentCore' from project 'Parchment')
cd /Users/admin/builder/spi-builder-workspace/.swiftpm/xcode
builtin-Swift-Compilation -- /Applications/Xcode-27.0.0-Release.Candidate.app/Contents/Developer/Toolchains/XcodeDefault.xctoolchain/usr/bin/swiftc -parse-as-library -module-name ParchmentCore -Onone @/Users/admin/builder/spi-builder-workspace/.derivedData/Build/Intermediates.noindex/Parchment.build/Debug-watchos/ParchmentCore-t.build/Objects-normal/arm64/ParchmentCore.SwiftFileList -DSWIFT_PACKAGE -DDEBUG -DSWIFT_MODULE_RESOURCE_BUNDLE_UNAVAILABLE -DXcode -strict-concurrency\=complete -plugin-path /Applications/Xcode-27.0.0-Release.Candidate.app/Contents/Developer/Toolchains/XcodeDefault.xctoolchain/usr/lib/swift/host/plugins/testing -enable-experimental-feature DebugDescriptionMacro -sdk /Applications/Xcode-27.0.0-Release.Candidate.app/Contents/Developer/Platforms/WatchOS.platform/Developer/SDKs/WatchOS27.0.sdk -target arm64-apple-watchos9.0 -g -module-cache-path /Users/admin/builder/spi-builder-workspace/.derivedData/ModuleCache.noindex -Xfrontend -serialize-debugging-options -profile-coverage-mapping -profile-generate -enable-testing -index-store-path /Users/admin/builder/spi-builder-workspace/.derivedData/Index.noindex/DataStore -Xcc -D_LIBCPP_HARDENING_MODE\=_LIBCPP_HARDENING_MODE_DEBUG -swift-version 5 -I /Users/admin/builder/spi-builder-workspace/.derivedData/Build/Products/Debug-watchos -Isystem /Applications/Xcode-27.0.0-Release.Candidate.app/Contents/Developer/Platforms/WatchOS.platform/Developer/usr/lib -F /Users/admin/builder/spi-builder-workspace/.derivedData/Build/Products/Debug-watchos -F /Applications/Xcode-27.0.0-Release.Candidate.app/Contents/Developer/Platforms/WatchOS.platform/Developer/Library/Frameworks -F /Applications/Xcode-27.0.0-Release.Candidate.app/Contents/Developer/Platforms/WatchOS.platform/Developer/SDKs/WatchOS27.0.sdk/Developer/Library/Frameworks -c -j10 -enable-batch-mode -incremental -Xcc -ivfsstatcache -Xcc /Users/admin/builder/spi-builder-workspace/.derivedData/SDKStatCaches.noindex/watchos27.0-24R360-e829b21a6f8c9b70876ba0858053c04477534ef55a1706bf4c1112bbb242f0a2.sdkstatcache -output-file-map /Users/admin/builder/spi-builder-workspace/.derivedData/Build/Intermediates.noindex/Parchment.build/Debug-watchos/ParchmentCore-t.build/Objects-normal/arm64/ParchmentCore-OutputFileMap.json -save-temps -no-color-diagnostics -explicit-module-build -module-cache-path /Users/admin/builder/spi-builder-workspace/.derivedData/Build/Intermediates.noindex/SwiftExplicitPrecompiledModules -clang-scanner-module-cache-path /Users/admin/builder/spi-builder-workspace/.derivedData/ModuleCache.noindex -sdk-module-cache-path /Users/admin/builder/spi-builder-workspace/.derivedData/SDKExplicitPrecompiledModules -emit-dependencies -emit-module -emit-module-path /Users/admin/builder/spi-builder-workspace/.derivedData/Build/Intermediates.noindex/Parchment.build/Debug-watchos/ParchmentCore-t.build/Objects-normal/arm64/ParchmentCore.swiftmodule -serialize-diagnostics -dependency-scan-serialize-diagnostics-path /Users/admin/builder/spi-builder-workspace/.derivedData/Build/Intermediates.noindex/Parchment.build/Debug-watchos/ParchmentCore-t.build/Objects-normal/arm64/ParchmentCore-dependency-scan.dia -validate-clang-modules-once -clang-build-session-file /Users/admin/builder/spi-builder-workspace/.derivedData/ModuleCache.noindex/Session.modulevalidation -Xcc -fmodules-prune-interval\=86400 -Xcc -fmodules-prune-after\=345600 -emit-const-values -const-gather-protocols-list /Users/admin/builder/spi-builder-workspace/.derivedData/Build/Intermediates.noindex/Parchment.build/Debug-watchos/ParchmentCore-t.build/Objects-normal/arm64/ParchmentCore_const_extract_protocols.json -Xcc -I/Users/admin/builder/spi-builder-workspace/.derivedData/Build/Products/Debug-watchos/include -Xcc -I/Users/admin/builder/spi-builder-workspace/.derivedData/Build/Intermediates.noindex/Parchment.build/Debug-watchos/ParchmentCore-t.build/DerivedSources-normal/arm64 -Xcc -I/Users/admin/builder/spi-builder-workspace/.derivedData/Build/Intermediates.noindex/Parchment.build/Debug-watchos/ParchmentCore-t.build/DerivedSources/arm64 -Xcc -I/Users/admin/builder/spi-builder-workspace/.derivedData/Build/Intermediates.noindex/Parchment.build/Debug-watchos/ParchmentCore-t.build/DerivedSources -Xcc -DSWIFT_PACKAGE -Xcc -DDEBUG\=1 -emit-objc-header -emit-objc-header-path /Users/admin/builder/spi-builder-workspace/.derivedData/Build/Intermediates.noindex/Parchment.build/Debug-watchos/ParchmentCore-t.build/Objects-normal/arm64/ParchmentCore-Swift.h -working-directory /Users/admin/builder/spi-builder-workspace/.swiftpm/xcode -experimental-emit-module-separately -disable-cmo
Ld /Users/admin/builder/spi-builder-workspace/.derivedData/Build/Intermediates.noindex/Parchment.build/Debug-watchos/ParchmentCore-t.build/Objects-normal/arm64/Binary/ParchmentCore.o normal arm64 (in target 'ParchmentCore' from project 'Parchment')
cd /Users/admin/builder/spi-builder-workspace
/Applications/Xcode-27.0.0-Release.Candidate.app/Contents/Developer/Toolchains/XcodeDefault.xctoolchain/usr/bin/clang -Xlinker -reproducible -target arm64-apple-watchos9.0 -r -isysroot /Applications/Xcode-27.0.0-Release.Candidate.app/Contents/Developer/Platforms/WatchOS.platform/Developer/SDKs/WatchOS27.0.sdk -O0 -Xlinker -no_warn_duplicate_libraries -F/Users/admin/builder/spi-builder-workspace/.derivedData/Build/Intermediates.noindex/EagerLinkingTBDs/Debug-watchos -F/Users/admin/builder/spi-builder-workspace/.derivedData/Build/Products/Debug-watchos -iframework /Applications/Xcode-27.0.0-Release.Candidate.app/Contents/Developer/Platforms/WatchOS.platform/Developer/Library/Frameworks -iframework /Applications/Xcode-27.0.0-Release.Candidate.app/Contents/Developer/Platforms/WatchOS.platform/Developer/SDKs/WatchOS27.0.sdk/Developer/Library/Frameworks -filelist /Users/admin/builder/spi-builder-workspace/.derivedData/Build/Intermediates.noindex/Parchment.build/Debug-watchos/ParchmentCore-t.build/Objects-normal/arm64/ParchmentCore.LinkFileList -nostdlib -Xlinker -object_path_lto -Xlinker /Users/admin/builder/spi-builder-workspace/.derivedData/Build/Intermediates.noindex/Parchment.build/Debug-watchos/ParchmentCore-t.build/Objects-normal/arm64/ParchmentCore_lto.o -Xlinker -no_deduplicate -Xlinker -debug_variant -Xlinker -dependency_info -Xlinker /Users/admin/builder/spi-builder-workspace/.derivedData/Build/Intermediates.noindex/Parchment.build/Debug-watchos/ParchmentCore-t.build/Objects-normal/arm64/ParchmentCore_dependency_info.dat -fobjc-link-runtime -L/Applications/Xcode-27.0.0-Release.Candidate.app/Contents/Developer/Toolchains/XcodeDefault.xctoolchain/usr/lib/swift/watchos -L/usr/lib/swift -Xlinker -add_ast_path -Xlinker /Users/admin/builder/spi-builder-workspace/.derivedData/Build/Intermediates.noindex/Parchment.build/Debug-watchos/ParchmentCore-t.build/Objects-normal/arm64/ParchmentCore.swiftmodule -o /Users/admin/builder/spi-builder-workspace/.derivedData/Build/Intermediates.noindex/Parchment.build/Debug-watchos/ParchmentCore-t.build/Objects-normal/arm64/Binary/ParchmentCore.o
SwiftDriverJobDiscovery normal arm64_32 Compiling LoggerBundler.swift (in target 'ParchmentCore' from project 'Parchment')
SwiftDriver\ Compilation ParchmentCore normal arm64_32 com.apple.xcode.tools.swift.compiler (in target 'ParchmentCore' from project 'Parchment')
cd /Users/admin/builder/spi-builder-workspace/.swiftpm/xcode
builtin-Swift-Compilation -- /Applications/Xcode-27.0.0-Release.Candidate.app/Contents/Developer/Toolchains/XcodeDefault.xctoolchain/usr/bin/swiftc -parse-as-library -module-name ParchmentCore -Onone @/Users/admin/builder/spi-builder-workspace/.derivedData/Build/Intermediates.noindex/Parchment.build/Debug-watchos/ParchmentCore-t.build/Objects-normal/arm64_32/ParchmentCore.SwiftFileList -DSWIFT_PACKAGE -DDEBUG -DSWIFT_MODULE_RESOURCE_BUNDLE_UNAVAILABLE -DXcode -strict-concurrency\=complete -plugin-path /Applications/Xcode-27.0.0-Release.Candidate.app/Contents/Developer/Toolchains/XcodeDefault.xctoolchain/usr/lib/swift/host/plugins/testing -enable-experimental-feature DebugDescriptionMacro -sdk /Applications/Xcode-27.0.0-Release.Candidate.app/Contents/Developer/Platforms/WatchOS.platform/Developer/SDKs/WatchOS27.0.sdk -target arm64_32-apple-watchos9.0 -g -module-cache-path /Users/admin/builder/spi-builder-workspace/.derivedData/ModuleCache.noindex -Xfrontend -serialize-debugging-options -profile-coverage-mapping -profile-generate -enable-testing -index-store-path /Users/admin/builder/spi-builder-workspace/.derivedData/Index.noindex/DataStore -Xcc -D_LIBCPP_HARDENING_MODE\=_LIBCPP_HARDENING_MODE_DEBUG -swift-version 5 -I /Users/admin/builder/spi-builder-workspace/.derivedData/Build/Products/Debug-watchos -Isystem /Applications/Xcode-27.0.0-Release.Candidate.app/Contents/Developer/Platforms/WatchOS.platform/Developer/usr/lib -F /Users/admin/builder/spi-builder-workspace/.derivedData/Build/Products/Debug-watchos -F /Applications/Xcode-27.0.0-Release.Candidate.app/Contents/Developer/Platforms/WatchOS.platform/Developer/Library/Frameworks -F /Applications/Xcode-27.0.0-Release.Candidate.app/Contents/Developer/Platforms/WatchOS.platform/Developer/SDKs/WatchOS27.0.sdk/Developer/Library/Frameworks -c -j10 -enable-batch-mode -incremental -Xcc -ivfsstatcache -Xcc /Users/admin/builder/spi-builder-workspace/.derivedData/SDKStatCaches.noindex/watchos27.0-24R360-e829b21a6f8c9b70876ba0858053c04477534ef55a1706bf4c1112bbb242f0a2.sdkstatcache -output-file-map /Users/admin/builder/spi-builder-workspace/.derivedData/Build/Intermediates.noindex/Parchment.build/Debug-watchos/ParchmentCore-t.build/Objects-normal/arm64_32/ParchmentCore-OutputFileMap.json -save-temps -no-color-diagnostics -explicit-module-build -module-cache-path /Users/admin/builder/spi-builder-workspace/.derivedData/Build/Intermediates.noindex/SwiftExplicitPrecompiledModules -clang-scanner-module-cache-path /Users/admin/builder/spi-builder-workspace/.derivedData/ModuleCache.noindex -sdk-module-cache-path /Users/admin/builder/spi-builder-workspace/.derivedData/SDKExplicitPrecompiledModules -emit-dependencies -emit-module -emit-module-path /Users/admin/builder/spi-builder-workspace/.derivedData/Build/Intermediates.noindex/Parchment.build/Debug-watchos/ParchmentCore-t.build/Objects-normal/arm64_32/ParchmentCore.swiftmodule -serialize-diagnostics -dependency-scan-serialize-diagnostics-path /Users/admin/builder/spi-builder-workspace/.derivedData/Build/Intermediates.noindex/Parchment.build/Debug-watchos/ParchmentCore-t.build/Objects-normal/arm64_32/ParchmentCore-dependency-scan.dia -validate-clang-modules-once -clang-build-session-file /Users/admin/builder/spi-builder-workspace/.derivedData/ModuleCache.noindex/Session.modulevalidation -Xcc -fmodules-prune-interval\=86400 -Xcc -fmodules-prune-after\=345600 -emit-const-values -const-gather-protocols-list /Users/admin/builder/spi-builder-workspace/.derivedData/Build/Intermediates.noindex/Parchment.build/Debug-watchos/ParchmentCore-t.build/Objects-normal/arm64_32/ParchmentCore_const_extract_protocols.json -Xcc -I/Users/admin/builder/spi-builder-workspace/.derivedData/Build/Products/Debug-watchos/include -Xcc -I/Users/admin/builder/spi-builder-workspace/.derivedData/Build/Intermediates.noindex/Parchment.build/Debug-watchos/ParchmentCore-t.build/DerivedSources-normal/arm64_32 -Xcc -I/Users/admin/builder/spi-builder-workspace/.derivedData/Build/Intermediates.noindex/Parchment.build/Debug-watchos/ParchmentCore-t.build/DerivedSources/arm64_32 -Xcc -I/Users/admin/builder/spi-builder-workspace/.derivedData/Build/Intermediates.noindex/Parchment.build/Debug-watchos/ParchmentCore-t.build/DerivedSources -Xcc -DSWIFT_PACKAGE -Xcc -DDEBUG\=1 -emit-objc-header -emit-objc-header-path /Users/admin/builder/spi-builder-workspace/.derivedData/Build/Intermediates.noindex/Parchment.build/Debug-watchos/ParchmentCore-t.build/Objects-normal/arm64_32/ParchmentCore-Swift.h -working-directory /Users/admin/builder/spi-builder-workspace/.swiftpm/xcode -experimental-emit-module-separately -disable-cmo
Ld /Users/admin/builder/spi-builder-workspace/.derivedData/Build/Intermediates.noindex/Parchment.build/Debug-watchos/ParchmentCore-t.build/Objects-normal/arm64_32/Binary/ParchmentCore.o normal arm64_32 (in target 'ParchmentCore' from project 'Parchment')
cd /Users/admin/builder/spi-builder-workspace
/Applications/Xcode-27.0.0-Release.Candidate.app/Contents/Developer/Toolchains/XcodeDefault.xctoolchain/usr/bin/clang -Xlinker -reproducible -target arm64_32-apple-watchos9.0 -r -isysroot /Applications/Xcode-27.0.0-Release.Candidate.app/Contents/Developer/Platforms/WatchOS.platform/Developer/SDKs/WatchOS27.0.sdk -O0 -Xlinker -no_warn_duplicate_libraries -F/Users/admin/builder/spi-builder-workspace/.derivedData/Build/Intermediates.noindex/EagerLinkingTBDs/Debug-watchos -F/Users/admin/builder/spi-builder-workspace/.derivedData/Build/Products/Debug-watchos -iframework /Applications/Xcode-27.0.0-Release.Candidate.app/Contents/Developer/Platforms/WatchOS.platform/Developer/Library/Frameworks -iframework /Applications/Xcode-27.0.0-Release.Candidate.app/Contents/Developer/Platforms/WatchOS.platform/Developer/SDKs/WatchOS27.0.sdk/Developer/Library/Frameworks -filelist /Users/admin/builder/spi-builder-workspace/.derivedData/Build/Intermediates.noindex/Parchment.build/Debug-watchos/ParchmentCore-t.build/Objects-normal/arm64_32/ParchmentCore.LinkFileList -nostdlib -Xlinker -object_path_lto -Xlinker /Users/admin/builder/spi-builder-workspace/.derivedData/Build/Intermediates.noindex/Parchment.build/Debug-watchos/ParchmentCore-t.build/Objects-normal/arm64_32/ParchmentCore_lto.o -Xlinker -no_deduplicate -Xlinker -debug_variant -Xlinker -dependency_info -Xlinker /Users/admin/builder/spi-builder-workspace/.derivedData/Build/Intermediates.noindex/Parchment.build/Debug-watchos/ParchmentCore-t.build/Objects-normal/arm64_32/ParchmentCore_dependency_info.dat -fobjc-link-runtime -L/Applications/Xcode-27.0.0-Release.Candidate.app/Contents/Developer/Toolchains/XcodeDefault.xctoolchain/usr/lib/swift/watchos -L/usr/lib/swift -Xlinker -add_ast_path -Xlinker /Users/admin/builder/spi-builder-workspace/.derivedData/Build/Intermediates.noindex/Parchment.build/Debug-watchos/ParchmentCore-t.build/Objects-normal/arm64_32/ParchmentCore.swiftmodule -o /Users/admin/builder/spi-builder-workspace/.derivedData/Build/Intermediates.noindex/Parchment.build/Debug-watchos/ParchmentCore-t.build/Objects-normal/arm64_32/Binary/ParchmentCore.o
CreateUniversalBinary /Users/admin/builder/spi-builder-workspace/.derivedData/Build/Products/Debug-watchos/ParchmentCore.o normal arm64\ arm64_32 (in target 'ParchmentCore' from project 'Parchment')
cd /Users/admin/builder/spi-builder-workspace
/Applications/Xcode-27.0.0-Release.Candidate.app/Contents/Developer/Toolchains/XcodeDefault.xctoolchain/usr/bin/lipo -create /Users/admin/builder/spi-builder-workspace/.derivedData/Build/Intermediates.noindex/Parchment.build/Debug-watchos/ParchmentCore-t.build/Objects-normal/arm64/Binary/ParchmentCore.o /Users/admin/builder/spi-builder-workspace/.derivedData/Build/Intermediates.noindex/Parchment.build/Debug-watchos/ParchmentCore-t.build/Objects-normal/arm64_32/Binary/ParchmentCore.o -output /Users/admin/builder/spi-builder-workspace/.derivedData/Build/Products/Debug-watchos/ParchmentCore.o
ExtractAppIntentsMetadata (in target 'ParchmentCore' from project 'Parchment')
cd /Users/admin/builder/spi-builder-workspace
/Applications/Xcode-27.0.0-Release.Candidate.app/Contents/Developer/Toolchains/XcodeDefault.xctoolchain/usr/bin/appintentsmetadataprocessor --toolchain-dir /var/run/com.apple.security.cryptexd/mnt/com.apple.MobileAsset.MetalToolchain-v27.1.266.1.9moJhq/Metal.xctoolchain --module-name ParchmentCore --sdk-root /Applications/Xcode-27.0.0-Release.Candidate.app/Contents/Developer/Platforms/WatchOS.platform/Developer/SDKs/WatchOS27.0.sdk --xcode-version 27A266a --platform-family watchOS --deployment-target 9.0 --bundle-identifier spi-builder-workspace.ParchmentCore --output /Users/admin/builder/spi-builder-workspace/.derivedData/Build/Products/Debug-watchos/ParchmentCore.appintents --target-triple arm64-apple-watchos9.0 --target-triple arm64_32-apple-watchos9.0 --binary-file /Users/admin/builder/spi-builder-workspace/.derivedData/Build/Products/Debug-watchos/ParchmentCore.o --dependency-file /Users/admin/builder/spi-builder-workspace/.derivedData/Build/Intermediates.noindex/Parchment.build/Debug-watchos/ParchmentCore-t.build/Objects-normal/arm64/ParchmentCore_dependency_info.dat --dependency-file /Users/admin/builder/spi-builder-workspace/.derivedData/Build/Intermediates.noindex/Parchment.build/Debug-watchos/ParchmentCore-t.build/Objects-normal/arm64_32/ParchmentCore_dependency_info.dat --stringsdata-file /Users/admin/builder/spi-builder-workspace/.derivedData/Build/Intermediates.noindex/Parchment.build/Debug-watchos/ParchmentCore-t.build/Objects-normal/arm64/ExtractedAppShortcutsMetadata.stringsdata --stringsdata-file /Users/admin/builder/spi-builder-workspace/.derivedData/Build/Intermediates.noindex/Parchment.build/Debug-watchos/ParchmentCore-t.build/Objects-normal/arm64_32/ExtractedAppShortcutsMetadata.stringsdata --source-file-list /Users/admin/builder/spi-builder-workspace/.derivedData/Build/Intermediates.noindex/Parchment.build/Debug-watchos/ParchmentCore-t.build/Objects-normal/arm64/ParchmentCore.SwiftFileList --source-file-list /Users/admin/builder/spi-builder-workspace/.derivedData/Build/Intermediates.noindex/Parchment.build/Debug-watchos/ParchmentCore-t.build/Objects-normal/arm64_32/ParchmentCore.SwiftFileList --metadata-file-list /Users/admin/builder/spi-builder-workspace/.derivedData/Build/Intermediates.noindex/Parchment.build/Debug-watchos/ParchmentCore-t.build/ParchmentCore.DependencyMetadataFileList --static-metadata-file-list /Users/admin/builder/spi-builder-workspace/.derivedData/Build/Intermediates.noindex/Parchment.build/Debug-watchos/ParchmentCore-t.build/ParchmentCore.DependencyStaticMetadataFileList --swift-const-vals-list /Users/admin/builder/spi-builder-workspace/.derivedData/Build/Intermediates.noindex/Parchment.build/Debug-watchos/ParchmentCore-t.build/Objects-normal/arm64/ParchmentCore.SwiftConstValuesFileList --swift-const-vals-list /Users/admin/builder/spi-builder-workspace/.derivedData/Build/Intermediates.noindex/Parchment.build/Debug-watchos/ParchmentCore-t.build/Objects-normal/arm64_32/ParchmentCore.SwiftConstValuesFileList --force --compile-time-extraction --deployment-aware-processing --no-app-shortcuts-localization
2026-09-19 02:44:34.800 appintentsmetadataprocessor[1162:7155] Starting appintentsmetadataprocessor export
2026-09-19 02:44:34.900 appintentsmetadataprocessor[1162:7155] Extracted no relevant App Intents symbols, skipping writing output
SwiftDriverJobDiscovery normal arm64_32 Compiling Operators.swift, Query+with.swift, Query.swift (in target 'SQLite' from project 'SQLite.swift')
SwiftDriver\ Compilation SQLite normal arm64_32 com.apple.xcode.tools.swift.compiler (in target 'SQLite' from project 'SQLite.swift')
cd /Users/admin/builder/spi-builder-workspace/.swiftpm/xcode
builtin-Swift-Compilation -- /Applications/Xcode-27.0.0-Release.Candidate.app/Contents/Developer/Toolchains/XcodeDefault.xctoolchain/usr/bin/swiftc -parse-as-library -module-name SQLite -Onone @/Users/admin/builder/spi-builder-workspace/.derivedData/Build/Intermediates.noindex/SQLite.swift.build/Debug-watchos/SQLite-t.build/Objects-normal/arm64_32/SQLite.SwiftFileList -DSWIFT_PACKAGE -DDEBUG -DSWIFT_MODULE_RESOURCE_BUNDLE_AVAILABLE -DSystemSQLite -DXcode -plugin-path /Applications/Xcode-27.0.0-Release.Candidate.app/Contents/Developer/Toolchains/XcodeDefault.xctoolchain/usr/lib/swift/host/plugins/testing -enable-experimental-feature DebugDescriptionMacro -sdk /Applications/Xcode-27.0.0-Release.Candidate.app/Contents/Developer/Platforms/WatchOS.platform/Developer/SDKs/WatchOS27.0.sdk -target arm64_32-apple-watchos9.0 -g -module-cache-path /Users/admin/builder/spi-builder-workspace/.derivedData/ModuleCache.noindex -Xfrontend -serialize-debugging-options -profile-coverage-mapping -profile-generate -enable-testing -suppress-warnings -index-store-path /Users/admin/builder/spi-builder-workspace/.derivedData/Index.noindex/DataStore -Xcc -D_LIBCPP_HARDENING_MODE\=_LIBCPP_HARDENING_MODE_DEBUG -swift-version 5 -I /Users/admin/builder/spi-builder-workspace/.derivedData/Build/Products/Debug-watchos -Isystem /Applications/Xcode-27.0.0-Release.Candidate.app/Contents/Developer/Platforms/WatchOS.platform/Developer/usr/lib -F /Users/admin/builder/spi-builder-workspace/.derivedData/Build/Products/Debug-watchos -F /Applications/Xcode-27.0.0-Release.Candidate.app/Contents/Developer/Platforms/WatchOS.platform/Developer/Library/Frameworks -F /Applications/Xcode-27.0.0-Release.Candidate.app/Contents/Developer/Platforms/WatchOS.platform/Developer/SDKs/WatchOS27.0.sdk/Developer/Library/Frameworks -c -j10 -enable-batch-mode -incremental -Xcc -ivfsstatcache -Xcc /Users/admin/builder/spi-builder-workspace/.derivedData/SDKStatCaches.noindex/watchos27.0-24R360-e829b21a6f8c9b70876ba0858053c04477534ef55a1706bf4c1112bbb242f0a2.sdkstatcache -output-file-map /Users/admin/builder/spi-builder-workspace/.derivedData/Build/Intermediates.noindex/SQLite.swift.build/Debug-watchos/SQLite-t.build/Objects-normal/arm64_32/SQLite-OutputFileMap.json -save-temps -no-color-diagnostics -explicit-module-build -module-cache-path /Users/admin/builder/spi-builder-workspace/.derivedData/Build/Intermediates.noindex/SwiftExplicitPrecompiledModules -clang-scanner-module-cache-path /Users/admin/builder/spi-builder-workspace/.derivedData/ModuleCache.noindex -sdk-module-cache-path /Users/admin/builder/spi-builder-workspace/.derivedData/SDKExplicitPrecompiledModules -emit-dependencies -emit-module -emit-module-path /Users/admin/builder/spi-builder-workspace/.derivedData/Build/Intermediates.noindex/SQLite.swift.build/Debug-watchos/SQLite-t.build/Objects-normal/arm64_32/SQLite.swiftmodule -serialize-diagnostics -dependency-scan-serialize-diagnostics-path /Users/admin/builder/spi-builder-workspace/.derivedData/Build/Intermediates.noindex/SQLite.swift.build/Debug-watchos/SQLite-t.build/Objects-normal/arm64_32/SQLite-dependency-scan.dia -user-module-version 0.16.0 -validate-clang-modules-once -clang-build-session-file /Users/admin/builder/spi-builder-workspace/.derivedData/ModuleCache.noindex/Session.modulevalidation -Xcc -fmodules-prune-interval\=86400 -Xcc -fmodules-prune-after\=345600 -package-name sqlite_swift -emit-const-values -const-gather-protocols-list /Users/admin/builder/spi-builder-workspace/.derivedData/Build/Intermediates.noindex/SQLite.swift.build/Debug-watchos/SQLite-t.build/Objects-normal/arm64_32/SQLite_const_extract_protocols.json -Xcc -I/Users/admin/builder/spi-builder-workspace/.derivedData/Build/Products/Debug-watchos/include -Xcc -I/Users/admin/builder/spi-builder-workspace/.derivedData/Build/Intermediates.noindex/SQLite.swift.build/Debug-watchos/SQLite-t.build/DerivedSources-normal/arm64_32 -Xcc -I/Users/admin/builder/spi-builder-workspace/.derivedData/Build/Intermediates.noindex/SQLite.swift.build/Debug-watchos/SQLite-t.build/DerivedSources/arm64_32 -Xcc -I/Users/admin/builder/spi-builder-workspace/.derivedData/Build/Intermediates.noindex/SQLite.swift.build/Debug-watchos/SQLite-t.build/DerivedSources -Xcc -DSWIFT_PACKAGE -Xcc -DDEBUG\=1 -emit-objc-header -emit-objc-header-path /Users/admin/builder/spi-builder-workspace/.derivedData/Build/Intermediates.noindex/SQLite.swift.build/Debug-watchos/SQLite-t.build/Objects-normal/arm64_32/SQLite-Swift.h -working-directory /Users/admin/builder/spi-builder-workspace/.swiftpm/xcode -experimental-emit-module-separately -disable-cmo
Ld /Users/admin/builder/spi-builder-workspace/.derivedData/Build/Intermediates.noindex/SQLite.swift.build/Debug-watchos/SQLite-t.build/Objects-normal/arm64_32/Binary/SQLite.o normal arm64_32 (in target 'SQLite' from project 'SQLite.swift')
cd /Users/admin/builder/spi-builder-workspace/.dependencies/checkouts/SQLite.swift
/Applications/Xcode-27.0.0-Release.Candidate.app/Contents/Developer/Toolchains/XcodeDefault.xctoolchain/usr/bin/clang -Xlinker -reproducible -target arm64_32-apple-watchos9.0 -r -isysroot /Applications/Xcode-27.0.0-Release.Candidate.app/Contents/Developer/Platforms/WatchOS.platform/Developer/SDKs/WatchOS27.0.sdk -O0 -w -Xlinker -no_warn_duplicate_libraries -F/Users/admin/builder/spi-builder-workspace/.derivedData/Build/Intermediates.noindex/EagerLinkingTBDs/Debug-watchos -F/Users/admin/builder/spi-builder-workspace/.derivedData/Build/Products/Debug-watchos -iframework /Applications/Xcode-27.0.0-Release.Candidate.app/Contents/Developer/Platforms/WatchOS.platform/Developer/Library/Frameworks -iframework /Applications/Xcode-27.0.0-Release.Candidate.app/Contents/Developer/Platforms/WatchOS.platform/Developer/SDKs/WatchOS27.0.sdk/Developer/Library/Frameworks -filelist /Users/admin/builder/spi-builder-workspace/.derivedData/Build/Intermediates.noindex/SQLite.swift.build/Debug-watchos/SQLite-t.build/Objects-normal/arm64_32/SQLite.LinkFileList -nostdlib -Xlinker -object_path_lto -Xlinker /Users/admin/builder/spi-builder-workspace/.derivedData/Build/Intermediates.noindex/SQLite.swift.build/Debug-watchos/SQLite-t.build/Objects-normal/arm64_32/SQLite_lto.o -Xlinker -no_deduplicate -Xlinker -debug_variant -Xlinker -dependency_info -Xlinker /Users/admin/builder/spi-builder-workspace/.derivedData/Build/Intermediates.noindex/SQLite.swift.build/Debug-watchos/SQLite-t.build/Objects-normal/arm64_32/SQLite_dependency_info.dat -fobjc-link-runtime -L/Applications/Xcode-27.0.0-Release.Candidate.app/Contents/Developer/Toolchains/XcodeDefault.xctoolchain/usr/lib/swift/watchos -L/usr/lib/swift -Xlinker -add_ast_path -Xlinker /Users/admin/builder/spi-builder-workspace/.derivedData/Build/Intermediates.noindex/SQLite.swift.build/Debug-watchos/SQLite-t.build/Objects-normal/arm64_32/SQLite.swiftmodule -o /Users/admin/builder/spi-builder-workspace/.derivedData/Build/Intermediates.noindex/SQLite.swift.build/Debug-watchos/SQLite-t.build/Objects-normal/arm64_32/Binary/SQLite.o
CreateUniversalBinary /Users/admin/builder/spi-builder-workspace/.derivedData/Build/Products/Debug-watchos/SQLite.o normal arm64\ arm64_32 (in target 'SQLite' from project 'SQLite.swift')
cd /Users/admin/builder/spi-builder-workspace/.dependencies/checkouts/SQLite.swift
/Applications/Xcode-27.0.0-Release.Candidate.app/Contents/Developer/Toolchains/XcodeDefault.xctoolchain/usr/bin/lipo -create /Users/admin/builder/spi-builder-workspace/.derivedData/Build/Intermediates.noindex/SQLite.swift.build/Debug-watchos/SQLite-t.build/Objects-normal/arm64/Binary/SQLite.o /Users/admin/builder/spi-builder-workspace/.derivedData/Build/Intermediates.noindex/SQLite.swift.build/Debug-watchos/SQLite-t.build/Objects-normal/arm64_32/Binary/SQLite.o -output /Users/admin/builder/spi-builder-workspace/.derivedData/Build/Products/Debug-watchos/SQLite.o
ExtractAppIntentsMetadata (in target 'SQLite' from project 'SQLite.swift')
cd /Users/admin/builder/spi-builder-workspace/.dependencies/checkouts/SQLite.swift
/Applications/Xcode-27.0.0-Release.Candidate.app/Contents/Developer/Toolchains/XcodeDefault.xctoolchain/usr/bin/appintentsmetadataprocessor --toolchain-dir /var/run/com.apple.security.cryptexd/mnt/com.apple.MobileAsset.MetalToolchain-v27.1.266.1.9moJhq/Metal.xctoolchain --module-name SQLite --sdk-root /Applications/Xcode-27.0.0-Release.Candidate.app/Contents/Developer/Platforms/WatchOS.platform/Developer/SDKs/WatchOS27.0.sdk --xcode-version 27A266a --platform-family watchOS --deployment-target 9.0 --bundle-identifier sqlite.swift.SQLite --output /Users/admin/builder/spi-builder-workspace/.derivedData/Build/Products/Debug-watchos/SQLite.appintents --target-triple arm64-apple-watchos9.0 --target-triple arm64_32-apple-watchos9.0 --binary-file /Users/admin/builder/spi-builder-workspace/.derivedData/Build/Products/Debug-watchos/SQLite.o --dependency-file /Users/admin/builder/spi-builder-workspace/.derivedData/Build/Intermediates.noindex/SQLite.swift.build/Debug-watchos/SQLite-t.build/Objects-normal/arm64/SQLite_dependency_info.dat --dependency-file /Users/admin/builder/spi-builder-workspace/.derivedData/Build/Intermediates.noindex/SQLite.swift.build/Debug-watchos/SQLite-t.build/Objects-normal/arm64_32/SQLite_dependency_info.dat --stringsdata-file /Users/admin/builder/spi-builder-workspace/.derivedData/Build/Intermediates.noindex/SQLite.swift.build/Debug-watchos/SQLite-t.build/Objects-normal/arm64/ExtractedAppShortcutsMetadata.stringsdata --stringsdata-file /Users/admin/builder/spi-builder-workspace/.derivedData/Build/Intermediates.noindex/SQLite.swift.build/Debug-watchos/SQLite-t.build/Objects-normal/arm64_32/ExtractedAppShortcutsMetadata.stringsdata --source-file-list /Users/admin/builder/spi-builder-workspace/.derivedData/Build/Intermediates.noindex/SQLite.swift.build/Debug-watchos/SQLite-t.build/Objects-normal/arm64/SQLite.SwiftFileList --source-file-list /Users/admin/builder/spi-builder-workspace/.derivedData/Build/Intermediates.noindex/SQLite.swift.build/Debug-watchos/SQLite-t.build/Objects-normal/arm64_32/SQLite.SwiftFileList --metadata-file-list /Users/admin/builder/spi-builder-workspace/.derivedData/Build/Intermediates.noindex/SQLite.swift.build/Debug-watchos/SQLite-t.build/SQLite.DependencyMetadataFileList --static-metadata-file-list /Users/admin/builder/spi-builder-workspace/.derivedData/Build/Intermediates.noindex/SQLite.swift.build/Debug-watchos/SQLite-t.build/SQLite.DependencyStaticMetadataFileList --swift-const-vals-list /Users/admin/builder/spi-builder-workspace/.derivedData/Build/Intermediates.noindex/SQLite.swift.build/Debug-watchos/SQLite-t.build/Objects-normal/arm64/SQLite.SwiftConstValuesFileList --swift-const-vals-list /Users/admin/builder/spi-builder-workspace/.derivedData/Build/Intermediates.noindex/SQLite.swift.build/Debug-watchos/SQLite-t.build/Objects-normal/arm64_32/SQLite.SwiftConstValuesFileList --force --compile-time-extraction --deployment-aware-processing --no-app-shortcuts-localization
2026-09-19 02:44:34.894 appintentsmetadataprocessor[1166:7190] Starting appintentsmetadataprocessor export
2026-09-19 02:44:34.957 appintentsmetadataprocessor[1166:7190] Extracted no relevant App Intents symbols, skipping writing output
SwiftExplicitDependencyGeneratePcm arm64_32 /Users/admin/builder/spi-builder-workspace/.derivedData/SDKExplicitPrecompiledModules/CoreTransferable-5D4IR6X37682FPHJ5CBPTKQV6.pcm
SwiftExplicitDependencyGeneratePcm arm64_32 /Users/admin/builder/spi-builder-workspace/.derivedData/SDKExplicitPrecompiledModules/DeveloperToolsSupport-DZU5G1OCMNWU0AQRULIFHUJ1Z.pcm
SwiftExplicitDependencyGeneratePcm arm64_32 /Users/admin/builder/spi-builder-workspace/.derivedData/SDKExplicitPrecompiledModules/UIUtilities-9YFVNIMRC5HRVOIARNWHP1E3H.pcm
SwiftExplicitDependencyGeneratePcm arm64_32 /Users/admin/builder/spi-builder-workspace/.derivedData/SDKExplicitPrecompiledModules/UserNotifications-6TBN8TEAKO014N1T2QD926XED.pcm
SwiftExplicitDependencyGeneratePcm arm64_32 /Users/admin/builder/spi-builder-workspace/.derivedData/SDKExplicitPrecompiledModules/Symbols-1H97WMG76HU94F5VGJR19PXFY.pcm
SwiftExplicitDependencyGeneratePcm arm64_32 /Users/admin/builder/spi-builder-workspace/.derivedData/SDKExplicitPrecompiledModules/_LocationEssentials-AQ1OL9QKC3LQLY5CNSRM1HB53.pcm
SwiftExplicitDependencyGeneratePcm arm64_32 /Users/admin/builder/spi-builder-workspace/.derivedData/SDKExplicitPrecompiledModules/DataDetection-U9BF7WHFVA6BZGFXXXP272PS.pcm
SwiftExplicitDependencyGeneratePcm arm64_32 /Users/admin/builder/spi-builder-workspace/.derivedData/SDKExplicitPrecompiledModules/UniformTypeIdentifiers-CJZ3NTHPSBH4XWX5EVOG56UZS.pcm
SwiftExplicitDependencyGeneratePcm arm64_32 /Users/admin/builder/spi-builder-workspace/.derivedData/SDKExplicitPrecompiledModules/CoreAudioTypes-9GVB1DHA32M46R4A9NWSI3I2K.pcm
SwiftExplicitDependencyGeneratePcm arm64 /Users/admin/builder/spi-builder-workspace/.derivedData/SDKExplicitPrecompiledModules/DeveloperToolsSupport-E7CNISCB36UE8XQ9IOHK9XDX1.pcm
SwiftExplicitDependencyGeneratePcm arm64_32 /Users/admin/builder/spi-builder-workspace/.derivedData/SDKExplicitPrecompiledModules/_Builtin_tgmath-23PGCKURCQILXMK0MYZRYDCOU.pcm
SwiftExplicitDependencyGeneratePcm arm64 /Users/admin/builder/spi-builder-workspace/.derivedData/SDKExplicitPrecompiledModules/CoreGraphics-DWNZ73GEH98SBJXZ7DEXB420K.pcm
SwiftExplicitDependencyGeneratePcm arm64 /Users/admin/builder/spi-builder-workspace/.derivedData/SDKExplicitPrecompiledModules/_Builtin_tgmath-8NQ96OZ0YHXEC24JI95P01UF8.pcm
SwiftExplicitDependencyGeneratePcm arm64 /Users/admin/builder/spi-builder-workspace/.derivedData/SDKExplicitPrecompiledModules/_LocationEssentials-5ZZDGDXB6HLQUC72SJW7YJ7MK.pcm
SwiftExplicitDependencyGeneratePcm arm64 /Users/admin/builder/spi-builder-workspace/.derivedData/SDKExplicitPrecompiledModules/UniformTypeIdentifiers-8L08Q8DQJV8C4AW84YVGFGTRN.pcm
SwiftExplicitDependencyGeneratePcm arm64_32 /Users/admin/builder/spi-builder-workspace/.derivedData/SDKExplicitPrecompiledModules/CoreLocation-8XU5YMYM4P11RQMYCQAG65ITK.pcm
SwiftExplicitDependencyGeneratePcm arm64 /Users/admin/builder/spi-builder-workspace/.derivedData/SDKExplicitPrecompiledModules/OSLog-B7VGO357Y3GJG35TST7DKDSI3.pcm
SwiftExplicitDependencyGeneratePcm arm64 /Users/admin/builder/spi-builder-workspace/.derivedData/SDKExplicitPrecompiledModules/_Builtin_intrinsics-75960HIPCIYA06IUW8FIIPQT.pcm
SwiftExplicitDependencyGeneratePcm arm64_32 /Users/admin/builder/spi-builder-workspace/.derivedData/SDKExplicitPrecompiledModules/CoreAudio-5W6MX6OUPWBMUR8VD5LHT1PZF.pcm
SwiftExplicitDependencyGeneratePcm arm64_32 /Users/admin/builder/spi-builder-workspace/.derivedData/SDKExplicitPrecompiledModules/CoreGraphics-9FDXYX6BKBUT6TJ2VF819E7T5.pcm
SwiftExplicitDependencyGeneratePcm arm64 /Users/admin/builder/spi-builder-workspace/.derivedData/SDKExplicitPrecompiledModules/UserNotifications-ARAH8MEQ0C2L0FBO39HITJMAO.pcm
SwiftExplicitDependencyGeneratePcm arm64 /Users/admin/builder/spi-builder-workspace/.derivedData/SDKExplicitPrecompiledModules/DataDetection-7BNVI1SZW5ISQL5SX4WL2X7I5.pcm
SwiftExplicitDependencyGeneratePcm arm64 /Users/admin/builder/spi-builder-workspace/.derivedData/SDKExplicitPrecompiledModules/UIUtilities-IR7RNW23VAUKYI9MLCS9NL9A.pcm
SwiftExplicitDependencyGeneratePcm arm64 /Users/admin/builder/spi-builder-workspace/.derivedData/SDKExplicitPrecompiledModules/CoreData-9JFJC4UET8BAO5IPV2JU6W9V8.pcm
SwiftExplicitDependencyGeneratePcm arm64 /Users/admin/builder/spi-builder-workspace/.derivedData/SDKExplicitPrecompiledModules/CoreTransferable-9PPG3SLJ55T4LITIFYX2M0NOZ.pcm
SwiftExplicitDependencyGeneratePcm arm64 /Users/admin/builder/spi-builder-workspace/.derivedData/SDKExplicitPrecompiledModules/CoreAudioTypes-A9MF7N5LT63G21HNFVM6BT14B.pcm
SwiftExplicitDependencyGeneratePcm arm64 /Users/admin/builder/spi-builder-workspace/.derivedData/SDKExplicitPrecompiledModules/Symbols-3EFABTJ9L5PQDJ7RQCYQWEJMM.pcm
SwiftExplicitDependencyGeneratePcm arm64_32 /Users/admin/builder/spi-builder-workspace/.derivedData/SDKExplicitPrecompiledModules/CoreMotion-1XGTVTE5PP32UHME8AC63TL6.pcm
SwiftExplicitDependencyGeneratePcm arm64 /Users/admin/builder/spi-builder-workspace/.derivedData/SDKExplicitPrecompiledModules/CoreVideo-8MRR5MNWUOAW2DBPGUQ8FKK4.pcm
SwiftExplicitDependencyGeneratePcm arm64 /Users/admin/builder/spi-builder-workspace/.derivedData/SDKExplicitPrecompiledModules/CoreText-970YJN6NIYGK1316L35Z0O8QT.pcm
SwiftExplicitDependencyGeneratePcm arm64 /Users/admin/builder/spi-builder-workspace/.derivedData/SDKExplicitPrecompiledModules/Accessibility-27QMG6ZQ1NKYTNBYFPM1XKNFC.pcm
SwiftExplicitDependencyGeneratePcm arm64_32 /Users/admin/builder/spi-builder-workspace/.derivedData/SDKExplicitPrecompiledModules/OSLog-D9AVFY0KWO7RVBIQ73CBIJVCN.pcm
SwiftExplicitDependencyGeneratePcm arm64_32 /Users/admin/builder/spi-builder-workspace/.derivedData/SDKExplicitPrecompiledModules/Accessibility-F385OMZ5GYBUY5O4QAJB4NRII.pcm
SwiftExplicitDependencyGeneratePcm arm64_32 /Users/admin/builder/spi-builder-workspace/.derivedData/SDKExplicitPrecompiledModules/CoreVideo-2P8HI0403J99LBDPKNFJ5D4DL.pcm
SwiftExplicitDependencyGeneratePcm arm64 /Users/admin/builder/spi-builder-workspace/.derivedData/SDKExplicitPrecompiledModules/CoreAudio-1B79RJJTP71GE6UY9WLESAN3C.pcm
SwiftExplicitDependencyGeneratePcm arm64_32 /Users/admin/builder/spi-builder-workspace/.derivedData/SDKExplicitPrecompiledModules/CoreText-C9X2REPZN2V5BSU4G80FCETDR.pcm
SwiftExplicitDependencyGeneratePcm arm64_32 /Users/admin/builder/spi-builder-workspace/.derivedData/SDKExplicitPrecompiledModules/_Builtin_intrinsics-196IIAKDQVU42DLOZP9OQCV76.pcm
SwiftExplicitDependencyGeneratePcm arm64 /Users/admin/builder/spi-builder-workspace/.derivedData/SDKExplicitPrecompiledModules/CoreLocation-ACKJ9K7ABI14F97Y46Y6SRR17.pcm
SwiftExplicitDependencyGeneratePcm arm64 /Users/admin/builder/spi-builder-workspace/.derivedData/SDKExplicitPrecompiledModules/QuartzCore-94KFMWNOU7ZLUZNB4T5DLZC9D.pcm
SwiftExplicitDependencyGeneratePcm arm64_32 /Users/admin/builder/spi-builder-workspace/.derivedData/SDKExplicitPrecompiledModules/CoreData-7AU1AFQWUH88EAPDKVMLJPKVD.pcm
SwiftExplicitDependencyGeneratePcm arm64 /Users/admin/builder/spi-builder-workspace/.derivedData/SDKExplicitPrecompiledModules/CoreMedia-1AJVCUZNAO74KIKMFVFUUHWDI.pcm
SwiftExplicitDependencyGeneratePcm arm64_32 /Users/admin/builder/spi-builder-workspace/.derivedData/SDKExplicitPrecompiledModules/CoreMedia-AO387T8CHWTTZODD1DGT0UAFA.pcm
SwiftExplicitDependencyGeneratePcm arm64_32 /Users/admin/builder/spi-builder-workspace/.derivedData/SDKExplicitPrecompiledModules/QuartzCore-6375NPYACK5NYVHPMC1QQ8MC2.pcm
SwiftExplicitDependencyGeneratePcm arm64 /Users/admin/builder/spi-builder-workspace/.derivedData/SDKExplicitPrecompiledModules/simd-EH08NODU6574T74ZKU61VP9BW.pcm
SwiftExplicitDependencyGeneratePcm arm64 /Users/admin/builder/spi-builder-workspace/.derivedData/SDKExplicitPrecompiledModules/CoreMotion-6RD5K48QT1F4L9CATNFD2O7YB.pcm
SwiftExplicitDependencyGeneratePcm arm64 /Users/admin/builder/spi-builder-workspace/.derivedData/SDKExplicitPrecompiledModules/SwiftUICore-C1DST1IX2Z0PTH5SJJZ1IULRB.pcm
SwiftExplicitDependencyGeneratePcm arm64_32 /Users/admin/builder/spi-builder-workspace/.derivedData/SDKExplicitPrecompiledModules/UIKit-6PPV7YPZ89CZPHYAP072QH8B6.pcm
SwiftExplicitDependencyGeneratePcm arm64_32 /Users/admin/builder/spi-builder-workspace/.derivedData/SDKExplicitPrecompiledModules/SwiftUICore-3Q7WLRD8MR9R3NGIPUBQCP6F6.pcm
SwiftExplicitDependencyGeneratePcm arm64 /Users/admin/builder/spi-builder-workspace/.derivedData/SDKExplicitPrecompiledModules/UIKit-27R3P1YMV4C6JLDT661G3MRIA.pcm
SwiftExplicitDependencyGeneratePcm arm64_32 /Users/admin/builder/spi-builder-workspace/.derivedData/SDKExplicitPrecompiledModules/simd-21UNWYOBUZI1LVSQ99S1XBLMO.pcm
SwiftExplicitDependencyGeneratePcm arm64 /Users/admin/builder/spi-builder-workspace/.derivedData/SDKExplicitPrecompiledModules/Spatial-44FJGYXFAT2AQAW9Z6T7YS02U.pcm
SwiftExplicitDependencyGeneratePcm arm64 /Users/admin/builder/spi-builder-workspace/.derivedData/SDKExplicitPrecompiledModules/SceneKit-5HZKIL7XETTTD8TOHYPN8JKRJ.pcm
SwiftExplicitDependencyGeneratePcm arm64_32 /Users/admin/builder/spi-builder-workspace/.derivedData/SDKExplicitPrecompiledModules/Spatial-CWVWNML3T0NXVHZDKVLD3X1YZ.pcm
SwiftExplicitDependencyGeneratePcm arm64_32 /Users/admin/builder/spi-builder-workspace/.derivedData/SDKExplicitPrecompiledModules/SceneKit-DKNLHKM5FJBQ79LSNMSSMBUBR.pcm
SwiftExplicitDependencyGeneratePcm arm64_32 /Users/admin/builder/spi-builder-workspace/.derivedData/SDKExplicitPrecompiledModules/HomeKit-DUDZOMSN3UK8GNTNBNMPIWJRN.pcm
SwiftExplicitDependencyGeneratePcm arm64_32 /Users/admin/builder/spi-builder-workspace/.derivedData/SDKExplicitPrecompiledModules/MapKit-CWGB4YMP1VX1NYQN5FULFD5DR.pcm
SwiftExplicitDependencyGeneratePcm arm64 /Users/admin/builder/spi-builder-workspace/.derivedData/SDKExplicitPrecompiledModules/MapKit-EJJWC7IL56MPLQMI93GJRE5OG.pcm
SwiftExplicitDependencyGeneratePcm arm64 /Users/admin/builder/spi-builder-workspace/.derivedData/SDKExplicitPrecompiledModules/HomeKit-DTS1N4AWILAL1URZ5IOXV5221.pcm
SwiftExplicitDependencyGeneratePcm arm64_32 /Users/admin/builder/spi-builder-workspace/.derivedData/SDKExplicitPrecompiledModules/WatchKit-FHF6WTKLC2APGK3LA2XJ6516.pcm
SwiftExplicitDependencyGeneratePcm arm64 /Users/admin/builder/spi-builder-workspace/.derivedData/SDKExplicitPrecompiledModules/WatchKit-3VT3K8YON6FJ6OWSUFJMFMP8J.pcm
SwiftExplicitDependencyGeneratePcm arm64_32 /Users/admin/builder/spi-builder-workspace/.derivedData/SDKExplicitPrecompiledModules/SwiftUI-9AYG9OCT5VOJK7V4MX1WYR86T.pcm
SwiftExplicitDependencyGeneratePcm arm64 /Users/admin/builder/spi-builder-workspace/.derivedData/SDKExplicitPrecompiledModules/SwiftUI-APXDH8ULYLM6FD17YRA73TULO.pcm
SwiftEmitModule normal arm64_32 Emitting\ module\ for\ Parchment (in target 'Parchment' from project 'Parchment')
SwiftCompile normal arm64_32 (in target 'Parchment' from project 'Parchment')
cd /Users/admin/builder/spi-builder-workspace/.swiftpm/xcode
/Users/admin/builder/spi-builder-workspace/Sources/Parchment/DefaultBufferFlowController.swift:18:17: warning: stored property 'bufferTask' of 'Sendable'-conforming class 'DefaultBufferFlowController' is mutable; this is an error in the Swift 6 language mode
16 | @MainActor private var inputAccumulationPayloads: [Payload] = []
17 |
18 | private var bufferTask: Task<Void, Error>? = nil
| `- warning: stored property 'bufferTask' of 'Sendable'-conforming class 'DefaultBufferFlowController' is mutable; this is an error in the Swift 6 language mode
19 |
20 | public init(
/Users/admin/builder/spi-builder-workspace/Sources/Parchment/DeviceDataMutation.swift:16:29: error: 'UIDevice' is unavailable in watchOS
14 |
15 | @MainActor
16 | public init(device: UIDevice) {
| `- error: 'UIDevice' is unavailable in watchOS
17 | deviceParams = [
18 | "Model": device.name,
/Applications/Xcode-27.0.0-Release.Candidate.app/Contents/Developer/Platforms/WatchOS.platform/Developer/SDKs/WatchOS27.0.sdk/System/Library/Frameworks/UIKit.framework/Headers/UIDevice.h:35:12: note: 'UIDevice' has been explicitly marked unavailable here
33 |
34 | UIKIT_EXTERN API_AVAILABLE(ios(2.0)) API_UNAVAILABLE(watchos) NS_SWIFT_UI_ACTOR
35 | @interface UIDevice : NSObject
| `- note: 'UIDevice' has been explicitly marked unavailable here
36 |
37 | @property(class, nonatomic, readonly) UIDevice *currentDevice;
Failed frontend command:
/Applications/Xcode-27.0.0-Release.Candidate.app/Contents/Developer/Toolchains/XcodeDefault.xctoolchain/usr/bin/swift-frontend -frontend -emit-module -experimental-skip-non-inlinable-function-bodies-without-types /Users/admin/builder/spi-builder-workspace/Sources/Parchment/DefaultBufferFlowController.swift /Users/admin/builder/spi-builder-workspace/Sources/Parchment/DeviceDataMutation.swift /Users/admin/builder/spi-builder-workspace/Sources/Parchment/Export.swift /Users/admin/builder/spi-builder-workspace/Sources/Parchment/LoggerBundler+.swift /Users/admin/builder/spi-builder-workspace/Sources/Parchment/SQLiteBuffer.swift /Users/admin/builder/spi-builder-workspace/Sources/Parchment/Tracked.swift /Users/admin/builder/spi-builder-workspace/Sources/Parchment/View+track.swift -target arm64_32-apple-watchos9.0 -module-can-import-version SwiftUI 8.0.84.1 8.0.84 -module-can-import-version UIKit 9127.0.84.1 9127.0.84 -disable-cross-import-overlay-search -load-resolved-plugin /Applications/Xcode-27.0.0-Release.Candidate.app/Contents/Developer/Platforms/WatchOS.platform/Developer/usr/lib/swift/host/plugins/libFoundationMacros.dylib\#/Applications/Xcode-27.0.0-Release.Candidate.app/Contents/Developer/Platforms/WatchOS.platform/Developer/usr/bin/swift-plugin-server\#FoundationMacros -load-resolved-plugin /Applications/Xcode-27.0.0-Release.Candidate.app/Contents/Developer/Platforms/WatchOS.platform/Developer/usr/lib/swift/host/plugins/libObservationMacros.dylib\#/Applications/Xcode-27.0.0-Release.Candidate.app/Contents/Developer/Platforms/WatchOS.platform/Developer/usr/bin/swift-plugin-server\#ObservationMacros -load-resolved-plugin /Applications/Xcode-27.0.0-Release.Candidate.app/Contents/Developer/Platforms/WatchOS.platform/Developer/usr/lib/swift/host/plugins/libPreviewsMacros.dylib\#/Applications/Xcode-27.0.0-Release.Candidate.app/Contents/Developer/Platforms/WatchOS.platform/Developer/usr/bin/swift-plugin-server\#PreviewsMacros -load-resolved-plugin /Applications/Xcode-27.0.0-Release.Candidate.app/Contents/Developer/Platforms/WatchOS.platform/Developer/usr/lib/swift/host/plugins/libSwiftMacros.dylib\#/Applications/Xcode-27.0.0-Release.Candidate.app/Contents/Developer/Platforms/WatchOS.platform/Developer/usr/bin/swift-plugin-server\#SwiftMacros -load-resolved-plugin /Applications/Xcode-27.0.0-Release.Candidate.app/Contents/Developer/Platforms/WatchOS.platform/Developer/usr/lib/swift/host/plugins/libSwiftUIMacros.dylib\#/Applications/Xcode-27.0.0-Release.Candidate.app/Contents/Developer/Platforms/WatchOS.platform/Developer/usr/bin/swift-plugin-server\#SwiftUIMacros -disable-implicit-swift-modules -Xcc -fno-implicit-modules -Xcc -fno-implicit-module-maps -explicit-swift-module-map-file /Users/admin/builder/spi-builder-workspace/.derivedData/Build/Intermediates.noindex/Parchment.build/Debug-watchos/Parchment-t.build/Objects-normal/arm64_32/Parchment-dependencies-2.json -enable-objc-interop -sdk /Applications/Xcode-27.0.0-Release.Candidate.app/Contents/Developer/Platforms/WatchOS.platform/Developer/SDKs/WatchOS27.0.sdk -I /Users/admin/builder/spi-builder-workspace/.derivedData/Build/Products/Debug-watchos -Isystem /Applications/Xcode-27.0.0-Release.Candidate.app/Contents/Developer/Platforms/WatchOS.platform/Developer/usr/lib -F /Users/admin/builder/spi-builder-workspace/.derivedData/Build/Products/Debug-watchos/PackageFrameworks -F /Users/admin/builder/spi-builder-workspace/.derivedData/Build/Products/Debug-watchos -F /Applications/Xcode-27.0.0-Release.Candidate.app/Contents/Developer/Platforms/WatchOS.platform/Developer/Library/Frameworks -F /Applications/Xcode-27.0.0-Release.Candidate.app/Contents/Developer/Platforms/WatchOS.platform/Developer/SDKs/WatchOS27.0.sdk/Developer/Library/Frameworks -module-cache-path /Users/admin/builder/spi-builder-workspace/.derivedData/Build/Intermediates.noindex/SwiftExplicitPrecompiledModules -no-color-diagnostics -Xcc -fno-color-diagnostics -enable-testing -g -debug-info-format\=dwarf -dwarf-version\=4 -profile-generate -profile-coverage-mapping -swift-version 5 -Onone -D SWIFT_PACKAGE -D DEBUG -D SWIFT_MODULE_RESOURCE_BUNDLE_UNAVAILABLE -D Xcode -serialize-debugging-options -enable-experimental-feature DebugDescriptionMacro -strict-concurrency\=complete -empty-abi-descriptor -validate-clang-modules-once -clang-build-session-file /Users/admin/builder/spi-builder-workspace/.derivedData/ModuleCache.noindex/Session.modulevalidation -Xcc -working-directory -Xcc /Users/admin/builder/spi-builder-workspace/.swiftpm/xcode -enable-anonymous-context-mangled-names -file-compilation-dir /Users/admin/builder/spi-builder-workspace/.swiftpm/xcode -Xcc -D_LIBCPP_HARDENING_MODE\=_LIBCPP_HARDENING_MODE_DEBUG -Xcc -ivfsstatcache -Xcc /Users/admin/builder/spi-builder-workspace/.derivedData/SDKStatCaches.noindex/watchos27.0-24R360-e829b21a6f8c9b70876ba0858053c04477534ef55a1706bf4c1112bbb242f0a2.sdkstatcache -Xcc -fmodules-prune-interval\=86400 -Xcc -fmodules-prune-after\=345600 -Xcc -I/Users/admin/builder/spi-builder-workspace/.derivedData/Build/Products/Debug-watchos/include -Xcc -I/Users/admin/builder/spi-builder-workspace/.derivedData/Build/Intermediates.noindex/Parchment.build/Debug-watchos/Parchment-t.build/DerivedSources-normal/arm64_32 -Xcc -I/Users/admin/builder/spi-builder-workspace/.derivedData/Build/Intermediates.noindex/Parchment.build/Debug-watchos/Parchment-t.build/DerivedSources/arm64_32 -Xcc -I/Users/admin/builder/spi-builder-workspace/.derivedData/Build/Intermediates.noindex/Parchment.build/Debug-watchos/Parchment-t.build/DerivedSources -Xcc -DSWIFT_PACKAGE -Xcc -DDEBUG\=1 -no-auto-bridging-header-chaining -module-name Parchment -const-gather-protocols-file /Users/admin/builder/spi-builder-workspace/.derivedData/Build/Intermediates.noindex/Parchment.build/Debug-watchos/Parchment-t.build/Objects-normal/arm64_32/Parchment_const_extract_protocols.json -disable-clang-spi -clang-target arm64_32-apple-watchos27.0 -target-sdk-version 27.0 -target-sdk-name watchos27.0 -in-process-plugin-server-path /Applications/Xcode-27.0.0-Release.Candidate.app/Contents/Developer/Toolchains/XcodeDefault.xctoolchain/usr/lib/swift/host/libSwiftInProcPluginServer.dylib -emit-module-doc-path /Users/admin/builder/spi-builder-workspace/.derivedData/Build/Intermediates.noindex/Parchment.build/Debug-watchos/Parchment-t.build/Objects-normal/arm64_32/Parchment.swiftdoc -emit-module-source-info-path /Users/admin/builder/spi-builder-workspace/.derivedData/Build/Intermediates.noindex/Parchment.build/Debug-watchos/Parchment-t.build/Objects-normal/arm64_32/Parchment.swiftsourceinfo -emit-objc-header-path /Users/admin/builder/spi-builder-workspace/.derivedData/Build/Intermediates.noindex/Parchment.build/Debug-watchos/Parchment-t.build/Objects-normal/arm64_32/Parchment-Swift.h -serialize-diagnostics-path /Users/admin/builder/spi-builder-workspace/.derivedData/Build/Intermediates.noindex/Parchment.build/Debug-watchos/Parchment-t.build/Objects-normal/arm64_32/Parchment-primary-emit-module.dia -emit-dependencies-path /Users/admin/builder/spi-builder-workspace/.derivedData/Build/Intermediates.noindex/Parchment.build/Debug-watchos/Parchment-t.build/Objects-normal/arm64_32/Parchment-primary-emit-module.d -parse-as-library -o /Users/admin/builder/spi-builder-workspace/.derivedData/Build/Intermediates.noindex/Parchment.build/Debug-watchos/Parchment-t.build/Objects-normal/arm64_32/Parchment.swiftmodule -emit-abi-descriptor-path /Users/admin/builder/spi-builder-workspace/.derivedData/Build/Intermediates.noindex/Parchment.build/Debug-watchos/Parchment-t.build/Objects-normal/arm64_32/Parchment.abi.json
SwiftCompile normal arm64_32 Compiling\ DefaultBufferFlowController.swift /Users/admin/builder/spi-builder-workspace/Sources/Parchment/DefaultBufferFlowController.swift (in target 'Parchment' from project 'Parchment')
SwiftCompile normal arm64_32 /Users/admin/builder/spi-builder-workspace/Sources/Parchment/DefaultBufferFlowController.swift (in target 'Parchment' from project 'Parchment')
cd /Users/admin/builder/spi-builder-workspace/.swiftpm/xcode
builtin-SwiftPerFileCompile DefaultBufferFlowController.swift
/Users/admin/builder/spi-builder-workspace/Sources/Parchment/DefaultBufferFlowController.swift:18:17: warning: stored property 'bufferTask' of 'Sendable'-conforming class 'DefaultBufferFlowController' is mutable; this is an error in the Swift 6 language mode
16 | @MainActor private var inputAccumulationPayloads: [Payload] = []
17 |
18 | private var bufferTask: Task<Void, Error>? = nil
| `- warning: stored property 'bufferTask' of 'Sendable'-conforming class 'DefaultBufferFlowController' is mutable; this is an error in the Swift 6 language mode
19 |
20 | public init(
SwiftCompile normal arm64_32 Compiling\ SQLiteBuffer.swift /Users/admin/builder/spi-builder-workspace/Sources/Parchment/SQLiteBuffer.swift (in target 'Parchment' from project 'Parchment')
SwiftCompile normal arm64_32 /Users/admin/builder/spi-builder-workspace/Sources/Parchment/SQLiteBuffer.swift (in target 'Parchment' from project 'Parchment')
cd /Users/admin/builder/spi-builder-workspace/.swiftpm/xcode
builtin-SwiftPerFileCompile SQLiteBuffer.swift
SwiftCompile normal arm64_32 Compiling\ Tracked.swift /Users/admin/builder/spi-builder-workspace/Sources/Parchment/Tracked.swift (in target 'Parchment' from project 'Parchment')
SwiftCompile normal arm64_32 /Users/admin/builder/spi-builder-workspace/Sources/Parchment/Tracked.swift (in target 'Parchment' from project 'Parchment')
cd /Users/admin/builder/spi-builder-workspace/.swiftpm/xcode
builtin-SwiftPerFileCompile Tracked.swift
/Users/admin/builder/spi-builder-workspace/Sources/Parchment/Tracked.swift:87:17: warning: capture of 'self' with non-Sendable type 'Binding<Tracked<InnerType, Scope>>' in a '@Sendable' closure [#SendableClosureCaptures]
13 | /// @Tracked(name: "age", with: logger, scope: \.age) var state: State
14 | @propertyWrapper
15 | public struct Tracked<Value: Sendable, ScopeValue: Sendable> {
| `- note: consider making generic struct 'Tracked' conform to the 'Sendable' protocol
16 | private let logger: LoggerBundler
17 | private let option: LoggerBundler.LoggingOption
:
85 | Binding<InnerType>(
86 | get: {
87 | wrappedValue.wrappedValue
| `- warning: capture of 'self' with non-Sendable type 'Binding<Tracked<InnerType, Scope>>' in a '@Sendable' closure [#SendableClosureCaptures]
88 | }, set: {
89 | wrappedValue.wrappedValue = $0
SwiftCompile normal arm64_32 Compiling\ LoggerBundler+.swift /Users/admin/builder/spi-builder-workspace/Sources/Parchment/LoggerBundler+.swift (in target 'Parchment' from project 'Parchment')
SwiftCompile normal arm64_32 /Users/admin/builder/spi-builder-workspace/Sources/Parchment/LoggerBundler+.swift (in target 'Parchment' from project 'Parchment')
cd /Users/admin/builder/spi-builder-workspace/.swiftpm/xcode
builtin-SwiftPerFileCompile LoggerBundler+.swift
SwiftCompile normal arm64_32 Compiling\ DeviceDataMutation.swift /Users/admin/builder/spi-builder-workspace/Sources/Parchment/DeviceDataMutation.swift (in target 'Parchment' from project 'Parchment')
SwiftCompile normal arm64_32 /Users/admin/builder/spi-builder-workspace/Sources/Parchment/DeviceDataMutation.swift (in target 'Parchment' from project 'Parchment')
cd /Users/admin/builder/spi-builder-workspace/.swiftpm/xcode
builtin-SwiftPerFileCompile DeviceDataMutation.swift
SwiftCompile normal arm64_32 Compiling\ View+track.swift /Users/admin/builder/spi-builder-workspace/Sources/Parchment/View+track.swift (in target 'Parchment' from project 'Parchment')
SwiftCompile normal arm64_32 /Users/admin/builder/spi-builder-workspace/Sources/Parchment/View+track.swift (in target 'Parchment' from project 'Parchment')
cd /Users/admin/builder/spi-builder-workspace/.swiftpm/xcode
builtin-SwiftPerFileCompile View+track.swift
SwiftCompile normal arm64_32 Compiling\ Export.swift /Users/admin/builder/spi-builder-workspace/Sources/Parchment/Export.swift (in target 'Parchment' from project 'Parchment')
SwiftCompile normal arm64_32 /Users/admin/builder/spi-builder-workspace/Sources/Parchment/Export.swift (in target 'Parchment' from project 'Parchment')
cd /Users/admin/builder/spi-builder-workspace/.swiftpm/xcode
builtin-SwiftPerFileCompile Export.swift
SwiftEmitModule normal arm64 Emitting\ module\ for\ Parchment (in target 'Parchment' from project 'Parchment')
SwiftCompile normal arm64 (in target 'Parchment' from project 'Parchment')
cd /Users/admin/builder/spi-builder-workspace/.swiftpm/xcode
/Users/admin/builder/spi-builder-workspace/Sources/Parchment/DefaultBufferFlowController.swift:18:17: warning: stored property 'bufferTask' of 'Sendable'-conforming class 'DefaultBufferFlowController' is mutable; this is an error in the Swift 6 language mode
16 | @MainActor private var inputAccumulationPayloads: [Payload] = []
17 |
18 | private var bufferTask: Task<Void, Error>? = nil
| `- warning: stored property 'bufferTask' of 'Sendable'-conforming class 'DefaultBufferFlowController' is mutable; this is an error in the Swift 6 language mode
19 |
20 | public init(
SwiftCompile normal arm64 Compiling\ DefaultBufferFlowController.swift /Users/admin/builder/spi-builder-workspace/Sources/Parchment/DefaultBufferFlowController.swift (in target 'Parchment' from project 'Parchment')
/Users/admin/builder/spi-builder-workspace/Sources/Parchment/DefaultBufferFlowController.swift:18:17: warning: stored property 'bufferTask' of 'Sendable'-conforming class 'DefaultBufferFlowController' is mutable; this is an error in the Swift 6 language mode
16 | @MainActor private var inputAccumulationPayloads: [Payload] = []
17 |
18 | private var bufferTask: Task<Void, Error>? = nil
| `- warning: stored property 'bufferTask' of 'Sendable'-conforming class 'DefaultBufferFlowController' is mutable; this is an error in the Swift 6 language mode
19 |
20 | public init(
SwiftCompile normal arm64 /Users/admin/builder/spi-builder-workspace/Sources/Parchment/DefaultBufferFlowController.swift (in target 'Parchment' from project 'Parchment')
cd /Users/admin/builder/spi-builder-workspace/.swiftpm/xcode
builtin-SwiftPerFileCompile DefaultBufferFlowController.swift
SwiftCompile normal arm64 Compiling\ DeviceDataMutation.swift /Users/admin/builder/spi-builder-workspace/Sources/Parchment/DeviceDataMutation.swift (in target 'Parchment' from project 'Parchment')
SwiftCompile normal arm64 /Users/admin/builder/spi-builder-workspace/Sources/Parchment/DeviceDataMutation.swift (in target 'Parchment' from project 'Parchment')
cd /Users/admin/builder/spi-builder-workspace/.swiftpm/xcode
builtin-SwiftPerFileCompile DeviceDataMutation.swift
SwiftDriverJobDiscovery normal arm64_32 Compiling Export.swift (in target 'Parchment' from project 'Parchment')
SwiftCompile normal arm64 Compiling\ View+track.swift /Users/admin/builder/spi-builder-workspace/Sources/Parchment/View+track.swift (in target 'Parchment' from project 'Parchment')
SwiftCompile normal arm64 /Users/admin/builder/spi-builder-workspace/Sources/Parchment/View+track.swift (in target 'Parchment' from project 'Parchment')
cd /Users/admin/builder/spi-builder-workspace/.swiftpm/xcode
builtin-SwiftPerFileCompile View+track.swift
SwiftDriverJobDiscovery normal arm64_32 Compiling LoggerBundler+.swift (in target 'Parchment' from project 'Parchment')
SwiftCompile normal arm64 Compiling\ LoggerBundler+.swift /Users/admin/builder/spi-builder-workspace/Sources/Parchment/LoggerBundler+.swift (in target 'Parchment' from project 'Parchment')
SwiftCompile normal arm64 /Users/admin/builder/spi-builder-workspace/Sources/Parchment/LoggerBundler+.swift (in target 'Parchment' from project 'Parchment')
cd /Users/admin/builder/spi-builder-workspace/.swiftpm/xcode
builtin-SwiftPerFileCompile LoggerBundler+.swift
PruneExplicitPrecompiledModules /Users/admin/builder/spi-builder-workspace/.derivedData/Build/Intermediates.noindex/SwiftExplicitPrecompiledModules
PruneExplicitPrecompiledModules /Users/admin/builder/spi-builder-workspace/.derivedData/SDKExplicitPrecompiledModules
PruneExplicitPrecompiledModules /Users/admin/builder/spi-builder-workspace/.derivedData/Build/Intermediates.noindex/ExplicitPrecompiledModules
2026-09-19 02:44:21.490 xcodebuild[911:5657] [MT] IDERunDestination: Supported platforms for the buildables in the current scheme is empty.
** BUILD FAILED **
The following build commands failed:
SwiftCompile normal arm64_32 (in target 'Parchment' from project 'Parchment')
SwiftEmitModule normal arm64_32 Emitting\ module\ for\ Parchment (in target 'Parchment' from project 'Parchment')
Building workspace Parchment with scheme Parchment-Package
(3 failures)
Command line invocation:
/Applications/Xcode-27.0.0-Release.Candidate.app/Contents/Developer/usr/bin/xcodebuild -IDEClonedSourcePackagesDirPathOverride=/Users/admin/builder/spi-builder-workspace/.dependencies -resolvePackageDependencies
Resolve Package Graph
Resolved source packages:
Parchment: /Users/admin/builder/spi-builder-workspace
SymbolKit: https://github.com/swiftlang/swift-docc-symbolkit @ 1.0.0
SwiftDocCPlugin: https://github.com/apple/swift-docc-plugin @ 1.5.0
SQLite.swift: https://github.com/stephencelis/SQLite.swift.git @ 0.16.0
resolved source packages: Parchment, SymbolKit, SwiftDocCPlugin, SQLite.swift
2026-09-19 02:44:43.303 xcodebuild[1241:7388] [MT] IDERunDestination: Supported platforms for the buildables in the current scheme is empty.
{
"dependencies" : [
{
"identity" : "swift-docc-plugin",
"requirement" : {
"range" : [
{
"lower_bound" : "1.0.0",
"upper_bound" : "2.0.0"
}
]
},
"type" : "sourceControl",
"url" : "https://github.com/apple/swift-docc-plugin"
},
{
"identity" : "sqlite.swift",
"requirement" : {
"range" : [
{
"lower_bound" : "0.14.1",
"upper_bound" : "1.0.0"
}
]
},
"type" : "sourceControl",
"url" : "https://github.com/stephencelis/SQLite.swift.git"
}
],
"manifest_display_name" : "Parchment",
"name" : "Parchment",
"path" : "/Users/admin/builder/spi-builder-workspace",
"platforms" : [
{
"name" : "ios",
"version" : "14.0"
},
{
"name" : "macos",
"version" : "11.0"
}
],
"products" : [
{
"name" : "ParchmentCore",
"targets" : [
"ParchmentCore"
],
"type" : {
"library" : [
"automatic"
]
}
},
{
"name" : "Parchment",
"targets" : [
"Parchment"
],
"type" : {
"library" : [
"automatic"
]
}
}
],
"targets" : [
{
"c99name" : "TestSupport",
"module_type" : "SwiftTarget",
"name" : "TestSupport",
"path" : "Sources/TestSupport",
"sources" : [
"Stub.swift"
],
"target_dependencies" : [
"ParchmentCore"
],
"type" : "library"
},
{
"c99name" : "ParchmentTests",
"module_type" : "SwiftTarget",
"name" : "ParchmentTests",
"path" : "Tests/ParchmentTests",
"sources" : [
"DefaultBufferFlowControllerTests.swift",
"DeviceDataMutationTests.swift",
"SQLiteBufferTests.swift",
"TrackedTests.swift"
],
"target_dependencies" : [
"Parchment",
"TestSupport"
],
"type" : "test"
},
{
"c99name" : "ParchmentCoreTests",
"module_type" : "SwiftTarget",
"name" : "ParchmentCoreTests",
"path" : "Tests/ParchmentCoreTests",
"sources" : [
"AnyLoggableTests.swift",
"BufferRecordTests.swift",
"LoggerBundlerTests.swift",
"MutationTests.swift"
],
"target_dependencies" : [
"ParchmentCore",
"TestSupport"
],
"type" : "test"
},
{
"c99name" : "ParchmentCore",
"module_type" : "SwiftTarget",
"name" : "ParchmentCore",
"path" : "Sources/ParchmentCore",
"product_memberships" : [
"ParchmentCore",
"Parchment"
],
"sources" : [
"AnyLoggable.swift",
"BufferFlowController.swift",
"LogBuffer.swift",
"Loggable.swift",
"LoggableDictonary.swift",
"LoggerBundler.swift",
"LoggerComponent.swift",
"Mutation.swift",
"Payload.swift",
"osLogger.swift"
],
"type" : "library"
},
{
"c99name" : "Parchment",
"module_type" : "SwiftTarget",
"name" : "Parchment",
"path" : "Sources/Parchment",
"product_dependencies" : [
"SQLite"
],
"product_memberships" : [
"Parchment"
],
"sources" : [
"DefaultBufferFlowController.swift",
"DeviceDataMutation.swift",
"Export.swift",
"LoggerBundler+.swift",
"SQLiteBuffer.swift",
"Tracked.swift",
"View+track.swift"
],
"target_dependencies" : [
"ParchmentCore"
],
"type" : "library"
}
],
"tools_version" : "5.7"
}
{
"workspace" : {
"name" : "Parchment",
"schemes" : [
"Parchment",
"Parchment-Package",
"ParchmentCore"
]
}
}
2026-09-19 02:44:50.799 xcodebuild[1299:7776] [MT] IDERunDestination: Supported platforms for the buildables in the current scheme is empty.
Running build ...
env DEVELOPER_DIR=/Applications/Xcode-27.0.0-Release.Candidate.app xcrun xcodebuild -IDEClonedSourcePackagesDirPathOverride=$PWD/.dependencies -skipMacroValidation -skipPackagePluginValidation -derivedDataPath $PWD/.derivedData build -scheme Parchment-Package -destination generic/platform=watchOS
Command line invocation:
/Applications/Xcode-27.0.0-Release.Candidate.app/Contents/Developer/usr/bin/xcodebuild -IDEClonedSourcePackagesDirPathOverride=/Users/admin/builder/spi-builder-workspace/.dependencies -skipMacroValidation -skipPackagePluginValidation -derivedDataPath /Users/admin/builder/spi-builder-workspace/.derivedData build -scheme Parchment-Package -destination generic/platform=watchOS
Resolve Package Graph
Resolved source packages:
SQLite.swift: https://github.com/stephencelis/SQLite.swift.git @ 0.16.0
SymbolKit: https://github.com/swiftlang/swift-docc-symbolkit @ 1.0.0
Parchment: /Users/admin/builder/spi-builder-workspace
SwiftDocCPlugin: https://github.com/apple/swift-docc-plugin @ 1.5.0
ComputePackagePrebuildTargetDependencyGraph
Prepare packages
CreateBuildRequest
SendProjectDescription
CreateBuildOperation
ComputeTargetDependencyGraph
note: Building targets in dependency order
note: Target dependency graph (7 targets)
Target 'Parchment-product' in project 'Parchment'
➜ Explicit dependency on target 'Parchment' in project 'Parchment'
➜ Explicit dependency on target 'ParchmentCore' in project 'Parchment'
➜ Explicit dependency on target 'SQLite-product' in project 'SQLite.swift'
Target 'Parchment' in project 'Parchment'
➜ Explicit dependency on target 'ParchmentCore' in project 'Parchment'
➜ Explicit dependency on target 'SQLite-product' in project 'SQLite.swift'
Target 'SQLite-product' in project 'SQLite.swift'
➜ Explicit dependency on target 'SQLite' in project 'SQLite.swift'
➜ Explicit dependency on target 'SQLite.swift_SQLite' in project 'SQLite.swift'
Target 'SQLite' in project 'SQLite.swift'
➜ Explicit dependency on target 'SQLite.swift_SQLite' in project 'SQLite.swift'
Target 'SQLite.swift_SQLite' in project 'SQLite.swift' (no dependencies)
Target 'ParchmentCore-product' in project 'Parchment'
➜ Explicit dependency on target 'ParchmentCore' in project 'Parchment'
Target 'ParchmentCore' in project 'Parchment' (no dependencies)
GatherProvisioningInputs
CreateBuildDescription
ClangStatCache /Applications/Xcode-27.0.0-Release.Candidate.app/Contents/Developer/Toolchains/XcodeDefault.xctoolchain/usr/bin/clang-stat-cache /Applications/Xcode-27.0.0-Release.Candidate.app/Contents/Developer/Platforms/WatchOS.platform/Developer/SDKs/WatchOS27.0.sdk /Users/admin/builder/spi-builder-workspace/.derivedData/SDKStatCaches.noindex/watchos27.0-24R360-e829b21a6f8c9b70876ba0858053c04477534ef55a1706bf4c1112bbb242f0a2.sdkstatcache
cd /Users/admin/builder/spi-builder-workspace/.swiftpm/xcode
/Applications/Xcode-27.0.0-Release.Candidate.app/Contents/Developer/Toolchains/XcodeDefault.xctoolchain/usr/bin/clang-stat-cache /Applications/Xcode-27.0.0-Release.Candidate.app/Contents/Developer/Platforms/WatchOS.platform/Developer/SDKs/WatchOS27.0.sdk -o /Users/admin/builder/spi-builder-workspace/.derivedData/SDKStatCaches.noindex/watchos27.0-24R360-e829b21a6f8c9b70876ba0858053c04477534ef55a1706bf4c1112bbb242f0a2.sdkstatcache
SwiftDriver Parchment normal arm64_32 com.apple.xcode.tools.swift.compiler (in target 'Parchment' from project 'Parchment')
cd /Users/admin/builder/spi-builder-workspace/.swiftpm/xcode
builtin-SwiftDriver -- /Applications/Xcode-27.0.0-Release.Candidate.app/Contents/Developer/Toolchains/XcodeDefault.xctoolchain/usr/bin/swiftc -parse-as-library -module-name Parchment -Onone @/Users/admin/builder/spi-builder-workspace/.derivedData/Build/Intermediates.noindex/Parchment.build/Debug-watchos/Parchment-t.build/Objects-normal/arm64_32/Parchment.SwiftFileList -DSWIFT_PACKAGE -DDEBUG -DSWIFT_MODULE_RESOURCE_BUNDLE_UNAVAILABLE -DXcode -strict-concurrency\=complete -plugin-path /Applications/Xcode-27.0.0-Release.Candidate.app/Contents/Developer/Toolchains/XcodeDefault.xctoolchain/usr/lib/swift/host/plugins/testing -enable-experimental-feature DebugDescriptionMacro -sdk /Applications/Xcode-27.0.0-Release.Candidate.app/Contents/Developer/Platforms/WatchOS.platform/Developer/SDKs/WatchOS27.0.sdk -target arm64_32-apple-watchos9.0 -g -module-cache-path /Users/admin/builder/spi-builder-workspace/.derivedData/ModuleCache.noindex -Xfrontend -serialize-debugging-options -profile-coverage-mapping -profile-generate -enable-testing -index-store-path /Users/admin/builder/spi-builder-workspace/.derivedData/Index.noindex/DataStore -Xcc -D_LIBCPP_HARDENING_MODE\=_LIBCPP_HARDENING_MODE_DEBUG -swift-version 5 -I /Users/admin/builder/spi-builder-workspace/.derivedData/Build/Products/Debug-watchos -Isystem /Applications/Xcode-27.0.0-Release.Candidate.app/Contents/Developer/Platforms/WatchOS.platform/Developer/usr/lib -F /Users/admin/builder/spi-builder-workspace/.derivedData/Build/Products/Debug-watchos/PackageFrameworks -F /Users/admin/builder/spi-builder-workspace/.derivedData/Build/Products/Debug-watchos -F /Applications/Xcode-27.0.0-Release.Candidate.app/Contents/Developer/Platforms/WatchOS.platform/Developer/Library/Frameworks -F /Applications/Xcode-27.0.0-Release.Candidate.app/Contents/Developer/Platforms/WatchOS.platform/Developer/SDKs/WatchOS27.0.sdk/Developer/Library/Frameworks -c -j10 -enable-batch-mode -incremental -Xcc -ivfsstatcache -Xcc /Users/admin/builder/spi-builder-workspace/.derivedData/SDKStatCaches.noindex/watchos27.0-24R360-e829b21a6f8c9b70876ba0858053c04477534ef55a1706bf4c1112bbb242f0a2.sdkstatcache -output-file-map /Users/admin/builder/spi-builder-workspace/.derivedData/Build/Intermediates.noindex/Parchment.build/Debug-watchos/Parchment-t.build/Objects-normal/arm64_32/Parchment-OutputFileMap.json -save-temps -no-color-diagnostics -explicit-module-build -module-cache-path /Users/admin/builder/spi-builder-workspace/.derivedData/Build/Intermediates.noindex/SwiftExplicitPrecompiledModules -clang-scanner-module-cache-path /Users/admin/builder/spi-builder-workspace/.derivedData/ModuleCache.noindex -sdk-module-cache-path /Users/admin/builder/spi-builder-workspace/.derivedData/SDKExplicitPrecompiledModules -emit-dependencies -emit-module -emit-module-path /Users/admin/builder/spi-builder-workspace/.derivedData/Build/Intermediates.noindex/Parchment.build/Debug-watchos/Parchment-t.build/Objects-normal/arm64_32/Parchment.swiftmodule -serialize-diagnostics -dependency-scan-serialize-diagnostics-path /Users/admin/builder/spi-builder-workspace/.derivedData/Build/Intermediates.noindex/Parchment.build/Debug-watchos/Parchment-t.build/Objects-normal/arm64_32/Parchment-dependency-scan.dia -validate-clang-modules-once -clang-build-session-file /Users/admin/builder/spi-builder-workspace/.derivedData/ModuleCache.noindex/Session.modulevalidation -Xcc -fmodules-prune-interval\=86400 -Xcc -fmodules-prune-after\=345600 -emit-const-values -const-gather-protocols-list /Users/admin/builder/spi-builder-workspace/.derivedData/Build/Intermediates.noindex/Parchment.build/Debug-watchos/Parchment-t.build/Objects-normal/arm64_32/Parchment_const_extract_protocols.json -Xcc -I/Users/admin/builder/spi-builder-workspace/.derivedData/Build/Products/Debug-watchos/include -Xcc -I/Users/admin/builder/spi-builder-workspace/.derivedData/Build/Intermediates.noindex/Parchment.build/Debug-watchos/Parchment-t.build/DerivedSources-normal/arm64_32 -Xcc -I/Users/admin/builder/spi-builder-workspace/.derivedData/Build/Intermediates.noindex/Parchment.build/Debug-watchos/Parchment-t.build/DerivedSources/arm64_32 -Xcc -I/Users/admin/builder/spi-builder-workspace/.derivedData/Build/Intermediates.noindex/Parchment.build/Debug-watchos/Parchment-t.build/DerivedSources -Xcc -DSWIFT_PACKAGE -Xcc -DDEBUG\=1 -emit-objc-header -emit-objc-header-path /Users/admin/builder/spi-builder-workspace/.derivedData/Build/Intermediates.noindex/Parchment.build/Debug-watchos/Parchment-t.build/Objects-normal/arm64_32/Parchment-Swift.h -working-directory /Users/admin/builder/spi-builder-workspace/.swiftpm/xcode -experimental-emit-module-separately -disable-cmo
SwiftDriver Parchment normal arm64 com.apple.xcode.tools.swift.compiler (in target 'Parchment' from project 'Parchment')
cd /Users/admin/builder/spi-builder-workspace/.swiftpm/xcode
builtin-SwiftDriver -- /Applications/Xcode-27.0.0-Release.Candidate.app/Contents/Developer/Toolchains/XcodeDefault.xctoolchain/usr/bin/swiftc -parse-as-library -module-name Parchment -Onone @/Users/admin/builder/spi-builder-workspace/.derivedData/Build/Intermediates.noindex/Parchment.build/Debug-watchos/Parchment-t.build/Objects-normal/arm64/Parchment.SwiftFileList -DSWIFT_PACKAGE -DDEBUG -DSWIFT_MODULE_RESOURCE_BUNDLE_UNAVAILABLE -DXcode -strict-concurrency\=complete -plugin-path /Applications/Xcode-27.0.0-Release.Candidate.app/Contents/Developer/Toolchains/XcodeDefault.xctoolchain/usr/lib/swift/host/plugins/testing -enable-experimental-feature DebugDescriptionMacro -sdk /Applications/Xcode-27.0.0-Release.Candidate.app/Contents/Developer/Platforms/WatchOS.platform/Developer/SDKs/WatchOS27.0.sdk -target arm64-apple-watchos9.0 -g -module-cache-path /Users/admin/builder/spi-builder-workspace/.derivedData/ModuleCache.noindex -Xfrontend -serialize-debugging-options -profile-coverage-mapping -profile-generate -enable-testing -index-store-path /Users/admin/builder/spi-builder-workspace/.derivedData/Index.noindex/DataStore -Xcc -D_LIBCPP_HARDENING_MODE\=_LIBCPP_HARDENING_MODE_DEBUG -swift-version 5 -I /Users/admin/builder/spi-builder-workspace/.derivedData/Build/Products/Debug-watchos -Isystem /Applications/Xcode-27.0.0-Release.Candidate.app/Contents/Developer/Platforms/WatchOS.platform/Developer/usr/lib -F /Users/admin/builder/spi-builder-workspace/.derivedData/Build/Products/Debug-watchos/PackageFrameworks -F /Users/admin/builder/spi-builder-workspace/.derivedData/Build/Products/Debug-watchos -F /Applications/Xcode-27.0.0-Release.Candidate.app/Contents/Developer/Platforms/WatchOS.platform/Developer/Library/Frameworks -F /Applications/Xcode-27.0.0-Release.Candidate.app/Contents/Developer/Platforms/WatchOS.platform/Developer/SDKs/WatchOS27.0.sdk/Developer/Library/Frameworks -c -j10 -enable-batch-mode -incremental -Xcc -ivfsstatcache -Xcc /Users/admin/builder/spi-builder-workspace/.derivedData/SDKStatCaches.noindex/watchos27.0-24R360-e829b21a6f8c9b70876ba0858053c04477534ef55a1706bf4c1112bbb242f0a2.sdkstatcache -output-file-map /Users/admin/builder/spi-builder-workspace/.derivedData/Build/Intermediates.noindex/Parchment.build/Debug-watchos/Parchment-t.build/Objects-normal/arm64/Parchment-OutputFileMap.json -save-temps -no-color-diagnostics -explicit-module-build -module-cache-path /Users/admin/builder/spi-builder-workspace/.derivedData/Build/Intermediates.noindex/SwiftExplicitPrecompiledModules -clang-scanner-module-cache-path /Users/admin/builder/spi-builder-workspace/.derivedData/ModuleCache.noindex -sdk-module-cache-path /Users/admin/builder/spi-builder-workspace/.derivedData/SDKExplicitPrecompiledModules -emit-dependencies -emit-module -emit-module-path /Users/admin/builder/spi-builder-workspace/.derivedData/Build/Intermediates.noindex/Parchment.build/Debug-watchos/Parchment-t.build/Objects-normal/arm64/Parchment.swiftmodule -serialize-diagnostics -dependency-scan-serialize-diagnostics-path /Users/admin/builder/spi-builder-workspace/.derivedData/Build/Intermediates.noindex/Parchment.build/Debug-watchos/Parchment-t.build/Objects-normal/arm64/Parchment-dependency-scan.dia -validate-clang-modules-once -clang-build-session-file /Users/admin/builder/spi-builder-workspace/.derivedData/ModuleCache.noindex/Session.modulevalidation -Xcc -fmodules-prune-interval\=86400 -Xcc -fmodules-prune-after\=345600 -emit-const-values -const-gather-protocols-list /Users/admin/builder/spi-builder-workspace/.derivedData/Build/Intermediates.noindex/Parchment.build/Debug-watchos/Parchment-t.build/Objects-normal/arm64/Parchment_const_extract_protocols.json -Xcc -I/Users/admin/builder/spi-builder-workspace/.derivedData/Build/Products/Debug-watchos/include -Xcc -I/Users/admin/builder/spi-builder-workspace/.derivedData/Build/Intermediates.noindex/Parchment.build/Debug-watchos/Parchment-t.build/DerivedSources-normal/arm64 -Xcc -I/Users/admin/builder/spi-builder-workspace/.derivedData/Build/Intermediates.noindex/Parchment.build/Debug-watchos/Parchment-t.build/DerivedSources/arm64 -Xcc -I/Users/admin/builder/spi-builder-workspace/.derivedData/Build/Intermediates.noindex/Parchment.build/Debug-watchos/Parchment-t.build/DerivedSources -Xcc -DSWIFT_PACKAGE -Xcc -DDEBUG\=1 -emit-objc-header -emit-objc-header-path /Users/admin/builder/spi-builder-workspace/.derivedData/Build/Intermediates.noindex/Parchment.build/Debug-watchos/Parchment-t.build/Objects-normal/arm64/Parchment-Swift.h -working-directory /Users/admin/builder/spi-builder-workspace/.swiftpm/xcode -experimental-emit-module-separately -disable-cmo
SwiftCompile normal arm64 Compiling\ Export.swift /Users/admin/builder/spi-builder-workspace/Sources/Parchment/Export.swift (in target 'Parchment' from project 'Parchment')
SwiftCompile normal arm64 /Users/admin/builder/spi-builder-workspace/Sources/Parchment/Export.swift (in target 'Parchment' from project 'Parchment')
cd /Users/admin/builder/spi-builder-workspace/.swiftpm/xcode
builtin-SwiftPerFileCompile Export.swift
SwiftCompile normal arm64 Compiling\ View+track.swift /Users/admin/builder/spi-builder-workspace/Sources/Parchment/View+track.swift (in target 'Parchment' from project 'Parchment')
SwiftCompile normal arm64 /Users/admin/builder/spi-builder-workspace/Sources/Parchment/View+track.swift (in target 'Parchment' from project 'Parchment')
cd /Users/admin/builder/spi-builder-workspace/.swiftpm/xcode
builtin-SwiftPerFileCompile View+track.swift
SwiftEmitModule normal arm64 Emitting\ module\ for\ Parchment (in target 'Parchment' from project 'Parchment')
/Users/admin/builder/spi-builder-workspace/Sources/Parchment/DefaultBufferFlowController.swift:18:17: warning: stored property 'bufferTask' of 'Sendable'-conforming class 'DefaultBufferFlowController' is mutable; this is an error in the Swift 6 language mode
16 | @MainActor private var inputAccumulationPayloads: [Payload] = []
17 |
18 | private var bufferTask: Task<Void, Error>? = nil
| `- warning: stored property 'bufferTask' of 'Sendable'-conforming class 'DefaultBufferFlowController' is mutable; this is an error in the Swift 6 language mode
19 |
20 | public init(
/Users/admin/builder/spi-builder-workspace/Sources/Parchment/DeviceDataMutation.swift:16:29: error: 'UIDevice' is unavailable in watchOS
14 |
15 | @MainActor
16 | public init(device: UIDevice) {
| `- error: 'UIDevice' is unavailable in watchOS
17 | deviceParams = [
18 | "Model": device.name,
/Applications/Xcode-27.0.0-Release.Candidate.app/Contents/Developer/Platforms/WatchOS.platform/Developer/SDKs/WatchOS27.0.sdk/System/Library/Frameworks/UIKit.framework/Headers/UIDevice.h:35:12: note: 'UIDevice' has been explicitly marked unavailable here
33 |
34 | UIKIT_EXTERN API_AVAILABLE(ios(2.0)) API_UNAVAILABLE(watchos) NS_SWIFT_UI_ACTOR
35 | @interface UIDevice : NSObject
| `- note: 'UIDevice' has been explicitly marked unavailable here
36 |
37 | @property(class, nonatomic, readonly) UIDevice *currentDevice;
Failed frontend command:
/Applications/Xcode-27.0.0-Release.Candidate.app/Contents/Developer/Toolchains/XcodeDefault.xctoolchain/usr/bin/swift-frontend -frontend -emit-module -experimental-skip-non-inlinable-function-bodies-without-types /Users/admin/builder/spi-builder-workspace/Sources/Parchment/DefaultBufferFlowController.swift /Users/admin/builder/spi-builder-workspace/Sources/Parchment/DeviceDataMutation.swift /Users/admin/builder/spi-builder-workspace/Sources/Parchment/Export.swift /Users/admin/builder/spi-builder-workspace/Sources/Parchment/LoggerBundler+.swift /Users/admin/builder/spi-builder-workspace/Sources/Parchment/SQLiteBuffer.swift /Users/admin/builder/spi-builder-workspace/Sources/Parchment/Tracked.swift /Users/admin/builder/spi-builder-workspace/Sources/Parchment/View+track.swift -target arm64-apple-watchos9.0 -module-can-import-version SwiftUI 8.0.84.1 8.0.84 -module-can-import-version UIKit 9127.0.84.1 9127.0.84 -disable-cross-import-overlay-search -load-resolved-plugin /Applications/Xcode-27.0.0-Release.Candidate.app/Contents/Developer/Platforms/WatchOS.platform/Developer/usr/lib/swift/host/plugins/libFoundationMacros.dylib\#/Applications/Xcode-27.0.0-Release.Candidate.app/Contents/Developer/Platforms/WatchOS.platform/Developer/usr/bin/swift-plugin-server\#FoundationMacros -load-resolved-plugin /Applications/Xcode-27.0.0-Release.Candidate.app/Contents/Developer/Platforms/WatchOS.platform/Developer/usr/lib/swift/host/plugins/libObservationMacros.dylib\#/Applications/Xcode-27.0.0-Release.Candidate.app/Contents/Developer/Platforms/WatchOS.platform/Developer/usr/bin/swift-plugin-server\#ObservationMacros -load-resolved-plugin /Applications/Xcode-27.0.0-Release.Candidate.app/Contents/Developer/Platforms/WatchOS.platform/Developer/usr/lib/swift/host/plugins/libPreviewsMacros.dylib\#/Applications/Xcode-27.0.0-Release.Candidate.app/Contents/Developer/Platforms/WatchOS.platform/Developer/usr/bin/swift-plugin-server\#PreviewsMacros -load-resolved-plugin /Applications/Xcode-27.0.0-Release.Candidate.app/Contents/Developer/Platforms/WatchOS.platform/Developer/usr/lib/swift/host/plugins/libSwiftMacros.dylib\#/Applications/Xcode-27.0.0-Release.Candidate.app/Contents/Developer/Platforms/WatchOS.platform/Developer/usr/bin/swift-plugin-server\#SwiftMacros -load-resolved-plugin /Applications/Xcode-27.0.0-Release.Candidate.app/Contents/Developer/Platforms/WatchOS.platform/Developer/usr/lib/swift/host/plugins/libSwiftUIMacros.dylib\#/Applications/Xcode-27.0.0-Release.Candidate.app/Contents/Developer/Platforms/WatchOS.platform/Developer/usr/bin/swift-plugin-server\#SwiftUIMacros -disable-implicit-swift-modules -Xcc -fno-implicit-modules -Xcc -fno-implicit-module-maps -explicit-swift-module-map-file /Users/admin/builder/spi-builder-workspace/.derivedData/Build/Intermediates.noindex/Parchment.build/Debug-watchos/Parchment-t.build/Objects-normal/arm64/Parchment-dependencies-2.json -Xllvm -aarch64-use-tbi -enable-objc-interop -stack-check -sdk /Applications/Xcode-27.0.0-Release.Candidate.app/Contents/Developer/Platforms/WatchOS.platform/Developer/SDKs/WatchOS27.0.sdk -I /Users/admin/builder/spi-builder-workspace/.derivedData/Build/Products/Debug-watchos -Isystem /Applications/Xcode-27.0.0-Release.Candidate.app/Contents/Developer/Platforms/WatchOS.platform/Developer/usr/lib -F /Users/admin/builder/spi-builder-workspace/.derivedData/Build/Products/Debug-watchos/PackageFrameworks -F /Users/admin/builder/spi-builder-workspace/.derivedData/Build/Products/Debug-watchos -F /Applications/Xcode-27.0.0-Release.Candidate.app/Contents/Developer/Platforms/WatchOS.platform/Developer/Library/Frameworks -F /Applications/Xcode-27.0.0-Release.Candidate.app/Contents/Developer/Platforms/WatchOS.platform/Developer/SDKs/WatchOS27.0.sdk/Developer/Library/Frameworks -module-cache-path /Users/admin/builder/spi-builder-workspace/.derivedData/Build/Intermediates.noindex/SwiftExplicitPrecompiledModules -no-color-diagnostics -Xcc -fno-color-diagnostics -enable-testing -g -debug-info-format\=dwarf -dwarf-version\=4 -profile-generate -profile-coverage-mapping -swift-version 5 -Onone -D SWIFT_PACKAGE -D DEBUG -D SWIFT_MODULE_RESOURCE_BUNDLE_UNAVAILABLE -D Xcode -serialize-debugging-options -enable-experimental-feature DebugDescriptionMacro -strict-concurrency\=complete -empty-abi-descriptor -validate-clang-modules-once -clang-build-session-file /Users/admin/builder/spi-builder-workspace/.derivedData/ModuleCache.noindex/Session.modulevalidation -Xcc -working-directory -Xcc /Users/admin/builder/spi-builder-workspace/.swiftpm/xcode -enable-anonymous-context-mangled-names -file-compilation-dir /Users/admin/builder/spi-builder-workspace/.swiftpm/xcode -Xcc -D_LIBCPP_HARDENING_MODE\=_LIBCPP_HARDENING_MODE_DEBUG -Xcc -ivfsstatcache -Xcc /Users/admin/builder/spi-builder-workspace/.derivedData/SDKStatCaches.noindex/watchos27.0-24R360-e829b21a6f8c9b70876ba0858053c04477534ef55a1706bf4c1112bbb242f0a2.sdkstatcache -Xcc -fmodules-prune-interval\=86400 -Xcc -fmodules-prune-after\=345600 -Xcc -I/Users/admin/builder/spi-builder-workspace/.derivedData/Build/Products/Debug-watchos/include -Xcc -I/Users/admin/builder/spi-builder-workspace/.derivedData/Build/Intermediates.noindex/Parchment.build/Debug-watchos/Parchment-t.build/DerivedSources-normal/arm64 -Xcc -I/Users/admin/builder/spi-builder-workspace/.derivedData/Build/Intermediates.noindex/Parchment.build/Debug-watchos/Parchment-t.build/DerivedSources/arm64 -Xcc -I/Users/admin/builder/spi-builder-workspace/.derivedData/Build/Intermediates.noindex/Parchment.build/Debug-watchos/Parchment-t.build/DerivedSources -Xcc -DSWIFT_PACKAGE -Xcc -DDEBUG\=1 -no-auto-bridging-header-chaining -module-name Parchment -const-gather-protocols-file /Users/admin/builder/spi-builder-workspace/.derivedData/Build/Intermediates.noindex/Parchment.build/Debug-watchos/Parchment-t.build/Objects-normal/arm64/Parchment_const_extract_protocols.json -disable-clang-spi -clang-target arm64-apple-watchos27.0 -target-sdk-version 27.0 -target-sdk-name watchos27.0 -in-process-plugin-server-path /Applications/Xcode-27.0.0-Release.Candidate.app/Contents/Developer/Toolchains/XcodeDefault.xctoolchain/usr/lib/swift/host/libSwiftInProcPluginServer.dylib -emit-module-doc-path /Users/admin/builder/spi-builder-workspace/.derivedData/Build/Intermediates.noindex/Parchment.build/Debug-watchos/Parchment-t.build/Objects-normal/arm64/Parchment.swiftdoc -emit-module-source-info-path /Users/admin/builder/spi-builder-workspace/.derivedData/Build/Intermediates.noindex/Parchment.build/Debug-watchos/Parchment-t.build/Objects-normal/arm64/Parchment.swiftsourceinfo -emit-objc-header-path /Users/admin/builder/spi-builder-workspace/.derivedData/Build/Intermediates.noindex/Parchment.build/Debug-watchos/Parchment-t.build/Objects-normal/arm64/Parchment-Swift.h -serialize-diagnostics-path /Users/admin/builder/spi-builder-workspace/.derivedData/Build/Intermediates.noindex/Parchment.build/Debug-watchos/Parchment-t.build/Objects-normal/arm64/Parchment-primary-emit-module.dia -emit-dependencies-path /Users/admin/builder/spi-builder-workspace/.derivedData/Build/Intermediates.noindex/Parchment.build/Debug-watchos/Parchment-t.build/Objects-normal/arm64/Parchment-primary-emit-module.d -parse-as-library -o /Users/admin/builder/spi-builder-workspace/.derivedData/Build/Intermediates.noindex/Parchment.build/Debug-watchos/Parchment-t.build/Objects-normal/arm64/Parchment.swiftmodule -emit-abi-descriptor-path /Users/admin/builder/spi-builder-workspace/.derivedData/Build/Intermediates.noindex/Parchment.build/Debug-watchos/Parchment-t.build/Objects-normal/arm64/Parchment.abi.json
SwiftCompile normal arm64 (in target 'Parchment' from project 'Parchment')
cd /Users/admin/builder/spi-builder-workspace/.swiftpm/xcode
SwiftEmitModule normal arm64_32 Emitting\ module\ for\ Parchment (in target 'Parchment' from project 'Parchment')
/Users/admin/builder/spi-builder-workspace/Sources/Parchment/DefaultBufferFlowController.swift:18:17: warning: stored property 'bufferTask' of 'Sendable'-conforming class 'DefaultBufferFlowController' is mutable; this is an error in the Swift 6 language mode
16 | @MainActor private var inputAccumulationPayloads: [Payload] = []
17 |
18 | private var bufferTask: Task<Void, Error>? = nil
| `- warning: stored property 'bufferTask' of 'Sendable'-conforming class 'DefaultBufferFlowController' is mutable; this is an error in the Swift 6 language mode
19 |
20 | public init(
/Users/admin/builder/spi-builder-workspace/Sources/Parchment/DeviceDataMutation.swift:16:29: error: 'UIDevice' is unavailable in watchOS
14 |
15 | @MainActor
16 | public init(device: UIDevice) {
| `- error: 'UIDevice' is unavailable in watchOS
17 | deviceParams = [
18 | "Model": device.name,
/Applications/Xcode-27.0.0-Release.Candidate.app/Contents/Developer/Platforms/WatchOS.platform/Developer/SDKs/WatchOS27.0.sdk/System/Library/Frameworks/UIKit.framework/Headers/UIDevice.h:35:12: note: 'UIDevice' has been explicitly marked unavailable here
33 |
34 | UIKIT_EXTERN API_AVAILABLE(ios(2.0)) API_UNAVAILABLE(watchos) NS_SWIFT_UI_ACTOR
35 | @interface UIDevice : NSObject
| `- note: 'UIDevice' has been explicitly marked unavailable here
36 |
37 | @property(class, nonatomic, readonly) UIDevice *currentDevice;
Failed frontend command:
/Applications/Xcode-27.0.0-Release.Candidate.app/Contents/Developer/Toolchains/XcodeDefault.xctoolchain/usr/bin/swift-frontend -frontend -emit-module -experimental-skip-non-inlinable-function-bodies-without-types /Users/admin/builder/spi-builder-workspace/Sources/Parchment/DefaultBufferFlowController.swift /Users/admin/builder/spi-builder-workspace/Sources/Parchment/DeviceDataMutation.swift /Users/admin/builder/spi-builder-workspace/Sources/Parchment/Export.swift /Users/admin/builder/spi-builder-workspace/Sources/Parchment/LoggerBundler+.swift /Users/admin/builder/spi-builder-workspace/Sources/Parchment/SQLiteBuffer.swift /Users/admin/builder/spi-builder-workspace/Sources/Parchment/Tracked.swift /Users/admin/builder/spi-builder-workspace/Sources/Parchment/View+track.swift -target arm64_32-apple-watchos9.0 -module-can-import-version SwiftUI 8.0.84.1 8.0.84 -module-can-import-version UIKit 9127.0.84.1 9127.0.84 -disable-cross-import-overlay-search -load-resolved-plugin /Applications/Xcode-27.0.0-Release.Candidate.app/Contents/Developer/Platforms/WatchOS.platform/Developer/usr/lib/swift/host/plugins/libFoundationMacros.dylib\#/Applications/Xcode-27.0.0-Release.Candidate.app/Contents/Developer/Platforms/WatchOS.platform/Developer/usr/bin/swift-plugin-server\#FoundationMacros -load-resolved-plugin /Applications/Xcode-27.0.0-Release.Candidate.app/Contents/Developer/Platforms/WatchOS.platform/Developer/usr/lib/swift/host/plugins/libObservationMacros.dylib\#/Applications/Xcode-27.0.0-Release.Candidate.app/Contents/Developer/Platforms/WatchOS.platform/Developer/usr/bin/swift-plugin-server\#ObservationMacros -load-resolved-plugin /Applications/Xcode-27.0.0-Release.Candidate.app/Contents/Developer/Platforms/WatchOS.platform/Developer/usr/lib/swift/host/plugins/libPreviewsMacros.dylib\#/Applications/Xcode-27.0.0-Release.Candidate.app/Contents/Developer/Platforms/WatchOS.platform/Developer/usr/bin/swift-plugin-server\#PreviewsMacros -load-resolved-plugin /Applications/Xcode-27.0.0-Release.Candidate.app/Contents/Developer/Platforms/WatchOS.platform/Developer/usr/lib/swift/host/plugins/libSwiftMacros.dylib\#/Applications/Xcode-27.0.0-Release.Candidate.app/Contents/Developer/Platforms/WatchOS.platform/Developer/usr/bin/swift-plugin-server\#SwiftMacros -load-resolved-plugin /Applications/Xcode-27.0.0-Release.Candidate.app/Contents/Developer/Platforms/WatchOS.platform/Developer/usr/lib/swift/host/plugins/libSwiftUIMacros.dylib\#/Applications/Xcode-27.0.0-Release.Candidate.app/Contents/Developer/Platforms/WatchOS.platform/Developer/usr/bin/swift-plugin-server\#SwiftUIMacros -disable-implicit-swift-modules -Xcc -fno-implicit-modules -Xcc -fno-implicit-module-maps -explicit-swift-module-map-file /Users/admin/builder/spi-builder-workspace/.derivedData/Build/Intermediates.noindex/Parchment.build/Debug-watchos/Parchment-t.build/Objects-normal/arm64_32/Parchment-dependencies-1.json -enable-objc-interop -sdk /Applications/Xcode-27.0.0-Release.Candidate.app/Contents/Developer/Platforms/WatchOS.platform/Developer/SDKs/WatchOS27.0.sdk -I /Users/admin/builder/spi-builder-workspace/.derivedData/Build/Products/Debug-watchos -Isystem /Applications/Xcode-27.0.0-Release.Candidate.app/Contents/Developer/Platforms/WatchOS.platform/Developer/usr/lib -F /Users/admin/builder/spi-builder-workspace/.derivedData/Build/Products/Debug-watchos/PackageFrameworks -F /Users/admin/builder/spi-builder-workspace/.derivedData/Build/Products/Debug-watchos -F /Applications/Xcode-27.0.0-Release.Candidate.app/Contents/Developer/Platforms/WatchOS.platform/Developer/Library/Frameworks -F /Applications/Xcode-27.0.0-Release.Candidate.app/Contents/Developer/Platforms/WatchOS.platform/Developer/SDKs/WatchOS27.0.sdk/Developer/Library/Frameworks -module-cache-path /Users/admin/builder/spi-builder-workspace/.derivedData/Build/Intermediates.noindex/SwiftExplicitPrecompiledModules -no-color-diagnostics -Xcc -fno-color-diagnostics -enable-testing -g -debug-info-format\=dwarf -dwarf-version\=4 -profile-generate -profile-coverage-mapping -swift-version 5 -Onone -D SWIFT_PACKAGE -D DEBUG -D SWIFT_MODULE_RESOURCE_BUNDLE_UNAVAILABLE -D Xcode -serialize-debugging-options -enable-experimental-feature DebugDescriptionMacro -strict-concurrency\=complete -empty-abi-descriptor -validate-clang-modules-once -clang-build-session-file /Users/admin/builder/spi-builder-workspace/.derivedData/ModuleCache.noindex/Session.modulevalidation -Xcc -working-directory -Xcc /Users/admin/builder/spi-builder-workspace/.swiftpm/xcode -enable-anonymous-context-mangled-names -file-compilation-dir /Users/admin/builder/spi-builder-workspace/.swiftpm/xcode -Xcc -D_LIBCPP_HARDENING_MODE\=_LIBCPP_HARDENING_MODE_DEBUG -Xcc -ivfsstatcache -Xcc /Users/admin/builder/spi-builder-workspace/.derivedData/SDKStatCaches.noindex/watchos27.0-24R360-e829b21a6f8c9b70876ba0858053c04477534ef55a1706bf4c1112bbb242f0a2.sdkstatcache -Xcc -fmodules-prune-interval\=86400 -Xcc -fmodules-prune-after\=345600 -Xcc -I/Users/admin/builder/spi-builder-workspace/.derivedData/Build/Products/Debug-watchos/include -Xcc -I/Users/admin/builder/spi-builder-workspace/.derivedData/Build/Intermediates.noindex/Parchment.build/Debug-watchos/Parchment-t.build/DerivedSources-normal/arm64_32 -Xcc -I/Users/admin/builder/spi-builder-workspace/.derivedData/Build/Intermediates.noindex/Parchment.build/Debug-watchos/Parchment-t.build/DerivedSources/arm64_32 -Xcc -I/Users/admin/builder/spi-builder-workspace/.derivedData/Build/Intermediates.noindex/Parchment.build/Debug-watchos/Parchment-t.build/DerivedSources -Xcc -DSWIFT_PACKAGE -Xcc -DDEBUG\=1 -no-auto-bridging-header-chaining -module-name Parchment -const-gather-protocols-file /Users/admin/builder/spi-builder-workspace/.derivedData/Build/Intermediates.noindex/Parchment.build/Debug-watchos/Parchment-t.build/Objects-normal/arm64_32/Parchment_const_extract_protocols.json -disable-clang-spi -clang-target arm64_32-apple-watchos27.0 -target-sdk-version 27.0 -target-sdk-name watchos27.0 -in-process-plugin-server-path /Applications/Xcode-27.0.0-Release.Candidate.app/Contents/Developer/Toolchains/XcodeDefault.xctoolchain/usr/lib/swift/host/libSwiftInProcPluginServer.dylib -emit-module-doc-path /Users/admin/builder/spi-builder-workspace/.derivedData/Build/Intermediates.noindex/Parchment.build/Debug-watchos/Parchment-t.build/Objects-normal/arm64_32/Parchment.swiftdoc -emit-module-source-info-path /Users/admin/builder/spi-builder-workspace/.derivedData/Build/Intermediates.noindex/Parchment.build/Debug-watchos/Parchment-t.build/Objects-normal/arm64_32/Parchment.swiftsourceinfo -emit-objc-header-path /Users/admin/builder/spi-builder-workspace/.derivedData/Build/Intermediates.noindex/Parchment.build/Debug-watchos/Parchment-t.build/Objects-normal/arm64_32/Parchment-Swift.h -serialize-diagnostics-path /Users/admin/builder/spi-builder-workspace/.derivedData/Build/Intermediates.noindex/Parchment.build/Debug-watchos/Parchment-t.build/Objects-normal/arm64_32/Parchment-primary-emit-module.dia -emit-dependencies-path /Users/admin/builder/spi-builder-workspace/.derivedData/Build/Intermediates.noindex/Parchment.build/Debug-watchos/Parchment-t.build/Objects-normal/arm64_32/Parchment-primary-emit-module.d -parse-as-library -o /Users/admin/builder/spi-builder-workspace/.derivedData/Build/Intermediates.noindex/Parchment.build/Debug-watchos/Parchment-t.build/Objects-normal/arm64_32/Parchment.swiftmodule -emit-abi-descriptor-path /Users/admin/builder/spi-builder-workspace/.derivedData/Build/Intermediates.noindex/Parchment.build/Debug-watchos/Parchment-t.build/Objects-normal/arm64_32/Parchment.abi.json
SwiftCompile normal arm64_32 (in target 'Parchment' from project 'Parchment')
cd /Users/admin/builder/spi-builder-workspace/.swiftpm/xcode
SwiftCompile normal arm64_32 Compiling\ DefaultBufferFlowController.swift /Users/admin/builder/spi-builder-workspace/Sources/Parchment/DefaultBufferFlowController.swift (in target 'Parchment' from project 'Parchment')
/Users/admin/builder/spi-builder-workspace/Sources/Parchment/DefaultBufferFlowController.swift:18:17: warning: stored property 'bufferTask' of 'Sendable'-conforming class 'DefaultBufferFlowController' is mutable; this is an error in the Swift 6 language mode
16 | @MainActor private var inputAccumulationPayloads: [Payload] = []
17 |
18 | private var bufferTask: Task<Void, Error>? = nil
| `- warning: stored property 'bufferTask' of 'Sendable'-conforming class 'DefaultBufferFlowController' is mutable; this is an error in the Swift 6 language mode
19 |
20 | public init(
SwiftCompile normal arm64_32 /Users/admin/builder/spi-builder-workspace/Sources/Parchment/DefaultBufferFlowController.swift (in target 'Parchment' from project 'Parchment')
cd /Users/admin/builder/spi-builder-workspace/.swiftpm/xcode
builtin-SwiftPerFileCompile DefaultBufferFlowController.swift
SwiftCompile normal arm64_32 Compiling\ DeviceDataMutation.swift /Users/admin/builder/spi-builder-workspace/Sources/Parchment/DeviceDataMutation.swift (in target 'Parchment' from project 'Parchment')
SwiftCompile normal arm64_32 /Users/admin/builder/spi-builder-workspace/Sources/Parchment/DeviceDataMutation.swift (in target 'Parchment' from project 'Parchment')
cd /Users/admin/builder/spi-builder-workspace/.swiftpm/xcode
builtin-SwiftPerFileCompile DeviceDataMutation.swift
SwiftCompile normal arm64 Compiling\ DefaultBufferFlowController.swift /Users/admin/builder/spi-builder-workspace/Sources/Parchment/DefaultBufferFlowController.swift (in target 'Parchment' from project 'Parchment')
/Users/admin/builder/spi-builder-workspace/Sources/Parchment/DefaultBufferFlowController.swift:18:17: warning: stored property 'bufferTask' of 'Sendable'-conforming class 'DefaultBufferFlowController' is mutable; this is an error in the Swift 6 language mode
16 | @MainActor private var inputAccumulationPayloads: [Payload] = []
17 |
18 | private var bufferTask: Task<Void, Error>? = nil
| `- warning: stored property 'bufferTask' of 'Sendable'-conforming class 'DefaultBufferFlowController' is mutable; this is an error in the Swift 6 language mode
19 |
20 | public init(
SwiftCompile normal arm64 /Users/admin/builder/spi-builder-workspace/Sources/Parchment/DefaultBufferFlowController.swift (in target 'Parchment' from project 'Parchment')
cd /Users/admin/builder/spi-builder-workspace/.swiftpm/xcode
builtin-SwiftPerFileCompile DefaultBufferFlowController.swift
SwiftCompile normal arm64 Compiling\ SQLiteBuffer.swift /Users/admin/builder/spi-builder-workspace/Sources/Parchment/SQLiteBuffer.swift (in target 'Parchment' from project 'Parchment')
SwiftCompile normal arm64 /Users/admin/builder/spi-builder-workspace/Sources/Parchment/SQLiteBuffer.swift (in target 'Parchment' from project 'Parchment')
cd /Users/admin/builder/spi-builder-workspace/.swiftpm/xcode
builtin-SwiftPerFileCompile SQLiteBuffer.swift
SwiftCompile normal arm64 Compiling\ DeviceDataMutation.swift /Users/admin/builder/spi-builder-workspace/Sources/Parchment/DeviceDataMutation.swift (in target 'Parchment' from project 'Parchment')
SwiftCompile normal arm64 /Users/admin/builder/spi-builder-workspace/Sources/Parchment/DeviceDataMutation.swift (in target 'Parchment' from project 'Parchment')
cd /Users/admin/builder/spi-builder-workspace/.swiftpm/xcode
builtin-SwiftPerFileCompile DeviceDataMutation.swift
SwiftCompile normal arm64 Compiling\ LoggerBundler+.swift /Users/admin/builder/spi-builder-workspace/Sources/Parchment/LoggerBundler+.swift (in target 'Parchment' from project 'Parchment')
SwiftCompile normal arm64 /Users/admin/builder/spi-builder-workspace/Sources/Parchment/LoggerBundler+.swift (in target 'Parchment' from project 'Parchment')
cd /Users/admin/builder/spi-builder-workspace/.swiftpm/xcode
builtin-SwiftPerFileCompile LoggerBundler+.swift
SwiftCompile normal arm64_32 Compiling\ SQLiteBuffer.swift /Users/admin/builder/spi-builder-workspace/Sources/Parchment/SQLiteBuffer.swift (in target 'Parchment' from project 'Parchment')
SwiftCompile normal arm64_32 /Users/admin/builder/spi-builder-workspace/Sources/Parchment/SQLiteBuffer.swift (in target 'Parchment' from project 'Parchment')
cd /Users/admin/builder/spi-builder-workspace/.swiftpm/xcode
builtin-SwiftPerFileCompile SQLiteBuffer.swift
SwiftDriverJobDiscovery normal arm64 Compiling Export.swift (in target 'Parchment' from project 'Parchment')
SwiftCompile normal arm64_32 Compiling\ Tracked.swift /Users/admin/builder/spi-builder-workspace/Sources/Parchment/Tracked.swift (in target 'Parchment' from project 'Parchment')
SwiftCompile normal arm64_32 /Users/admin/builder/spi-builder-workspace/Sources/Parchment/Tracked.swift (in target 'Parchment' from project 'Parchment')
cd /Users/admin/builder/spi-builder-workspace/.swiftpm/xcode
builtin-SwiftPerFileCompile Tracked.swift
SwiftDriverJobDiscovery normal arm64 Compiling LoggerBundler+.swift (in target 'Parchment' from project 'Parchment')
SwiftCompile normal arm64_32 Compiling\ View+track.swift /Users/admin/builder/spi-builder-workspace/Sources/Parchment/View+track.swift (in target 'Parchment' from project 'Parchment')
SwiftCompile normal arm64_32 /Users/admin/builder/spi-builder-workspace/Sources/Parchment/View+track.swift (in target 'Parchment' from project 'Parchment')
cd /Users/admin/builder/spi-builder-workspace/.swiftpm/xcode
builtin-SwiftPerFileCompile View+track.swift
PruneExplicitPrecompiledModules /Users/admin/builder/spi-builder-workspace/.derivedData/Build/Intermediates.noindex/SwiftExplicitPrecompiledModules
PruneExplicitPrecompiledModules /Users/admin/builder/spi-builder-workspace/.derivedData/Build/Intermediates.noindex/ExplicitPrecompiledModules
PruneExplicitPrecompiledModules /Users/admin/builder/spi-builder-workspace/.derivedData/SDKExplicitPrecompiledModules
2026-09-19 02:44:57.762 xcodebuild[1350:8134] [MT] IDERunDestination: Supported platforms for the buildables in the current scheme is empty.
** BUILD FAILED **
The following build commands failed:
SwiftEmitModule normal arm64 Emitting\ module\ for\ Parchment (in target 'Parchment' from project 'Parchment')
SwiftCompile normal arm64 (in target 'Parchment' from project 'Parchment')
SwiftEmitModule normal arm64_32 Emitting\ module\ for\ Parchment (in target 'Parchment' from project 'Parchment')
SwiftCompile normal arm64_32 (in target 'Parchment' from project 'Parchment')
Building workspace Parchment with scheme Parchment-Package
(5 failures)
BUILD FAILURE 6.4 watchOS