Build Information
Failed to build NavPilot, reference main (c65487), with Swift 6.1 for tvOS using Xcode 16.3 on 23 Sep 2026 11:28:22 UTC.
Build Command
env DEVELOPER_DIR=/Applications/Xcode-16.3.0.app xcrun xcodebuild -IDEClonedSourcePackagesDirPathOverride=$PWD/.dependencies -skipMacroValidation -skipPackagePluginValidation -derivedDataPath $PWD/.derivedData build -scheme NavPilot -destination generic/platform=tvOSBuild Log
========================================
RunAll
========================================
Builder version: 5.1.0
Interrupt handler set up.
========================================
Checkout
========================================
Clone URL: https://github.com/DKVekariya/NavigationPilot.git
Reference: main
Initialized empty Git repository in /Users/admin/builder/spi-builder-workspace/.git/
From https://github.com/DKVekariya/NavigationPilot
* branch main -> FETCH_HEAD
* [new branch] main -> origin/main
HEAD is now at c65487e Merge pull request #9 from DKVekariya/DKVekariya-patch-1
Cloned https://github.com/DKVekariya/NavigationPilot.git
Revision (git rev-parse @):
c65487e2ed14ada909d20a15259f686688e1ead3
SUCCESS checkout https://github.com/DKVekariya/NavigationPilot.git at main
========================================
Build
========================================
Selected platform: tvOS
Swift version: 6.1
Building package at path: $PWD
https://github.com/DKVekariya/NavigationPilot.git
https://github.com/DKVekariya/NavigationPilot.git
{
"dependencies" : [
],
"manifest_display_name" : "NavPilot",
"name" : "NavPilot",
"path" : "/Users/admin/builder/spi-builder-workspace",
"platforms" : [
{
"name" : "ios",
"version" : "16.0"
},
{
"name" : "macos",
"version" : "15.0"
},
{
"name" : "tvos",
"version" : "15.0"
},
{
"name" : "watchos",
"version" : "10.0"
}
],
"products" : [
{
"name" : "NavPilot",
"targets" : [
"NavPilot"
],
"type" : {
"library" : [
"automatic"
]
}
}
],
"swift_languages_versions" : [
"6"
],
"targets" : [
{
"c99name" : "NavPilotTests",
"module_type" : "SwiftTarget",
"name" : "NavPilotTests",
"path" : "Tests/NavPilotTests",
"sources" : [
"NavPilotTests.swift"
],
"target_dependencies" : [
"NavPilot"
],
"type" : "test"
},
{
"c99name" : "NavPilot",
"module_type" : "SwiftTarget",
"name" : "NavPilot",
"path" : "Sources/NavPilot",
"product_memberships" : [
"NavPilot"
],
"sources" : [
"NavPilot.swift",
"NavPilotDeepLink.swift",
"NavPilotHost.swift",
"NavPilotLogger.swift",
"NavPilotPersistence.swift",
"NavPilotStackInspector.swift"
],
"type" : "library"
}
],
"tools_version" : "6.1"
}
Command line invocation:
/Applications/Xcode-16.3.0.app/Contents/Developer/usr/bin/xcodebuild -IDEClonedSourcePackagesDirPathOverride=/Users/admin/builder/spi-builder-workspace/.dependencies -resolvePackageDependencies
Resolve Package Graph
Resolve Package Graph
Resolved source packages:
NavPilot: /Users/admin/builder/spi-builder-workspace
resolved source packages: NavPilot
{
"dependencies" : [
],
"manifest_display_name" : "NavPilot",
"name" : "NavPilot",
"path" : "/Users/admin/builder/spi-builder-workspace",
"platforms" : [
{
"name" : "ios",
"version" : "16.0"
},
{
"name" : "macos",
"version" : "15.0"
},
{
"name" : "tvos",
"version" : "15.0"
},
{
"name" : "watchos",
"version" : "10.0"
}
],
"products" : [
{
"name" : "NavPilot",
"targets" : [
"NavPilot"
],
"type" : {
"library" : [
"automatic"
]
}
}
],
"swift_languages_versions" : [
"6"
],
"targets" : [
{
"c99name" : "NavPilotTests",
"module_type" : "SwiftTarget",
"name" : "NavPilotTests",
"path" : "Tests/NavPilotTests",
"sources" : [
"NavPilotTests.swift"
],
"target_dependencies" : [
"NavPilot"
],
"type" : "test"
},
{
"c99name" : "NavPilot",
"module_type" : "SwiftTarget",
"name" : "NavPilot",
"path" : "Sources/NavPilot",
"product_memberships" : [
"NavPilot"
],
"sources" : [
"NavPilot.swift",
"NavPilotDeepLink.swift",
"NavPilotHost.swift",
"NavPilotLogger.swift",
"NavPilotPersistence.swift",
"NavPilotStackInspector.swift"
],
"type" : "library"
}
],
"tools_version" : "6.1"
}
{
"workspace" : {
"name" : "spi-builder-workspace",
"schemes" : [
"NavPilot"
]
}
}
Running build ...
env DEVELOPER_DIR=/Applications/Xcode-16.3.0.app xcrun xcodebuild -IDEClonedSourcePackagesDirPathOverride=$PWD/.dependencies -skipMacroValidation -skipPackagePluginValidation -derivedDataPath $PWD/.derivedData build -scheme NavPilot -destination generic/platform=tvOS OTHER_SWIFT_FLAGS=-stats-output-dir .stats
Command line invocation:
/Applications/Xcode-16.3.0.app/Contents/Developer/usr/bin/xcodebuild -IDEClonedSourcePackagesDirPathOverride=/Users/admin/builder/spi-builder-workspace/.dependencies -skipMacroValidation -skipPackagePluginValidation -derivedDataPath /Users/admin/builder/spi-builder-workspace/.derivedData build -scheme NavPilot -destination generic/platform=tvOS "OTHER_SWIFT_FLAGS=-stats-output-dir .stats"
Build settings from command line:
OTHER_SWIFT_FLAGS = -stats-output-dir .stats
Resolve Package Graph
Resolved source packages:
NavPilot: /Users/admin/builder/spi-builder-workspace
ComputePackagePrebuildTargetDependencyGraph
Prepare packages
CreateBuildRequest
SendProjectDescription
CreateBuildOperation
ComputeTargetDependencyGraph
note: Building targets in dependency order
note: Target dependency graph (2 targets)
Target 'NavPilot' in project 'NavPilot'
➜ Explicit dependency on target 'NavPilot' in project 'NavPilot'
Target 'NavPilot' in project 'NavPilot' (no dependencies)
GatherProvisioningInputs
CreateBuildDescription
ExecuteExternalTool /Applications/Xcode-16.3.0.app/Contents/Developer/Toolchains/XcodeDefault.xctoolchain/usr/bin/clang -v -E -dM -isysroot /Applications/Xcode-16.3.0.app/Contents/Developer/Platforms/AppleTVOS.platform/Developer/SDKs/AppleTVOS18.4.sdk -x c -c /dev/null
ExecuteExternalTool /Applications/Xcode-16.3.0.app/Contents/Developer/Toolchains/XcodeDefault.xctoolchain/usr/bin/swiftc --version
ExecuteExternalTool /Applications/Xcode-16.3.0.app/Contents/Developer/Toolchains/XcodeDefault.xctoolchain/usr/bin/ld -version_details
Build description signature: 8da53d3c45fdc32e225701d3e84f6c3f
Build description path: /Users/admin/builder/spi-builder-workspace/.derivedData/Build/Intermediates.noindex/XCBuildData/8da53d3c45fdc32e225701d3e84f6c3f.xcbuilddata
ClangStatCache /Applications/Xcode-16.3.0.app/Contents/Developer/Toolchains/XcodeDefault.xctoolchain/usr/bin/clang-stat-cache /Applications/Xcode-16.3.0.app/Contents/Developer/Platforms/AppleTVOS.platform/Developer/SDKs/AppleTVOS18.4.sdk /Users/admin/builder/spi-builder-workspace/.derivedData/SDKStatCaches.noindex/appletvos18.4-22L251-271d326055c85f9856fa135c41255102.sdkstatcache
cd /Users/admin/builder/spi-builder-workspace/.swiftpm/xcode
/Applications/Xcode-16.3.0.app/Contents/Developer/Toolchains/XcodeDefault.xctoolchain/usr/bin/clang-stat-cache /Applications/Xcode-16.3.0.app/Contents/Developer/Platforms/AppleTVOS.platform/Developer/SDKs/AppleTVOS18.4.sdk -o /Users/admin/builder/spi-builder-workspace/.derivedData/SDKStatCaches.noindex/appletvos18.4-22L251-271d326055c85f9856fa135c41255102.sdkstatcache
CreateBuildDirectory /Users/admin/builder/spi-builder-workspace/.derivedData/Build/Products
cd /Users/admin/builder/spi-builder-workspace/.swiftpm/xcode
builtin-create-build-directory /Users/admin/builder/spi-builder-workspace/.derivedData/Build/Products
CreateBuildDirectory /Users/admin/builder/spi-builder-workspace/.derivedData/Build/Intermediates.noindex
cd /Users/admin/builder/spi-builder-workspace/.swiftpm/xcode
builtin-create-build-directory /Users/admin/builder/spi-builder-workspace/.derivedData/Build/Intermediates.noindex
CreateBuildDirectory /Users/admin/builder/spi-builder-workspace/.derivedData/Build/Intermediates.noindex/EagerLinkingTBDs/Debug-appletvos
cd /Users/admin/builder/spi-builder-workspace/.swiftpm/xcode
builtin-create-build-directory /Users/admin/builder/spi-builder-workspace/.derivedData/Build/Intermediates.noindex/EagerLinkingTBDs/Debug-appletvos
CreateBuildDirectory /Users/admin/builder/spi-builder-workspace/.derivedData/Build/Products/Debug-appletvos
cd /Users/admin/builder/spi-builder-workspace/.swiftpm/xcode
builtin-create-build-directory /Users/admin/builder/spi-builder-workspace/.derivedData/Build/Products/Debug-appletvos
CreateBuildDirectory /Users/admin/builder/spi-builder-workspace/.derivedData/Build/Products/Debug-appletvos/PackageFrameworks
cd /Users/admin/builder/spi-builder-workspace/.swiftpm/xcode
builtin-create-build-directory /Users/admin/builder/spi-builder-workspace/.derivedData/Build/Products/Debug-appletvos/PackageFrameworks
WriteAuxiliaryFile /Users/admin/builder/spi-builder-workspace/.derivedData/Build/Intermediates.noindex/NavPilot.build/Debug-appletvos/NavPilot.build/NavPilot.modulemap (in target 'NavPilot' from project 'NavPilot')
cd /Users/admin/builder/spi-builder-workspace
write-file /Users/admin/builder/spi-builder-workspace/.derivedData/Build/Intermediates.noindex/NavPilot.build/Debug-appletvos/NavPilot.build/NavPilot.modulemap
WriteAuxiliaryFile /Users/admin/builder/spi-builder-workspace/.derivedData/Build/Intermediates.noindex/NavPilot.build/Debug-appletvos/NavPilot.build/Objects-normal/arm64/NavPilot_const_extract_protocols.json (in target 'NavPilot' from project 'NavPilot')
cd /Users/admin/builder/spi-builder-workspace
write-file /Users/admin/builder/spi-builder-workspace/.derivedData/Build/Intermediates.noindex/NavPilot.build/Debug-appletvos/NavPilot.build/Objects-normal/arm64/NavPilot_const_extract_protocols.json
WriteAuxiliaryFile /Users/admin/builder/spi-builder-workspace/.derivedData/Build/Intermediates.noindex/NavPilot.build/Debug-appletvos/NavPilot.build/Objects-normal/arm64/NavPilot.LinkFileList (in target 'NavPilot' from project 'NavPilot')
cd /Users/admin/builder/spi-builder-workspace
write-file /Users/admin/builder/spi-builder-workspace/.derivedData/Build/Intermediates.noindex/NavPilot.build/Debug-appletvos/NavPilot.build/Objects-normal/arm64/NavPilot.LinkFileList
WriteAuxiliaryFile /Users/admin/builder/spi-builder-workspace/.derivedData/Build/Intermediates.noindex/NavPilot.build/Debug-appletvos/NavPilot.build/Objects-normal/arm64/NavPilot-OutputFileMap.json (in target 'NavPilot' from project 'NavPilot')
cd /Users/admin/builder/spi-builder-workspace
write-file /Users/admin/builder/spi-builder-workspace/.derivedData/Build/Intermediates.noindex/NavPilot.build/Debug-appletvos/NavPilot.build/Objects-normal/arm64/NavPilot-OutputFileMap.json
WriteAuxiliaryFile /Users/admin/builder/spi-builder-workspace/.derivedData/Build/Intermediates.noindex/NavPilot.build/Debug-appletvos/NavPilot.build/Objects-normal/arm64/NavPilot.SwiftFileList (in target 'NavPilot' from project 'NavPilot')
cd /Users/admin/builder/spi-builder-workspace
write-file /Users/admin/builder/spi-builder-workspace/.derivedData/Build/Intermediates.noindex/NavPilot.build/Debug-appletvos/NavPilot.build/Objects-normal/arm64/NavPilot.SwiftFileList
WriteAuxiliaryFile /Users/admin/builder/spi-builder-workspace/.derivedData/Build/Intermediates.noindex/NavPilot.build/Debug-appletvos/NavPilot.build/Objects-normal/arm64/NavPilot.SwiftConstValuesFileList (in target 'NavPilot' from project 'NavPilot')
cd /Users/admin/builder/spi-builder-workspace
write-file /Users/admin/builder/spi-builder-workspace/.derivedData/Build/Intermediates.noindex/NavPilot.build/Debug-appletvos/NavPilot.build/Objects-normal/arm64/NavPilot.SwiftConstValuesFileList
WriteAuxiliaryFile /Users/admin/builder/spi-builder-workspace/.derivedData/Build/Intermediates.noindex/NavPilot.build/Debug-appletvos/NavPilot.build/NavPilot.DependencyStaticMetadataFileList (in target 'NavPilot' from project 'NavPilot')
cd /Users/admin/builder/spi-builder-workspace
write-file /Users/admin/builder/spi-builder-workspace/.derivedData/Build/Intermediates.noindex/NavPilot.build/Debug-appletvos/NavPilot.build/NavPilot.DependencyStaticMetadataFileList
WriteAuxiliaryFile /Users/admin/builder/spi-builder-workspace/.derivedData/Build/Intermediates.noindex/NavPilot.build/Debug-appletvos/NavPilot.build/NavPilot.DependencyMetadataFileList (in target 'NavPilot' from project 'NavPilot')
cd /Users/admin/builder/spi-builder-workspace
write-file /Users/admin/builder/spi-builder-workspace/.derivedData/Build/Intermediates.noindex/NavPilot.build/Debug-appletvos/NavPilot.build/NavPilot.DependencyMetadataFileList
Copy /Users/admin/builder/spi-builder-workspace/.derivedData/Build/Intermediates.noindex/GeneratedModuleMaps-appletvos/NavPilot.modulemap /Users/admin/builder/spi-builder-workspace/.derivedData/Build/Intermediates.noindex/NavPilot.build/Debug-appletvos/NavPilot.build/NavPilot.modulemap (in target 'NavPilot' from project 'NavPilot')
cd /Users/admin/builder/spi-builder-workspace
builtin-copy -exclude .DS_Store -exclude CVS -exclude .svn -exclude .git -exclude .hg -resolve-src-symlinks /Users/admin/builder/spi-builder-workspace/.derivedData/Build/Intermediates.noindex/NavPilot.build/Debug-appletvos/NavPilot.build/NavPilot.modulemap /Users/admin/builder/spi-builder-workspace/.derivedData/Build/Intermediates.noindex/GeneratedModuleMaps-appletvos
SwiftDriver NavPilot normal arm64 com.apple.xcode.tools.swift.compiler (in target 'NavPilot' from project 'NavPilot')
cd /Users/admin/builder/spi-builder-workspace/.swiftpm/xcode
builtin-SwiftDriver -- /Applications/Xcode-16.3.0.app/Contents/Developer/Toolchains/XcodeDefault.xctoolchain/usr/bin/swiftc -module-name NavPilot -Onone -enforce-exclusivity\=checked @/Users/admin/builder/spi-builder-workspace/.derivedData/Build/Intermediates.noindex/NavPilot.build/Debug-appletvos/NavPilot.build/Objects-normal/arm64/NavPilot.SwiftFileList -DSWIFT_PACKAGE -DDEBUG -stats-output-dir .stats -plugin-path /Applications/Xcode-16.3.0.app/Contents/Developer/Toolchains/XcodeDefault.xctoolchain/usr/lib/swift/host/plugins/testing -enable-experimental-feature DebugDescriptionMacro -sdk /Applications/Xcode-16.3.0.app/Contents/Developer/Platforms/AppleTVOS.platform/Developer/SDKs/AppleTVOS18.4.sdk -target arm64-apple-tvos15.0 -g -module-cache-path /Users/admin/builder/spi-builder-workspace/.derivedData/ModuleCache.noindex -Xfrontend -serialize-debugging-options -profile-coverage-mapping -profile-generate -enable-testing -index-store-path /Users/admin/builder/spi-builder-workspace/.derivedData/Index.noindex/DataStore -swift-version 6 -I /Users/admin/builder/spi-builder-workspace/.derivedData/Build/Products/Debug-appletvos -I /Applications/Xcode-16.3.0.app/Contents/Developer/Platforms/AppleTVOS.platform/Developer/usr/lib -F /Users/admin/builder/spi-builder-workspace/.derivedData/Build/Products/Debug-appletvos -F /Applications/Xcode-16.3.0.app/Contents/Developer/Platforms/AppleTVOS.platform/Developer/Library/Frameworks -F /Applications/Xcode-16.3.0.app/Contents/Developer/Platforms/AppleTVOS.platform/Developer/SDKs/AppleTVOS18.4.sdk/Developer/Library/Frameworks -c -j10 -enable-batch-mode -incremental -Xcc -ivfsstatcache -Xcc /Users/admin/builder/spi-builder-workspace/.derivedData/SDKStatCaches.noindex/appletvos18.4-22L251-271d326055c85f9856fa135c41255102.sdkstatcache -output-file-map /Users/admin/builder/spi-builder-workspace/.derivedData/Build/Intermediates.noindex/NavPilot.build/Debug-appletvos/NavPilot.build/Objects-normal/arm64/NavPilot-OutputFileMap.json -use-frontend-parseable-output -save-temps -no-color-diagnostics -serialize-diagnostics -emit-dependencies -emit-module -emit-module-path /Users/admin/builder/spi-builder-workspace/.derivedData/Build/Intermediates.noindex/NavPilot.build/Debug-appletvos/NavPilot.build/Objects-normal/arm64/NavPilot.swiftmodule -validate-clang-modules-once -clang-build-session-file /Users/admin/builder/spi-builder-workspace/.derivedData/ModuleCache.noindex/Session.modulevalidation -package-name spi_builder_workspace -Xcc -I/Users/admin/builder/spi-builder-workspace/.derivedData/Build/Intermediates.noindex/NavPilot.build/Debug-appletvos/NavPilot.build/swift-overrides.hmap -emit-const-values -Xfrontend -const-gather-protocols-file -Xfrontend /Users/admin/builder/spi-builder-workspace/.derivedData/Build/Intermediates.noindex/NavPilot.build/Debug-appletvos/NavPilot.build/Objects-normal/arm64/NavPilot_const_extract_protocols.json -Xcc -I/Users/admin/builder/spi-builder-workspace/.derivedData/Build/Products/Debug-appletvos/include -Xcc -I/Users/admin/builder/spi-builder-workspace/.derivedData/Build/Intermediates.noindex/NavPilot.build/Debug-appletvos/NavPilot.build/DerivedSources-normal/arm64 -Xcc -I/Users/admin/builder/spi-builder-workspace/.derivedData/Build/Intermediates.noindex/NavPilot.build/Debug-appletvos/NavPilot.build/DerivedSources/arm64 -Xcc -I/Users/admin/builder/spi-builder-workspace/.derivedData/Build/Intermediates.noindex/NavPilot.build/Debug-appletvos/NavPilot.build/DerivedSources -Xcc -DSWIFT_PACKAGE -Xcc -DDEBUG\=1 -emit-objc-header -emit-objc-header-path /Users/admin/builder/spi-builder-workspace/.derivedData/Build/Intermediates.noindex/NavPilot.build/Debug-appletvos/NavPilot.build/Objects-normal/arm64/NavPilot-Swift.h -working-directory /Users/admin/builder/spi-builder-workspace/.swiftpm/xcode -experimental-emit-module-separately -disable-cmo
SwiftCompile normal arm64 Compiling\ NavPilot.swift /Users/admin/builder/spi-builder-workspace/Sources/NavPilot/NavPilot.swift (in target 'NavPilot' from project 'NavPilot')
SwiftCompile normal arm64 /Users/admin/builder/spi-builder-workspace/Sources/NavPilot/NavPilot.swift (in target 'NavPilot' from project 'NavPilot')
cd /Users/admin/builder/spi-builder-workspace/.swiftpm/xcode
SwiftCompile normal arm64 Compiling\ NavPilotStackInspector.swift /Users/admin/builder/spi-builder-workspace/Sources/NavPilot/NavPilotStackInspector.swift (in target 'NavPilot' from project 'NavPilot')
SwiftCompile normal arm64 /Users/admin/builder/spi-builder-workspace/Sources/NavPilot/NavPilotStackInspector.swift (in target 'NavPilot' from project 'NavPilot')
cd /Users/admin/builder/spi-builder-workspace/.swiftpm/xcode
SwiftCompile normal arm64 Compiling\ NavPilotPersistence.swift /Users/admin/builder/spi-builder-workspace/Sources/NavPilot/NavPilotPersistence.swift (in target 'NavPilot' from project 'NavPilot')
SwiftCompile normal arm64 /Users/admin/builder/spi-builder-workspace/Sources/NavPilot/NavPilotPersistence.swift (in target 'NavPilot' from project 'NavPilot')
cd /Users/admin/builder/spi-builder-workspace/.swiftpm/xcode
SwiftCompile normal arm64 Compiling\ NavPilotHost.swift /Users/admin/builder/spi-builder-workspace/Sources/NavPilot/NavPilotHost.swift (in target 'NavPilot' from project 'NavPilot')
Failed frontend command:
/Applications/Xcode-16.3.0.app/Contents/Developer/Toolchains/XcodeDefault.xctoolchain/usr/bin/swift-frontend -frontend -c /Users/admin/builder/spi-builder-workspace/Sources/NavPilot/NavPilot.swift /Users/admin/builder/spi-builder-workspace/Sources/NavPilot/NavPilotDeepLink.swift -primary-file /Users/admin/builder/spi-builder-workspace/Sources/NavPilot/NavPilotHost.swift /Users/admin/builder/spi-builder-workspace/Sources/NavPilot/NavPilotLogger.swift /Users/admin/builder/spi-builder-workspace/Sources/NavPilot/NavPilotPersistence.swift /Users/admin/builder/spi-builder-workspace/Sources/NavPilot/NavPilotStackInspector.swift -emit-dependencies-path /Users/admin/builder/spi-builder-workspace/.derivedData/Build/Intermediates.noindex/NavPilot.build/Debug-appletvos/NavPilot.build/Objects-normal/arm64/NavPilotHost.d -emit-const-values-path /Users/admin/builder/spi-builder-workspace/.derivedData/Build/Intermediates.noindex/NavPilot.build/Debug-appletvos/NavPilot.build/Objects-normal/arm64/NavPilotHost.swiftconstvalues -emit-reference-dependencies-path /Users/admin/builder/spi-builder-workspace/.derivedData/Build/Intermediates.noindex/NavPilot.build/Debug-appletvos/NavPilot.build/Objects-normal/arm64/NavPilotHost.swiftdeps -serialize-diagnostics-path /Users/admin/builder/spi-builder-workspace/.derivedData/Build/Intermediates.noindex/NavPilot.build/Debug-appletvos/NavPilot.build/Objects-normal/arm64/NavPilotHost.dia -target arm64-apple-tvos15.0 -Xllvm -aarch64-use-tbi -enable-objc-interop -stack-check -sdk /Applications/Xcode-16.3.0.app/Contents/Developer/Platforms/AppleTVOS.platform/Developer/SDKs/AppleTVOS18.4.sdk -I /Users/admin/builder/spi-builder-workspace/.derivedData/Build/Products/Debug-appletvos -I /Applications/Xcode-16.3.0.app/Contents/Developer/Platforms/AppleTVOS.platform/Developer/usr/lib -F /Users/admin/builder/spi-builder-workspace/.derivedData/Build/Products/Debug-appletvos -F /Applications/Xcode-16.3.0.app/Contents/Developer/Platforms/AppleTVOS.platform/Developer/Library/Frameworks -F /Applications/Xcode-16.3.0.app/Contents/Developer/Platforms/AppleTVOS.platform/Developer/SDKs/AppleTVOS18.4.sdk/Developer/Library/Frameworks -no-color-diagnostics -enable-testing -g -debug-info-format\=dwarf -dwarf-version\=4 -module-cache-path /Users/admin/builder/spi-builder-workspace/.derivedData/ModuleCache.noindex -profile-generate -profile-coverage-mapping -swift-version 6 -enforce-exclusivity\=checked -stats-output-dir /Users/admin/builder/spi-builder-workspace/.swiftpm/xcode/.stats -Onone -D SWIFT_PACKAGE -D DEBUG -serialize-debugging-options -const-gather-protocols-file /Users/admin/builder/spi-builder-workspace/.derivedData/Build/Intermediates.noindex/NavPilot.build/Debug-appletvos/NavPilot.build/Objects-normal/arm64/NavPilot_const_extract_protocols.json -enable-experimental-feature DebugDescriptionMacro -empty-abi-descriptor -plugin-path /Applications/Xcode-16.3.0.app/Contents/Developer/Toolchains/XcodeDefault.xctoolchain/usr/lib/swift/host/plugins/testing -validate-clang-modules-once -clang-build-session-file /Users/admin/builder/spi-builder-workspace/.derivedData/ModuleCache.noindex/Session.modulevalidation -Xcc -working-directory -Xcc /Users/admin/builder/spi-builder-workspace/.swiftpm/xcode -resource-dir /Applications/Xcode-16.3.0.app/Contents/Developer/Toolchains/XcodeDefault.xctoolchain/usr/lib/swift -enable-anonymous-context-mangled-names -file-compilation-dir /Users/admin/builder/spi-builder-workspace/.swiftpm/xcode -Xcc -ivfsstatcache -Xcc /Users/admin/builder/spi-builder-workspace/.derivedData/SDKStatCaches.noindex/appletvos18.4-22L251-271d326055c85f9856fa135c41255102.sdkstatcache -Xcc -I/Users/admin/builder/spi-builder-workspace/.derivedData/Build/Intermediates.noindex/NavPilot.build/Debug-appletvos/NavPilot.build/swift-overrides.hmap -Xcc -I/Users/admin/builder/spi-builder-workspace/.derivedData/Build/Products/Debug-appletvos/include -Xcc -I/Users/admin/builder/spi-builder-workspace/.derivedData/Build/Intermediates.noindex/NavPilot.build/Debug-appletvos/NavPilot.build/DerivedSources-normal/arm64 -Xcc -I/Users/admin/builder/spi-builder-workspace/.derivedData/Build/Intermediates.noindex/NavPilot.build/Debug-appletvos/NavPilot.build/DerivedSources/arm64 -Xcc -I/Users/admin/builder/spi-builder-workspace/.derivedData/Build/Intermediates.noindex/NavPilot.build/Debug-appletvos/NavPilot.build/DerivedSources -Xcc -DSWIFT_PACKAGE -Xcc -DDEBUG\=1 -module-name NavPilot -package-name spi_builder_workspace -frontend-parseable-output -disable-clang-spi -target-sdk-version 18.4 -target-sdk-name appletvos18.4 -external-plugin-path /Applications/Xcode-16.3.0.app/Contents/Developer/Platforms/AppleTVOS.platform/Developer/usr/lib/swift/host/plugins\#/Applications/Xcode-16.3.0.app/Contents/Developer/Platforms/AppleTVOS.platform/Developer/usr/bin/swift-plugin-server -external-plugin-path /Applications/Xcode-16.3.0.app/Contents/Developer/Platforms/AppleTVOS.platform/Developer/usr/local/lib/swift/host/plugins\#/Applications/Xcode-16.3.0.app/Contents/Developer/Platforms/AppleTVOS.platform/Developer/usr/bin/swift-plugin-server -in-process-plugin-server-path /Applications/Xcode-16.3.0.app/Contents/Developer/Toolchains/XcodeDefault.xctoolchain/usr/lib/swift/host/libSwiftInProcPluginServer.dylib -plugin-path /Applications/Xcode-16.3.0.app/Contents/Developer/Toolchains/XcodeDefault.xctoolchain/usr/lib/swift/host/plugins -plugin-path /Applications/Xcode-16.3.0.app/Contents/Developer/Toolchains/XcodeDefault.xctoolchain/usr/local/lib/swift/host/plugins -o /Users/admin/builder/spi-builder-workspace/.derivedData/Build/Intermediates.noindex/NavPilot.build/Debug-appletvos/NavPilot.build/Objects-normal/arm64/NavPilotHost.o -index-unit-output-path /NavPilot.build/Debug-appletvos/NavPilot.build/Objects-normal/arm64/NavPilotHost.o -index-store-path /Users/admin/builder/spi-builder-workspace/.derivedData/Index.noindex/DataStore -index-system-modules
SwiftCompile normal arm64 /Users/admin/builder/spi-builder-workspace/Sources/NavPilot/NavPilotHost.swift (in target 'NavPilot' from project 'NavPilot')
cd /Users/admin/builder/spi-builder-workspace/.swiftpm/xcode
/Users/admin/builder/spi-builder-workspace/Sources/NavPilot/NavPilotHost.swift:30:17: error: 'NavigationStack' is only available in tvOS 16.0 or newer
NavigationStack(path: tailBinding) {
^
/Users/admin/builder/spi-builder-workspace/Sources/NavPilot/NavPilotHost.swift:30:17: note: add 'if #available' version check
NavigationStack(path: tailBinding) {
^
/Users/admin/builder/spi-builder-workspace/Sources/NavPilot/NavPilotHost.swift:27:16: note: add @available attribute to enclosing property
public var body: some View {
^
/Users/admin/builder/spi-builder-workspace/Sources/NavPilot/NavPilotHost.swift:11:15: note: add @available attribute to enclosing generic struct
public struct NavPilotHost<T: Hashable, Screen: View>: View {
^
/Users/admin/builder/spi-builder-workspace/Sources/NavPilot/NavPilotHost.swift:32:26: error: 'navigationDestination(for:destination:)' is only available in tvOS 16.0 or newer
.navigationDestination(for: T.self) { route in
^
/Users/admin/builder/spi-builder-workspace/Sources/NavPilot/NavPilotHost.swift:32:26: note: add 'if #available' version check
.navigationDestination(for: T.self) { route in
^
/Users/admin/builder/spi-builder-workspace/Sources/NavPilot/NavPilotHost.swift:27:16: note: add @available attribute to enclosing property
public var body: some View {
^
/Users/admin/builder/spi-builder-workspace/Sources/NavPilot/NavPilotHost.swift:11:15: note: add @available attribute to enclosing generic struct
public struct NavPilotHost<T: Hashable, Screen: View>: View {
^
SwiftCompile normal arm64 Compiling\ NavPilotDeepLink.swift /Users/admin/builder/spi-builder-workspace/Sources/NavPilot/NavPilotDeepLink.swift (in target 'NavPilot' from project 'NavPilot')
SwiftCompile normal arm64 /Users/admin/builder/spi-builder-workspace/Sources/NavPilot/NavPilotDeepLink.swift (in target 'NavPilot' from project 'NavPilot')
cd /Users/admin/builder/spi-builder-workspace/.swiftpm/xcode
SwiftCompile normal arm64 Compiling\ NavPilotLogger.swift /Users/admin/builder/spi-builder-workspace/Sources/NavPilot/NavPilotLogger.swift (in target 'NavPilot' from project 'NavPilot')
SwiftCompile normal arm64 /Users/admin/builder/spi-builder-workspace/Sources/NavPilot/NavPilotLogger.swift (in target 'NavPilot' from project 'NavPilot')
cd /Users/admin/builder/spi-builder-workspace/.swiftpm/xcode
SwiftEmitModule normal arm64 Emitting\ module\ for\ NavPilot (in target 'NavPilot' from project 'NavPilot')
EmitSwiftModule normal arm64 (in target 'NavPilot' from project 'NavPilot')
cd /Users/admin/builder/spi-builder-workspace/.swiftpm/xcode
SwiftDriverJobDiscovery normal arm64 Emitting module for NavPilot (in target 'NavPilot' from project 'NavPilot')
SwiftDriver\ Compilation\ Requirements NavPilot normal arm64 com.apple.xcode.tools.swift.compiler (in target 'NavPilot' from project 'NavPilot')
cd /Users/admin/builder/spi-builder-workspace/.swiftpm/xcode
builtin-Swift-Compilation-Requirements -- /Applications/Xcode-16.3.0.app/Contents/Developer/Toolchains/XcodeDefault.xctoolchain/usr/bin/swiftc -module-name NavPilot -Onone -enforce-exclusivity\=checked @/Users/admin/builder/spi-builder-workspace/.derivedData/Build/Intermediates.noindex/NavPilot.build/Debug-appletvos/NavPilot.build/Objects-normal/arm64/NavPilot.SwiftFileList -DSWIFT_PACKAGE -DDEBUG -stats-output-dir .stats -plugin-path /Applications/Xcode-16.3.0.app/Contents/Developer/Toolchains/XcodeDefault.xctoolchain/usr/lib/swift/host/plugins/testing -enable-experimental-feature DebugDescriptionMacro -sdk /Applications/Xcode-16.3.0.app/Contents/Developer/Platforms/AppleTVOS.platform/Developer/SDKs/AppleTVOS18.4.sdk -target arm64-apple-tvos15.0 -g -module-cache-path /Users/admin/builder/spi-builder-workspace/.derivedData/ModuleCache.noindex -Xfrontend -serialize-debugging-options -profile-coverage-mapping -profile-generate -enable-testing -index-store-path /Users/admin/builder/spi-builder-workspace/.derivedData/Index.noindex/DataStore -swift-version 6 -I /Users/admin/builder/spi-builder-workspace/.derivedData/Build/Products/Debug-appletvos -I /Applications/Xcode-16.3.0.app/Contents/Developer/Platforms/AppleTVOS.platform/Developer/usr/lib -F /Users/admin/builder/spi-builder-workspace/.derivedData/Build/Products/Debug-appletvos -F /Applications/Xcode-16.3.0.app/Contents/Developer/Platforms/AppleTVOS.platform/Developer/Library/Frameworks -F /Applications/Xcode-16.3.0.app/Contents/Developer/Platforms/AppleTVOS.platform/Developer/SDKs/AppleTVOS18.4.sdk/Developer/Library/Frameworks -c -j10 -enable-batch-mode -incremental -Xcc -ivfsstatcache -Xcc /Users/admin/builder/spi-builder-workspace/.derivedData/SDKStatCaches.noindex/appletvos18.4-22L251-271d326055c85f9856fa135c41255102.sdkstatcache -output-file-map /Users/admin/builder/spi-builder-workspace/.derivedData/Build/Intermediates.noindex/NavPilot.build/Debug-appletvos/NavPilot.build/Objects-normal/arm64/NavPilot-OutputFileMap.json -use-frontend-parseable-output -save-temps -no-color-diagnostics -serialize-diagnostics -emit-dependencies -emit-module -emit-module-path /Users/admin/builder/spi-builder-workspace/.derivedData/Build/Intermediates.noindex/NavPilot.build/Debug-appletvos/NavPilot.build/Objects-normal/arm64/NavPilot.swiftmodule -validate-clang-modules-once -clang-build-session-file /Users/admin/builder/spi-builder-workspace/.derivedData/ModuleCache.noindex/Session.modulevalidation -package-name spi_builder_workspace -Xcc -I/Users/admin/builder/spi-builder-workspace/.derivedData/Build/Intermediates.noindex/NavPilot.build/Debug-appletvos/NavPilot.build/swift-overrides.hmap -emit-const-values -Xfrontend -const-gather-protocols-file -Xfrontend /Users/admin/builder/spi-builder-workspace/.derivedData/Build/Intermediates.noindex/NavPilot.build/Debug-appletvos/NavPilot.build/Objects-normal/arm64/NavPilot_const_extract_protocols.json -Xcc -I/Users/admin/builder/spi-builder-workspace/.derivedData/Build/Products/Debug-appletvos/include -Xcc -I/Users/admin/builder/spi-builder-workspace/.derivedData/Build/Intermediates.noindex/NavPilot.build/Debug-appletvos/NavPilot.build/DerivedSources-normal/arm64 -Xcc -I/Users/admin/builder/spi-builder-workspace/.derivedData/Build/Intermediates.noindex/NavPilot.build/Debug-appletvos/NavPilot.build/DerivedSources/arm64 -Xcc -I/Users/admin/builder/spi-builder-workspace/.derivedData/Build/Intermediates.noindex/NavPilot.build/Debug-appletvos/NavPilot.build/DerivedSources -Xcc -DSWIFT_PACKAGE -Xcc -DDEBUG\=1 -emit-objc-header -emit-objc-header-path /Users/admin/builder/spi-builder-workspace/.derivedData/Build/Intermediates.noindex/NavPilot.build/Debug-appletvos/NavPilot.build/Objects-normal/arm64/NavPilot-Swift.h -working-directory /Users/admin/builder/spi-builder-workspace/.swiftpm/xcode -experimental-emit-module-separately -disable-cmo
SwiftMergeGeneratedHeaders /Users/admin/builder/spi-builder-workspace/.derivedData/Build/Intermediates.noindex/GeneratedModuleMaps-appletvos/NavPilot-Swift.h /Users/admin/builder/spi-builder-workspace/.derivedData/Build/Intermediates.noindex/NavPilot.build/Debug-appletvos/NavPilot.build/Objects-normal/arm64/NavPilot-Swift.h (in target 'NavPilot' from project 'NavPilot')
cd /Users/admin/builder/spi-builder-workspace
builtin-swiftHeaderTool -arch arm64 /Users/admin/builder/spi-builder-workspace/.derivedData/Build/Intermediates.noindex/NavPilot.build/Debug-appletvos/NavPilot.build/Objects-normal/arm64/NavPilot-Swift.h -o /Users/admin/builder/spi-builder-workspace/.derivedData/Build/Intermediates.noindex/GeneratedModuleMaps-appletvos/NavPilot-Swift.h
Copy /Users/admin/builder/spi-builder-workspace/.derivedData/Build/Products/Debug-appletvos/NavPilot.swiftmodule/arm64-apple-tvos.swiftmodule /Users/admin/builder/spi-builder-workspace/.derivedData/Build/Intermediates.noindex/NavPilot.build/Debug-appletvos/NavPilot.build/Objects-normal/arm64/NavPilot.swiftmodule (in target 'NavPilot' from project 'NavPilot')
cd /Users/admin/builder/spi-builder-workspace
builtin-copy -exclude .DS_Store -exclude CVS -exclude .svn -exclude .git -exclude .hg -resolve-src-symlinks -rename /Users/admin/builder/spi-builder-workspace/.derivedData/Build/Intermediates.noindex/NavPilot.build/Debug-appletvos/NavPilot.build/Objects-normal/arm64/NavPilot.swiftmodule /Users/admin/builder/spi-builder-workspace/.derivedData/Build/Products/Debug-appletvos/NavPilot.swiftmodule/arm64-apple-tvos.swiftmodule
Copy /Users/admin/builder/spi-builder-workspace/.derivedData/Build/Products/Debug-appletvos/NavPilot.swiftmodule/arm64-apple-tvos.abi.json /Users/admin/builder/spi-builder-workspace/.derivedData/Build/Intermediates.noindex/NavPilot.build/Debug-appletvos/NavPilot.build/Objects-normal/arm64/NavPilot.abi.json (in target 'NavPilot' from project 'NavPilot')
cd /Users/admin/builder/spi-builder-workspace
builtin-copy -exclude .DS_Store -exclude CVS -exclude .svn -exclude .git -exclude .hg -resolve-src-symlinks -rename /Users/admin/builder/spi-builder-workspace/.derivedData/Build/Intermediates.noindex/NavPilot.build/Debug-appletvos/NavPilot.build/Objects-normal/arm64/NavPilot.abi.json /Users/admin/builder/spi-builder-workspace/.derivedData/Build/Products/Debug-appletvos/NavPilot.swiftmodule/arm64-apple-tvos.abi.json
Copy /Users/admin/builder/spi-builder-workspace/.derivedData/Build/Products/Debug-appletvos/NavPilot.swiftmodule/arm64-apple-tvos.swiftdoc /Users/admin/builder/spi-builder-workspace/.derivedData/Build/Intermediates.noindex/NavPilot.build/Debug-appletvos/NavPilot.build/Objects-normal/arm64/NavPilot.swiftdoc (in target 'NavPilot' from project 'NavPilot')
cd /Users/admin/builder/spi-builder-workspace
builtin-copy -exclude .DS_Store -exclude CVS -exclude .svn -exclude .git -exclude .hg -resolve-src-symlinks -rename /Users/admin/builder/spi-builder-workspace/.derivedData/Build/Intermediates.noindex/NavPilot.build/Debug-appletvos/NavPilot.build/Objects-normal/arm64/NavPilot.swiftdoc /Users/admin/builder/spi-builder-workspace/.derivedData/Build/Products/Debug-appletvos/NavPilot.swiftmodule/arm64-apple-tvos.swiftdoc
Copy /Users/admin/builder/spi-builder-workspace/.derivedData/Build/Products/Debug-appletvos/NavPilot.swiftmodule/Project/arm64-apple-tvos.swiftsourceinfo /Users/admin/builder/spi-builder-workspace/.derivedData/Build/Intermediates.noindex/NavPilot.build/Debug-appletvos/NavPilot.build/Objects-normal/arm64/NavPilot.swiftsourceinfo (in target 'NavPilot' from project 'NavPilot')
cd /Users/admin/builder/spi-builder-workspace
builtin-copy -exclude .DS_Store -exclude CVS -exclude .svn -exclude .git -exclude .hg -resolve-src-symlinks -rename /Users/admin/builder/spi-builder-workspace/.derivedData/Build/Intermediates.noindex/NavPilot.build/Debug-appletvos/NavPilot.build/Objects-normal/arm64/NavPilot.swiftsourceinfo /Users/admin/builder/spi-builder-workspace/.derivedData/Build/Products/Debug-appletvos/NavPilot.swiftmodule/Project/arm64-apple-tvos.swiftsourceinfo
SwiftDriverJobDiscovery normal arm64 Compiling NavPilotDeepLink.swift (in target 'NavPilot' from project 'NavPilot')
SwiftDriverJobDiscovery normal arm64 Compiling NavPilotPersistence.swift (in target 'NavPilot' from project 'NavPilot')
SwiftDriverJobDiscovery normal arm64 Compiling NavPilotLogger.swift (in target 'NavPilot' from project 'NavPilot')
** BUILD FAILED **
The following build commands failed:
SwiftCompile normal arm64 Compiling\ NavPilotHost.swift /Users/admin/builder/spi-builder-workspace/Sources/NavPilot/NavPilotHost.swift (in target 'NavPilot' from project 'NavPilot')
SwiftCompile normal arm64 /Users/admin/builder/spi-builder-workspace/Sources/NavPilot/NavPilotHost.swift (in target 'NavPilot' from project 'NavPilot')
Building workspace spi-builder-workspace with scheme NavPilot
(3 failures)
Command line invocation:
/Applications/Xcode-16.3.0.app/Contents/Developer/usr/bin/xcodebuild -IDEClonedSourcePackagesDirPathOverride=/Users/admin/builder/spi-builder-workspace/.dependencies -resolvePackageDependencies
Resolve Package Graph
Resolved source packages:
NavPilot: /Users/admin/builder/spi-builder-workspace
resolved source packages: NavPilot
{
"dependencies" : [
],
"manifest_display_name" : "NavPilot",
"name" : "NavPilot",
"path" : "/Users/admin/builder/spi-builder-workspace",
"platforms" : [
{
"name" : "ios",
"version" : "16.0"
},
{
"name" : "macos",
"version" : "15.0"
},
{
"name" : "tvos",
"version" : "15.0"
},
{
"name" : "watchos",
"version" : "10.0"
}
],
"products" : [
{
"name" : "NavPilot",
"targets" : [
"NavPilot"
],
"type" : {
"library" : [
"automatic"
]
}
}
],
"swift_languages_versions" : [
"6"
],
"targets" : [
{
"c99name" : "NavPilotTests",
"module_type" : "SwiftTarget",
"name" : "NavPilotTests",
"path" : "Tests/NavPilotTests",
"sources" : [
"NavPilotTests.swift"
],
"target_dependencies" : [
"NavPilot"
],
"type" : "test"
},
{
"c99name" : "NavPilot",
"module_type" : "SwiftTarget",
"name" : "NavPilot",
"path" : "Sources/NavPilot",
"product_memberships" : [
"NavPilot"
],
"sources" : [
"NavPilot.swift",
"NavPilotDeepLink.swift",
"NavPilotHost.swift",
"NavPilotLogger.swift",
"NavPilotPersistence.swift",
"NavPilotStackInspector.swift"
],
"type" : "library"
}
],
"tools_version" : "6.1"
}
{
"workspace" : {
"name" : "spi-builder-workspace",
"schemes" : [
"NavPilot"
]
}
}
Running build ...
env DEVELOPER_DIR=/Applications/Xcode-16.3.0.app xcrun xcodebuild -IDEClonedSourcePackagesDirPathOverride=$PWD/.dependencies -skipMacroValidation -skipPackagePluginValidation -derivedDataPath $PWD/.derivedData build -scheme NavPilot -destination generic/platform=tvOS
Command line invocation:
/Applications/Xcode-16.3.0.app/Contents/Developer/usr/bin/xcodebuild -IDEClonedSourcePackagesDirPathOverride=/Users/admin/builder/spi-builder-workspace/.dependencies -skipMacroValidation -skipPackagePluginValidation -derivedDataPath /Users/admin/builder/spi-builder-workspace/.derivedData build -scheme NavPilot -destination generic/platform=tvOS
Resolve Package Graph
Resolved source packages:
NavPilot: /Users/admin/builder/spi-builder-workspace
ComputePackagePrebuildTargetDependencyGraph
Prepare packages
CreateBuildRequest
SendProjectDescription
CreateBuildOperation
ComputeTargetDependencyGraph
note: Building targets in dependency order
note: Target dependency graph (2 targets)
Target 'NavPilot' in project 'NavPilot'
➜ Explicit dependency on target 'NavPilot' in project 'NavPilot'
Target 'NavPilot' in project 'NavPilot' (no dependencies)
GatherProvisioningInputs
CreateBuildDescription
ExecuteExternalTool /Applications/Xcode-16.3.0.app/Contents/Developer/Toolchains/XcodeDefault.xctoolchain/usr/bin/clang -v -E -dM -isysroot /Applications/Xcode-16.3.0.app/Contents/Developer/Platforms/AppleTVOS.platform/Developer/SDKs/AppleTVOS18.4.sdk -x c -c /dev/null
ExecuteExternalTool /Applications/Xcode-16.3.0.app/Contents/Developer/Toolchains/XcodeDefault.xctoolchain/usr/bin/swiftc --version
ExecuteExternalTool /Applications/Xcode-16.3.0.app/Contents/Developer/Toolchains/XcodeDefault.xctoolchain/usr/bin/ld -version_details
Build description signature: 90b463b29e5ffde3bb1ab4998ae19a8c
Build description path: /Users/admin/builder/spi-builder-workspace/.derivedData/Build/Intermediates.noindex/XCBuildData/90b463b29e5ffde3bb1ab4998ae19a8c.xcbuilddata
ClangStatCache /Applications/Xcode-16.3.0.app/Contents/Developer/Toolchains/XcodeDefault.xctoolchain/usr/bin/clang-stat-cache /Applications/Xcode-16.3.0.app/Contents/Developer/Platforms/AppleTVOS.platform/Developer/SDKs/AppleTVOS18.4.sdk /Users/admin/builder/spi-builder-workspace/.derivedData/SDKStatCaches.noindex/appletvos18.4-22L251-271d326055c85f9856fa135c41255102.sdkstatcache
cd /Users/admin/builder/spi-builder-workspace/.swiftpm/xcode
/Applications/Xcode-16.3.0.app/Contents/Developer/Toolchains/XcodeDefault.xctoolchain/usr/bin/clang-stat-cache /Applications/Xcode-16.3.0.app/Contents/Developer/Platforms/AppleTVOS.platform/Developer/SDKs/AppleTVOS18.4.sdk -o /Users/admin/builder/spi-builder-workspace/.derivedData/SDKStatCaches.noindex/appletvos18.4-22L251-271d326055c85f9856fa135c41255102.sdkstatcache
SwiftDriver NavPilot normal arm64 com.apple.xcode.tools.swift.compiler (in target 'NavPilot' from project 'NavPilot')
cd /Users/admin/builder/spi-builder-workspace/.swiftpm/xcode
builtin-SwiftDriver -- /Applications/Xcode-16.3.0.app/Contents/Developer/Toolchains/XcodeDefault.xctoolchain/usr/bin/swiftc -module-name NavPilot -Onone -enforce-exclusivity\=checked @/Users/admin/builder/spi-builder-workspace/.derivedData/Build/Intermediates.noindex/NavPilot.build/Debug-appletvos/NavPilot.build/Objects-normal/arm64/NavPilot.SwiftFileList -DSWIFT_PACKAGE -DDEBUG -DXcode -plugin-path /Applications/Xcode-16.3.0.app/Contents/Developer/Toolchains/XcodeDefault.xctoolchain/usr/lib/swift/host/plugins/testing -enable-experimental-feature DebugDescriptionMacro -sdk /Applications/Xcode-16.3.0.app/Contents/Developer/Platforms/AppleTVOS.platform/Developer/SDKs/AppleTVOS18.4.sdk -target arm64-apple-tvos15.0 -g -module-cache-path /Users/admin/builder/spi-builder-workspace/.derivedData/ModuleCache.noindex -Xfrontend -serialize-debugging-options -profile-coverage-mapping -profile-generate -enable-testing -index-store-path /Users/admin/builder/spi-builder-workspace/.derivedData/Index.noindex/DataStore -swift-version 6 -I /Users/admin/builder/spi-builder-workspace/.derivedData/Build/Products/Debug-appletvos -I /Applications/Xcode-16.3.0.app/Contents/Developer/Platforms/AppleTVOS.platform/Developer/usr/lib -F /Users/admin/builder/spi-builder-workspace/.derivedData/Build/Products/Debug-appletvos -F /Applications/Xcode-16.3.0.app/Contents/Developer/Platforms/AppleTVOS.platform/Developer/Library/Frameworks -F /Applications/Xcode-16.3.0.app/Contents/Developer/Platforms/AppleTVOS.platform/Developer/SDKs/AppleTVOS18.4.sdk/Developer/Library/Frameworks -c -j10 -enable-batch-mode -incremental -Xcc -ivfsstatcache -Xcc /Users/admin/builder/spi-builder-workspace/.derivedData/SDKStatCaches.noindex/appletvos18.4-22L251-271d326055c85f9856fa135c41255102.sdkstatcache -output-file-map /Users/admin/builder/spi-builder-workspace/.derivedData/Build/Intermediates.noindex/NavPilot.build/Debug-appletvos/NavPilot.build/Objects-normal/arm64/NavPilot-OutputFileMap.json -use-frontend-parseable-output -save-temps -no-color-diagnostics -serialize-diagnostics -emit-dependencies -emit-module -emit-module-path /Users/admin/builder/spi-builder-workspace/.derivedData/Build/Intermediates.noindex/NavPilot.build/Debug-appletvos/NavPilot.build/Objects-normal/arm64/NavPilot.swiftmodule -validate-clang-modules-once -clang-build-session-file /Users/admin/builder/spi-builder-workspace/.derivedData/ModuleCache.noindex/Session.modulevalidation -package-name spi_builder_workspace -Xcc -I/Users/admin/builder/spi-builder-workspace/.derivedData/Build/Intermediates.noindex/NavPilot.build/Debug-appletvos/NavPilot.build/swift-overrides.hmap -emit-const-values -Xfrontend -const-gather-protocols-file -Xfrontend /Users/admin/builder/spi-builder-workspace/.derivedData/Build/Intermediates.noindex/NavPilot.build/Debug-appletvos/NavPilot.build/Objects-normal/arm64/NavPilot_const_extract_protocols.json -Xcc -I/Users/admin/builder/spi-builder-workspace/.derivedData/Build/Products/Debug-appletvos/include -Xcc -I/Users/admin/builder/spi-builder-workspace/.derivedData/Build/Intermediates.noindex/NavPilot.build/Debug-appletvos/NavPilot.build/DerivedSources-normal/arm64 -Xcc -I/Users/admin/builder/spi-builder-workspace/.derivedData/Build/Intermediates.noindex/NavPilot.build/Debug-appletvos/NavPilot.build/DerivedSources/arm64 -Xcc -I/Users/admin/builder/spi-builder-workspace/.derivedData/Build/Intermediates.noindex/NavPilot.build/Debug-appletvos/NavPilot.build/DerivedSources -Xcc -DSWIFT_PACKAGE -Xcc -DDEBUG\=1 -emit-objc-header -emit-objc-header-path /Users/admin/builder/spi-builder-workspace/.derivedData/Build/Intermediates.noindex/NavPilot.build/Debug-appletvos/NavPilot.build/Objects-normal/arm64/NavPilot-Swift.h -working-directory /Users/admin/builder/spi-builder-workspace/.swiftpm/xcode -experimental-emit-module-separately -disable-cmo
SwiftCompile normal arm64 Compiling\ NavPilotHost.swift /Users/admin/builder/spi-builder-workspace/Sources/NavPilot/NavPilotHost.swift (in target 'NavPilot' from project 'NavPilot')
SwiftCompile normal arm64 /Users/admin/builder/spi-builder-workspace/Sources/NavPilot/NavPilotHost.swift (in target 'NavPilot' from project 'NavPilot')
cd /Users/admin/builder/spi-builder-workspace/.swiftpm/xcode
/Users/admin/builder/spi-builder-workspace/Sources/NavPilot/NavPilotHost.swift:30:17: error: 'NavigationStack' is only available in tvOS 16.0 or newer
NavigationStack(path: tailBinding) {
^
/Users/admin/builder/spi-builder-workspace/Sources/NavPilot/NavPilotHost.swift:30:17: note: add 'if #available' version check
NavigationStack(path: tailBinding) {
^
/Users/admin/builder/spi-builder-workspace/Sources/NavPilot/NavPilotHost.swift:27:16: note: add @available attribute to enclosing property
public var body: some View {
^
/Users/admin/builder/spi-builder-workspace/Sources/NavPilot/NavPilotHost.swift:11:15: note: add @available attribute to enclosing generic struct
public struct NavPilotHost<T: Hashable, Screen: View>: View {
^
/Users/admin/builder/spi-builder-workspace/Sources/NavPilot/NavPilotHost.swift:32:26: error: 'navigationDestination(for:destination:)' is only available in tvOS 16.0 or newer
.navigationDestination(for: T.self) { route in
^
/Users/admin/builder/spi-builder-workspace/Sources/NavPilot/NavPilotHost.swift:32:26: note: add 'if #available' version check
.navigationDestination(for: T.self) { route in
^
/Users/admin/builder/spi-builder-workspace/Sources/NavPilot/NavPilotHost.swift:27:16: note: add @available attribute to enclosing property
public var body: some View {
^
/Users/admin/builder/spi-builder-workspace/Sources/NavPilot/NavPilotHost.swift:11:15: note: add @available attribute to enclosing generic struct
public struct NavPilotHost<T: Hashable, Screen: View>: View {
^
Failed frontend command:
/Applications/Xcode-16.3.0.app/Contents/Developer/Toolchains/XcodeDefault.xctoolchain/usr/bin/swift-frontend -frontend -c /Users/admin/builder/spi-builder-workspace/Sources/NavPilot/NavPilot.swift /Users/admin/builder/spi-builder-workspace/Sources/NavPilot/NavPilotDeepLink.swift -primary-file /Users/admin/builder/spi-builder-workspace/Sources/NavPilot/NavPilotHost.swift /Users/admin/builder/spi-builder-workspace/Sources/NavPilot/NavPilotLogger.swift /Users/admin/builder/spi-builder-workspace/Sources/NavPilot/NavPilotPersistence.swift /Users/admin/builder/spi-builder-workspace/Sources/NavPilot/NavPilotStackInspector.swift -emit-dependencies-path /Users/admin/builder/spi-builder-workspace/.derivedData/Build/Intermediates.noindex/NavPilot.build/Debug-appletvos/NavPilot.build/Objects-normal/arm64/NavPilotHost.d -emit-const-values-path /Users/admin/builder/spi-builder-workspace/.derivedData/Build/Intermediates.noindex/NavPilot.build/Debug-appletvos/NavPilot.build/Objects-normal/arm64/NavPilotHost.swiftconstvalues -emit-reference-dependencies-path /Users/admin/builder/spi-builder-workspace/.derivedData/Build/Intermediates.noindex/NavPilot.build/Debug-appletvos/NavPilot.build/Objects-normal/arm64/NavPilotHost.swiftdeps -serialize-diagnostics-path /Users/admin/builder/spi-builder-workspace/.derivedData/Build/Intermediates.noindex/NavPilot.build/Debug-appletvos/NavPilot.build/Objects-normal/arm64/NavPilotHost.dia -target arm64-apple-tvos15.0 -Xllvm -aarch64-use-tbi -enable-objc-interop -stack-check -sdk /Applications/Xcode-16.3.0.app/Contents/Developer/Platforms/AppleTVOS.platform/Developer/SDKs/AppleTVOS18.4.sdk -I /Users/admin/builder/spi-builder-workspace/.derivedData/Build/Products/Debug-appletvos -I /Applications/Xcode-16.3.0.app/Contents/Developer/Platforms/AppleTVOS.platform/Developer/usr/lib -F /Users/admin/builder/spi-builder-workspace/.derivedData/Build/Products/Debug-appletvos -F /Applications/Xcode-16.3.0.app/Contents/Developer/Platforms/AppleTVOS.platform/Developer/Library/Frameworks -F /Applications/Xcode-16.3.0.app/Contents/Developer/Platforms/AppleTVOS.platform/Developer/SDKs/AppleTVOS18.4.sdk/Developer/Library/Frameworks -no-color-diagnostics -enable-testing -g -debug-info-format\=dwarf -dwarf-version\=4 -module-cache-path /Users/admin/builder/spi-builder-workspace/.derivedData/ModuleCache.noindex -profile-generate -profile-coverage-mapping -swift-version 6 -enforce-exclusivity\=checked -Onone -D SWIFT_PACKAGE -D DEBUG -D Xcode -serialize-debugging-options -const-gather-protocols-file /Users/admin/builder/spi-builder-workspace/.derivedData/Build/Intermediates.noindex/NavPilot.build/Debug-appletvos/NavPilot.build/Objects-normal/arm64/NavPilot_const_extract_protocols.json -enable-experimental-feature DebugDescriptionMacro -empty-abi-descriptor -plugin-path /Applications/Xcode-16.3.0.app/Contents/Developer/Toolchains/XcodeDefault.xctoolchain/usr/lib/swift/host/plugins/testing -validate-clang-modules-once -clang-build-session-file /Users/admin/builder/spi-builder-workspace/.derivedData/ModuleCache.noindex/Session.modulevalidation -Xcc -working-directory -Xcc /Users/admin/builder/spi-builder-workspace/.swiftpm/xcode -resource-dir /Applications/Xcode-16.3.0.app/Contents/Developer/Toolchains/XcodeDefault.xctoolchain/usr/lib/swift -enable-anonymous-context-mangled-names -file-compilation-dir /Users/admin/builder/spi-builder-workspace/.swiftpm/xcode -Xcc -ivfsstatcache -Xcc /Users/admin/builder/spi-builder-workspace/.derivedData/SDKStatCaches.noindex/appletvos18.4-22L251-271d326055c85f9856fa135c41255102.sdkstatcache -Xcc -I/Users/admin/builder/spi-builder-workspace/.derivedData/Build/Intermediates.noindex/NavPilot.build/Debug-appletvos/NavPilot.build/swift-overrides.hmap -Xcc -I/Users/admin/builder/spi-builder-workspace/.derivedData/Build/Products/Debug-appletvos/include -Xcc -I/Users/admin/builder/spi-builder-workspace/.derivedData/Build/Intermediates.noindex/NavPilot.build/Debug-appletvos/NavPilot.build/DerivedSources-normal/arm64 -Xcc -I/Users/admin/builder/spi-builder-workspace/.derivedData/Build/Intermediates.noindex/NavPilot.build/Debug-appletvos/NavPilot.build/DerivedSources/arm64 -Xcc -I/Users/admin/builder/spi-builder-workspace/.derivedData/Build/Intermediates.noindex/NavPilot.build/Debug-appletvos/NavPilot.build/DerivedSources -Xcc -DSWIFT_PACKAGE -Xcc -DDEBUG\=1 -module-name NavPilot -package-name spi_builder_workspace -frontend-parseable-output -disable-clang-spi -target-sdk-version 18.4 -target-sdk-name appletvos18.4 -external-plugin-path /Applications/Xcode-16.3.0.app/Contents/Developer/Platforms/AppleTVOS.platform/Developer/usr/lib/swift/host/plugins\#/Applications/Xcode-16.3.0.app/Contents/Developer/Platforms/AppleTVOS.platform/Developer/usr/bin/swift-plugin-server -external-plugin-path /Applications/Xcode-16.3.0.app/Contents/Developer/Platforms/AppleTVOS.platform/Developer/usr/local/lib/swift/host/plugins\#/Applications/Xcode-16.3.0.app/Contents/Developer/Platforms/AppleTVOS.platform/Developer/usr/bin/swift-plugin-server -in-process-plugin-server-path /Applications/Xcode-16.3.0.app/Contents/Developer/Toolchains/XcodeDefault.xctoolchain/usr/lib/swift/host/libSwiftInProcPluginServer.dylib -plugin-path /Applications/Xcode-16.3.0.app/Contents/Developer/Toolchains/XcodeDefault.xctoolchain/usr/lib/swift/host/plugins -plugin-path /Applications/Xcode-16.3.0.app/Contents/Developer/Toolchains/XcodeDefault.xctoolchain/usr/local/lib/swift/host/plugins -o /Users/admin/builder/spi-builder-workspace/.derivedData/Build/Intermediates.noindex/NavPilot.build/Debug-appletvos/NavPilot.build/Objects-normal/arm64/NavPilotHost.o -index-unit-output-path /NavPilot.build/Debug-appletvos/NavPilot.build/Objects-normal/arm64/NavPilotHost.o -index-store-path /Users/admin/builder/spi-builder-workspace/.derivedData/Index.noindex/DataStore -index-system-modules
SwiftCompile normal arm64 Compiling\ NavPilotPersistence.swift /Users/admin/builder/spi-builder-workspace/Sources/NavPilot/NavPilotPersistence.swift (in target 'NavPilot' from project 'NavPilot')
SwiftCompile normal arm64 /Users/admin/builder/spi-builder-workspace/Sources/NavPilot/NavPilotPersistence.swift (in target 'NavPilot' from project 'NavPilot')
cd /Users/admin/builder/spi-builder-workspace/.swiftpm/xcode
SwiftEmitModule normal arm64 Emitting\ module\ for\ NavPilot (in target 'NavPilot' from project 'NavPilot')
EmitSwiftModule normal arm64 (in target 'NavPilot' from project 'NavPilot')
cd /Users/admin/builder/spi-builder-workspace/.swiftpm/xcode
SwiftCompile normal arm64 Compiling\ NavPilotStackInspector.swift /Users/admin/builder/spi-builder-workspace/Sources/NavPilot/NavPilotStackInspector.swift (in target 'NavPilot' from project 'NavPilot')
SwiftCompile normal arm64 /Users/admin/builder/spi-builder-workspace/Sources/NavPilot/NavPilotStackInspector.swift (in target 'NavPilot' from project 'NavPilot')
cd /Users/admin/builder/spi-builder-workspace/.swiftpm/xcode
SwiftCompile normal arm64 Compiling\ NavPilot.swift /Users/admin/builder/spi-builder-workspace/Sources/NavPilot/NavPilot.swift (in target 'NavPilot' from project 'NavPilot')
SwiftCompile normal arm64 /Users/admin/builder/spi-builder-workspace/Sources/NavPilot/NavPilot.swift (in target 'NavPilot' from project 'NavPilot')
cd /Users/admin/builder/spi-builder-workspace/.swiftpm/xcode
SwiftCompile normal arm64 Compiling\ NavPilotLogger.swift /Users/admin/builder/spi-builder-workspace/Sources/NavPilot/NavPilotLogger.swift (in target 'NavPilot' from project 'NavPilot')
SwiftCompile normal arm64 /Users/admin/builder/spi-builder-workspace/Sources/NavPilot/NavPilotLogger.swift (in target 'NavPilot' from project 'NavPilot')
cd /Users/admin/builder/spi-builder-workspace/.swiftpm/xcode
SwiftCompile normal arm64 Compiling\ NavPilotDeepLink.swift /Users/admin/builder/spi-builder-workspace/Sources/NavPilot/NavPilotDeepLink.swift (in target 'NavPilot' from project 'NavPilot')
SwiftCompile normal arm64 /Users/admin/builder/spi-builder-workspace/Sources/NavPilot/NavPilotDeepLink.swift (in target 'NavPilot' from project 'NavPilot')
cd /Users/admin/builder/spi-builder-workspace/.swiftpm/xcode
** BUILD FAILED **
The following build commands failed:
SwiftCompile normal arm64 /Users/admin/builder/spi-builder-workspace/Sources/NavPilot/NavPilotHost.swift (in target 'NavPilot' from project 'NavPilot')
SwiftCompile normal arm64 Compiling\ NavPilotHost.swift /Users/admin/builder/spi-builder-workspace/Sources/NavPilot/NavPilotHost.swift (in target 'NavPilot' from project 'NavPilot')
Building workspace spi-builder-workspace with scheme NavPilot
(3 failures)
BUILD FAILURE 6.1 tvOS