The Swift Package Index logo.Swift Package Index

Build Information

Failed to build ValidatorKit, reference master (41f361), with Swift 6.4 for Linux on 20 Sep 2026 12:58:40 UTC.

Build Command

bash -c docker run --pull=always --rm -v "checkouts-53886769-0":/host -w "$PWD" -e JAVA_HOME="/root/.sdkman/candidates/java/current" -e SPI_BUILD="1" -e SPI_PROCESSING="1" registry.gitlab.com/saguaro1/spi-images:basic-6.4-latest swift build --triple x86_64-unknown-linux-gnu 2>&1

Build Log

========================================
RunAll
========================================
Builder version: 5.1.0
Interrupt handler set up.
========================================
Checkout
========================================
Clone URL: https://github.com/Alhiane/ValidatorKit.git
Reference: master
Initialized empty Git repository in /host/spi-builder-workspace/.git/
hint: Using 'master' as the name for the initial branch. This default branch name
hint: is subject to change. To configure the initial branch name to use in all
hint: of your new repositories, which will suppress this warning, call:
hint:
hint: 	git config --global init.defaultBranch <name>
hint:
hint: Names commonly chosen instead of 'master' are 'main', 'trunk' and
hint: 'development'. The just-created branch can be renamed via this command:
hint:
hint: 	git branch -m <name>
From https://github.com/Alhiane/ValidatorKit
 * branch            master     -> FETCH_HEAD
 * [new branch]      master     -> origin/master
HEAD is now at 41f3612 Merge pull request #50 from Alhiane/patch/uikit-test-fix-community-files-examples
Cloned https://github.com/Alhiane/ValidatorKit.git
Revision (git rev-parse @):
41f36125a2930352b5ca762743933f6a3fba0de4
SUCCESS checkout https://github.com/Alhiane/ValidatorKit.git at master
========================================
Build
========================================
Selected platform:         linux
Swift version:             6.4
Building package at path:  $PWD
https://github.com/Alhiane/ValidatorKit.git
Running build ...
bash -c docker run --pull=always --rm -v "checkouts-53886769-0":/host -w "$PWD" -e JAVA_HOME="/root/.sdkman/candidates/java/current" -e SPI_BUILD="1" -e SPI_PROCESSING="1" registry.gitlab.com/saguaro1/spi-images:basic-6.4-latest swift build --triple x86_64-unknown-linux-gnu 2>&1
basic-6.4-latest: Pulling from saguaro1/spi-images
Digest: sha256:c77fcce225e223ac0fafed844619173fc6de8d62dd560eeb28db3182af6a282b
Status: Image is up to date for registry.gitlab.com/saguaro1/spi-images:basic-6.4-latest
Building for debugging...
[Pre-planning 1 / 211]
[Starting]
[51 / 75] ValidatorKit
error: SwiftCompile normal x86_64 /host/spi-builder-workspace/Sources/ValidatorKit/Rules/PatternRule.swift failed with a nonzero exit code. Command line:     cd /host
    builtin-SwiftPerFileCompile PatternRule.swift
error: SwiftCompile normal x86_64 /host/spi-builder-workspace/Sources/ValidatorKit/Rules/PhoneNumberRule.swift failed with a nonzero exit code. Command line:     cd /host
    builtin-SwiftPerFileCompile PhoneNumberRule.swift
/host/spi-builder-workspace/Sources/ValidatorKit/Rules/PatternRule.swift:19:44: error: 'init(format:_:)' has been renamed to 'init(block:)': Predicate strings and key-value coding are not supported in swift-corelibs-foundation. Use a closure instead if possible.
17 |
18 |     public func validate(_ value: Any?) -> ValidationError? {
19 |         if let string = value as? String, !NSPredicate(format: "SELF MATCHES %@", pattern).evaluate(with: string) {
   |                                            `- error: 'init(format:_:)' has been renamed to 'init(block:)': Predicate strings and key-value coding are not supported in swift-corelibs-foundation. Use a closure instead if possible.
20 |             return ValidationError(message: message)
21 |         }
Foundation.NSPredicate.init:3:22: note: 'init(format:_:)' has been explicitly marked unavailable here
1 | class NSPredicate {
2 | @available(*, unavailable, renamed: "init(block:)", message: "Predicate strings and key-value coding are not supported in swift-corelibs-foundation. Use a closure instead if possible.")
3 |   public convenience init(format predicateFormat: String, _ args: any CVarArg...)}
  |                      `- note: 'init(format:_:)' has been explicitly marked unavailable here
4 |
/host/spi-builder-workspace/Sources/ValidatorKit/Rules/PhoneNumberRule.swift:39:30: error: 'init(format:_:)' has been renamed to 'init(block:)': Predicate strings and key-value coding are not supported in swift-corelibs-foundation. Use a closure instead if possible.
37 |
38 |         let phoneRegex = "\\+?[0-9]{7,15}"
39 |         let phonePredicate = NSPredicate(format: "SELF MATCHES %@", phoneRegex)
   |                              `- error: 'init(format:_:)' has been renamed to 'init(block:)': Predicate strings and key-value coding are not supported in swift-corelibs-foundation. Use a closure instead if possible.
40 |
41 |         guard phonePredicate.evaluate(with: stripped) else {
Foundation.NSPredicate.init:3:22: note: 'init(format:_:)' has been explicitly marked unavailable here
1 | class NSPredicate {
2 | @available(*, unavailable, renamed: "init(block:)", message: "Predicate strings and key-value coding are not supported in swift-corelibs-foundation. Use a closure instead if possible.")
3 |   public convenience init(format predicateFormat: String, _ args: any CVarArg...)}
  |                      `- note: 'init(format:_:)' has been explicitly marked unavailable here
4 |
Failed frontend command:
/usr/bin/swift-frontend -frontend -c /host/spi-builder-workspace/.build/out/Intermediates.noindex/ValidatorKit.build/Debug-linux-x86_64/ValidatorKit-t.build/DerivedSources/resource_bundle_accessor.swift /host/spi-builder-workspace/Sources/ValidatorKit/AsyncValidationRule.swift /host/spi-builder-workspace/Sources/ValidatorKit/CrossFieldValidationRule.swift /host/spi-builder-workspace/Sources/ValidatorKit/Rules/AnyAsyncValidationRule.swift /host/spi-builder-workspace/Sources/ValidatorKit/Rules/AnyValidationRule.swift /host/spi-builder-workspace/Sources/ValidatorKit/Rules/CreditCardRule.swift /host/spi-builder-workspace/Sources/ValidatorKit/Rules/DateAfterFieldRule.swift /host/spi-builder-workspace/Sources/ValidatorKit/Rules/DateBeforeFieldRule.swift /host/spi-builder-workspace/Sources/ValidatorKit/Rules/DateRule.swift /host/spi-builder-workspace/Sources/ValidatorKit/Rules/EmailRule.swift /host/spi-builder-workspace/Sources/ValidatorKit/Rules/FileExtensionsRule.swift /host/spi-builder-workspace/Sources/ValidatorKit/Rules/FileSizeRule.swift /host/spi-builder-workspace/Sources/ValidatorKit/Rules/GreaterThanRule.swift /host/spi-builder-workspace/Sources/ValidatorKit/Rules/IBANRule.swift /host/spi-builder-workspace/Sources/ValidatorKit/Rules/InArrayRule.swift /host/spi-builder-workspace/Sources/ValidatorKit/Rules/LessThanRule.swift /host/spi-builder-workspace/Sources/ValidatorKit/Rules/MatchesFieldRule.swift /host/spi-builder-workspace/Sources/ValidatorKit/Rules/MaxRule.swift /host/spi-builder-workspace/Sources/ValidatorKit/Rules/MinRule.swift /host/spi-builder-workspace/Sources/ValidatorKit/Rules/NotCommonPasswordRule.swift /host/spi-builder-workspace/Sources/ValidatorKit/Rules/NumericRule.swift -primary-file /host/spi-builder-workspace/Sources/ValidatorKit/Rules/PasswordStrengthRule.swift -primary-file /host/spi-builder-workspace/Sources/ValidatorKit/Rules/PatternRule.swift -primary-file /host/spi-builder-workspace/Sources/ValidatorKit/Rules/PhoneNumberRule.swift -primary-file /host/spi-builder-workspace/Sources/ValidatorKit/Rules/RangeRule.swift /host/spi-builder-workspace/Sources/ValidatorKit/Rules/RequireIfRule.swift /host/spi-builder-workspace/Sources/ValidatorKit/Rules/RequiredRule.swift /host/spi-builder-workspace/Sources/ValidatorKit/Rules/URLRule.swift /host/spi-builder-workspace/Sources/ValidatorKit/ValidationError.swift /host/spi-builder-workspace/Sources/ValidatorKit/ValidationMessage.swift /host/spi-builder-workspace/Sources/ValidatorKit/ValidationRule.swift /host/spi-builder-workspace/Sources/ValidatorKit/ValidationSchema.swift /host/spi-builder-workspace/Sources/ValidatorKit/ValidatorKit.swift -supplementary-output-file-map /host/spi-builder-workspace/.build/out/Intermediates.noindex/ValidatorKit.build/Debug-linux-x86_64/ValidatorKit-t.build/Objects-normal/x86_64/supplementaryOutputs-6 -target x86_64-unknown-linux-gnu -disable-objc-interop -I /host/spi-builder-workspace/.build/out/Products/Debug-linux-x86_64 -module-cache-path /host/spi-builder-workspace/.build/out/ModuleCache.noindex -color-diagnostics -Xcc -fcolor-diagnostics -enable-testing -g -debug-info-format\=dwarf -dwarf-version\=4 -swift-version 6 -Onone -D SWIFT_PACKAGE -D DEBUG -D SWIFT_MODULE_RESOURCE_BUNDLE_AVAILABLE -D Xcode -serialize-debugging-options -enable-experimental-feature DebugDescriptionMacro -empty-abi-descriptor -external-plugin-path /usr/lib/swift/host/plugins/testing\#/usr/bin/swift-plugin-server -validate-clang-modules-once -clang-build-session-file /host/spi-builder-workspace/.build/out/ModuleCache.noindex/Session.modulevalidation -Xcc -working-directory -Xcc /host -enable-anonymous-context-mangled-names -file-compilation-dir /host -Xcc -fno-omit-frame-pointer -Xcc -D_LIBCPP_HARDENING_MODE\=_LIBCPP_HARDENING_MODE_DEBUG -Xcc -fmodules-prune-interval\=86400 -Xcc -fmodules-prune-after\=345600 -Xcc -I/host/spi-builder-workspace/.build/out/Products/Debug-linux-x86_64/include -Xcc -I/host/spi-builder-workspace/.build/out/Intermediates.noindex/ValidatorKit.build/Debug-linux-x86_64/ValidatorKit-t.build/DerivedSources-normal/x86_64 -Xcc -I/host/spi-builder-workspace/.build/out/Intermediates.noindex/ValidatorKit.build/Debug-linux-x86_64/ValidatorKit-t.build/DerivedSources/x86_64 -Xcc -I/host/spi-builder-workspace/.build/out/Intermediates.noindex/ValidatorKit.build/Debug-linux-x86_64/ValidatorKit-t.build/DerivedSources -Xcc -DSWIFT_PACKAGE -Xcc -DDEBUG\=1 -no-auto-bridging-header-chaining -module-name ValidatorKit -package-name spi_builder_workspace -const-gather-protocols-file /host/spi-builder-workspace/.build/out/Intermediates.noindex/ValidatorKit.build/Debug-linux-x86_64/ValidatorKit-t.build/Objects-normal/x86_64/ValidatorKit_const_extract_protocols.json -in-process-plugin-server-path /usr/lib/swift/host/libSwiftInProcPluginServer.so -plugin-path /usr/lib/swift/host/plugins -plugin-path /usr/local/lib/swift/host/plugins -parse-as-library -o /host/spi-builder-workspace/.build/out/Intermediates.noindex/ValidatorKit.build/Debug-linux-x86_64/ValidatorKit-t.build/Objects-normal/x86_64/PasswordStrengthRule.o -o /host/spi-builder-workspace/.build/out/Intermediates.noindex/ValidatorKit.build/Debug-linux-x86_64/ValidatorKit-t.build/Objects-normal/x86_64/PatternRule.o -o /host/spi-builder-workspace/.build/out/Intermediates.noindex/ValidatorKit.build/Debug-linux-x86_64/ValidatorKit-t.build/Objects-normal/x86_64/PhoneNumberRule.o -o /host/spi-builder-workspace/.build/out/Intermediates.noindex/ValidatorKit.build/Debug-linux-x86_64/ValidatorKit-t.build/Objects-normal/x86_64/RangeRule.o -index-unit-output-path /ValidatorKit.build/Debug-linux-x86_64/ValidatorKit-t.build/Objects-normal/x86_64/PasswordStrengthRule.o -index-unit-output-path /ValidatorKit.build/Debug-linux-x86_64/ValidatorKit-t.build/Objects-normal/x86_64/PatternRule.o -index-unit-output-path /ValidatorKit.build/Debug-linux-x86_64/ValidatorKit-t.build/Objects-normal/x86_64/PhoneNumberRule.o -index-unit-output-path /ValidatorKit.build/Debug-linux-x86_64/ValidatorKit-t.build/Objects-normal/x86_64/RangeRule.o -index-store-path /host/spi-builder-workspace/.build/out -index-system-modules
[52 / 75] ValidatorKit
error: SwiftCompile normal x86_64 /host/spi-builder-workspace/Sources/ValidatorKit/Rules/EmailRule.swift failed with a nonzero exit code. Command line:     cd /host
    builtin-SwiftPerFileCompile EmailRule.swift
/host/spi-builder-workspace/Sources/ValidatorKit/Rules/EmailRule.swift:24:30: error: 'init(format:_:)' has been renamed to 'init(block:)': Predicate strings and key-value coding are not supported in swift-corelibs-foundation. Use a closure instead if possible.
22 |
23 |         let emailRegex = "[A-Z0-9a-z._%+-]+@[A-Za-z0-9.-]+\\.[A-Za-z]{2,64}"
24 |         let emailPredicate = NSPredicate(format: "SELF MATCHES %@", emailRegex)
   |                              `- error: 'init(format:_:)' has been renamed to 'init(block:)': Predicate strings and key-value coding are not supported in swift-corelibs-foundation. Use a closure instead if possible.
25 |
26 |         guard emailPredicate.evaluate(with: email) else {
Foundation.NSPredicate.init:3:22: note: 'init(format:_:)' has been explicitly marked unavailable here
1 | class NSPredicate {
2 | @available(*, unavailable, renamed: "init(block:)", message: "Predicate strings and key-value coding are not supported in swift-corelibs-foundation. Use a closure instead if possible.")
3 |   public convenience init(format predicateFormat: String, _ args: any CVarArg...)}
  |                      `- note: 'init(format:_:)' has been explicitly marked unavailable here
4 |
Failed frontend command:
/usr/bin/swift-frontend -frontend -c /host/spi-builder-workspace/.build/out/Intermediates.noindex/ValidatorKit.build/Debug-linux-x86_64/ValidatorKit-t.build/DerivedSources/resource_bundle_accessor.swift /host/spi-builder-workspace/Sources/ValidatorKit/AsyncValidationRule.swift /host/spi-builder-workspace/Sources/ValidatorKit/CrossFieldValidationRule.swift /host/spi-builder-workspace/Sources/ValidatorKit/Rules/AnyAsyncValidationRule.swift /host/spi-builder-workspace/Sources/ValidatorKit/Rules/AnyValidationRule.swift /host/spi-builder-workspace/Sources/ValidatorKit/Rules/CreditCardRule.swift /host/spi-builder-workspace/Sources/ValidatorKit/Rules/DateAfterFieldRule.swift /host/spi-builder-workspace/Sources/ValidatorKit/Rules/DateBeforeFieldRule.swift /host/spi-builder-workspace/Sources/ValidatorKit/Rules/DateRule.swift -primary-file /host/spi-builder-workspace/Sources/ValidatorKit/Rules/EmailRule.swift -primary-file /host/spi-builder-workspace/Sources/ValidatorKit/Rules/FileExtensionsRule.swift -primary-file /host/spi-builder-workspace/Sources/ValidatorKit/Rules/FileSizeRule.swift -primary-file /host/spi-builder-workspace/Sources/ValidatorKit/Rules/GreaterThanRule.swift /host/spi-builder-workspace/Sources/ValidatorKit/Rules/IBANRule.swift /host/spi-builder-workspace/Sources/ValidatorKit/Rules/InArrayRule.swift /host/spi-builder-workspace/Sources/ValidatorKit/Rules/LessThanRule.swift /host/spi-builder-workspace/Sources/ValidatorKit/Rules/MatchesFieldRule.swift /host/spi-builder-workspace/Sources/ValidatorKit/Rules/MaxRule.swift /host/spi-builder-workspace/Sources/ValidatorKit/Rules/MinRule.swift /host/spi-builder-workspace/Sources/ValidatorKit/Rules/NotCommonPasswordRule.swift /host/spi-builder-workspace/Sources/ValidatorKit/Rules/NumericRule.swift /host/spi-builder-workspace/Sources/ValidatorKit/Rules/PasswordStrengthRule.swift /host/spi-builder-workspace/Sources/ValidatorKit/Rules/PatternRule.swift /host/spi-builder-workspace/Sources/ValidatorKit/Rules/PhoneNumberRule.swift /host/spi-builder-workspace/Sources/ValidatorKit/Rules/RangeRule.swift /host/spi-builder-workspace/Sources/ValidatorKit/Rules/RequireIfRule.swift /host/spi-builder-workspace/Sources/ValidatorKit/Rules/RequiredRule.swift /host/spi-builder-workspace/Sources/ValidatorKit/Rules/URLRule.swift /host/spi-builder-workspace/Sources/ValidatorKit/ValidationError.swift /host/spi-builder-workspace/Sources/ValidatorKit/ValidationMessage.swift /host/spi-builder-workspace/Sources/ValidatorKit/ValidationRule.swift /host/spi-builder-workspace/Sources/ValidatorKit/ValidationSchema.swift /host/spi-builder-workspace/Sources/ValidatorKit/ValidatorKit.swift -supplementary-output-file-map /host/spi-builder-workspace/.build/out/Intermediates.noindex/ValidatorKit.build/Debug-linux-x86_64/ValidatorKit-t.build/Objects-normal/x86_64/supplementaryOutputs-3 -target x86_64-unknown-linux-gnu -disable-objc-interop -I /host/spi-builder-workspace/.build/out/Products/Debug-linux-x86_64 -module-cache-path /host/spi-builder-workspace/.build/out/ModuleCache.noindex -color-diagnostics -Xcc -fcolor-diagnostics -enable-testing -g -debug-info-format\=dwarf -dwarf-version\=4 -swift-version 6 -Onone -D SWIFT_PACKAGE -D DEBUG -D SWIFT_MODULE_RESOURCE_BUNDLE_AVAILABLE -D Xcode -serialize-debugging-options -enable-experimental-feature DebugDescriptionMacro -empty-abi-descriptor -external-plugin-path /usr/lib/swift/host/plugins/testing\#/usr/bin/swift-plugin-server -validate-clang-modules-once -clang-build-session-file /host/spi-builder-workspace/.build/out/ModuleCache.noindex/Session.modulevalidation -Xcc -working-directory -Xcc /host -enable-anonymous-context-mangled-names -file-compilation-dir /host -Xcc -fno-omit-frame-pointer -Xcc -D_LIBCPP_HARDENING_MODE\=_LIBCPP_HARDENING_MODE_DEBUG -Xcc -fmodules-prune-interval\=86400 -Xcc -fmodules-prune-after\=345600 -Xcc -I/host/spi-builder-workspace/.build/out/Products/Debug-linux-x86_64/include -Xcc -I/host/spi-builder-workspace/.build/out/Intermediates.noindex/ValidatorKit.build/Debug-linux-x86_64/ValidatorKit-t.build/DerivedSources-normal/x86_64 -Xcc -I/host/spi-builder-workspace/.build/out/Intermediates.noindex/ValidatorKit.build/Debug-linux-x86_64/ValidatorKit-t.build/DerivedSources/x86_64 -Xcc -I/host/spi-builder-workspace/.build/out/Intermediates.noindex/ValidatorKit.build/Debug-linux-x86_64/ValidatorKit-t.build/DerivedSources -Xcc -DSWIFT_PACKAGE -Xcc -DDEBUG\=1 -no-auto-bridging-header-chaining -module-name ValidatorKit -package-name spi_builder_workspace -const-gather-protocols-file /host/spi-builder-workspace/.build/out/Intermediates.noindex/ValidatorKit.build/Debug-linux-x86_64/ValidatorKit-t.build/Objects-normal/x86_64/ValidatorKit_const_extract_protocols.json -in-process-plugin-server-path /usr/lib/swift/host/libSwiftInProcPluginServer.so -plugin-path /usr/lib/swift/host/plugins -plugin-path /usr/local/lib/swift/host/plugins -parse-as-library -o /host/spi-builder-workspace/.build/out/Intermediates.noindex/ValidatorKit.build/Debug-linux-x86_64/ValidatorKit-t.build/Objects-normal/x86_64/EmailRule.o -o /host/spi-builder-workspace/.build/out/Intermediates.noindex/ValidatorKit.build/Debug-linux-x86_64/ValidatorKit-t.build/Objects-normal/x86_64/FileExtensionsRule.o -o /host/spi-builder-workspace/.build/out/Intermediates.noindex/ValidatorKit.build/Debug-linux-x86_64/ValidatorKit-t.build/Objects-normal/x86_64/FileSizeRule.o -o /host/spi-builder-workspace/.build/out/Intermediates.noindex/ValidatorKit.build/Debug-linux-x86_64/ValidatorKit-t.build/Objects-normal/x86_64/GreaterThanRule.o -index-unit-output-path /ValidatorKit.build/Debug-linux-x86_64/ValidatorKit-t.build/Objects-normal/x86_64/EmailRule.o -index-unit-output-path /ValidatorKit.build/Debug-linux-x86_64/ValidatorKit-t.build/Objects-normal/x86_64/FileExtensionsRule.o -index-unit-output-path /ValidatorKit.build/Debug-linux-x86_64/ValidatorKit-t.build/Objects-normal/x86_64/FileSizeRule.o -index-unit-output-path /ValidatorKit.build/Debug-linux-x86_64/ValidatorKit-t.build/Objects-normal/x86_64/GreaterThanRule.o -index-store-path /host/spi-builder-workspace/.build/out -index-system-modules
error: Build failed
BUILD FAILURE 6.4 linux