The Swift Package Index logo.Swift Package Index

Build Information

Failed to build CadovaLiveLink, reference 0.2.1 (4e6cde), with Swift 6.3 for Linux on 4 Sep 2026 08:12:17 UTC.

Build Command

bash -c docker run --pull=always --rm -v "checkouts-54344844-0":/host -w "$PWD" -e JAVA_HOME="/root/.sdkman/candidates/java/current" -e SPI_BUILD="1" -e SPI_PROCESSING="1" registry.gitlab.com/saguaro1/spi-images:basic-6.3-latest swift build --triple x86_64-unknown-linux-gnu 2>&1

Build Log

========================================
RunAll
========================================
Builder version: 5.0.2
Interrupt handler set up.
========================================
Checkout
========================================
Clone URL: https://github.com/tomasf/CadovaLiveLink.git
Reference: 0.2.1
Initialized empty Git repository in /host/spi-builder-workspace/.git/
hint: Using 'master' as the name for the initial branch. This default branch name
hint: is subject to change. To configure the initial branch name to use in all
hint: of your new repositories, which will suppress this warning, call:
hint:
hint: 	git config --global init.defaultBranch <name>
hint:
hint: Names commonly chosen instead of 'master' are 'main', 'trunk' and
hint: 'development'. The just-created branch can be renamed via this command:
hint:
hint: 	git branch -m <name>
From https://github.com/tomasf/CadovaLiveLink
 * tag               0.2.1      -> FETCH_HEAD
HEAD is now at 4e6cdee Work around a Swift 6.3.2 compiler crash in bigEndianBytes
Cloned https://github.com/tomasf/CadovaLiveLink.git
Revision (git rev-parse @):
4e6cdee60cecf1cde2204578485445533ad0324b
SUCCESS checkout https://github.com/tomasf/CadovaLiveLink.git at 0.2.1
========================================
Build
========================================
Selected platform:         linux
Swift version:             6.3
Building package at path:  $PWD
https://github.com/tomasf/CadovaLiveLink.git
Running build ...
bash -c docker run --pull=always --rm -v "checkouts-54344844-0":/host -w "$PWD" -e JAVA_HOME="/root/.sdkman/candidates/java/current" -e SPI_BUILD="1" -e SPI_PROCESSING="1" registry.gitlab.com/saguaro1/spi-images:basic-6.3-latest swift build --triple x86_64-unknown-linux-gnu 2>&1
basic-6.3-latest: Pulling from saguaro1/spi-images
Digest: sha256:b82c9ac2aaad9c671b7a7653c8e6eeaf006cac60f6a8910901b9357c067e0892
Status: Image is up to date for registry.gitlab.com/saguaro1/spi-images:basic-6.3-latest
Building for debugging...
[0/4] Write sources
[3/4] Write swift-version-24593BA9C3E375BF.txt
error: emit-module command failed with exit code 1 (use -v to see invocation)
[5/12] Emitting module CadovaLiveLinkCore
/host/spi-builder-workspace/Sources/CadovaLiveLinkCore/LiveLinkSocketAddress.swift:2:8: error: no such module 'Darwin'
 1 | import Foundation
 2 | import Darwin
   |        `- error: no such module 'Darwin'
 3 |
 4 | /// Shared `sockaddr_un` construction for both `LiveLinkClient` (connecting) and `LiveLinkHost`
[6/12] Compiling CadovaLiveLinkCore LiveLinkMessage.swift
/host/spi-builder-workspace/Sources/CadovaLiveLinkCore/LiveLinkSocketAddress.swift:2:8: error: no such module 'Darwin'
 1 | import Foundation
 2 | import Darwin
   |        `- error: no such module 'Darwin'
 3 |
 4 | /// Shared `sockaddr_un` construction for both `LiveLinkClient` (connecting) and `LiveLinkHost`
[7/12] Compiling CadovaLiveLinkCore LiveLinkEndpoint.swift
/host/spi-builder-workspace/Sources/CadovaLiveLinkCore/LiveLinkSocketAddress.swift:2:8: error: no such module 'Darwin'
 1 | import Foundation
 2 | import Darwin
   |        `- error: no such module 'Darwin'
 3 |
 4 | /// Shared `sockaddr_un` construction for both `LiveLinkClient` (connecting) and `LiveLinkHost`
[8/12] Compiling CadovaLiveLinkCore LiveLinkMessage+BinaryCoding.swift
/host/spi-builder-workspace/Sources/CadovaLiveLinkCore/LiveLinkSocketAddress.swift:2:8: error: no such module 'Darwin'
 1 | import Foundation
 2 | import Darwin
   |        `- error: no such module 'Darwin'
 3 |
 4 | /// Shared `sockaddr_un` construction for both `LiveLinkClient` (connecting) and `LiveLinkHost`
[9/12] Compiling CadovaLiveLinkCore LiveLinkHostState.swift
/host/spi-builder-workspace/Sources/CadovaLiveLinkCore/LiveLinkSocketAddress.swift:2:8: error: no such module 'Darwin'
 1 | import Foundation
 2 | import Darwin
   |        `- error: no such module 'Darwin'
 3 |
 4 | /// Shared `sockaddr_un` construction for both `LiveLinkClient` (connecting) and `LiveLinkHost`
[10/12] Compiling CadovaLiveLinkCore LiveLinkSocketAddress.swift
/host/spi-builder-workspace/Sources/CadovaLiveLinkCore/LiveLinkSocketAddress.swift:2:8: error: no such module 'Darwin'
 1 | import Foundation
 2 | import Darwin
   |        `- error: no such module 'Darwin'
 3 |
 4 | /// Shared `sockaddr_un` construction for both `LiveLinkClient` (connecting) and `LiveLinkHost`
[11/12] Compiling CadovaLiveLinkCore LiveLinkFraming.swift
/host/spi-builder-workspace/Sources/CadovaLiveLinkCore/LiveLinkSocketAddress.swift:2:8: error: no such module 'Darwin'
 1 | import Foundation
 2 | import Darwin
   |        `- error: no such module 'Darwin'
 3 |
 4 | /// Shared `sockaddr_un` construction for both `LiveLinkClient` (connecting) and `LiveLinkHost`
[12/12] Compiling CadovaLiveLinkCore LiveLinkError.swift
/host/spi-builder-workspace/Sources/CadovaLiveLinkCore/LiveLinkSocketAddress.swift:2:8: error: no such module 'Darwin'
 1 | import Foundation
 2 | import Darwin
   |        `- error: no such module 'Darwin'
 3 |
 4 | /// Shared `sockaddr_un` construction for both `LiveLinkClient` (connecting) and `LiveLinkHost`
BUILD FAILURE 6.3 linux