The Swift Package Index logo.Swift Package Index

Build Information

Failed to build GoogleSignIn, reference main (059416), with Swift 6.4 for Wasm on 31 Oct 2026 00:07:13 UTC.

Build Command

bash -c docker run --pull=always --rm -v "checkouts-53886769-0":/host -w "$PWD" -e JAVA_HOME="/root/.sdkman/candidates/java/current" -e SPI_BUILD="1" -e SPI_PROCESSING="1" registry.gitlab.com/saguaro1/spi-images:wasm-6.4-latest swift build --swift-sdk swift-6.4.0-RELEASE_wasm 2>&1

Build Log

========================================
RunAll
========================================
Builder version: 5.1.4
Interrupt handler set up.
========================================
Checkout
========================================
Clone URL: https://github.com/google/GoogleSignIn-iOS.git
Reference: main
Initialized empty Git repository in /host/spi-builder-workspace/.git/
hint: Using 'master' as the name for the initial branch. This default branch name
hint: is subject to change. To configure the initial branch name to use in all
hint: of your new repositories, which will suppress this warning, call:
hint:
hint: 	git config --global init.defaultBranch <name>
hint:
hint: Names commonly chosen instead of 'master' are 'main', 'trunk' and
hint: 'development'. The just-created branch can be renamed via this command:
hint:
hint: 	git branch -m <name>
From https://github.com/google/GoogleSignIn-iOS
 * branch            main       -> FETCH_HEAD
 * [new branch]      main       -> origin/main
HEAD is now at 059416c Inject the device and LAContext into GIDEMMSupport and GIDMDMPasscodeCache (#659)
Cloned https://github.com/google/GoogleSignIn-iOS.git
Revision (git rev-parse @):
059416c18b7e3895ad5299cb8ee017a330a4b68a
SUCCESS checkout https://github.com/google/GoogleSignIn-iOS.git at main
========================================
Build
========================================
Selected platform:         wasm
Swift version:             6.4
Building package at path:  $PWD
https://github.com/google/GoogleSignIn-iOS.git
Running build ...
bash -c docker run --pull=always --rm -v "checkouts-53886769-0":/host -w "$PWD" -e JAVA_HOME="/root/.sdkman/candidates/java/current" -e SPI_BUILD="1" -e SPI_PROCESSING="1" registry.gitlab.com/saguaro1/spi-images:wasm-6.4-latest swift build --swift-sdk swift-6.4.0-RELEASE_wasm 2>&1
wasm-6.4-latest: Pulling from saguaro1/spi-images
Digest: sha256:0ad19d16955074ecc72bbe910025b19c4e4614184c1a48afc82660d4c7620121
Status: Image is up to date for registry.gitlab.com/saguaro1/spi-images:wasm-6.4-latest
Fetching https://github.com/firebase/ocmock.git
[1/8280] Fetching ocmock
Fetched https://github.com/firebase/ocmock.git (0.70s)
Fetching https://github.com/openid/AppAuth-iOS.git
Fetching https://github.com/google/GoogleUtilities.git
Fetching https://github.com/google/GTMAppAuth.git
Fetching https://github.com/google/gtm-session-fetcher.git
Fetching https://github.com/google/app-check.git
[1/4146] Fetching gtmappauth
[2/10492] Fetching gtmappauth, app-check
[3/16193] Fetching gtmappauth, app-check, googleutilities
[16194/21299] Fetching gtmappauth, app-check, googleutilities, gtm-session-fetcher
[20892/31664] Fetching gtmappauth, app-check, googleutilities, gtm-session-fetcher, appauth-ios
Fetched https://github.com/google/GoogleUtilities.git (0.64s)
Fetched https://github.com/google/GTMAppAuth.git (0.64s)
Fetched https://github.com/google/app-check.git (0.64s)
Fetched https://github.com/google/gtm-session-fetcher.git (0.64s)
Fetched https://github.com/openid/AppAuth-iOS.git (0.74s)
Computing version for https://github.com/google/GTMAppAuth.git
Computed https://github.com/google/GTMAppAuth.git at 6.0.0 (0.92s)
Computing version for https://github.com/openid/AppAuth-iOS.git
Computed https://github.com/openid/AppAuth-iOS.git at 3.0.0 (0.16s)
Computing version for https://github.com/google/app-check.git
Computed https://github.com/google/app-check.git at 12.0.0 (0.14s)
Fetching https://github.com/google/interop-ios-for-google-sdks.git
[1/303] Fetching interop-ios-for-google-sdks
Fetched https://github.com/google/interop-ios-for-google-sdks.git (0.32s)
Computing version for https://github.com/google/interop-ios-for-google-sdks.git
Computed https://github.com/google/interop-ios-for-google-sdks.git at 101.0.0 (0.49s)
Computing version for https://github.com/google/GoogleUtilities.git
Computed https://github.com/google/GoogleUtilities.git at 8.1.5 (0.15s)
Computing version for https://github.com/google/gtm-session-fetcher.git
Computed https://github.com/google/gtm-session-fetcher.git at 5.3.1 (0.13s)
Creating working copy for https://github.com/openid/AppAuth-iOS.git
Working copy of https://github.com/openid/AppAuth-iOS.git resolved at 3.0.0
Creating working copy for https://github.com/google/GTMAppAuth.git
Working copy of https://github.com/google/GTMAppAuth.git resolved at 6.0.0
Creating working copy for https://github.com/google/app-check.git
Working copy of https://github.com/google/app-check.git resolved at 12.0.0
Creating working copy for https://github.com/firebase/ocmock.git
Working copy of https://github.com/firebase/ocmock.git resolved at 7291762d3551c5c7e31c49cce40a0e391a52e889
Creating working copy for https://github.com/google/interop-ios-for-google-sdks.git
Working copy of https://github.com/google/interop-ios-for-google-sdks.git resolved at 101.0.0
Creating working copy for https://github.com/google/GoogleUtilities.git
Working copy of https://github.com/google/GoogleUtilities.git resolved at 8.1.5
Creating working copy for https://github.com/google/gtm-session-fetcher.git
Working copy of https://github.com/google/gtm-session-fetcher.git resolved at 5.3.1
warning: 'spi-builder-workspace': ignoring target 'GoogleSignIn-UnitTests' in package 'spi-builder-workspace'; C language in tests is not yet supported
warning: 'spi-builder-workspace': ignoring target 'GoogleSignIn-UnitTests' in package 'spi-builder-workspace'; C language in tests is not yet supported
Building for debugging...
[Computing dependencies]
[Pre-planning 1 / 661]
[Describing: 1401 / 1405]
[51 / 273] GTMSessionFetcher_GTMSessionFetcherCore
In file included from /host/spi-builder-workspace/.build/checkouts/GoogleUtilities/third_party/IsAppEncrypted/IsAppEncrypted.m:43:
/host/spi-builder-workspace/.build/checkouts/GoogleUtilities/third_party/IsAppEncrypted/Public/IsAppEncrypted.h:22:9: fatal error: 'objc/objc.h' file not found
   22 | #import <objc/objc.h>
      |         ^~~~~~~~~~~~~
1 error generated.
error: CompileC /host/spi-builder-workspace/.build/out/Intermediates.noindex/GoogleUtilities.build/Debug-webassembly-wasm32/third-party-IsAppEncrypted-t.build/Objects-normal/wasm32/IsAppEncrypted.o /host/spi-builder-workspace/.build/checkouts/GoogleUtilities/third_party/IsAppEncrypted/IsAppEncrypted.m normal wasm32 objective-c com.apple.compilers.llvm.clang.1_0.compiler failed with a nonzero exit code. Command line:     cd /host

    Using response file: /host/spi-builder-workspace/.build/out/Intermediates.noindex/GoogleUtilities.build/Debug-webassembly-wasm32/third-party-IsAppEncrypted-t.build/Objects-normal/wasm32/6f95552a3397ee1cec971b90cf334075d5f321c3a3b0689ad55c3d1e24702600-common-args.resp

    /usr/bin/clang -x objective-c -target wasm32-unknown-wasip1 -fmessage-length\=0 -fdiagnostics-show-note-include-stack -fmacro-backtrace-limit\=0 -fcolor-diagnostics -Wno-trigraphs -Wno-missing-field-initializers -Wno-missing-prototypes -Wno-return-type -Wno-implicit-atomic-properties -Wno-objc-interface-ivars -Wno-arc-repeated-use-of-weak -Wno-missing-braces -Wparentheses -Wswitch -Wno-unused-function -Wno-unused-label -Wno-unused-parameter -Wno-unused-variable -Wunused-value -Wno-empty-body -Wno-uninitialized -Wno-unknown-pragmas -w -Wno-shadow -Wno-four-char-constants -Wno-conversion -Wno-constant-conversion -Wno-int-conversion -Wno-bool-conversion -Wno-enum-conversion -Wno-float-conversion -Wno-non-literal-null-conversion -Wno-objc-literal-conversion -Wno-shorten-64-to-32 -Wpointer-sign -Wno-newline-eof -Wno-selector -Wno-strict-selector-match -Wno-undeclared-selector -Wno-deprecated-implementations -Wno-implicit-fallthrough -fstrict-aliasing -Wprotocol -Wdeprecated-declarations -Wno-sign-conversion -Wno-infinite-recursion -Wno-comma -Wno-block-capture-autoreleasing -Wno-strict-prototypes -Wno-semicolon-before-method-body --sysroot /root/.swiftpm/swift-sdks/swift-6.4.0-RELEASE_wasm.artifactbundle/swift-6.4.0-RELEASE_wasm/wasm32-unknown-wasip1/WASI.sdk @/host/spi-builder-workspace/.build/out/Intermediates.noindex/GoogleUtilities.build/Debug-webassembly-wasm32/third-party-IsAppEncrypted-t.build/Objects-normal/wasm32/6f95552a3397ee1cec971b90cf334075d5f321c3a3b0689ad55c3d1e24702600-common-args.resp -MMD -MT dependencies -MF /host/spi-builder-workspace/.build/out/Intermediates.noindex/GoogleUtilities.build/Debug-webassembly-wasm32/third-party-IsAppEncrypted-t.build/Objects-normal/wasm32/IsAppEncrypted.d --serialize-diagnostics /host/spi-builder-workspace/.build/out/Intermediates.noindex/GoogleUtilities.build/Debug-webassembly-wasm32/third-party-IsAppEncrypted-t.build/Objects-normal/wasm32/IsAppEncrypted.dia -c /host/spi-builder-workspace/.build/checkouts/GoogleUtilities/third_party/IsAppEncrypted/IsAppEncrypted.m -o /host/spi-builder-workspace/.build/out/Intermediates.noindex/GoogleUtilities.build/Debug-webassembly-wasm32/third-party-IsAppEncrypted-t.build/Objects-normal/wasm32/IsAppEncrypted.o
In file included from <built-in>:1:
/host/spi-builder-workspace/.build/out/Intermediates.noindex/GoogleUtilities.build/Debug-webassembly-wasm32/GoogleUtilities-UserDefaults-t.build/DerivedSources/resource_bundle_accessor.h:1:9: fatal error: 'Foundation/Foundation.h' file not found
    1 | #import <Foundation/Foundation.h>
      |         ^~~~~~~~~~~~~~~~~~~~~~~~~
1 error generated.
error: CompileC /host/spi-builder-workspace/.build/out/Intermediates.noindex/GoogleUtilities.build/Debug-webassembly-wasm32/GoogleUtilities-UserDefaults-t.build/Objects-normal/wasm32/resource_bundle_accessor.o /host/spi-builder-workspace/.build/out/Intermediates.noindex/GoogleUtilities.build/Debug-webassembly-wasm32/GoogleUtilities-UserDefaults-t.build/DerivedSources/resource_bundle_accessor.m normal wasm32 objective-c com.apple.compilers.llvm.clang.1_0.compiler failed with a nonzero exit code. Command line:     cd /host

    Using response file: /host/spi-builder-workspace/.build/out/Intermediates.noindex/GoogleUtilities.build/Debug-webassembly-wasm32/GoogleUtilities-UserDefaults-t.build/Objects-normal/wasm32/6f95552a3397ee1cec971b90cf334075d5f321c3a3b0689ad55c3d1e24702600-common-args.resp

    /usr/bin/clang -x objective-c -target wasm32-unknown-wasip1 -fmessage-length\=0 -fdiagnostics-show-note-include-stack -fmacro-backtrace-limit\=0 -fcolor-diagnostics -Wno-trigraphs -Wno-missing-field-initializers -Wno-missing-prototypes -Wno-return-type -Wno-implicit-atomic-properties -Wno-objc-interface-ivars -Wno-arc-repeated-use-of-weak -Wno-missing-braces -Wparentheses -Wswitch -Wno-unused-function -Wno-unused-label -Wno-unused-parameter -Wno-unused-variable -Wunused-value -Wno-empty-body -Wno-uninitialized -Wno-unknown-pragmas -w -Wno-shadow -Wno-four-char-constants -Wno-conversion -Wno-constant-conversion -Wno-int-conversion -Wno-bool-conversion -Wno-enum-conversion -Wno-float-conversion -Wno-non-literal-null-conversion -Wno-objc-literal-conversion -Wno-shorten-64-to-32 -Wpointer-sign -Wno-newline-eof -Wno-selector -Wno-strict-selector-match -Wno-undeclared-selector -Wno-deprecated-implementations -Wno-implicit-fallthrough -fstrict-aliasing -Wprotocol -Wdeprecated-declarations -Wno-sign-conversion -Wno-infinite-recursion -Wno-comma -Wno-block-capture-autoreleasing -Wno-strict-prototypes -Wno-semicolon-before-method-body --sysroot /root/.swiftpm/swift-sdks/swift-6.4.0-RELEASE_wasm.artifactbundle/swift-6.4.0-RELEASE_wasm/wasm32-unknown-wasip1/WASI.sdk @/host/spi-builder-workspace/.build/out/Intermediates.noindex/GoogleUtilities.build/Debug-webassembly-wasm32/GoogleUtilities-UserDefaults-t.build/Objects-normal/wasm32/6f95552a3397ee1cec971b90cf334075d5f321c3a3b0689ad55c3d1e24702600-common-args.resp -include /host/spi-builder-workspace/.build/out/Intermediates.noindex/GoogleUtilities.build/Debug-webassembly-wasm32/GoogleUtilities-UserDefaults-t.build/DerivedSources/resource_bundle_accessor.h -MMD -MT dependencies -MF /host/spi-builder-workspace/.build/out/Intermediates.noindex/GoogleUtilities.build/Debug-webassembly-wasm32/GoogleUtilities-UserDefaults-t.build/Objects-normal/wasm32/resource_bundle_accessor.d --serialize-diagnostics /host/spi-builder-workspace/.build/out/Intermediates.noindex/GoogleUtilities.build/Debug-webassembly-wasm32/GoogleUtilities-UserDefaults-t.build/Objects-normal/wasm32/resource_bundle_accessor.dia -c /host/spi-builder-workspace/.build/out/Intermediates.noindex/GoogleUtilities.build/Debug-webassembly-wasm32/GoogleUtilities-UserDefaults-t.build/DerivedSources/resource_bundle_accessor.m -o /host/spi-builder-workspace/.build/out/Intermediates.noindex/GoogleUtilities.build/Debug-webassembly-wasm32/GoogleUtilities-UserDefaults-t.build/Objects-normal/wasm32/resource_bundle_accessor.o
In file included from <built-in>:1:
/host/spi-builder-workspace/.build/out/Intermediates.noindex/GoogleUtilities.build/Debug-webassembly-wasm32/GoogleUtilities-UserDefaults-t.build/DerivedSources/resource_bundle_accessor.h:1:9: fatal error: 'Foundation/Foundation.h' file not found
    1 | #import <Foundation/Foundation.h>
      |         ^~~~~~~~~~~~~~~~~~~~~~~~~
1 error generated.
error: CompileC /host/spi-builder-workspace/.build/out/Intermediates.noindex/GoogleUtilities.build/Debug-webassembly-wasm32/GoogleUtilities-UserDefaults-t.build/Objects-normal/wasm32/GULUserDefaults.o /host/spi-builder-workspace/.build/checkouts/GoogleUtilities/GoogleUtilities/UserDefaults/GULUserDefaults.m normal wasm32 objective-c com.apple.compilers.llvm.clang.1_0.compiler failed with a nonzero exit code. Command line:     cd /host

    Using response file: /host/spi-builder-workspace/.build/out/Intermediates.noindex/GoogleUtilities.build/Debug-webassembly-wasm32/GoogleUtilities-UserDefaults-t.build/Objects-normal/wasm32/6f95552a3397ee1cec971b90cf334075d5f321c3a3b0689ad55c3d1e24702600-common-args.resp

    /usr/bin/clang -x objective-c -target wasm32-unknown-wasip1 -fmessage-length\=0 -fdiagnostics-show-note-include-stack -fmacro-backtrace-limit\=0 -fcolor-diagnostics -Wno-trigraphs -Wno-missing-field-initializers -Wno-missing-prototypes -Wno-return-type -Wno-implicit-atomic-properties -Wno-objc-interface-ivars -Wno-arc-repeated-use-of-weak -Wno-missing-braces -Wparentheses -Wswitch -Wno-unused-function -Wno-unused-label -Wno-unused-parameter -Wno-unused-variable -Wunused-value -Wno-empty-body -Wno-uninitialized -Wno-unknown-pragmas -w -Wno-shadow -Wno-four-char-constants -Wno-conversion -Wno-constant-conversion -Wno-int-conversion -Wno-bool-conversion -Wno-enum-conversion -Wno-float-conversion -Wno-non-literal-null-conversion -Wno-objc-literal-conversion -Wno-shorten-64-to-32 -Wpointer-sign -Wno-newline-eof -Wno-selector -Wno-strict-selector-match -Wno-undeclared-selector -Wno-deprecated-implementations -Wno-implicit-fallthrough -fstrict-aliasing -Wprotocol -Wdeprecated-declarations -Wno-sign-conversion -Wno-infinite-recursion -Wno-comma -Wno-block-capture-autoreleasing -Wno-strict-prototypes -Wno-semicolon-before-method-body --sysroot /root/.swiftpm/swift-sdks/swift-6.4.0-RELEASE_wasm.artifactbundle/swift-6.4.0-RELEASE_wasm/wasm32-unknown-wasip1/WASI.sdk @/host/spi-builder-workspace/.build/out/Intermediates.noindex/GoogleUtilities.build/Debug-webassembly-wasm32/GoogleUtilities-UserDefaults-t.build/Objects-normal/wasm32/6f95552a3397ee1cec971b90cf334075d5f321c3a3b0689ad55c3d1e24702600-common-args.resp -include /host/spi-builder-workspace/.build/out/Intermediates.noindex/GoogleUtilities.build/Debug-webassembly-wasm32/GoogleUtilities-UserDefaults-t.build/DerivedSources/resource_bundle_accessor.h -MMD -MT dependencies -MF /host/spi-builder-workspace/.build/out/Intermediates.noindex/GoogleUtilities.build/Debug-webassembly-wasm32/GoogleUtilities-UserDefaults-t.build/Objects-normal/wasm32/GULUserDefaults.d --serialize-diagnostics /host/spi-builder-workspace/.build/out/Intermediates.noindex/GoogleUtilities.build/Debug-webassembly-wasm32/GoogleUtilities-UserDefaults-t.build/Objects-normal/wasm32/GULUserDefaults.dia -c /host/spi-builder-workspace/.build/checkouts/GoogleUtilities/GoogleUtilities/UserDefaults/GULUserDefaults.m -o /host/spi-builder-workspace/.build/out/Intermediates.noindex/GoogleUtilities.build/Debug-webassembly-wasm32/GoogleUtilities-UserDefaults-t.build/Objects-normal/wasm32/GULUserDefaults.o
error: Build failed
BUILD FAILURE 6.4 wasm