The Swift Package Index logo.Swift Package Index

Build Information

Failed to build ReduxCore, reference main (ad520a), with Swift 6.4 for Linux on 26 Sep 2026 00:06:24 UTC.

Build Command

bash -c docker run --pull=always --rm -v "checkouts-54344844-0":/host -w "$PWD" -e JAVA_HOME="/root/.sdkman/candidates/java/current" -e SPI_BUILD="1" -e SPI_PROCESSING="1" registry.gitlab.com/saguaro1/spi-images:basic-6.4-latest swift build --triple x86_64-unknown-linux-gnu 2>&1

Build Log

========================================
RunAll
========================================
Builder version: 5.1.0
Interrupt handler set up.
========================================
Checkout
========================================
Clone URL: https://github.com/felilo/ReduxCore.git
Reference: main
Initialized empty Git repository in /host/spi-builder-workspace/.git/
hint: Using 'master' as the name for the initial branch. This default branch name
hint: is subject to change. To configure the initial branch name to use in all
hint: of your new repositories, which will suppress this warning, call:
hint:
hint: 	git config --global init.defaultBranch <name>
hint:
hint: Names commonly chosen instead of 'master' are 'main', 'trunk' and
hint: 'development'. The just-created branch can be renamed via this command:
hint:
hint: 	git branch -m <name>
From https://github.com/felilo/ReduxCore
 * branch            main       -> FETCH_HEAD
 * [new branch]      main       -> origin/main
HEAD is now at ad520a6 Update README.md
Cloned https://github.com/felilo/ReduxCore.git
Revision (git rev-parse @):
ad520a6338dc22e10b23f8dd0546c6364937b81b
SUCCESS checkout https://github.com/felilo/ReduxCore.git at main
========================================
Build
========================================
Selected platform:         linux
Swift version:             6.4
Building package at path:  $PWD
https://github.com/felilo/ReduxCore.git
Running build ...
bash -c docker run --pull=always --rm -v "checkouts-54344844-0":/host -w "$PWD" -e JAVA_HOME="/root/.sdkman/candidates/java/current" -e SPI_BUILD="1" -e SPI_PROCESSING="1" registry.gitlab.com/saguaro1/spi-images:basic-6.4-latest swift build --triple x86_64-unknown-linux-gnu 2>&1
basic-6.4-latest: Pulling from saguaro1/spi-images
Digest: sha256:c77fcce225e223ac0fafed844619173fc6de8d62dd560eeb28db3182af6a282b
Status: Image is up to date for registry.gitlab.com/saguaro1/spi-images:basic-6.4-latest
Fetching https://github.com/swiftlang/swift-syntax.git
[1/80068] Fetching swift-syntax
Fetched https://github.com/swiftlang/swift-syntax.git (3.06s)
Computing version for https://github.com/swiftlang/swift-syntax.git
Computed https://github.com/swiftlang/swift-syntax.git at 509.1.1 (4.27s)
Creating working copy for https://github.com/swiftlang/swift-syntax.git
Working copy of https://github.com/swiftlang/swift-syntax.git resolved at 509.1.1
Building for debugging...
[Computing dependencies]
[Pre-planning 1 / 445]
[Planning deferred tasks]
[89 / 190] ReduxCore
[99 / 194] SwiftSyntax
[107 / 203] SwiftSyntax
[108 / 204] SwiftSyntax509
[111 / 204] SwiftSyntax
[124 / 229] SwiftParser
[126 / 229] SwiftDiagnostics
[128 / 229] SwiftDiagnostics
[134 / 229] SwiftBasicFormat
[139 / 229] SwiftParser
[140 / 229] SwiftParser
[142 / 229] SwiftParser
[147 / 229] SwiftParser
[149 / 229] SwiftDiagnostics
[151 / 229] SwiftOperators
[154 / 229] SwiftDiagnostics
[154 / 229] SwiftBasicFormat
[156 / 229] SwiftParserDiagnostics
[163 / 241] SwiftParserDiagnostics
[165 / 241] SwiftParserDiagnostics
[166 / 241] SwiftParserDiagnostics
[168 / 241] SwiftParserDiagnostics
[172 / 241] SwiftParserDiagnostics
[173 / 241] SwiftParserDiagnostics
[174 / 241] SwiftSyntaxBuilder
[179 / 252] SwiftParser
[182 / 252] SwiftParser
[189 / 252] SwiftOperators
[192 / 252]
[197 / 263] SwiftOperators
[198 / 263] SwiftSyntaxBuilder
[199 / 263] SwiftSyntaxBuilder
[201 / 263] SwiftSyntaxBuilder
[203 / 263] SwiftSyntaxBuilder
[207 / 264] SwiftSyntaxBuilder
[212 / 266] SwiftSyntaxMacros
[216 / 274] SwiftSyntaxMacros
[223 / 274] SwiftSyntaxMacros
[231 / 283] SwiftSyntaxMacroExpansion
[231 / 284] SwiftSyntaxMacroExpansion
[233 / 284] SwiftSyntaxMacroExpansion
[242 / 284] SwiftCompilerPluginMessageHandling
[245 / 292] SwiftCompilerPluginMessageHandling
[247 / 293] SwiftSyntaxMacroExpansion
[251 / 293] SwiftCompilerPluginMessageHandling
[257 / 293] SwiftCompilerPluginMessageHandling
[260 / 296] SwiftSyntaxMacroExpansion
[262 / 297] SwiftCompilerPluginMessageHandling
[264 / 298] SwiftCompilerPlugin
[269 / 298] SwiftCompilerPlugin
[271 / 299] SwiftSyntax
[274 / 300] SwiftSyntax
[280 / 300] SwiftSyntaxBuilder
[289 / 301] ReduxCoreMacros
[292 / 303] ReduxCoreMacros
[296 / 304] ReduxCoreMacros
error: SwiftCompile normal x86_64 /host/spi-builder-workspace/Sources/ReduxCore/Statable.swift failed with a nonzero exit code. Command line:     cd /host
    builtin-SwiftPerFileCompile Statable.swift
[306 / 314] ReduxCore
/host/spi-builder-workspace/Sources/ReduxCore/StoreContainerView.swift:25:8: error: no such module 'SwiftUI'
 23 | //
 24 |
 25 | import SwiftUI
    |        `- error: no such module 'SwiftUI'
 26 |
 27 | /// A SwiftUI view that owns and manages the Redux store for a feature.
Failed frontend command:
/usr/bin/swift-frontend -frontend -c /host/spi-builder-workspace/Sources/ReduxCore/Actionable.swift /host/spi-builder-workspace/Sources/ReduxCore/MiddlewareBuilder.swift /host/spi-builder-workspace/Sources/ReduxCore/MiddlewareType.swift /host/spi-builder-workspace/Sources/ReduxCore/ObservableStore.swift /host/spi-builder-workspace/Sources/ReduxCore/ReducerType.swift /host/spi-builder-workspace/Sources/ReduxCore/Scope.swift /host/spi-builder-workspace/Sources/ReduxCore/ScopedStore.swift -primary-file /host/spi-builder-workspace/Sources/ReduxCore/Statable.swift /host/spi-builder-workspace/Sources/ReduxCore/Storable.swift /host/spi-builder-workspace/Sources/ReduxCore/StoreContainerView.swift /host/spi-builder-workspace/Sources/ReduxCore/StoreScreen.swift -emit-dependencies-path /host/spi-builder-workspace/.build/out/Intermediates.noindex/ReduxCore.build/Debug-linux-x86_64/ReduxCore-t.build/Objects-normal/x86_64/Statable.d -emit-const-values-path /host/spi-builder-workspace/.build/out/Intermediates.noindex/ReduxCore.build/Debug-linux-x86_64/ReduxCore-t.build/Objects-normal/x86_64/Statable.swiftconstvalues -emit-reference-dependencies-path /host/spi-builder-workspace/.build/out/Intermediates.noindex/ReduxCore.build/Debug-linux-x86_64/ReduxCore-t.build/Objects-normal/x86_64/Statable.swiftdeps -serialize-diagnostics-path /host/spi-builder-workspace/.build/out/Intermediates.noindex/ReduxCore.build/Debug-linux-x86_64/ReduxCore-t.build/Objects-normal/x86_64/Statable.dia -target x86_64-unknown-linux-gnu -disable-objc-interop -I /host/spi-builder-workspace/.build/out/Products/Debug-linux-x86_64 -module-cache-path /host/spi-builder-workspace/.build/out/ModuleCache.noindex -color-diagnostics -Xcc -fcolor-diagnostics -enable-testing -g -debug-info-format\=dwarf -dwarf-version\=4 -swift-version 5 -Onone -D SWIFT_PACKAGE -D DEBUG -D SWIFT_MODULE_RESOURCE_BUNDLE_UNAVAILABLE -D Xcode -serialize-debugging-options -load-plugin-executable /host/spi-builder-workspace/.build/out/Products/Debug-linux-x86_64/ReduxCoreMacros\#ReduxCoreMacros -enable-experimental-feature DebugDescriptionMacro -empty-abi-descriptor -external-plugin-path /usr/lib/swift/host/plugins/testing\#/usr/bin/swift-plugin-server -validate-clang-modules-once -clang-build-session-file /host/spi-builder-workspace/.build/out/ModuleCache.noindex/Session.modulevalidation -Xcc -working-directory -Xcc /host -enable-anonymous-context-mangled-names -file-compilation-dir /host -Xcc -fno-omit-frame-pointer -Xcc -D_LIBCPP_HARDENING_MODE\=_LIBCPP_HARDENING_MODE_DEBUG -Xcc -fmodules-prune-interval\=86400 -Xcc -fmodules-prune-after\=345600 -Xcc -I/host/spi-builder-workspace/.build/out/Products/Debug-linux-x86_64/include -Xcc -I/host/spi-builder-workspace/.build/out/Intermediates.noindex/ReduxCore.build/Debug-linux-x86_64/ReduxCore-t.build/DerivedSources-normal/x86_64 -Xcc -I/host/spi-builder-workspace/.build/out/Intermediates.noindex/ReduxCore.build/Debug-linux-x86_64/ReduxCore-t.build/DerivedSources/x86_64 -Xcc -I/host/spi-builder-workspace/.build/out/Intermediates.noindex/ReduxCore.build/Debug-linux-x86_64/ReduxCore-t.build/DerivedSources -Xcc -DSWIFT_PACKAGE -Xcc -DDEBUG\=1 -no-auto-bridging-header-chaining -module-name ReduxCore -package-name spi_builder_workspace -const-gather-protocols-file /host/spi-builder-workspace/.build/out/Intermediates.noindex/ReduxCore.build/Debug-linux-x86_64/ReduxCore-t.build/Objects-normal/x86_64/ReduxCore_const_extract_protocols.json -in-process-plugin-server-path /usr/lib/swift/host/libSwiftInProcPluginServer.so -plugin-path /usr/lib/swift/host/plugins -plugin-path /usr/local/lib/swift/host/plugins -parse-as-library -o /host/spi-builder-workspace/.build/out/Intermediates.noindex/ReduxCore.build/Debug-linux-x86_64/ReduxCore-t.build/Objects-normal/x86_64/Statable.o -index-unit-output-path /ReduxCore.build/Debug-linux-x86_64/ReduxCore-t.build/Objects-normal/x86_64/Statable.o -index-store-path /host/spi-builder-workspace/.build/out -index-system-modules
error: SwiftCompile normal x86_64 /host/spi-builder-workspace/Sources/ReduxCore/Actionable.swift failed with a nonzero exit code. Command line:     cd /host
    builtin-SwiftPerFileCompile Actionable.swift
error: SwiftCompile normal x86_64 /host/spi-builder-workspace/Sources/ReduxCore/MiddlewareBuilder.swift failed with a nonzero exit code. Command line:     cd /host
    builtin-SwiftPerFileCompile MiddlewareBuilder.swift
/host/spi-builder-workspace/Sources/ReduxCore/StoreContainerView.swift:25:8: error: no such module 'SwiftUI'
 23 | //
 24 |
 25 | import SwiftUI
    |        `- error: no such module 'SwiftUI'
 26 |
 27 | /// A SwiftUI view that owns and manages the Redux store for a feature.
Failed frontend command:
/usr/bin/swift-frontend -frontend -c -primary-file /host/spi-builder-workspace/Sources/ReduxCore/Actionable.swift -primary-file /host/spi-builder-workspace/Sources/ReduxCore/MiddlewareBuilder.swift /host/spi-builder-workspace/Sources/ReduxCore/MiddlewareType.swift /host/spi-builder-workspace/Sources/ReduxCore/ObservableStore.swift /host/spi-builder-workspace/Sources/ReduxCore/ReducerType.swift /host/spi-builder-workspace/Sources/ReduxCore/Scope.swift /host/spi-builder-workspace/Sources/ReduxCore/ScopedStore.swift /host/spi-builder-workspace/Sources/ReduxCore/Statable.swift /host/spi-builder-workspace/Sources/ReduxCore/Storable.swift /host/spi-builder-workspace/Sources/ReduxCore/StoreContainerView.swift /host/spi-builder-workspace/Sources/ReduxCore/StoreScreen.swift -emit-dependencies-path /host/spi-builder-workspace/.build/out/Intermediates.noindex/ReduxCore.build/Debug-linux-x86_64/ReduxCore-t.build/Objects-normal/x86_64/Actionable.d -emit-const-values-path /host/spi-builder-workspace/.build/out/Intermediates.noindex/ReduxCore.build/Debug-linux-x86_64/ReduxCore-t.build/Objects-normal/x86_64/Actionable.swiftconstvalues -emit-reference-dependencies-path /host/spi-builder-workspace/.build/out/Intermediates.noindex/ReduxCore.build/Debug-linux-x86_64/ReduxCore-t.build/Objects-normal/x86_64/Actionable.swiftdeps -serialize-diagnostics-path /host/spi-builder-workspace/.build/out/Intermediates.noindex/ReduxCore.build/Debug-linux-x86_64/ReduxCore-t.build/Objects-normal/x86_64/Actionable.dia -emit-dependencies-path /host/spi-builder-workspace/.build/out/Intermediates.noindex/ReduxCore.build/Debug-linux-x86_64/ReduxCore-t.build/Objects-normal/x86_64/MiddlewareBuilder.d -emit-const-values-path /host/spi-builder-workspace/.build/out/Intermediates.noindex/ReduxCore.build/Debug-linux-x86_64/ReduxCore-t.build/Objects-normal/x86_64/MiddlewareBuilder.swiftconstvalues -emit-reference-dependencies-path /host/spi-builder-workspace/.build/out/Intermediates.noindex/ReduxCore.build/Debug-linux-x86_64/ReduxCore-t.build/Objects-normal/x86_64/MiddlewareBuilder.swiftdeps -serialize-diagnostics-path /host/spi-builder-workspace/.build/out/Intermediates.noindex/ReduxCore.build/Debug-linux-x86_64/ReduxCore-t.build/Objects-normal/x86_64/MiddlewareBuilder.dia -target x86_64-unknown-linux-gnu -disable-objc-interop -I /host/spi-builder-workspace/.build/out/Products/Debug-linux-x86_64 -module-cache-path /host/spi-builder-workspace/.build/out/ModuleCache.noindex -color-diagnostics -Xcc -fcolor-diagnostics -enable-testing -g -debug-info-format\=dwarf -dwarf-version\=4 -swift-version 5 -Onone -D SWIFT_PACKAGE -D DEBUG -D SWIFT_MODULE_RESOURCE_BUNDLE_UNAVAILABLE -D Xcode -serialize-debugging-options -load-plugin-executable /host/spi-builder-workspace/.build/out/Products/Debug-linux-x86_64/ReduxCoreMacros\#ReduxCoreMacros -enable-experimental-feature DebugDescriptionMacro -empty-abi-descriptor -external-plugin-path /usr/lib/swift/host/plugins/testing\#/usr/bin/swift-plugin-server -validate-clang-modules-once -clang-build-session-file /host/spi-builder-workspace/.build/out/ModuleCache.noindex/Session.modulevalidation -Xcc -working-directory -Xcc /host -enable-anonymous-context-mangled-names -file-compilation-dir /host -Xcc -fno-omit-frame-pointer -Xcc -D_LIBCPP_HARDENING_MODE\=_LIBCPP_HARDENING_MODE_DEBUG -Xcc -fmodules-prune-interval\=86400 -Xcc -fmodules-prune-after\=345600 -Xcc -I/host/spi-builder-workspace/.build/out/Products/Debug-linux-x86_64/include -Xcc -I/host/spi-builder-workspace/.build/out/Intermediates.noindex/ReduxCore.build/Debug-linux-x86_64/ReduxCore-t.build/DerivedSources-normal/x86_64 -Xcc -I/host/spi-builder-workspace/.build/out/Intermediates.noindex/ReduxCore.build/Debug-linux-x86_64/ReduxCore-t.build/DerivedSources/x86_64 -Xcc -I/host/spi-builder-workspace/.build/out/Intermediates.noindex/ReduxCore.build/Debug-linux-x86_64/ReduxCore-t.build/DerivedSources -Xcc -DSWIFT_PACKAGE -Xcc -DDEBUG\=1 -no-auto-bridging-header-chaining -module-name ReduxCore -package-name spi_builder_workspace -const-gather-protocols-file /host/spi-builder-workspace/.build/out/Intermediates.noindex/ReduxCore.build/Debug-linux-x86_64/ReduxCore-t.build/Objects-normal/x86_64/ReduxCore_const_extract_protocols.json -in-process-plugin-server-path /usr/lib/swift/host/libSwiftInProcPluginServer.so -plugin-path /usr/lib/swift/host/plugins -plugin-path /usr/local/lib/swift/host/plugins -parse-as-library -o /host/spi-builder-workspace/.build/out/Intermediates.noindex/ReduxCore.build/Debug-linux-x86_64/ReduxCore-t.build/Objects-normal/x86_64/Actionable.o -o /host/spi-builder-workspace/.build/out/Intermediates.noindex/ReduxCore.build/Debug-linux-x86_64/ReduxCore-t.build/Objects-normal/x86_64/MiddlewareBuilder.o -index-unit-output-path /ReduxCore.build/Debug-linux-x86_64/ReduxCore-t.build/Objects-normal/x86_64/Actionable.o -index-unit-output-path /ReduxCore.build/Debug-linux-x86_64/ReduxCore-t.build/Objects-normal/x86_64/MiddlewareBuilder.o -index-store-path /host/spi-builder-workspace/.build/out -index-system-modules
error: SwiftCompile normal x86_64 /host/spi-builder-workspace/Sources/ReduxCore/ReducerType.swift failed with a nonzero exit code. Command line:     cd /host
    builtin-SwiftPerFileCompile ReducerType.swift
error: SwiftCompile normal x86_64 /host/spi-builder-workspace/Sources/ReduxCore/Scope.swift failed with a nonzero exit code. Command line:     cd /host
    builtin-SwiftPerFileCompile Scope.swift
/host/spi-builder-workspace/Sources/ReduxCore/StoreContainerView.swift:25:8: error: no such module 'SwiftUI'
 23 | //
 24 |
 25 | import SwiftUI
    |        `- error: no such module 'SwiftUI'
 26 |
 27 | /// A SwiftUI view that owns and manages the Redux store for a feature.
Failed frontend command:
/usr/bin/swift-frontend -frontend -c /host/spi-builder-workspace/Sources/ReduxCore/Actionable.swift /host/spi-builder-workspace/Sources/ReduxCore/MiddlewareBuilder.swift /host/spi-builder-workspace/Sources/ReduxCore/MiddlewareType.swift /host/spi-builder-workspace/Sources/ReduxCore/ObservableStore.swift -primary-file /host/spi-builder-workspace/Sources/ReduxCore/ReducerType.swift -primary-file /host/spi-builder-workspace/Sources/ReduxCore/Scope.swift /host/spi-builder-workspace/Sources/ReduxCore/ScopedStore.swift /host/spi-builder-workspace/Sources/ReduxCore/Statable.swift /host/spi-builder-workspace/Sources/ReduxCore/Storable.swift /host/spi-builder-workspace/Sources/ReduxCore/StoreContainerView.swift /host/spi-builder-workspace/Sources/ReduxCore/StoreScreen.swift -emit-dependencies-path /host/spi-builder-workspace/.build/out/Intermediates.noindex/ReduxCore.build/Debug-linux-x86_64/ReduxCore-t.build/Objects-normal/x86_64/ReducerType.d -emit-const-values-path /host/spi-builder-workspace/.build/out/Intermediates.noindex/ReduxCore.build/Debug-linux-x86_64/ReduxCore-t.build/Objects-normal/x86_64/ReducerType.swiftconstvalues -emit-reference-dependencies-path /host/spi-builder-workspace/.build/out/Intermediates.noindex/ReduxCore.build/Debug-linux-x86_64/ReduxCore-t.build/Objects-normal/x86_64/ReducerType.swiftdeps -serialize-diagnostics-path /host/spi-builder-workspace/.build/out/Intermediates.noindex/ReduxCore.build/Debug-linux-x86_64/ReduxCore-t.build/Objects-normal/x86_64/ReducerType.dia -emit-dependencies-path /host/spi-builder-workspace/.build/out/Intermediates.noindex/ReduxCore.build/Debug-linux-x86_64/ReduxCore-t.build/Objects-normal/x86_64/Scope.d -emit-const-values-path /host/spi-builder-workspace/.build/out/Intermediates.noindex/ReduxCore.build/Debug-linux-x86_64/ReduxCore-t.build/Objects-normal/x86_64/Scope.swiftconstvalues -emit-reference-dependencies-path /host/spi-builder-workspace/.build/out/Intermediates.noindex/ReduxCore.build/Debug-linux-x86_64/ReduxCore-t.build/Objects-normal/x86_64/Scope.swiftdeps -serialize-diagnostics-path /host/spi-builder-workspace/.build/out/Intermediates.noindex/ReduxCore.build/Debug-linux-x86_64/ReduxCore-t.build/Objects-normal/x86_64/Scope.dia -target x86_64-unknown-linux-gnu -disable-objc-interop -I /host/spi-builder-workspace/.build/out/Products/Debug-linux-x86_64 -module-cache-path /host/spi-builder-workspace/.build/out/ModuleCache.noindex -color-diagnostics -Xcc -fcolor-diagnostics -enable-testing -g -debug-info-format\=dwarf -dwarf-version\=4 -swift-version 5 -Onone -D SWIFT_PACKAGE -D DEBUG -D SWIFT_MODULE_RESOURCE_BUNDLE_UNAVAILABLE -D Xcode -serialize-debugging-options -load-plugin-executable /host/spi-builder-workspace/.build/out/Products/Debug-linux-x86_64/ReduxCoreMacros\#ReduxCoreMacros -enable-experimental-feature DebugDescriptionMacro -empty-abi-descriptor -external-plugin-path /usr/lib/swift/host/plugins/testing\#/usr/bin/swift-plugin-server -validate-clang-modules-once -clang-build-session-file /host/spi-builder-workspace/.build/out/ModuleCache.noindex/Session.modulevalidation -Xcc -working-directory -Xcc /host -enable-anonymous-context-mangled-names -file-compilation-dir /host -Xcc -fno-omit-frame-pointer -Xcc -D_LIBCPP_HARDENING_MODE\=_LIBCPP_HARDENING_MODE_DEBUG -Xcc -fmodules-prune-interval\=86400 -Xcc -fmodules-prune-after\=345600 -Xcc -I/host/spi-builder-workspace/.build/out/Products/Debug-linux-x86_64/include -Xcc -I/host/spi-builder-workspace/.build/out/Intermediates.noindex/ReduxCore.build/Debug-linux-x86_64/ReduxCore-t.build/DerivedSources-normal/x86_64 -Xcc -I/host/spi-builder-workspace/.build/out/Intermediates.noindex/ReduxCore.build/Debug-linux-x86_64/ReduxCore-t.build/DerivedSources/x86_64 -Xcc -I/host/spi-builder-workspace/.build/out/Intermediates.noindex/ReduxCore.build/Debug-linux-x86_64/ReduxCore-t.build/DerivedSources -Xcc -DSWIFT_PACKAGE -Xcc -DDEBUG\=1 -no-auto-bridging-header-chaining -module-name ReduxCore -package-name spi_builder_workspace -const-gather-protocols-file /host/spi-builder-workspace/.build/out/Intermediates.noindex/ReduxCore.build/Debug-linux-x86_64/ReduxCore-t.build/Objects-normal/x86_64/ReduxCore_const_extract_protocols.json -in-process-plugin-server-path /usr/lib/swift/host/libSwiftInProcPluginServer.so -plugin-path /usr/lib/swift/host/plugins -plugin-path /usr/local/lib/swift/host/plugins -parse-as-library -o /host/spi-builder-workspace/.build/out/Intermediates.noindex/ReduxCore.build/Debug-linux-x86_64/ReduxCore-t.build/Objects-normal/x86_64/ReducerType.o -o /host/spi-builder-workspace/.build/out/Intermediates.noindex/ReduxCore.build/Debug-linux-x86_64/ReduxCore-t.build/Objects-normal/x86_64/Scope.o -index-unit-output-path /ReduxCore.build/Debug-linux-x86_64/ReduxCore-t.build/Objects-normal/x86_64/ReducerType.o -index-unit-output-path /ReduxCore.build/Debug-linux-x86_64/ReduxCore-t.build/Objects-normal/x86_64/Scope.o -index-store-path /host/spi-builder-workspace/.build/out -index-system-modules
error: Build failed
BUILD FAILURE 6.4 linux