Build Information
Failed to build swiftui-gesture-velocity, reference main (9c83f8), with Swift 6.4 for tvOS using Xcode 27.0 on 19 Sep 2026 05:02:39 UTC.
Build Command
env DEVELOPER_DIR=/Applications/Xcode-27.0.0-Release.Candidate.app xcrun xcodebuild -IDEClonedSourcePackagesDirPathOverride=$PWD/.dependencies -skipMacroValidation -skipPackagePluginValidation -derivedDataPath $PWD/.derivedData build -scheme swiftui-gesture-velocity -destination generic/platform=tvOSBuild Log
========================================
RunAll
========================================
Builder version: 5.1.0
Interrupt handler set up.
========================================
Checkout
========================================
Clone URL: https://github.com/FluidGroup/swiftui-gesture-velocity.git
Reference: main
Initialized empty Git repository in /Users/admin/builder/spi-builder-workspace/.git/
From https://github.com/FluidGroup/swiftui-gesture-velocity
* branch main -> FETCH_HEAD
* [new branch] main -> origin/main
HEAD is now at 9c83f89 Update module name - now SwiftUIGestureVelocity #1
Cloned https://github.com/FluidGroup/swiftui-gesture-velocity.git
Revision (git rev-parse @):
9c83f8995f9e5efc29db2fca4b9ff058283f1603
SUCCESS checkout https://github.com/FluidGroup/swiftui-gesture-velocity.git at main
========================================
Build
========================================
Selected platform: tvOS
Swift version: 6.4
Building package at path: $PWD
https://github.com/FluidGroup/swiftui-gesture-velocity.git
Command line invocation:
/Applications/Xcode-27.0.0-Release.Candidate.app/Contents/Developer/usr/bin/xcodebuild -IDEClonedSourcePackagesDirPathOverride=/Users/admin/builder/spi-builder-workspace/.dependencies -resolvePackageDependencies
Resolve Package Graph
Resolve Package Graph
Resolved source packages:
swiftui-gesture-velocity: /Users/admin/builder/spi-builder-workspace
resolved source packages: swiftui-gesture-velocity
2026-09-19 01:01:47.317 xcodebuild[529:3021] [MT] IDERunDestination: Supported platforms for the buildables in the current scheme is empty.
{
"dependencies" : [
],
"manifest_display_name" : "swiftui-gesture-velocity",
"name" : "swiftui-gesture-velocity",
"path" : "/Users/admin/builder/spi-builder-workspace",
"platforms" : [
{
"name" : "ios",
"version" : "13.0"
},
{
"name" : "macos",
"version" : "10.15"
},
{
"name" : "watchos",
"version" : "6.0"
},
{
"name" : "tvos",
"version" : "13.0"
}
],
"products" : [
{
"name" : "SwiftUIGestureVelocity",
"targets" : [
"SwiftUIGestureVelocity"
],
"type" : {
"library" : [
"automatic"
]
}
}
],
"targets" : [
{
"c99name" : "SwiftUIGestureVelocityTests",
"module_type" : "SwiftTarget",
"name" : "SwiftUIGestureVelocityTests",
"path" : "Tests/SwiftUIGestureVelocityTests",
"sources" : [
"swiftui_GestureVelocityTests.swift"
],
"target_dependencies" : [
"SwiftUIGestureVelocity"
],
"type" : "test"
},
{
"c99name" : "SwiftUIGestureVelocity",
"module_type" : "SwiftTarget",
"name" : "SwiftUIGestureVelocity",
"path" : "Sources/SwiftUIGestureVelocity",
"product_memberships" : [
"SwiftUIGestureVelocity"
],
"sources" : [
"GestureVelocity.swift"
],
"type" : "library"
}
],
"tools_version" : "5.7"
}
{
"workspace" : {
"name" : "swiftui-gesture-velocity",
"schemes" : [
"swiftui-gesture-velocity"
]
}
}
2026-09-19 01:02:28.676 xcodebuild[647:4140] [MT] IDERunDestination: Supported platforms for the buildables in the current scheme is empty.
Running build ...
env DEVELOPER_DIR=/Applications/Xcode-27.0.0-Release.Candidate.app xcrun xcodebuild -IDEClonedSourcePackagesDirPathOverride=$PWD/.dependencies -skipMacroValidation -skipPackagePluginValidation -derivedDataPath $PWD/.derivedData build -scheme swiftui-gesture-velocity -destination generic/platform=tvOS
Command line invocation:
/Applications/Xcode-27.0.0-Release.Candidate.app/Contents/Developer/usr/bin/xcodebuild -IDEClonedSourcePackagesDirPathOverride=/Users/admin/builder/spi-builder-workspace/.dependencies -skipMacroValidation -skipPackagePluginValidation -derivedDataPath /Users/admin/builder/spi-builder-workspace/.derivedData build -scheme swiftui-gesture-velocity -destination generic/platform=tvOS
Resolve Package Graph
Resolved source packages:
swiftui-gesture-velocity: /Users/admin/builder/spi-builder-workspace
ComputePackagePrebuildTargetDependencyGraph
Prepare packages
CreateBuildRequest
SendProjectDescription
CreateBuildOperation
ComputeTargetDependencyGraph
note: Building targets in dependency order
note: Target dependency graph (2 targets)
Target 'SwiftUIGestureVelocity-product' in project 'swiftui-gesture-velocity'
➜ Explicit dependency on target 'SwiftUIGestureVelocity' in project 'swiftui-gesture-velocity'
Target 'SwiftUIGestureVelocity' in project 'swiftui-gesture-velocity' (no dependencies)
GatherProvisioningInputs
CreateBuildDescription
ExecuteExternalTool /Applications/Xcode-27.0.0-Release.Candidate.app/Contents/Developer/Toolchains/XcodeDefault.xctoolchain/usr/bin/clang -v -E -dM -isysroot /Applications/Xcode-27.0.0-Release.Candidate.app/Contents/Developer/Platforms/AppleTVOS.platform/Developer/SDKs/AppleTVOS27.0.sdk -x c -c /dev/null
ExecuteExternalTool /Applications/Xcode-27.0.0-Release.Candidate.app/Contents/Developer/Toolchains/XcodeDefault.xctoolchain/usr/bin/swiftc --version
ExecuteExternalTool /Applications/Xcode-27.0.0-Release.Candidate.app/Contents/Developer/Toolchains/XcodeDefault.xctoolchain/usr/bin/ld -version_details
Build description signature: b6f1680029f3219ab12d5895c424c60f
Build description path: /Users/admin/builder/spi-builder-workspace/.derivedData/Build/Intermediates.noindex/XCBuildData/b6f1680029f3219ab12d5895c424c60f.xcbuilddata
CreateBuildDirectory /Users/admin/builder/spi-builder-workspace/.derivedData/SDKExplicitPrecompiledModules
cd /Users/admin/builder/spi-builder-workspace/.swiftpm/xcode
builtin-create-build-directory /Users/admin/builder/spi-builder-workspace/.derivedData/SDKExplicitPrecompiledModules
CreateBuildDirectory /Users/admin/builder/spi-builder-workspace/.derivedData/ModuleCache.noindex
cd /Users/admin/builder/spi-builder-workspace/.swiftpm/xcode
builtin-create-build-directory /Users/admin/builder/spi-builder-workspace/.derivedData/ModuleCache.noindex
CreateBuildDirectory /Users/admin/builder/spi-builder-workspace/.derivedData/CompilationCache.noindex
cd /Users/admin/builder/spi-builder-workspace/.swiftpm/xcode
builtin-create-build-directory /Users/admin/builder/spi-builder-workspace/.derivedData/CompilationCache.noindex
CreateBuildDirectory /Users/admin/builder/spi-builder-workspace/.derivedData/Build/Products
cd /Users/admin/builder/spi-builder-workspace/.swiftpm/xcode
builtin-create-build-directory /Users/admin/builder/spi-builder-workspace/.derivedData/Build/Products
CreateBuildDirectory /Users/admin/builder/spi-builder-workspace/.derivedData/Build/Intermediates.noindex
cd /Users/admin/builder/spi-builder-workspace/.swiftpm/xcode
builtin-create-build-directory /Users/admin/builder/spi-builder-workspace/.derivedData/Build/Intermediates.noindex
ClangStatCache /Applications/Xcode-27.0.0-Release.Candidate.app/Contents/Developer/Toolchains/XcodeDefault.xctoolchain/usr/bin/clang-stat-cache /Applications/Xcode-27.0.0-Release.Candidate.app/Contents/Developer/Platforms/AppleTVOS.platform/Developer/SDKs/AppleTVOS27.0.sdk /Users/admin/builder/spi-builder-workspace/.derivedData/SDKStatCaches.noindex/appletvos27.0-24J360-e829b21a6f8c9b70876ba0858053c044b32bfd8d43560033f8d89884cdb90028.sdkstatcache
cd /Users/admin/builder/spi-builder-workspace/.swiftpm/xcode
/Applications/Xcode-27.0.0-Release.Candidate.app/Contents/Developer/Toolchains/XcodeDefault.xctoolchain/usr/bin/clang-stat-cache /Applications/Xcode-27.0.0-Release.Candidate.app/Contents/Developer/Platforms/AppleTVOS.platform/Developer/SDKs/AppleTVOS27.0.sdk -o /Users/admin/builder/spi-builder-workspace/.derivedData/SDKStatCaches.noindex/appletvos27.0-24J360-e829b21a6f8c9b70876ba0858053c044b32bfd8d43560033f8d89884cdb90028.sdkstatcache
CreateBuildDirectory /Users/admin/builder/spi-builder-workspace/.derivedData/Build/Intermediates.noindex/PrecompiledHeaders
cd /Users/admin/builder/spi-builder-workspace/.swiftpm/xcode
builtin-create-build-directory /Users/admin/builder/spi-builder-workspace/.derivedData/Build/Intermediates.noindex/PrecompiledHeaders
CreateBuildDirectory /Users/admin/builder/spi-builder-workspace/.derivedData/Build/Intermediates.noindex/ExplicitPrecompiledModules
cd /Users/admin/builder/spi-builder-workspace/.swiftpm/xcode
builtin-create-build-directory /Users/admin/builder/spi-builder-workspace/.derivedData/Build/Intermediates.noindex/ExplicitPrecompiledModules
CreateBuildDirectory /Users/admin/builder/spi-builder-workspace/.derivedData/Build/Intermediates.noindex/SwiftExplicitPrecompiledModules
cd /Users/admin/builder/spi-builder-workspace/.swiftpm/xcode
builtin-create-build-directory /Users/admin/builder/spi-builder-workspace/.derivedData/Build/Intermediates.noindex/SwiftExplicitPrecompiledModules
CreateBuildDirectory /Users/admin/builder/spi-builder-workspace/.derivedData/Build/Intermediates.noindex/EagerLinkingTBDs/Debug-appletvos
cd /Users/admin/builder/spi-builder-workspace/.swiftpm/xcode
builtin-create-build-directory /Users/admin/builder/spi-builder-workspace/.derivedData/Build/Intermediates.noindex/EagerLinkingTBDs/Debug-appletvos
CreateBuildDirectory /Users/admin/builder/spi-builder-workspace/.derivedData/Build/Products/Debug-appletvos
cd /Users/admin/builder/spi-builder-workspace/.swiftpm/xcode
builtin-create-build-directory /Users/admin/builder/spi-builder-workspace/.derivedData/Build/Products/Debug-appletvos
CreateBuildDirectory /Users/admin/builder/spi-builder-workspace/.derivedData/Build/Products/Debug-appletvos/PackageFrameworks
cd /Users/admin/builder/spi-builder-workspace/.swiftpm/xcode
builtin-create-build-directory /Users/admin/builder/spi-builder-workspace/.derivedData/Build/Products/Debug-appletvos/PackageFrameworks
WriteAuxiliaryFile /Users/admin/builder/spi-builder-workspace/.derivedData/Build/Intermediates.noindex/swiftui-gesture-velocity.build/Debug-appletvos/SwiftUIGestureVelocity-t.build/SwiftUIGestureVelocity.DependencyStaticMetadataFileList (in target 'SwiftUIGestureVelocity' from project 'swiftui-gesture-velocity')
cd /Users/admin/builder/spi-builder-workspace
write-file /Users/admin/builder/spi-builder-workspace/.derivedData/Build/Intermediates.noindex/swiftui-gesture-velocity.build/Debug-appletvos/SwiftUIGestureVelocity-t.build/SwiftUIGestureVelocity.DependencyStaticMetadataFileList
WriteAuxiliaryFile /Users/admin/builder/spi-builder-workspace/.derivedData/Build/Intermediates.noindex/swiftui-gesture-velocity.build/Debug-appletvos/SwiftUIGestureVelocity-t.build/SwiftUIGestureVelocity.DependencyMetadataFileList (in target 'SwiftUIGestureVelocity' from project 'swiftui-gesture-velocity')
cd /Users/admin/builder/spi-builder-workspace
write-file /Users/admin/builder/spi-builder-workspace/.derivedData/Build/Intermediates.noindex/swiftui-gesture-velocity.build/Debug-appletvos/SwiftUIGestureVelocity-t.build/SwiftUIGestureVelocity.DependencyMetadataFileList
WriteAuxiliaryFile /Users/admin/builder/spi-builder-workspace/.derivedData/Build/Intermediates.noindex/swiftui-gesture-velocity.build/Debug-appletvos/SwiftUIGestureVelocity-t.build/SwiftUIGestureVelocity.modulemap (in target 'SwiftUIGestureVelocity' from project 'swiftui-gesture-velocity')
cd /Users/admin/builder/spi-builder-workspace
write-file /Users/admin/builder/spi-builder-workspace/.derivedData/Build/Intermediates.noindex/swiftui-gesture-velocity.build/Debug-appletvos/SwiftUIGestureVelocity-t.build/SwiftUIGestureVelocity.modulemap
WriteAuxiliaryFile /Users/admin/builder/spi-builder-workspace/.derivedData/Build/Intermediates.noindex/swiftui-gesture-velocity.build/Debug-appletvos/SwiftUIGestureVelocity-t.build/Objects-normal/arm64/SwiftUIGestureVelocity.SwiftConstValuesFileList (in target 'SwiftUIGestureVelocity' from project 'swiftui-gesture-velocity')
cd /Users/admin/builder/spi-builder-workspace
write-file /Users/admin/builder/spi-builder-workspace/.derivedData/Build/Intermediates.noindex/swiftui-gesture-velocity.build/Debug-appletvos/SwiftUIGestureVelocity-t.build/Objects-normal/arm64/SwiftUIGestureVelocity.SwiftConstValuesFileList
WriteAuxiliaryFile /Users/admin/builder/spi-builder-workspace/.derivedData/Build/Intermediates.noindex/swiftui-gesture-velocity.build/Debug-appletvos/SwiftUIGestureVelocity-t.build/Objects-normal/arm64/SwiftUIGestureVelocity-OutputFileMap.json (in target 'SwiftUIGestureVelocity' from project 'swiftui-gesture-velocity')
cd /Users/admin/builder/spi-builder-workspace
write-file /Users/admin/builder/spi-builder-workspace/.derivedData/Build/Intermediates.noindex/swiftui-gesture-velocity.build/Debug-appletvos/SwiftUIGestureVelocity-t.build/Objects-normal/arm64/SwiftUIGestureVelocity-OutputFileMap.json
WriteAuxiliaryFile /Users/admin/builder/spi-builder-workspace/.derivedData/Build/Intermediates.noindex/swiftui-gesture-velocity.build/Debug-appletvos/SwiftUIGestureVelocity-t.build/Objects-normal/arm64/SwiftUIGestureVelocity.SwiftFileList (in target 'SwiftUIGestureVelocity' from project 'swiftui-gesture-velocity')
cd /Users/admin/builder/spi-builder-workspace
write-file /Users/admin/builder/spi-builder-workspace/.derivedData/Build/Intermediates.noindex/swiftui-gesture-velocity.build/Debug-appletvos/SwiftUIGestureVelocity-t.build/Objects-normal/arm64/SwiftUIGestureVelocity.SwiftFileList
WriteAuxiliaryFile /Users/admin/builder/spi-builder-workspace/.derivedData/Build/Intermediates.noindex/swiftui-gesture-velocity.build/Debug-appletvos/SwiftUIGestureVelocity-t.build/Objects-normal/arm64/SwiftUIGestureVelocity.LinkFileList (in target 'SwiftUIGestureVelocity' from project 'swiftui-gesture-velocity')
cd /Users/admin/builder/spi-builder-workspace
write-file /Users/admin/builder/spi-builder-workspace/.derivedData/Build/Intermediates.noindex/swiftui-gesture-velocity.build/Debug-appletvos/SwiftUIGestureVelocity-t.build/Objects-normal/arm64/SwiftUIGestureVelocity.LinkFileList
WriteAuxiliaryFile /Users/admin/builder/spi-builder-workspace/.derivedData/Build/Intermediates.noindex/swiftui-gesture-velocity.build/Debug-appletvos/SwiftUIGestureVelocity-t.build/Objects-normal/arm64/SwiftUIGestureVelocity_const_extract_protocols.json (in target 'SwiftUIGestureVelocity' from project 'swiftui-gesture-velocity')
cd /Users/admin/builder/spi-builder-workspace
write-file /Users/admin/builder/spi-builder-workspace/.derivedData/Build/Intermediates.noindex/swiftui-gesture-velocity.build/Debug-appletvos/SwiftUIGestureVelocity-t.build/Objects-normal/arm64/SwiftUIGestureVelocity_const_extract_protocols.json
Copy /Users/admin/builder/spi-builder-workspace/.derivedData/Build/Intermediates.noindex/GeneratedModuleMaps-appletvos/SwiftUIGestureVelocity.modulemap /Users/admin/builder/spi-builder-workspace/.derivedData/Build/Intermediates.noindex/swiftui-gesture-velocity.build/Debug-appletvos/SwiftUIGestureVelocity-t.build/SwiftUIGestureVelocity.modulemap (in target 'SwiftUIGestureVelocity' from project 'swiftui-gesture-velocity')
cd /Users/admin/builder/spi-builder-workspace
builtin-copy -exclude .DS_Store -exclude CVS -exclude .svn -exclude .git -exclude .hg -resolve-src-symlinks /Users/admin/builder/spi-builder-workspace/.derivedData/Build/Intermediates.noindex/swiftui-gesture-velocity.build/Debug-appletvos/SwiftUIGestureVelocity-t.build/SwiftUIGestureVelocity.modulemap /Users/admin/builder/spi-builder-workspace/.derivedData/Build/Intermediates.noindex/GeneratedModuleMaps-appletvos
SwiftDriver SwiftUIGestureVelocity normal arm64 com.apple.xcode.tools.swift.compiler (in target 'SwiftUIGestureVelocity' from project 'swiftui-gesture-velocity')
cd /Users/admin/builder/spi-builder-workspace/.swiftpm/xcode
builtin-SwiftDriver -- /Applications/Xcode-27.0.0-Release.Candidate.app/Contents/Developer/Toolchains/XcodeDefault.xctoolchain/usr/bin/swiftc -parse-as-library -module-name SwiftUIGestureVelocity -Onone @/Users/admin/builder/spi-builder-workspace/.derivedData/Build/Intermediates.noindex/swiftui-gesture-velocity.build/Debug-appletvos/SwiftUIGestureVelocity-t.build/Objects-normal/arm64/SwiftUIGestureVelocity.SwiftFileList -DSWIFT_PACKAGE -DDEBUG -DSWIFT_MODULE_RESOURCE_BUNDLE_UNAVAILABLE -DXcode -plugin-path /Applications/Xcode-27.0.0-Release.Candidate.app/Contents/Developer/Toolchains/XcodeDefault.xctoolchain/usr/lib/swift/host/plugins/testing -enable-experimental-feature DebugDescriptionMacro -sdk /Applications/Xcode-27.0.0-Release.Candidate.app/Contents/Developer/Platforms/AppleTVOS.platform/Developer/SDKs/AppleTVOS27.0.sdk -target arm64-apple-tvos15.0 -g -module-cache-path /Users/admin/builder/spi-builder-workspace/.derivedData/ModuleCache.noindex -Xfrontend -serialize-debugging-options -profile-coverage-mapping -profile-generate -enable-testing -index-store-path /Users/admin/builder/spi-builder-workspace/.derivedData/Index.noindex/DataStore -Xcc -D_LIBCPP_HARDENING_MODE\=_LIBCPP_HARDENING_MODE_DEBUG -swift-version 5 -I /Users/admin/builder/spi-builder-workspace/.derivedData/Build/Products/Debug-appletvos -Isystem /Applications/Xcode-27.0.0-Release.Candidate.app/Contents/Developer/Platforms/AppleTVOS.platform/Developer/usr/lib -F /Users/admin/builder/spi-builder-workspace/.derivedData/Build/Products/Debug-appletvos -F /Applications/Xcode-27.0.0-Release.Candidate.app/Contents/Developer/Platforms/AppleTVOS.platform/Developer/Library/Frameworks -F /Applications/Xcode-27.0.0-Release.Candidate.app/Contents/Developer/Platforms/AppleTVOS.platform/Developer/SDKs/AppleTVOS27.0.sdk/Developer/Library/Frameworks -c -j10 -enable-batch-mode -incremental -Xcc -ivfsstatcache -Xcc /Users/admin/builder/spi-builder-workspace/.derivedData/SDKStatCaches.noindex/appletvos27.0-24J360-e829b21a6f8c9b70876ba0858053c044b32bfd8d43560033f8d89884cdb90028.sdkstatcache -output-file-map /Users/admin/builder/spi-builder-workspace/.derivedData/Build/Intermediates.noindex/swiftui-gesture-velocity.build/Debug-appletvos/SwiftUIGestureVelocity-t.build/Objects-normal/arm64/SwiftUIGestureVelocity-OutputFileMap.json -save-temps -no-color-diagnostics -explicit-module-build -module-cache-path /Users/admin/builder/spi-builder-workspace/.derivedData/Build/Intermediates.noindex/SwiftExplicitPrecompiledModules -clang-scanner-module-cache-path /Users/admin/builder/spi-builder-workspace/.derivedData/ModuleCache.noindex -sdk-module-cache-path /Users/admin/builder/spi-builder-workspace/.derivedData/SDKExplicitPrecompiledModules -emit-dependencies -emit-module -emit-module-path /Users/admin/builder/spi-builder-workspace/.derivedData/Build/Intermediates.noindex/swiftui-gesture-velocity.build/Debug-appletvos/SwiftUIGestureVelocity-t.build/Objects-normal/arm64/SwiftUIGestureVelocity.swiftmodule -serialize-diagnostics -dependency-scan-serialize-diagnostics-path /Users/admin/builder/spi-builder-workspace/.derivedData/Build/Intermediates.noindex/swiftui-gesture-velocity.build/Debug-appletvos/SwiftUIGestureVelocity-t.build/Objects-normal/arm64/SwiftUIGestureVelocity-dependency-scan.dia -validate-clang-modules-once -clang-build-session-file /Users/admin/builder/spi-builder-workspace/.derivedData/ModuleCache.noindex/Session.modulevalidation -Xcc -fmodules-prune-interval\=86400 -Xcc -fmodules-prune-after\=345600 -emit-const-values -const-gather-protocols-list /Users/admin/builder/spi-builder-workspace/.derivedData/Build/Intermediates.noindex/swiftui-gesture-velocity.build/Debug-appletvos/SwiftUIGestureVelocity-t.build/Objects-normal/arm64/SwiftUIGestureVelocity_const_extract_protocols.json -Xcc -I/Users/admin/builder/spi-builder-workspace/.derivedData/Build/Products/Debug-appletvos/include -Xcc -I/Users/admin/builder/spi-builder-workspace/.derivedData/Build/Intermediates.noindex/swiftui-gesture-velocity.build/Debug-appletvos/SwiftUIGestureVelocity-t.build/DerivedSources-normal/arm64 -Xcc -I/Users/admin/builder/spi-builder-workspace/.derivedData/Build/Intermediates.noindex/swiftui-gesture-velocity.build/Debug-appletvos/SwiftUIGestureVelocity-t.build/DerivedSources/arm64 -Xcc -I/Users/admin/builder/spi-builder-workspace/.derivedData/Build/Intermediates.noindex/swiftui-gesture-velocity.build/Debug-appletvos/SwiftUIGestureVelocity-t.build/DerivedSources -Xcc -DSWIFT_PACKAGE -Xcc -DDEBUG\=1 -emit-objc-header -emit-objc-header-path /Users/admin/builder/spi-builder-workspace/.derivedData/Build/Intermediates.noindex/swiftui-gesture-velocity.build/Debug-appletvos/SwiftUIGestureVelocity-t.build/Objects-normal/arm64/SwiftUIGestureVelocity-Swift.h -working-directory /Users/admin/builder/spi-builder-workspace/.swiftpm/xcode -experimental-emit-module-separately -disable-cmo
SwiftExplicitDependencyGeneratePcm arm64 /Users/admin/builder/spi-builder-workspace/.derivedData/SDKExplicitPrecompiledModules/DeveloperToolsSupport-B1X8RI63V48AJRTH2RK6JAARV.pcm
SwiftExplicitDependencyGeneratePcm arm64 /Users/admin/builder/spi-builder-workspace/.derivedData/SDKExplicitPrecompiledModules/_Builtin_float-8ZJAYZ85YBOAOP52Y9H6IUNP3.pcm
SwiftExplicitDependencyGeneratePcm arm64 /Users/admin/builder/spi-builder-workspace/.derivedData/SDKExplicitPrecompiledModules/_SwiftConcurrencyShims-BY5PD8KF1L5KF6F4Q69HE3TJ4.pcm
SwiftExplicitDependencyGeneratePcm arm64 /Users/admin/builder/spi-builder-workspace/.derivedData/SDKExplicitPrecompiledModules/_Builtin_stdarg-BO2OCAUYVAXDRVQWQ8ISKGNUQ.pcm
SwiftExplicitDependencyGeneratePcm arm64 /Users/admin/builder/spi-builder-workspace/.derivedData/SDKExplicitPrecompiledModules/_AvailabilityInternal-BV2EDDP0MI5QJDDPEEV4D9D3V.pcm
SwiftExplicitDependencyGeneratePcm arm64 /Users/admin/builder/spi-builder-workspace/.derivedData/SDKExplicitPrecompiledModules/_Builtin_stdbool-AHRDH5EKLY6D04C5E42F3VCQI.pcm
SwiftExplicitDependencyGeneratePcm arm64 /Users/admin/builder/spi-builder-workspace/.derivedData/SDKExplicitPrecompiledModules/ptrcheck-2AZ6B5IBYD3RRRTFWN2ONASY3.pcm
SwiftExplicitDependencyGeneratePcm arm64 /Users/admin/builder/spi-builder-workspace/.derivedData/SDKExplicitPrecompiledModules/ptrauth-8X2KEPL7CTRPS40TUB9APHPK6.pcm
SwiftExplicitDependencyGeneratePcm arm64 /Users/admin/builder/spi-builder-workspace/.derivedData/SDKExplicitPrecompiledModules/SwiftShims-8N4EXJ4RUJTR8K9OO3CMOH1EP.pcm
SwiftExplicitDependencyGeneratePcm arm64 /Users/admin/builder/spi-builder-workspace/.derivedData/SDKExplicitPrecompiledModules/_Builtin_stddef-9ZJZ6FDEZNKTZU8YLPMFT9RAQ.pcm
SwiftExplicitDependencyGeneratePcm arm64 /Users/admin/builder/spi-builder-workspace/.derivedData/SDKExplicitPrecompiledModules/_DarwinFoundation1-JOTYMOA1YZCIJ2NON6FQ848O.pcm
SwiftExplicitDependencyGeneratePcm arm64 /Users/admin/builder/spi-builder-workspace/.derivedData/SDKExplicitPrecompiledModules/_Builtin_limits-7JU2HP127LIT1X9E2V3D8WZ1.pcm
SwiftExplicitDependencyGeneratePcm arm64 /Users/admin/builder/spi-builder-workspace/.derivedData/SDKExplicitPrecompiledModules/_DarwinFoundation2-AOGAN1O02NKXRJN5V73AV3V3M.pcm
SwiftExplicitDependencyGeneratePcm arm64 /Users/admin/builder/spi-builder-workspace/.derivedData/SDKExplicitPrecompiledModules/string_h-6EVHP7A717OUS5DMC78F79HWO.pcm
SwiftExplicitDependencyGeneratePcm arm64 /Users/admin/builder/spi-builder-workspace/.derivedData/SDKExplicitPrecompiledModules/_Builtin_stdint-6NFTB6IBKS143IVPGT1EKB7HO.pcm
SwiftExplicitDependencyGeneratePcm arm64 /Users/admin/builder/spi-builder-workspace/.derivedData/SDKExplicitPrecompiledModules/_Builtin_tgmath-7ULT1EUHDHW4OZPSTT33H6QGE.pcm
SwiftExplicitDependencyGeneratePcm arm64 /Users/admin/builder/spi-builder-workspace/.derivedData/SDKExplicitPrecompiledModules/sys_types-8GCAV1YMG5UUGHUID3CA20TCH.pcm
SwiftExplicitDependencyGeneratePcm arm64 /Users/admin/builder/spi-builder-workspace/.derivedData/SDKExplicitPrecompiledModules/_DarwinFoundation3-8SR3855WDFHQPR6G9GHOI2C07.pcm
SwiftExplicitDependencyGeneratePcm arm64 /Users/admin/builder/spi-builder-workspace/.derivedData/SDKExplicitPrecompiledModules/_Builtin_intrinsics-437O2R2NID4WAQVENR63GR82C.pcm
SwiftExplicitDependencyGeneratePcm arm64 /Users/admin/builder/spi-builder-workspace/.derivedData/SDKExplicitPrecompiledModules/_Builtin_stdatomic-3YXHN678NGYM3NL9POJ2HVEIF.pcm
SwiftExplicitDependencyGeneratePcm arm64 /Users/admin/builder/spi-builder-workspace/.derivedData/SDKExplicitPrecompiledModules/_Builtin_inttypes-6X1IQ3QK9KEVKXOK9Y79EW7J3.pcm
SwiftExplicitDependencyGeneratePcm arm64 /Users/admin/builder/spi-builder-workspace/.derivedData/SDKExplicitPrecompiledModules/Darwin-DBSQAVBBPC3D2OMU5ZI2RXMST.pcm
SwiftExplicitDependencyGeneratePcm arm64 /Users/admin/builder/spi-builder-workspace/.derivedData/SDKExplicitPrecompiledModules/simd-117QUXEUT3Z7UQCUYWV2UA228.pcm
SwiftExplicitDependencyGeneratePcm arm64 /Users/admin/builder/spi-builder-workspace/.derivedData/SDKExplicitPrecompiledModules/MachO-EH3F5PJCIZG05NO51CEFSZYPW.pcm
SwiftExplicitDependencyGeneratePcm arm64 /Users/admin/builder/spi-builder-workspace/.derivedData/SDKExplicitPrecompiledModules/ObjectiveC-5250FDCE56N8508OR6XUYDKZM.pcm
SwiftExplicitDependencyGeneratePcm arm64 /Users/admin/builder/spi-builder-workspace/.derivedData/SDKExplicitPrecompiledModules/os_object-E2DGZ0SX0TULQHULZRPO6OKNW.pcm
SwiftExplicitDependencyGeneratePcm arm64 /Users/admin/builder/spi-builder-workspace/.derivedData/SDKExplicitPrecompiledModules/os_workgroup-DBUFF7811DKMX7VPBOJPGGF1U.pcm
SwiftExplicitDependencyGeneratePcm arm64 /Users/admin/builder/spi-builder-workspace/.derivedData/SDKExplicitPrecompiledModules/Dispatch-1QL58A0V50C39KVAIC6C38SHL.pcm
SwiftExplicitDependencyGeneratePcm arm64 /Users/admin/builder/spi-builder-workspace/.derivedData/SDKExplicitPrecompiledModules/Spatial-7U8NLEFXSB8BR7PJQGVMF5A4Q.pcm
SwiftExplicitDependencyGeneratePcm arm64 /Users/admin/builder/spi-builder-workspace/.derivedData/SDKExplicitPrecompiledModules/CoreFoundation-7TPJ7ENDC4L1A1ESHYI9TXS0D.pcm
SwiftExplicitDependencyGeneratePcm arm64 /Users/admin/builder/spi-builder-workspace/.derivedData/SDKExplicitPrecompiledModules/XPC-6O2DJFT3QUJ7QKTD3SNUB6PCR.pcm
SwiftExplicitDependencyGeneratePcm arm64 /Users/admin/builder/spi-builder-workspace/.derivedData/SDKExplicitPrecompiledModules/os-3GJI8H0BNAEZPQPQ1V0VVY3FY.pcm
SwiftExplicitDependencyGeneratePcm arm64 /Users/admin/builder/spi-builder-workspace/.derivedData/SDKExplicitPrecompiledModules/CFNetwork-2CUR2VK9S3S3WPFXPNXNUWYGN.pcm
SwiftExplicitDependencyGeneratePcm arm64 /Users/admin/builder/spi-builder-workspace/.derivedData/SDKExplicitPrecompiledModules/Security-8VMXEKVDA3MHUH9AOTP905DID.pcm
SwiftExplicitDependencyGeneratePcm arm64 /Users/admin/builder/spi-builder-workspace/.derivedData/SDKExplicitPrecompiledModules/CoreAudioTypes-E7EH96HAL3G83QSWLT7VWYIP4.pcm
SwiftExplicitDependencyGeneratePcm arm64 /Users/admin/builder/spi-builder-workspace/.derivedData/SDKExplicitPrecompiledModules/CoreGraphics-CWSP3J98S2658BYCVL6RP99T3.pcm
SwiftExplicitDependencyGeneratePcm arm64 /Users/admin/builder/spi-builder-workspace/.derivedData/SDKExplicitPrecompiledModules/CoreAudio-6IR1XRM0Q9YQZMFW89F3H4V3X.pcm
SwiftExplicitDependencyGeneratePcm arm64 /Users/admin/builder/spi-builder-workspace/.derivedData/SDKExplicitPrecompiledModules/Foundation-BSSIP64DIGUKMAYJOG1WPQ78X.pcm
SwiftExplicitDependencyGeneratePcm arm64 /Users/admin/builder/spi-builder-workspace/.derivedData/SDKExplicitPrecompiledModules/CoreText-59NY7PABM0I4V978161FOC04A.pcm
SwiftExplicitDependencyGeneratePcm arm64 /Users/admin/builder/spi-builder-workspace/.derivedData/SDKExplicitPrecompiledModules/ImageIO-88D4CLEBD4CLWQKT78PZ6H1O8.pcm
SwiftExplicitDependencyGeneratePcm arm64 /Users/admin/builder/spi-builder-workspace/.derivedData/SDKExplicitPrecompiledModules/_LocationEssentials-ETSJ65FELPWR8WH8G49R1DF2E.pcm
SwiftExplicitDependencyGeneratePcm arm64 /Users/admin/builder/spi-builder-workspace/.derivedData/SDKExplicitPrecompiledModules/UserNotifications-E9ZW5TH066WIJWH9080RC5NG4.pcm
SwiftExplicitDependencyGeneratePcm arm64 /Users/admin/builder/spi-builder-workspace/.derivedData/SDKExplicitPrecompiledModules/CoreData-DYMPHH3PH8AX9I1FHA4VFJ675.pcm
SwiftExplicitDependencyGeneratePcm arm64 /Users/admin/builder/spi-builder-workspace/.derivedData/SDKExplicitPrecompiledModules/OSLog-7OT6HHTMY0ZFEQJ095LJZ6NLC.pcm
SwiftExplicitDependencyGeneratePcm arm64 /Users/admin/builder/spi-builder-workspace/.derivedData/SDKExplicitPrecompiledModules/CoreTransferable-7V4O8DATEQ9F7SDNTCW8YWLG3.pcm
SwiftExplicitDependencyGeneratePcm arm64 /Users/admin/builder/spi-builder-workspace/.derivedData/SDKExplicitPrecompiledModules/DataDetection-37JIYZ2GWDA1L166PP1D9JKAF.pcm
SwiftExplicitDependencyGeneratePcm arm64 /Users/admin/builder/spi-builder-workspace/.derivedData/SDKExplicitPrecompiledModules/Symbols-B5AU9VM9Y7NU79RLMH13Z4IFM.pcm
SwiftExplicitDependencyGeneratePcm arm64 /Users/admin/builder/spi-builder-workspace/.derivedData/SDKExplicitPrecompiledModules/UniformTypeIdentifiers-95CC8U42ZA9STP5K6GP9ZVJS5.pcm
SwiftExplicitDependencyGeneratePcm arm64 /Users/admin/builder/spi-builder-workspace/.derivedData/SDKExplicitPrecompiledModules/UIUtilities-6ZFJ1AK4H8IBGEBMYQBWGBYLK.pcm
SwiftExplicitDependencyGeneratePcm arm64 /Users/admin/builder/spi-builder-workspace/.derivedData/SDKExplicitPrecompiledModules/Accessibility-B6BODGZ4MQQTY0PBC4SHRP009.pcm
SwiftExplicitDependencyGeneratePcm arm64 /Users/admin/builder/spi-builder-workspace/.derivedData/SDKExplicitPrecompiledModules/IOSurface-38FJ1CKX9FV2RD97O64Z7QB17.pcm
SwiftExplicitDependencyGeneratePcm arm64 /Users/admin/builder/spi-builder-workspace/.derivedData/SDKExplicitPrecompiledModules/CoreLocation-YVXXAOMVX0JH2KO1XTTKTY51.pcm
SwiftExplicitDependencyGeneratePcm arm64 /Users/admin/builder/spi-builder-workspace/.derivedData/SDKExplicitPrecompiledModules/OpenGLES-4NY99CNDU9WUNUYEIXSS1QFGE.pcm
SwiftExplicitDependencyGeneratePcm arm64 /Users/admin/builder/spi-builder-workspace/.derivedData/SDKExplicitPrecompiledModules/Metal-2KYBS7IML1SD788M91YV7Q0CC.pcm
SwiftExplicitDependencyGeneratePcm arm64 /Users/admin/builder/spi-builder-workspace/.derivedData/SDKExplicitPrecompiledModules/CoreVideo-DPU0PB5X0XLSVA2ETRGI6FJBM.pcm
SwiftExplicitDependencyGeneratePcm arm64 /Users/admin/builder/spi-builder-workspace/.derivedData/SDKExplicitPrecompiledModules/QuartzCore-DJSYAWKXFGVSAK5CQMOB3JSR.pcm
SwiftExplicitDependencyGeneratePcm arm64 /Users/admin/builder/spi-builder-workspace/.derivedData/SDKExplicitPrecompiledModules/CoreImage-7S2AFJ8EIY3DUFYLEAX1JR1QV.pcm
SwiftExplicitDependencyGeneratePcm arm64 /Users/admin/builder/spi-builder-workspace/.derivedData/SDKExplicitPrecompiledModules/CoreMedia-4OUKVT03LV547KZJDPPJRJ4F8.pcm
SwiftExplicitDependencyGeneratePcm arm64 /Users/admin/builder/spi-builder-workspace/.derivedData/SDKExplicitPrecompiledModules/SwiftUICore-543QU5V2NHKUFCYFJDKUJ7NYG.pcm
SwiftExplicitDependencyGeneratePcm arm64 /Users/admin/builder/spi-builder-workspace/.derivedData/SDKExplicitPrecompiledModules/UIKit-1TKWN7VC2X6N3ITMRVA2G0EB2.pcm
SwiftExplicitDependencyGeneratePcm arm64 /Users/admin/builder/spi-builder-workspace/.derivedData/SDKExplicitPrecompiledModules/SwiftUI-7BV1YDT6IZWW6B8OC6ENV0Y0F.pcm
SwiftEmitModule normal arm64 Emitting\ module\ for\ SwiftUIGestureVelocity (in target 'SwiftUIGestureVelocity' from project 'swiftui-gesture-velocity')
/Users/admin/builder/spi-builder-workspace/Sources/SwiftUIGestureVelocity/GestureVelocity.swift:6:32: error: 'DragGesture' is unavailable in tvOS
4 | public struct GestureVelocity: DynamicProperty {
5 |
6 | @State private var previous: DragGesture.Value?
| `- error: 'DragGesture' is unavailable in tvOS
7 | @State private var current: DragGesture.Value?
8 |
SwiftUI.DragGesture:3:42: note: 'DragGesture' has been explicitly marked unavailable here
1 | @available(iOS 13.0, macOS 10.15, watchOS 6.0, *)
2 | @available(tvOS, unavailable)
3 | @MainActor @preconcurrency public struct DragGesture : Gesture, ~Sendable {
| `- note: 'DragGesture' has been explicitly marked unavailable here
4 | public struct Value : Equatable, Sendable {
5 | public var time: Date
macro expansion @State:2:24: error: 'DragGesture' is unavailable in tvOS
`- /Users/admin/builder/spi-builder-workspace/Sources/SwiftUIGestureVelocity/GestureVelocity.swift:6:50: note: expanded code originates here
4 | public struct GestureVelocity: DynamicProperty {
5 |
6 | @State private var previous: DragGesture.Value?
| `- note: in expansion of macro 'State' on property 'previous' here
+--- macro expansion @State -----------------------------------------
| 1 | private var __previous = SwiftUICore.State._makeStorage(({
| 2 | let value: DragGesture.Value? = nil
| | `- error: 'DragGesture' is unavailable in tvOS
| 3 | return value
| 4 | }))
+--------------------------------------------------------------------
7 | @State private var current: DragGesture.Value?
8 |
SwiftUI.DragGesture:3:42: note: 'DragGesture' has been explicitly marked unavailable here
1 | @available(iOS 13.0, macOS 10.15, watchOS 6.0, *)
2 | @available(tvOS, unavailable)
3 | @MainActor @preconcurrency public struct DragGesture : Gesture, ~Sendable {
| `- note: 'DragGesture' has been explicitly marked unavailable here
4 | public struct Value : Equatable, Sendable {
5 | public var time: Date
macro expansion @State:8:27: error: 'DragGesture' is unavailable in tvOS
`- /Users/admin/builder/spi-builder-workspace/Sources/SwiftUIGestureVelocity/GestureVelocity.swift:6:50: note: expanded code originates here
4 | public struct GestureVelocity: DynamicProperty {
5 |
6 | @State private var previous: DragGesture.Value?
| `- note: in expansion of macro 'State' on property 'previous' here
+--- macro expansion @State -----------------------------------------
| 6 | @SwiftUICore._StatePropertyWrapperStorage(initialValue: "JHMyMlN3aWZ0VUlHZXN0dXJlVmVsb2NpdHkwN0dlc3R1cmVDMFY4cHJldmlvdXMzM184QjE5RDhBOEQ5MDJEMTI2RjkxQ0M3Q0MzODVBQjlGQ0xMNVN0YXRlZk1wXzIwX2luaXRpYWxTdG9yZWRWYWx1ZV9mTXVf")
| 7 | private var _previous: SwiftUICore.State<_>! = SwiftUICore._stateNil(of: {
| 8 | SwiftUICore.State<DragGesture.Value?>(initialValue: nil)
| | `- error: 'DragGesture' is unavailable in tvOS
| 9 | })
|10 |
+--------------------------------------------------------------------
7 | @State private var current: DragGesture.Value?
8 |
SwiftUI.DragGesture:3:42: note: 'DragGesture' has been explicitly marked unavailable here
1 | @available(iOS 13.0, macOS 10.15, watchOS 6.0, *)
2 | @available(tvOS, unavailable)
3 | @MainActor @preconcurrency public struct DragGesture : Gesture, ~Sendable {
| `- note: 'DragGesture' has been explicitly marked unavailable here
4 | public struct Value : Equatable, Sendable {
5 | public var time: Date
macro expansion @State:12:43: error: 'DragGesture' is unavailable in tvOS
`- /Users/admin/builder/spi-builder-workspace/Sources/SwiftUIGestureVelocity/GestureVelocity.swift:6:50: note: expanded code originates here
4 | public struct GestureVelocity: DynamicProperty {
5 |
6 | @State private var previous: DragGesture.Value?
| `- note: in expansion of macro 'State' on property 'previous' here
+--- macro expansion @State -----------------------------------------
|10 |
|11 | @SwiftUICore._StateProjectedValue
|12 | private var $previous = SwiftUICore.State<DragGesture.Value?>(initialValue: nil).projectedValue
| | `- error: 'DragGesture' is unavailable in tvOS
|13 |
|14 | @SwiftUICore._StateInitialStoredValue("U3dpZnRVSUNvcmUuU3RhdGUuX21ha2VTdG9yYWdlKGluaXRpYWxWYWx1ZTogeyBsZXQgeDogRHJhZ0dlc3R1cmUuVmFsdWU/ID0gbmlsCnJldHVybiB4IH0oKSk=")
+--------------------------------------------------------------------
7 | @State private var current: DragGesture.Value?
8 |
SwiftUI.DragGesture:3:42: note: 'DragGesture' has been explicitly marked unavailable here
1 | @available(iOS 13.0, macOS 10.15, watchOS 6.0, *)
2 | @available(tvOS, unavailable)
3 | @MainActor @preconcurrency public struct DragGesture : Gesture, ~Sendable {
| `- note: 'DragGesture' has been explicitly marked unavailable here
4 | public struct Value : Equatable, Sendable {
5 | public var time: Date
macro expansion @State:16:20: error: 'DragGesture' is unavailable in tvOS
`- /Users/admin/builder/spi-builder-workspace/Sources/SwiftUIGestureVelocity/GestureVelocity.swift:6:50: note: expanded code originates here
4 | public struct GestureVelocity: DynamicProperty {
5 |
6 | @State private var previous: DragGesture.Value?
| `- note: in expansion of macro 'State' on property 'previous' here
+--- macro expansion @State -----------------------------------------
|14 | @SwiftUICore._StateInitialStoredValue("U3dpZnRVSUNvcmUuU3RhdGUuX21ha2VTdG9yYWdlKGluaXRpYWxWYWx1ZTogeyBsZXQgeDogRHJhZ0dlc3R1cmUuVmFsdWU/ID0gbmlsCnJldHVybiB4IH0oKSk=")
|15 | private static var $s22SwiftUIGestureVelocity07GestureC0V8previous33_8B19D8A8D902D126F91CC7CC385AB9FCLL5StatefMp_20_initialStoredValue_fMu_ = (SwiftUICore.State._makeStorage(initialValue: {
|16 | let x: DragGesture.Value? = nil
| | `- error: 'DragGesture' is unavailable in tvOS
|17 | return x
|18 | }()))
+--------------------------------------------------------------------
7 | @State private var current: DragGesture.Value?
8 |
SwiftUI.DragGesture:3:42: note: 'DragGesture' has been explicitly marked unavailable here
1 | @available(iOS 13.0, macOS 10.15, watchOS 6.0, *)
2 | @available(tvOS, unavailable)
3 | @MainActor @preconcurrency public struct DragGesture : Gesture, ~Sendable {
| `- note: 'DragGesture' has been explicitly marked unavailable here
4 | public struct Value : Equatable, Sendable {
5 | public var time: Date
/Users/admin/builder/spi-builder-workspace/Sources/SwiftUIGestureVelocity/GestureVelocity.swift:7:31: error: 'DragGesture' is unavailable in tvOS
5 |
6 | @State private var previous: DragGesture.Value?
7 | @State private var current: DragGesture.Value?
| `- error: 'DragGesture' is unavailable in tvOS
8 |
9 | func update(_ value: DragGesture.Value) {
SwiftUI.DragGesture:3:42: note: 'DragGesture' has been explicitly marked unavailable here
1 | @available(iOS 13.0, macOS 10.15, watchOS 6.0, *)
2 | @available(tvOS, unavailable)
3 | @MainActor @preconcurrency public struct DragGesture : Gesture, ~Sendable {
| `- note: 'DragGesture' has been explicitly marked unavailable here
4 | public struct Value : Equatable, Sendable {
5 | public var time: Date
macro expansion @State:2:24: error: 'DragGesture' is unavailable in tvOS
`- /Users/admin/builder/spi-builder-workspace/Sources/SwiftUIGestureVelocity/GestureVelocity.swift:7:49: note: expanded code originates here
5 |
6 | @State private var previous: DragGesture.Value?
7 | @State private var current: DragGesture.Value?
| `- note: in expansion of macro 'State' on property 'current' here
+--- macro expansion @State -----------------------------------------
| 1 | private var __current = SwiftUICore.State._makeStorage(({
| 2 | let value: DragGesture.Value? = nil
| | `- error: 'DragGesture' is unavailable in tvOS
| 3 | return value
| 4 | }))
+--------------------------------------------------------------------
8 |
9 | func update(_ value: DragGesture.Value) {
SwiftUI.DragGesture:3:42: note: 'DragGesture' has been explicitly marked unavailable here
1 | @available(iOS 13.0, macOS 10.15, watchOS 6.0, *)
2 | @available(tvOS, unavailable)
3 | @MainActor @preconcurrency public struct DragGesture : Gesture, ~Sendable {
| `- note: 'DragGesture' has been explicitly marked unavailable here
4 | public struct Value : Equatable, Sendable {
5 | public var time: Date
macro expansion @State:8:27: error: 'DragGesture' is unavailable in tvOS
`- /Users/admin/builder/spi-builder-workspace/Sources/SwiftUIGestureVelocity/GestureVelocity.swift:7:49: note: expanded code originates here
5 |
6 | @State private var previous: DragGesture.Value?
7 | @State private var current: DragGesture.Value?
| `- note: in expansion of macro 'State' on property 'current' here
+--- macro expansion @State -----------------------------------------
| 6 | @SwiftUICore._StatePropertyWrapperStorage(initialValue: "JHMyMlN3aWZ0VUlHZXN0dXJlVmVsb2NpdHkwN0dlc3R1cmVDMFY3Y3VycmVudDMzXzhCMTlEOEE4RDkwMkQxMjZGOTFDQzdDQzM4NUFCOUZDTEw1U3RhdGVmTXBfMjBfaW5pdGlhbFN0b3JlZFZhbHVlX2ZNdV8=")
| 7 | private var _current: SwiftUICore.State<_>! = SwiftUICore._stateNil(of: {
| 8 | SwiftUICore.State<DragGesture.Value?>(initialValue: nil)
| | `- error: 'DragGesture' is unavailable in tvOS
| 9 | })
|10 |
+--------------------------------------------------------------------
8 |
9 | func update(_ value: DragGesture.Value) {
SwiftUI.DragGesture:3:42: note: 'DragGesture' has been explicitly marked unavailable here
1 | @available(iOS 13.0, macOS 10.15, watchOS 6.0, *)
2 | @available(tvOS, unavailable)
3 | @MainActor @preconcurrency public struct DragGesture : Gesture, ~Sendable {
| `- note: 'DragGesture' has been explicitly marked unavailable here
4 | public struct Value : Equatable, Sendable {
5 | public var time: Date
macro expansion @State:12:42: error: 'DragGesture' is unavailable in tvOS
`- /Users/admin/builder/spi-builder-workspace/Sources/SwiftUIGestureVelocity/GestureVelocity.swift:7:49: note: expanded code originates here
5 |
6 | @State private var previous: DragGesture.Value?
7 | @State private var current: DragGesture.Value?
| `- note: in expansion of macro 'State' on property 'current' here
+--- macro expansion @State -----------------------------------------
|10 |
|11 | @SwiftUICore._StateProjectedValue
|12 | private var $current = SwiftUICore.State<DragGesture.Value?>(initialValue: nil).projectedValue
| | `- error: 'DragGesture' is unavailable in tvOS
|13 |
|14 | @SwiftUICore._StateInitialStoredValue("U3dpZnRVSUNvcmUuU3RhdGUuX21ha2VTdG9yYWdlKGluaXRpYWxWYWx1ZTogeyBsZXQgeDogRHJhZ0dlc3R1cmUuVmFsdWU/ID0gbmlsCnJldHVybiB4IH0oKSk=")
+--------------------------------------------------------------------
8 |
9 | func update(_ value: DragGesture.Value) {
SwiftUI.DragGesture:3:42: note: 'DragGesture' has been explicitly marked unavailable here
1 | @available(iOS 13.0, macOS 10.15, watchOS 6.0, *)
2 | @available(tvOS, unavailable)
3 | @MainActor @preconcurrency public struct DragGesture : Gesture, ~Sendable {
| `- note: 'DragGesture' has been explicitly marked unavailable here
4 | public struct Value : Equatable, Sendable {
5 | public var time: Date
macro expansion @State:16:20: error: 'DragGesture' is unavailable in tvOS
`- /Users/admin/builder/spi-builder-workspace/Sources/SwiftUIGestureVelocity/GestureVelocity.swift:7:49: note: expanded code originates here
5 |
6 | @State private var previous: DragGesture.Value?
7 | @State private var current: DragGesture.Value?
| `- note: in expansion of macro 'State' on property 'current' here
+--- macro expansion @State -----------------------------------------
|14 | @SwiftUICore._StateInitialStoredValue("U3dpZnRVSUNvcmUuU3RhdGUuX21ha2VTdG9yYWdlKGluaXRpYWxWYWx1ZTogeyBsZXQgeDogRHJhZ0dlc3R1cmUuVmFsdWU/ID0gbmlsCnJldHVybiB4IH0oKSk=")
|15 | private static var $s22SwiftUIGestureVelocity07GestureC0V7current33_8B19D8A8D902D126F91CC7CC385AB9FCLL5StatefMp_20_initialStoredValue_fMu_ = (SwiftUICore.State._makeStorage(initialValue: {
|16 | let x: DragGesture.Value? = nil
| | `- error: 'DragGesture' is unavailable in tvOS
|17 | return x
|18 | }()))
+--------------------------------------------------------------------
8 |
9 | func update(_ value: DragGesture.Value) {
SwiftUI.DragGesture:3:42: note: 'DragGesture' has been explicitly marked unavailable here
1 | @available(iOS 13.0, macOS 10.15, watchOS 6.0, *)
2 | @available(tvOS, unavailable)
3 | @MainActor @preconcurrency public struct DragGesture : Gesture, ~Sendable {
| `- note: 'DragGesture' has been explicitly marked unavailable here
4 | public struct Value : Equatable, Sendable {
5 | public var time: Date
/Users/admin/builder/spi-builder-workspace/Sources/SwiftUIGestureVelocity/GestureVelocity.swift:9:24: error: 'DragGesture' is unavailable in tvOS
7 | @State private var current: DragGesture.Value?
8 |
9 | func update(_ value: DragGesture.Value) {
| `- error: 'DragGesture' is unavailable in tvOS
10 |
11 | if current != nil {
SwiftUI.DragGesture:3:42: note: 'DragGesture' has been explicitly marked unavailable here
1 | @available(iOS 13.0, macOS 10.15, watchOS 6.0, *)
2 | @available(tvOS, unavailable)
3 | @MainActor @preconcurrency public struct DragGesture : Gesture, ~Sendable {
| `- note: 'DragGesture' has been explicitly marked unavailable here
4 | public struct Value : Equatable, Sendable {
5 | public var time: Date
/Users/admin/builder/spi-builder-workspace/Sources/SwiftUIGestureVelocity/GestureVelocity.swift:61:34: error: 'DragGesture' is unavailable in tvOS
59 | }
60 |
61 | extension Gesture where Value == DragGesture.Value {
| `- error: 'DragGesture' is unavailable in tvOS
62 |
63 | public func updatingVelocity(_ velocity: GestureVelocity) -> _EndedGesture<_ChangedGesture<Self>> {
SwiftUI.DragGesture:3:42: note: 'DragGesture' has been explicitly marked unavailable here
1 | @available(iOS 13.0, macOS 10.15, watchOS 6.0, *)
2 | @available(tvOS, unavailable)
3 | @MainActor @preconcurrency public struct DragGesture : Gesture, ~Sendable {
| `- note: 'DragGesture' has been explicitly marked unavailable here
4 | public struct Value : Equatable, Sendable {
5 | public var time: Date
Failed frontend command:
SwiftCompile normal arm64 (in target 'SwiftUIGestureVelocity' from project 'swiftui-gesture-velocity')
cd /Users/admin/builder/spi-builder-workspace/.swiftpm/xcode
/Applications/Xcode-27.0.0-Release.Candidate.app/Contents/Developer/Toolchains/XcodeDefault.xctoolchain/usr/bin/swift-frontend -frontend -emit-module -experimental-skip-non-inlinable-function-bodies-without-types /Users/admin/builder/spi-builder-workspace/Sources/SwiftUIGestureVelocity/GestureVelocity.swift -target arm64-apple-tvos15.0 -disable-cross-import-overlay-search -load-resolved-plugin /Applications/Xcode-27.0.0-Release.Candidate.app/Contents/Developer/Platforms/AppleTVOS.platform/Developer/usr/lib/swift/host/plugins/libFoundationMacros.dylib\#/Applications/Xcode-27.0.0-Release.Candidate.app/Contents/Developer/Platforms/AppleTVOS.platform/Developer/usr/bin/swift-plugin-server\#FoundationMacros -load-resolved-plugin /Applications/Xcode-27.0.0-Release.Candidate.app/Contents/Developer/Platforms/AppleTVOS.platform/Developer/usr/lib/swift/host/plugins/libObservationMacros.dylib\#/Applications/Xcode-27.0.0-Release.Candidate.app/Contents/Developer/Platforms/AppleTVOS.platform/Developer/usr/bin/swift-plugin-server\#ObservationMacros -load-resolved-plugin /Applications/Xcode-27.0.0-Release.Candidate.app/Contents/Developer/Platforms/AppleTVOS.platform/Developer/usr/lib/swift/host/plugins/libPreviewsMacros.dylib\#/Applications/Xcode-27.0.0-Release.Candidate.app/Contents/Developer/Platforms/AppleTVOS.platform/Developer/usr/bin/swift-plugin-server\#PreviewsMacros -load-resolved-plugin /Applications/Xcode-27.0.0-Release.Candidate.app/Contents/Developer/Platforms/AppleTVOS.platform/Developer/usr/lib/swift/host/plugins/libSwiftMacros.dylib\#/Applications/Xcode-27.0.0-Release.Candidate.app/Contents/Developer/Platforms/AppleTVOS.platform/Developer/usr/bin/swift-plugin-server\#SwiftMacros -load-resolved-plugin /Applications/Xcode-27.0.0-Release.Candidate.app/Contents/Developer/Platforms/AppleTVOS.platform/Developer/usr/lib/swift/host/plugins/libSwiftUIMacros.dylib\#/Applications/Xcode-27.0.0-Release.Candidate.app/Contents/Developer/Platforms/AppleTVOS.platform/Developer/usr/bin/swift-plugin-server\#SwiftUIMacros -disable-implicit-swift-modules -Xcc -fno-implicit-modules -Xcc -fno-implicit-module-maps -explicit-swift-module-map-file /Users/admin/builder/spi-builder-workspace/.derivedData/Build/Intermediates.noindex/swiftui-gesture-velocity.build/Debug-appletvos/SwiftUIGestureVelocity-t.build/Objects-normal/arm64/SwiftUIGestureVelocity-dependencies-1.json -Xllvm -aarch64-use-tbi -enable-objc-interop -stack-check -sdk /Applications/Xcode-27.0.0-Release.Candidate.app/Contents/Developer/Platforms/AppleTVOS.platform/Developer/SDKs/AppleTVOS27.0.sdk -I /Users/admin/builder/spi-builder-workspace/.derivedData/Build/Products/Debug-appletvos -Isystem /Applications/Xcode-27.0.0-Release.Candidate.app/Contents/Developer/Platforms/AppleTVOS.platform/Developer/usr/lib -F /Users/admin/builder/spi-builder-workspace/.derivedData/Build/Products/Debug-appletvos -F /Applications/Xcode-27.0.0-Release.Candidate.app/Contents/Developer/Platforms/AppleTVOS.platform/Developer/Library/Frameworks -F /Applications/Xcode-27.0.0-Release.Candidate.app/Contents/Developer/Platforms/AppleTVOS.platform/Developer/SDKs/AppleTVOS27.0.sdk/Developer/Library/Frameworks -module-cache-path /Users/admin/builder/spi-builder-workspace/.derivedData/Build/Intermediates.noindex/SwiftExplicitPrecompiledModules -no-color-diagnostics -Xcc -fno-color-diagnostics -enable-testing -g -debug-info-format\=dwarf -dwarf-version\=4 -profile-generate -profile-coverage-mapping -swift-version 5 -Onone -D SWIFT_PACKAGE -D DEBUG -D SWIFT_MODULE_RESOURCE_BUNDLE_UNAVAILABLE -D Xcode -serialize-debugging-options -enable-experimental-feature DebugDescriptionMacro -empty-abi-descriptor -validate-clang-modules-once -clang-build-session-file /Users/admin/builder/spi-builder-workspace/.derivedData/ModuleCache.noindex/Session.modulevalidation -Xcc -working-directory -Xcc /Users/admin/builder/spi-builder-workspace/.swiftpm/xcode -enable-anonymous-context-mangled-names -file-compilation-dir /Users/admin/builder/spi-builder-workspace/.swiftpm/xcode -Xcc -D_LIBCPP_HARDENING_MODE\=_LIBCPP_HARDENING_MODE_DEBUG -Xcc -ivfsstatcache -Xcc /Users/admin/builder/spi-builder-workspace/.derivedData/SDKStatCaches.noindex/appletvos27.0-24J360-e829b21a6f8c9b70876ba0858053c044b32bfd8d43560033f8d89884cdb90028.sdkstatcache -Xcc -fmodules-prune-interval\=86400 -Xcc -fmodules-prune-after\=345600 -Xcc -I/Users/admin/builder/spi-builder-workspace/.derivedData/Build/Products/Debug-appletvos/include -Xcc -I/Users/admin/builder/spi-builder-workspace/.derivedData/Build/Intermediates.noindex/swiftui-gesture-velocity.build/Debug-appletvos/SwiftUIGestureVelocity-t.build/DerivedSources-normal/arm64 -Xcc -I/Users/admin/builder/spi-builder-workspace/.derivedData/Build/Intermediates.noindex/swiftui-gesture-velocity.build/Debug-appletvos/SwiftUIGestureVelocity-t.build/DerivedSources/arm64 -Xcc -I/Users/admin/builder/spi-builder-workspace/.derivedData/Build/Intermediates.noindex/swiftui-gesture-velocity.build/Debug-appletvos/SwiftUIGestureVelocity-t.build/DerivedSources -Xcc -DSWIFT_PACKAGE -Xcc -DDEBUG\=1 -no-auto-bridging-header-chaining -module-name SwiftUIGestureVelocity -const-gather-protocols-file /Users/admin/builder/spi-builder-workspace/.derivedData/Build/Intermediates.noindex/swiftui-gesture-velocity.build/Debug-appletvos/SwiftUIGestureVelocity-t.build/Objects-normal/arm64/SwiftUIGestureVelocity_const_extract_protocols.json -disable-clang-spi -clang-target arm64-apple-tvos27.0 -target-sdk-version 27.0 -target-sdk-name appletvos27.0 -in-process-plugin-server-path /Applications/Xcode-27.0.0-Release.Candidate.app/Contents/Developer/Toolchains/XcodeDefault.xctoolchain/usr/lib/swift/host/libSwiftInProcPluginServer.dylib -emit-module-doc-path /Users/admin/builder/spi-builder-workspace/.derivedData/Build/Intermediates.noindex/swiftui-gesture-velocity.build/Debug-appletvos/SwiftUIGestureVelocity-t.build/Objects-normal/arm64/SwiftUIGestureVelocity.swiftdoc -emit-module-source-info-path /Users/admin/builder/spi-builder-workspace/.derivedData/Build/Intermediates.noindex/swiftui-gesture-velocity.build/Debug-appletvos/SwiftUIGestureVelocity-t.build/Objects-normal/arm64/SwiftUIGestureVelocity.swiftsourceinfo -emit-objc-header-path /Users/admin/builder/spi-builder-workspace/.derivedData/Build/Intermediates.noindex/swiftui-gesture-velocity.build/Debug-appletvos/SwiftUIGestureVelocity-t.build/Objects-normal/arm64/SwiftUIGestureVelocity-Swift.h -serialize-diagnostics-path /Users/admin/builder/spi-builder-workspace/.derivedData/Build/Intermediates.noindex/swiftui-gesture-velocity.build/Debug-appletvos/SwiftUIGestureVelocity-t.build/Objects-normal/arm64/SwiftUIGestureVelocity-primary-emit-module.dia -emit-dependencies-path /Users/admin/builder/spi-builder-workspace/.derivedData/Build/Intermediates.noindex/swiftui-gesture-velocity.build/Debug-appletvos/SwiftUIGestureVelocity-t.build/Objects-normal/arm64/SwiftUIGestureVelocity-primary-emit-module.d -parse-as-library -o /Users/admin/builder/spi-builder-workspace/.derivedData/Build/Intermediates.noindex/swiftui-gesture-velocity.build/Debug-appletvos/SwiftUIGestureVelocity-t.build/Objects-normal/arm64/SwiftUIGestureVelocity.swiftmodule -emit-abi-descriptor-path /Users/admin/builder/spi-builder-workspace/.derivedData/Build/Intermediates.noindex/swiftui-gesture-velocity.build/Debug-appletvos/SwiftUIGestureVelocity-t.build/Objects-normal/arm64/SwiftUIGestureVelocity.abi.json
SwiftCompile normal arm64 Compiling\ GestureVelocity.swift /Users/admin/builder/spi-builder-workspace/Sources/SwiftUIGestureVelocity/GestureVelocity.swift (in target 'SwiftUIGestureVelocity' from project 'swiftui-gesture-velocity')
/Users/admin/builder/spi-builder-workspace/Sources/SwiftUIGestureVelocity/GestureVelocity.swift:6:32: error: 'DragGesture' is unavailable in tvOS
4 | public struct GestureVelocity: DynamicProperty {
5 |
6 | @State private var previous: DragGesture.Value?
| `- error: 'DragGesture' is unavailable in tvOS
7 | @State private var current: DragGesture.Value?
8 |
SwiftUI.DragGesture:3:42: note: 'DragGesture' has been explicitly marked unavailable here
1 | @available(iOS 13.0, macOS 10.15, watchOS 6.0, *)
2 | @available(tvOS, unavailable)
3 | @MainActor @preconcurrency public struct DragGesture : Gesture, ~Sendable {
| `- note: 'DragGesture' has been explicitly marked unavailable here
4 | public struct Value : Equatable, Sendable {
5 | public var time: Date
macro expansion @State:2:24: error: 'DragGesture' is unavailable in tvOS
`- /Users/admin/builder/spi-builder-workspace/Sources/SwiftUIGestureVelocity/GestureVelocity.swift:6:50: note: expanded code originates here
4 | public struct GestureVelocity: DynamicProperty {
5 |
6 | @State private var previous: DragGesture.Value?
| `- note: in expansion of macro 'State' on property 'previous' here
+--- macro expansion @State -----------------------------------------
| 1 | private var __previous = SwiftUICore.State._makeStorage(({
| 2 | let value: DragGesture.Value? = nil
| | `- error: 'DragGesture' is unavailable in tvOS
| 3 | return value
| 4 | }))
+--------------------------------------------------------------------
7 | @State private var current: DragGesture.Value?
8 |
SwiftUI.DragGesture:3:42: note: 'DragGesture' has been explicitly marked unavailable here
1 | @available(iOS 13.0, macOS 10.15, watchOS 6.0, *)
2 | @available(tvOS, unavailable)
3 | @MainActor @preconcurrency public struct DragGesture : Gesture, ~Sendable {
| `- note: 'DragGesture' has been explicitly marked unavailable here
4 | public struct Value : Equatable, Sendable {
5 | public var time: Date
macro expansion @State:8:27: error: 'DragGesture' is unavailable in tvOS
`- /Users/admin/builder/spi-builder-workspace/Sources/SwiftUIGestureVelocity/GestureVelocity.swift:6:50: note: expanded code originates here
4 | public struct GestureVelocity: DynamicProperty {
5 |
6 | @State private var previous: DragGesture.Value?
| `- note: in expansion of macro 'State' on property 'previous' here
+--- macro expansion @State -----------------------------------------
| 6 | @SwiftUICore._StatePropertyWrapperStorage(initialValue: "JHMyMlN3aWZ0VUlHZXN0dXJlVmVsb2NpdHkwN0dlc3R1cmVDMFY4cHJldmlvdXMzM184QjE5RDhBOEQ5MDJEMTI2RjkxQ0M3Q0MzODVBQjlGQ0xMNVN0YXRlZk1wXzIwX2luaXRpYWxTdG9yZWRWYWx1ZV9mTXVf")
| 7 | private var _previous: SwiftUICore.State<_>! = SwiftUICore._stateNil(of: {
| 8 | SwiftUICore.State<DragGesture.Value?>(initialValue: nil)
| | `- error: 'DragGesture' is unavailable in tvOS
| 9 | })
|10 |
+--------------------------------------------------------------------
7 | @State private var current: DragGesture.Value?
8 |
SwiftUI.DragGesture:3:42: note: 'DragGesture' has been explicitly marked unavailable here
1 | @available(iOS 13.0, macOS 10.15, watchOS 6.0, *)
2 | @available(tvOS, unavailable)
3 | @MainActor @preconcurrency public struct DragGesture : Gesture, ~Sendable {
| `- note: 'DragGesture' has been explicitly marked unavailable here
4 | public struct Value : Equatable, Sendable {
5 | public var time: Date
macro expansion @State:12:43: error: 'DragGesture' is unavailable in tvOS
`- /Users/admin/builder/spi-builder-workspace/Sources/SwiftUIGestureVelocity/GestureVelocity.swift:6:50: note: expanded code originates here
4 | public struct GestureVelocity: DynamicProperty {
5 |
6 | @State private var previous: DragGesture.Value?
| `- note: in expansion of macro 'State' on property 'previous' here
+--- macro expansion @State -----------------------------------------
|10 |
|11 | @SwiftUICore._StateProjectedValue
|12 | private var $previous = SwiftUICore.State<DragGesture.Value?>(initialValue: nil).projectedValue
| | `- error: 'DragGesture' is unavailable in tvOS
|13 |
|14 | @SwiftUICore._StateInitialStoredValue("U3dpZnRVSUNvcmUuU3RhdGUuX21ha2VTdG9yYWdlKGluaXRpYWxWYWx1ZTogeyBsZXQgeDogRHJhZ0dlc3R1cmUuVmFsdWU/ID0gbmlsCnJldHVybiB4IH0oKSk=")
+--------------------------------------------------------------------
7 | @State private var current: DragGesture.Value?
8 |
SwiftUI.DragGesture:3:42: note: 'DragGesture' has been explicitly marked unavailable here
1 | @available(iOS 13.0, macOS 10.15, watchOS 6.0, *)
2 | @available(tvOS, unavailable)
3 | @MainActor @preconcurrency public struct DragGesture : Gesture, ~Sendable {
| `- note: 'DragGesture' has been explicitly marked unavailable here
4 | public struct Value : Equatable, Sendable {
5 | public var time: Date
macro expansion @State:16:20: error: 'DragGesture' is unavailable in tvOS
`- /Users/admin/builder/spi-builder-workspace/Sources/SwiftUIGestureVelocity/GestureVelocity.swift:6:50: note: expanded code originates here
4 | public struct GestureVelocity: DynamicProperty {
5 |
6 | @State private var previous: DragGesture.Value?
| `- note: in expansion of macro 'State' on property 'previous' here
+--- macro expansion @State -----------------------------------------
|14 | @SwiftUICore._StateInitialStoredValue("U3dpZnRVSUNvcmUuU3RhdGUuX21ha2VTdG9yYWdlKGluaXRpYWxWYWx1ZTogeyBsZXQgeDogRHJhZ0dlc3R1cmUuVmFsdWU/ID0gbmlsCnJldHVybiB4IH0oKSk=")
|15 | private static var $s22SwiftUIGestureVelocity07GestureC0V8previous33_8B19D8A8D902D126F91CC7CC385AB9FCLL5StatefMp_20_initialStoredValue_fMu_ = (SwiftUICore.State._makeStorage(initialValue: {
|16 | let x: DragGesture.Value? = nil
| | `- error: 'DragGesture' is unavailable in tvOS
|17 | return x
|18 | }()))
+--------------------------------------------------------------------
7 | @State private var current: DragGesture.Value?
8 |
SwiftUI.DragGesture:3:42: note: 'DragGesture' has been explicitly marked unavailable here
1 | @available(iOS 13.0, macOS 10.15, watchOS 6.0, *)
2 | @available(tvOS, unavailable)
3 | @MainActor @preconcurrency public struct DragGesture : Gesture, ~Sendable {
| `- note: 'DragGesture' has been explicitly marked unavailable here
4 | public struct Value : Equatable, Sendable {
5 | public var time: Date
/Users/admin/builder/spi-builder-workspace/Sources/SwiftUIGestureVelocity/GestureVelocity.swift:7:31: error: 'DragGesture' is unavailable in tvOS
5 |
6 | @State private var previous: DragGesture.Value?
7 | @State private var current: DragGesture.Value?
| `- error: 'DragGesture' is unavailable in tvOS
8 |
9 | func update(_ value: DragGesture.Value) {
SwiftUI.DragGesture:3:42: note: 'DragGesture' has been explicitly marked unavailable here
1 | @available(iOS 13.0, macOS 10.15, watchOS 6.0, *)
2 | @available(tvOS, unavailable)
3 | @MainActor @preconcurrency public struct DragGesture : Gesture, ~Sendable {
| `- note: 'DragGesture' has been explicitly marked unavailable here
4 | public struct Value : Equatable, Sendable {
5 | public var time: Date
macro expansion @State:2:24: error: 'DragGesture' is unavailable in tvOS
`- /Users/admin/builder/spi-builder-workspace/Sources/SwiftUIGestureVelocity/GestureVelocity.swift:7:49: note: expanded code originates here
5 |
6 | @State private var previous: DragGesture.Value?
7 | @State private var current: DragGesture.Value?
| `- note: in expansion of macro 'State' on property 'current' here
+--- macro expansion @State -----------------------------------------
| 1 | private var __current = SwiftUICore.State._makeStorage(({
| 2 | let value: DragGesture.Value? = nil
| | `- error: 'DragGesture' is unavailable in tvOS
| 3 | return value
| 4 | }))
+--------------------------------------------------------------------
8 |
9 | func update(_ value: DragGesture.Value) {
SwiftUI.DragGesture:3:42: note: 'DragGesture' has been explicitly marked unavailable here
1 | @available(iOS 13.0, macOS 10.15, watchOS 6.0, *)
2 | @available(tvOS, unavailable)
3 | @MainActor @preconcurrency public struct DragGesture : Gesture, ~Sendable {
| `- note: 'DragGesture' has been explicitly marked unavailable here
4 | public struct Value : Equatable, Sendable {
5 | public var time: Date
SwiftCompile normal arm64 /Users/admin/builder/spi-builder-workspace/Sources/SwiftUIGestureVelocity/GestureVelocity.swift (in target 'SwiftUIGestureVelocity' from project 'swiftui-gesture-velocity')
cd /Users/admin/builder/spi-builder-workspace/.swiftpm/xcode
builtin-SwiftPerFileCompile GestureVelocity.swift
macro expansion @State:8:27: error: 'DragGesture' is unavailable in tvOS
`- /Users/admin/builder/spi-builder-workspace/Sources/SwiftUIGestureVelocity/GestureVelocity.swift:7:49: note: expanded code originates here
5 |
6 | @State private var previous: DragGesture.Value?
7 | @State private var current: DragGesture.Value?
| `- note: in expansion of macro 'State' on property 'current' here
+--- macro expansion @State -----------------------------------------
| 6 | @SwiftUICore._StatePropertyWrapperStorage(initialValue: "JHMyMlN3aWZ0VUlHZXN0dXJlVmVsb2NpdHkwN0dlc3R1cmVDMFY3Y3VycmVudDMzXzhCMTlEOEE4RDkwMkQxMjZGOTFDQzdDQzM4NUFCOUZDTEw1U3RhdGVmTXBfMjBfaW5pdGlhbFN0b3JlZFZhbHVlX2ZNdV8=")
| 7 | private var _current: SwiftUICore.State<_>! = SwiftUICore._stateNil(of: {
| 8 | SwiftUICore.State<DragGesture.Value?>(initialValue: nil)
| | `- error: 'DragGesture' is unavailable in tvOS
| 9 | })
|10 |
+--------------------------------------------------------------------
8 |
9 | func update(_ value: DragGesture.Value) {
SwiftUI.DragGesture:3:42: note: 'DragGesture' has been explicitly marked unavailable here
1 | @available(iOS 13.0, macOS 10.15, watchOS 6.0, *)
2 | @available(tvOS, unavailable)
3 | @MainActor @preconcurrency public struct DragGesture : Gesture, ~Sendable {
| `- note: 'DragGesture' has been explicitly marked unavailable here
4 | public struct Value : Equatable, Sendable {
5 | public var time: Date
macro expansion @State:12:42: error: 'DragGesture' is unavailable in tvOS
`- /Users/admin/builder/spi-builder-workspace/Sources/SwiftUIGestureVelocity/GestureVelocity.swift:7:49: note: expanded code originates here
5 |
6 | @State private var previous: DragGesture.Value?
7 | @State private var current: DragGesture.Value?
| `- note: in expansion of macro 'State' on property 'current' here
+--- macro expansion @State -----------------------------------------
|10 |
|11 | @SwiftUICore._StateProjectedValue
|12 | private var $current = SwiftUICore.State<DragGesture.Value?>(initialValue: nil).projectedValue
| | `- error: 'DragGesture' is unavailable in tvOS
|13 |
|14 | @SwiftUICore._StateInitialStoredValue("U3dpZnRVSUNvcmUuU3RhdGUuX21ha2VTdG9yYWdlKGluaXRpYWxWYWx1ZTogeyBsZXQgeDogRHJhZ0dlc3R1cmUuVmFsdWU/ID0gbmlsCnJldHVybiB4IH0oKSk=")
+--------------------------------------------------------------------
8 |
9 | func update(_ value: DragGesture.Value) {
SwiftUI.DragGesture:3:42: note: 'DragGesture' has been explicitly marked unavailable here
1 | @available(iOS 13.0, macOS 10.15, watchOS 6.0, *)
2 | @available(tvOS, unavailable)
3 | @MainActor @preconcurrency public struct DragGesture : Gesture, ~Sendable {
| `- note: 'DragGesture' has been explicitly marked unavailable here
4 | public struct Value : Equatable, Sendable {
5 | public var time: Date
macro expansion @State:16:20: error: 'DragGesture' is unavailable in tvOS
`- /Users/admin/builder/spi-builder-workspace/Sources/SwiftUIGestureVelocity/GestureVelocity.swift:7:49: note: expanded code originates here
5 |
6 | @State private var previous: DragGesture.Value?
7 | @State private var current: DragGesture.Value?
| `- note: in expansion of macro 'State' on property 'current' here
+--- macro expansion @State -----------------------------------------
|14 | @SwiftUICore._StateInitialStoredValue("U3dpZnRVSUNvcmUuU3RhdGUuX21ha2VTdG9yYWdlKGluaXRpYWxWYWx1ZTogeyBsZXQgeDogRHJhZ0dlc3R1cmUuVmFsdWU/ID0gbmlsCnJldHVybiB4IH0oKSk=")
|15 | private static var $s22SwiftUIGestureVelocity07GestureC0V7current33_8B19D8A8D902D126F91CC7CC385AB9FCLL5StatefMp_20_initialStoredValue_fMu_ = (SwiftUICore.State._makeStorage(initialValue: {
|16 | let x: DragGesture.Value? = nil
| | `- error: 'DragGesture' is unavailable in tvOS
|17 | return x
|18 | }()))
+--------------------------------------------------------------------
8 |
9 | func update(_ value: DragGesture.Value) {
SwiftUI.DragGesture:3:42: note: 'DragGesture' has been explicitly marked unavailable here
1 | @available(iOS 13.0, macOS 10.15, watchOS 6.0, *)
2 | @available(tvOS, unavailable)
3 | @MainActor @preconcurrency public struct DragGesture : Gesture, ~Sendable {
| `- note: 'DragGesture' has been explicitly marked unavailable here
4 | public struct Value : Equatable, Sendable {
5 | public var time: Date
/Users/admin/builder/spi-builder-workspace/Sources/SwiftUIGestureVelocity/GestureVelocity.swift:9:24: error: 'DragGesture' is unavailable in tvOS
7 | @State private var current: DragGesture.Value?
8 |
9 | func update(_ value: DragGesture.Value) {
| `- error: 'DragGesture' is unavailable in tvOS
10 |
11 | if current != nil {
SwiftUI.DragGesture:3:42: note: 'DragGesture' has been explicitly marked unavailable here
1 | @available(iOS 13.0, macOS 10.15, watchOS 6.0, *)
2 | @available(tvOS, unavailable)
3 | @MainActor @preconcurrency public struct DragGesture : Gesture, ~Sendable {
| `- note: 'DragGesture' has been explicitly marked unavailable here
4 | public struct Value : Equatable, Sendable {
5 | public var time: Date
PruneExplicitPrecompiledModules /Users/admin/builder/spi-builder-workspace/.derivedData/Build/Intermediates.noindex/ExplicitPrecompiledModules
PruneExplicitPrecompiledModules /Users/admin/builder/spi-builder-workspace/.derivedData/SDKExplicitPrecompiledModules
PruneExplicitPrecompiledModules /Users/admin/builder/spi-builder-workspace/.derivedData/Build/Intermediates.noindex/SwiftExplicitPrecompiledModules
2026-09-19 01:02:30.246 xcodebuild[648:4185] [MT] IDERunDestination: Supported platforms for the buildables in the current scheme is empty.
** BUILD FAILED **
The following build commands failed:
SwiftCompile normal arm64 (in target 'SwiftUIGestureVelocity' from project 'swiftui-gesture-velocity')
SwiftEmitModule normal arm64 Emitting\ module\ for\ SwiftUIGestureVelocity (in target 'SwiftUIGestureVelocity' from project 'swiftui-gesture-velocity')
Building workspace swiftui-gesture-velocity with scheme swiftui-gesture-velocity
(3 failures)
Command line invocation:
/Applications/Xcode-27.0.0-Release.Candidate.app/Contents/Developer/usr/bin/xcodebuild -IDEClonedSourcePackagesDirPathOverride=/Users/admin/builder/spi-builder-workspace/.dependencies -resolvePackageDependencies
Resolve Package Graph
Resolved source packages:
swiftui-gesture-velocity: /Users/admin/builder/spi-builder-workspace
resolved source packages: swiftui-gesture-velocity
2026-09-19 01:02:36.130 xcodebuild[728:4519] [MT] IDERunDestination: Supported platforms for the buildables in the current scheme is empty.
{
"dependencies" : [
],
"manifest_display_name" : "swiftui-gesture-velocity",
"name" : "swiftui-gesture-velocity",
"path" : "/Users/admin/builder/spi-builder-workspace",
"platforms" : [
{
"name" : "ios",
"version" : "13.0"
},
{
"name" : "macos",
"version" : "10.15"
},
{
"name" : "watchos",
"version" : "6.0"
},
{
"name" : "tvos",
"version" : "13.0"
}
],
"products" : [
{
"name" : "SwiftUIGestureVelocity",
"targets" : [
"SwiftUIGestureVelocity"
],
"type" : {
"library" : [
"automatic"
]
}
}
],
"targets" : [
{
"c99name" : "SwiftUIGestureVelocityTests",
"module_type" : "SwiftTarget",
"name" : "SwiftUIGestureVelocityTests",
"path" : "Tests/SwiftUIGestureVelocityTests",
"sources" : [
"swiftui_GestureVelocityTests.swift"
],
"target_dependencies" : [
"SwiftUIGestureVelocity"
],
"type" : "test"
},
{
"c99name" : "SwiftUIGestureVelocity",
"module_type" : "SwiftTarget",
"name" : "SwiftUIGestureVelocity",
"path" : "Sources/SwiftUIGestureVelocity",
"product_memberships" : [
"SwiftUIGestureVelocity"
],
"sources" : [
"GestureVelocity.swift"
],
"type" : "library"
}
],
"tools_version" : "5.7"
}
{
"workspace" : {
"name" : "swiftui-gesture-velocity",
"schemes" : [
"swiftui-gesture-velocity"
]
}
}
2026-09-19 01:02:37.335 xcodebuild[736:4589] [MT] IDERunDestination: Supported platforms for the buildables in the current scheme is empty.
Running build ...
env DEVELOPER_DIR=/Applications/Xcode-27.0.0-Release.Candidate.app xcrun xcodebuild -IDEClonedSourcePackagesDirPathOverride=$PWD/.dependencies -skipMacroValidation -skipPackagePluginValidation -derivedDataPath $PWD/.derivedData build -scheme swiftui-gesture-velocity -destination generic/platform=tvOS
Command line invocation:
/Applications/Xcode-27.0.0-Release.Candidate.app/Contents/Developer/usr/bin/xcodebuild -IDEClonedSourcePackagesDirPathOverride=/Users/admin/builder/spi-builder-workspace/.dependencies -skipMacroValidation -skipPackagePluginValidation -derivedDataPath /Users/admin/builder/spi-builder-workspace/.derivedData build -scheme swiftui-gesture-velocity -destination generic/platform=tvOS
Resolve Package Graph
Resolved source packages:
swiftui-gesture-velocity: /Users/admin/builder/spi-builder-workspace
ComputePackagePrebuildTargetDependencyGraph
Prepare packages
CreateBuildRequest
SendProjectDescription
CreateBuildOperation
ComputeTargetDependencyGraph
note: Building targets in dependency order
note: Target dependency graph (2 targets)
Target 'SwiftUIGestureVelocity-product' in project 'swiftui-gesture-velocity'
➜ Explicit dependency on target 'SwiftUIGestureVelocity' in project 'swiftui-gesture-velocity'
Target 'SwiftUIGestureVelocity' in project 'swiftui-gesture-velocity' (no dependencies)
GatherProvisioningInputs
CreateBuildDescription
ClangStatCache /Applications/Xcode-27.0.0-Release.Candidate.app/Contents/Developer/Toolchains/XcodeDefault.xctoolchain/usr/bin/clang-stat-cache /Applications/Xcode-27.0.0-Release.Candidate.app/Contents/Developer/Platforms/AppleTVOS.platform/Developer/SDKs/AppleTVOS27.0.sdk /Users/admin/builder/spi-builder-workspace/.derivedData/SDKStatCaches.noindex/appletvos27.0-24J360-e829b21a6f8c9b70876ba0858053c044b32bfd8d43560033f8d89884cdb90028.sdkstatcache
cd /Users/admin/builder/spi-builder-workspace/.swiftpm/xcode
/Applications/Xcode-27.0.0-Release.Candidate.app/Contents/Developer/Toolchains/XcodeDefault.xctoolchain/usr/bin/clang-stat-cache /Applications/Xcode-27.0.0-Release.Candidate.app/Contents/Developer/Platforms/AppleTVOS.platform/Developer/SDKs/AppleTVOS27.0.sdk -o /Users/admin/builder/spi-builder-workspace/.derivedData/SDKStatCaches.noindex/appletvos27.0-24J360-e829b21a6f8c9b70876ba0858053c044b32bfd8d43560033f8d89884cdb90028.sdkstatcache
SwiftDriver SwiftUIGestureVelocity normal arm64 com.apple.xcode.tools.swift.compiler (in target 'SwiftUIGestureVelocity' from project 'swiftui-gesture-velocity')
cd /Users/admin/builder/spi-builder-workspace/.swiftpm/xcode
builtin-SwiftDriver -- /Applications/Xcode-27.0.0-Release.Candidate.app/Contents/Developer/Toolchains/XcodeDefault.xctoolchain/usr/bin/swiftc -parse-as-library -module-name SwiftUIGestureVelocity -Onone @/Users/admin/builder/spi-builder-workspace/.derivedData/Build/Intermediates.noindex/swiftui-gesture-velocity.build/Debug-appletvos/SwiftUIGestureVelocity-t.build/Objects-normal/arm64/SwiftUIGestureVelocity.SwiftFileList -DSWIFT_PACKAGE -DDEBUG -DSWIFT_MODULE_RESOURCE_BUNDLE_UNAVAILABLE -DXcode -plugin-path /Applications/Xcode-27.0.0-Release.Candidate.app/Contents/Developer/Toolchains/XcodeDefault.xctoolchain/usr/lib/swift/host/plugins/testing -enable-experimental-feature DebugDescriptionMacro -sdk /Applications/Xcode-27.0.0-Release.Candidate.app/Contents/Developer/Platforms/AppleTVOS.platform/Developer/SDKs/AppleTVOS27.0.sdk -target arm64-apple-tvos15.0 -g -module-cache-path /Users/admin/builder/spi-builder-workspace/.derivedData/ModuleCache.noindex -Xfrontend -serialize-debugging-options -profile-coverage-mapping -profile-generate -enable-testing -index-store-path /Users/admin/builder/spi-builder-workspace/.derivedData/Index.noindex/DataStore -Xcc -D_LIBCPP_HARDENING_MODE\=_LIBCPP_HARDENING_MODE_DEBUG -swift-version 5 -I /Users/admin/builder/spi-builder-workspace/.derivedData/Build/Products/Debug-appletvos -Isystem /Applications/Xcode-27.0.0-Release.Candidate.app/Contents/Developer/Platforms/AppleTVOS.platform/Developer/usr/lib -F /Users/admin/builder/spi-builder-workspace/.derivedData/Build/Products/Debug-appletvos -F /Applications/Xcode-27.0.0-Release.Candidate.app/Contents/Developer/Platforms/AppleTVOS.platform/Developer/Library/Frameworks -F /Applications/Xcode-27.0.0-Release.Candidate.app/Contents/Developer/Platforms/AppleTVOS.platform/Developer/SDKs/AppleTVOS27.0.sdk/Developer/Library/Frameworks -c -j10 -enable-batch-mode -incremental -Xcc -ivfsstatcache -Xcc /Users/admin/builder/spi-builder-workspace/.derivedData/SDKStatCaches.noindex/appletvos27.0-24J360-e829b21a6f8c9b70876ba0858053c044b32bfd8d43560033f8d89884cdb90028.sdkstatcache -output-file-map /Users/admin/builder/spi-builder-workspace/.derivedData/Build/Intermediates.noindex/swiftui-gesture-velocity.build/Debug-appletvos/SwiftUIGestureVelocity-t.build/Objects-normal/arm64/SwiftUIGestureVelocity-OutputFileMap.json -save-temps -no-color-diagnostics -explicit-module-build -module-cache-path /Users/admin/builder/spi-builder-workspace/.derivedData/Build/Intermediates.noindex/SwiftExplicitPrecompiledModules -clang-scanner-module-cache-path /Users/admin/builder/spi-builder-workspace/.derivedData/ModuleCache.noindex -sdk-module-cache-path /Users/admin/builder/spi-builder-workspace/.derivedData/SDKExplicitPrecompiledModules -emit-dependencies -emit-module -emit-module-path /Users/admin/builder/spi-builder-workspace/.derivedData/Build/Intermediates.noindex/swiftui-gesture-velocity.build/Debug-appletvos/SwiftUIGestureVelocity-t.build/Objects-normal/arm64/SwiftUIGestureVelocity.swiftmodule -serialize-diagnostics -dependency-scan-serialize-diagnostics-path /Users/admin/builder/spi-builder-workspace/.derivedData/Build/Intermediates.noindex/swiftui-gesture-velocity.build/Debug-appletvos/SwiftUIGestureVelocity-t.build/Objects-normal/arm64/SwiftUIGestureVelocity-dependency-scan.dia -validate-clang-modules-once -clang-build-session-file /Users/admin/builder/spi-builder-workspace/.derivedData/ModuleCache.noindex/Session.modulevalidation -Xcc -fmodules-prune-interval\=86400 -Xcc -fmodules-prune-after\=345600 -emit-const-values -const-gather-protocols-list /Users/admin/builder/spi-builder-workspace/.derivedData/Build/Intermediates.noindex/swiftui-gesture-velocity.build/Debug-appletvos/SwiftUIGestureVelocity-t.build/Objects-normal/arm64/SwiftUIGestureVelocity_const_extract_protocols.json -Xcc -I/Users/admin/builder/spi-builder-workspace/.derivedData/Build/Products/Debug-appletvos/include -Xcc -I/Users/admin/builder/spi-builder-workspace/.derivedData/Build/Intermediates.noindex/swiftui-gesture-velocity.build/Debug-appletvos/SwiftUIGestureVelocity-t.build/DerivedSources-normal/arm64 -Xcc -I/Users/admin/builder/spi-builder-workspace/.derivedData/Build/Intermediates.noindex/swiftui-gesture-velocity.build/Debug-appletvos/SwiftUIGestureVelocity-t.build/DerivedSources/arm64 -Xcc -I/Users/admin/builder/spi-builder-workspace/.derivedData/Build/Intermediates.noindex/swiftui-gesture-velocity.build/Debug-appletvos/SwiftUIGestureVelocity-t.build/DerivedSources -Xcc -DSWIFT_PACKAGE -Xcc -DDEBUG\=1 -emit-objc-header -emit-objc-header-path /Users/admin/builder/spi-builder-workspace/.derivedData/Build/Intermediates.noindex/swiftui-gesture-velocity.build/Debug-appletvos/SwiftUIGestureVelocity-t.build/Objects-normal/arm64/SwiftUIGestureVelocity-Swift.h -working-directory /Users/admin/builder/spi-builder-workspace/.swiftpm/xcode -experimental-emit-module-separately -disable-cmo
SwiftEmitModule normal arm64 Emitting\ module\ for\ SwiftUIGestureVelocity (in target 'SwiftUIGestureVelocity' from project 'swiftui-gesture-velocity')
/Users/admin/builder/spi-builder-workspace/Sources/SwiftUIGestureVelocity/GestureVelocity.swift:6:32: error: 'DragGesture' is unavailable in tvOS
4 | public struct GestureVelocity: DynamicProperty {
5 |
6 | @State private var previous: DragGesture.Value?
| `- error: 'DragGesture' is unavailable in tvOS
7 | @State private var current: DragGesture.Value?
8 |
SwiftUI.DragGesture:3:42: note: 'DragGesture' has been explicitly marked unavailable here
1 | @available(iOS 13.0, macOS 10.15, watchOS 6.0, *)
2 | @available(tvOS, unavailable)
3 | @MainActor @preconcurrency public struct DragGesture : Gesture, ~Sendable {
| `- note: 'DragGesture' has been explicitly marked unavailable here
4 | public struct Value : Equatable, Sendable {
5 | public var time: Date
macro expansion @State:2:24: error: 'DragGesture' is unavailable in tvOS
`- /Users/admin/builder/spi-builder-workspace/Sources/SwiftUIGestureVelocity/GestureVelocity.swift:6:50: note: expanded code originates here
4 | public struct GestureVelocity: DynamicProperty {
5 |
6 | @State private var previous: DragGesture.Value?
| `- note: in expansion of macro 'State' on property 'previous' here
+--- macro expansion @State -----------------------------------------
| 1 | private var __previous = SwiftUICore.State._makeStorage(({
| 2 | let value: DragGesture.Value? = nil
| | `- error: 'DragGesture' is unavailable in tvOS
| 3 | return value
| 4 | }))
+--------------------------------------------------------------------
7 | @State private var current: DragGesture.Value?
8 |
SwiftUI.DragGesture:3:42: note: 'DragGesture' has been explicitly marked unavailable here
1 | @available(iOS 13.0, macOS 10.15, watchOS 6.0, *)
2 | @available(tvOS, unavailable)
3 | @MainActor @preconcurrency public struct DragGesture : Gesture, ~Sendable {
| `- note: 'DragGesture' has been explicitly marked unavailable here
4 | public struct Value : Equatable, Sendable {
5 | public var time: Date
macro expansion @State:8:27: error: 'DragGesture' is unavailable in tvOS
`- /Users/admin/builder/spi-builder-workspace/Sources/SwiftUIGestureVelocity/GestureVelocity.swift:6:50: note: expanded code originates here
4 | public struct GestureVelocity: DynamicProperty {
5 |
6 | @State private var previous: DragGesture.Value?
| `- note: in expansion of macro 'State' on property 'previous' here
+--- macro expansion @State -----------------------------------------
| 6 | @SwiftUICore._StatePropertyWrapperStorage(initialValue: "JHMyMlN3aWZ0VUlHZXN0dXJlVmVsb2NpdHkwN0dlc3R1cmVDMFY4cHJldmlvdXMzM184QjE5RDhBOEQ5MDJEMTI2RjkxQ0M3Q0MzODVBQjlGQ0xMNVN0YXRlZk1wXzIwX2luaXRpYWxTdG9yZWRWYWx1ZV9mTXVf")
| 7 | private var _previous: SwiftUICore.State<_>! = SwiftUICore._stateNil(of: {
| 8 | SwiftUICore.State<DragGesture.Value?>(initialValue: nil)
| | `- error: 'DragGesture' is unavailable in tvOS
| 9 | })
|10 |
+--------------------------------------------------------------------
7 | @State private var current: DragGesture.Value?
8 |
SwiftUI.DragGesture:3:42: note: 'DragGesture' has been explicitly marked unavailable here
1 | @available(iOS 13.0, macOS 10.15, watchOS 6.0, *)
2 | @available(tvOS, unavailable)
3 | @MainActor @preconcurrency public struct DragGesture : Gesture, ~Sendable {
| `- note: 'DragGesture' has been explicitly marked unavailable here
4 | public struct Value : Equatable, Sendable {
5 | public var time: Date
macro expansion @State:12:43: error: 'DragGesture' is unavailable in tvOS
`- /Users/admin/builder/spi-builder-workspace/Sources/SwiftUIGestureVelocity/GestureVelocity.swift:6:50: note: expanded code originates here
4 | public struct GestureVelocity: DynamicProperty {
5 |
6 | @State private var previous: DragGesture.Value?
| `- note: in expansion of macro 'State' on property 'previous' here
+--- macro expansion @State -----------------------------------------
|10 |
|11 | @SwiftUICore._StateProjectedValue
|12 | private var $previous = SwiftUICore.State<DragGesture.Value?>(initialValue: nil).projectedValue
| | `- error: 'DragGesture' is unavailable in tvOS
|13 |
|14 | @SwiftUICore._StateInitialStoredValue("U3dpZnRVSUNvcmUuU3RhdGUuX21ha2VTdG9yYWdlKGluaXRpYWxWYWx1ZTogeyBsZXQgeDogRHJhZ0dlc3R1cmUuVmFsdWU/ID0gbmlsCnJldHVybiB4IH0oKSk=")
+--------------------------------------------------------------------
7 | @State private var current: DragGesture.Value?
8 |
SwiftUI.DragGesture:3:42: note: 'DragGesture' has been explicitly marked unavailable here
1 | @available(iOS 13.0, macOS 10.15, watchOS 6.0, *)
2 | @available(tvOS, unavailable)
3 | @MainActor @preconcurrency public struct DragGesture : Gesture, ~Sendable {
| `- note: 'DragGesture' has been explicitly marked unavailable here
4 | public struct Value : Equatable, Sendable {
5 | public var time: Date
macro expansion @State:16:20: error: 'DragGesture' is unavailable in tvOS
`- /Users/admin/builder/spi-builder-workspace/Sources/SwiftUIGestureVelocity/GestureVelocity.swift:6:50: note: expanded code originates here
4 | public struct GestureVelocity: DynamicProperty {
5 |
6 | @State private var previous: DragGesture.Value?
| `- note: in expansion of macro 'State' on property 'previous' here
+--- macro expansion @State -----------------------------------------
|14 | @SwiftUICore._StateInitialStoredValue("U3dpZnRVSUNvcmUuU3RhdGUuX21ha2VTdG9yYWdlKGluaXRpYWxWYWx1ZTogeyBsZXQgeDogRHJhZ0dlc3R1cmUuVmFsdWU/ID0gbmlsCnJldHVybiB4IH0oKSk=")
|15 | private static var $s22SwiftUIGestureVelocity07GestureC0V8previous33_8B19D8A8D902D126F91CC7CC385AB9FCLL5StatefMp_20_initialStoredValue_fMu_ = (SwiftUICore.State._makeStorage(initialValue: {
|16 | let x: DragGesture.Value? = nil
| | `- error: 'DragGesture' is unavailable in tvOS
|17 | return x
|18 | }()))
+--------------------------------------------------------------------
7 | @State private var current: DragGesture.Value?
8 |
SwiftUI.DragGesture:3:42: note: 'DragGesture' has been explicitly marked unavailable here
1 | @available(iOS 13.0, macOS 10.15, watchOS 6.0, *)
2 | @available(tvOS, unavailable)
3 | @MainActor @preconcurrency public struct DragGesture : Gesture, ~Sendable {
| `- note: 'DragGesture' has been explicitly marked unavailable here
4 | public struct Value : Equatable, Sendable {
5 | public var time: Date
/Users/admin/builder/spi-builder-workspace/Sources/SwiftUIGestureVelocity/GestureVelocity.swift:7:31: error: 'DragGesture' is unavailable in tvOS
5 |
6 | @State private var previous: DragGesture.Value?
7 | @State private var current: DragGesture.Value?
| `- error: 'DragGesture' is unavailable in tvOS
8 |
9 | func update(_ value: DragGesture.Value) {
SwiftUI.DragGesture:3:42: note: 'DragGesture' has been explicitly marked unavailable here
1 | @available(iOS 13.0, macOS 10.15, watchOS 6.0, *)
2 | @available(tvOS, unavailable)
3 | @MainActor @preconcurrency public struct DragGesture : Gesture, ~Sendable {
| `- note: 'DragGesture' has been explicitly marked unavailable here
4 | public struct Value : Equatable, Sendable {
5 | public var time: Date
macro expansion @State:2:24: error: 'DragGesture' is unavailable in tvOS
`- /Users/admin/builder/spi-builder-workspace/Sources/SwiftUIGestureVelocity/GestureVelocity.swift:7:49: note: expanded code originates here
5 |
6 | @State private var previous: DragGesture.Value?
7 | @State private var current: DragGesture.Value?
| `- note: in expansion of macro 'State' on property 'current' here
+--- macro expansion @State -----------------------------------------
| 1 | private var __current = SwiftUICore.State._makeStorage(({
| 2 | let value: DragGesture.Value? = nil
| | `- error: 'DragGesture' is unavailable in tvOS
| 3 | return value
| 4 | }))
+--------------------------------------------------------------------
8 |
9 | func update(_ value: DragGesture.Value) {
SwiftUI.DragGesture:3:42: note: 'DragGesture' has been explicitly marked unavailable here
1 | @available(iOS 13.0, macOS 10.15, watchOS 6.0, *)
2 | @available(tvOS, unavailable)
3 | @MainActor @preconcurrency public struct DragGesture : Gesture, ~Sendable {
| `- note: 'DragGesture' has been explicitly marked unavailable here
4 | public struct Value : Equatable, Sendable {
5 | public var time: Date
macro expansion @State:8:27: error: 'DragGesture' is unavailable in tvOS
`- /Users/admin/builder/spi-builder-workspace/Sources/SwiftUIGestureVelocity/GestureVelocity.swift:7:49: note: expanded code originates here
5 |
6 | @State private var previous: DragGesture.Value?
7 | @State private var current: DragGesture.Value?
| `- note: in expansion of macro 'State' on property 'current' here
+--- macro expansion @State -----------------------------------------
| 6 | @SwiftUICore._StatePropertyWrapperStorage(initialValue: "JHMyMlN3aWZ0VUlHZXN0dXJlVmVsb2NpdHkwN0dlc3R1cmVDMFY3Y3VycmVudDMzXzhCMTlEOEE4RDkwMkQxMjZGOTFDQzdDQzM4NUFCOUZDTEw1U3RhdGVmTXBfMjBfaW5pdGlhbFN0b3JlZFZhbHVlX2ZNdV8=")
| 7 | private var _current: SwiftUICore.State<_>! = SwiftUICore._stateNil(of: {
| 8 | SwiftUICore.State<DragGesture.Value?>(initialValue: nil)
| | `- error: 'DragGesture' is unavailable in tvOS
| 9 | })
|10 |
+--------------------------------------------------------------------
8 |
9 | func update(_ value: DragGesture.Value) {
SwiftUI.DragGesture:3:42: note: 'DragGesture' has been explicitly marked unavailable here
1 | @available(iOS 13.0, macOS 10.15, watchOS 6.0, *)
2 | @available(tvOS, unavailable)
3 | @MainActor @preconcurrency public struct DragGesture : Gesture, ~Sendable {
| `- note: 'DragGesture' has been explicitly marked unavailable here
4 | public struct Value : Equatable, Sendable {
5 | public var time: Date
macro expansion @State:12:42: error: 'DragGesture' is unavailable in tvOS
`- /Users/admin/builder/spi-builder-workspace/Sources/SwiftUIGestureVelocity/GestureVelocity.swift:7:49: note: expanded code originates here
5 |
6 | @State private var previous: DragGesture.Value?
7 | @State private var current: DragGesture.Value?
| `- note: in expansion of macro 'State' on property 'current' here
+--- macro expansion @State -----------------------------------------
|10 |
|11 | @SwiftUICore._StateProjectedValue
|12 | private var $current = SwiftUICore.State<DragGesture.Value?>(initialValue: nil).projectedValue
| | `- error: 'DragGesture' is unavailable in tvOS
|13 |
|14 | @SwiftUICore._StateInitialStoredValue("U3dpZnRVSUNvcmUuU3RhdGUuX21ha2VTdG9yYWdlKGluaXRpYWxWYWx1ZTogeyBsZXQgeDogRHJhZ0dlc3R1cmUuVmFsdWU/ID0gbmlsCnJldHVybiB4IH0oKSk=")
+--------------------------------------------------------------------
8 |
9 | func update(_ value: DragGesture.Value) {
SwiftUI.DragGesture:3:42: note: 'DragGesture' has been explicitly marked unavailable here
1 | @available(iOS 13.0, macOS 10.15, watchOS 6.0, *)
2 | @available(tvOS, unavailable)
3 | @MainActor @preconcurrency public struct DragGesture : Gesture, ~Sendable {
| `- note: 'DragGesture' has been explicitly marked unavailable here
4 | public struct Value : Equatable, Sendable {
5 | public var time: Date
macro expansion @State:16:20: error: 'DragGesture' is unavailable in tvOS
`- /Users/admin/builder/spi-builder-workspace/Sources/SwiftUIGestureVelocity/GestureVelocity.swift:7:49: note: expanded code originates here
5 |
6 | @State private var previous: DragGesture.Value?
7 | @State private var current: DragGesture.Value?
| `- note: in expansion of macro 'State' on property 'current' here
+--- macro expansion @State -----------------------------------------
|14 | @SwiftUICore._StateInitialStoredValue("U3dpZnRVSUNvcmUuU3RhdGUuX21ha2VTdG9yYWdlKGluaXRpYWxWYWx1ZTogeyBsZXQgeDogRHJhZ0dlc3R1cmUuVmFsdWU/ID0gbmlsCnJldHVybiB4IH0oKSk=")
|15 | private static var $s22SwiftUIGestureVelocity07GestureC0V7current33_8B19D8A8D902D126F91CC7CC385AB9FCLL5StatefMp_20_initialStoredValue_fMu_ = (SwiftUICore.State._makeStorage(initialValue: {
|16 | let x: DragGesture.Value? = nil
| | `- error: 'DragGesture' is unavailable in tvOS
|17 | return x
|18 | }()))
+--------------------------------------------------------------------
8 |
9 | func update(_ value: DragGesture.Value) {
SwiftUI.DragGesture:3:42: note: 'DragGesture' has been explicitly marked unavailable here
1 | @available(iOS 13.0, macOS 10.15, watchOS 6.0, *)
2 | @available(tvOS, unavailable)
3 | @MainActor @preconcurrency public struct DragGesture : Gesture, ~Sendable {
| `- note: 'DragGesture' has been explicitly marked unavailable here
4 | public struct Value : Equatable, Sendable {
5 | public var time: Date
/Users/admin/builder/spi-builder-workspace/Sources/SwiftUIGestureVelocity/GestureVelocity.swift:9:24: error: 'DragGesture' is unavailable in tvOS
7 | @State private var current: DragGesture.Value?
8 |
9 | func update(_ value: DragGesture.Value) {
| `- error: 'DragGesture' is unavailable in tvOS
10 |
11 | if current != nil {
SwiftUI.DragGesture:3:42: note: 'DragGesture' has been explicitly marked unavailable here
1 | @available(iOS 13.0, macOS 10.15, watchOS 6.0, *)
2 | @available(tvOS, unavailable)
3 | @MainActor @preconcurrency public struct DragGesture : Gesture, ~Sendable {
| `- note: 'DragGesture' has been explicitly marked unavailable here
4 | public struct Value : Equatable, Sendable {
5 | public var time: Date
/Users/admin/builder/spi-builder-workspace/Sources/SwiftUIGestureVelocity/GestureVelocity.swift:61:34: error: 'DragGesture' is unavailable in tvOS
59 | }
60 |
61 | extension Gesture where Value == DragGesture.Value {
| `- error: 'DragGesture' is unavailable in tvOS
62 |
63 | public func updatingVelocity(_ velocity: GestureVelocity) -> _EndedGesture<_ChangedGesture<Self>> {
SwiftUI.DragGesture:3:42: note: 'DragGesture' has been explicitly marked unavailable here
1 | @available(iOS 13.0, macOS 10.15, watchOS 6.0, *)
2 | @available(tvOS, unavailable)
3 | @MainActor @preconcurrency public struct DragGesture : Gesture, ~Sendable {
| `- note: 'DragGesture' has been explicitly marked unavailable here
4 | public struct Value : Equatable, Sendable {
5 | public var time: Date
Failed frontend command:
SwiftCompile normal arm64 (in target 'SwiftUIGestureVelocity' from project 'swiftui-gesture-velocity')
cd /Users/admin/builder/spi-builder-workspace/.swiftpm/xcode
/Applications/Xcode-27.0.0-Release.Candidate.app/Contents/Developer/Toolchains/XcodeDefault.xctoolchain/usr/bin/swift-frontend -frontend -emit-module -experimental-skip-non-inlinable-function-bodies-without-types /Users/admin/builder/spi-builder-workspace/Sources/SwiftUIGestureVelocity/GestureVelocity.swift -target arm64-apple-tvos15.0 -disable-cross-import-overlay-search -load-resolved-plugin /Applications/Xcode-27.0.0-Release.Candidate.app/Contents/Developer/Platforms/AppleTVOS.platform/Developer/usr/lib/swift/host/plugins/libFoundationMacros.dylib\#/Applications/Xcode-27.0.0-Release.Candidate.app/Contents/Developer/Platforms/AppleTVOS.platform/Developer/usr/bin/swift-plugin-server\#FoundationMacros -load-resolved-plugin /Applications/Xcode-27.0.0-Release.Candidate.app/Contents/Developer/Platforms/AppleTVOS.platform/Developer/usr/lib/swift/host/plugins/libObservationMacros.dylib\#/Applications/Xcode-27.0.0-Release.Candidate.app/Contents/Developer/Platforms/AppleTVOS.platform/Developer/usr/bin/swift-plugin-server\#ObservationMacros -load-resolved-plugin /Applications/Xcode-27.0.0-Release.Candidate.app/Contents/Developer/Platforms/AppleTVOS.platform/Developer/usr/lib/swift/host/plugins/libPreviewsMacros.dylib\#/Applications/Xcode-27.0.0-Release.Candidate.app/Contents/Developer/Platforms/AppleTVOS.platform/Developer/usr/bin/swift-plugin-server\#PreviewsMacros -load-resolved-plugin /Applications/Xcode-27.0.0-Release.Candidate.app/Contents/Developer/Platforms/AppleTVOS.platform/Developer/usr/lib/swift/host/plugins/libSwiftMacros.dylib\#/Applications/Xcode-27.0.0-Release.Candidate.app/Contents/Developer/Platforms/AppleTVOS.platform/Developer/usr/bin/swift-plugin-server\#SwiftMacros -load-resolved-plugin /Applications/Xcode-27.0.0-Release.Candidate.app/Contents/Developer/Platforms/AppleTVOS.platform/Developer/usr/lib/swift/host/plugins/libSwiftUIMacros.dylib\#/Applications/Xcode-27.0.0-Release.Candidate.app/Contents/Developer/Platforms/AppleTVOS.platform/Developer/usr/bin/swift-plugin-server\#SwiftUIMacros -disable-implicit-swift-modules -Xcc -fno-implicit-modules -Xcc -fno-implicit-module-maps -explicit-swift-module-map-file /Users/admin/builder/spi-builder-workspace/.derivedData/Build/Intermediates.noindex/swiftui-gesture-velocity.build/Debug-appletvos/SwiftUIGestureVelocity-t.build/Objects-normal/arm64/SwiftUIGestureVelocity-dependencies-1.json -Xllvm -aarch64-use-tbi -enable-objc-interop -stack-check -sdk /Applications/Xcode-27.0.0-Release.Candidate.app/Contents/Developer/Platforms/AppleTVOS.platform/Developer/SDKs/AppleTVOS27.0.sdk -I /Users/admin/builder/spi-builder-workspace/.derivedData/Build/Products/Debug-appletvos -Isystem /Applications/Xcode-27.0.0-Release.Candidate.app/Contents/Developer/Platforms/AppleTVOS.platform/Developer/usr/lib -F /Users/admin/builder/spi-builder-workspace/.derivedData/Build/Products/Debug-appletvos -F /Applications/Xcode-27.0.0-Release.Candidate.app/Contents/Developer/Platforms/AppleTVOS.platform/Developer/Library/Frameworks -F /Applications/Xcode-27.0.0-Release.Candidate.app/Contents/Developer/Platforms/AppleTVOS.platform/Developer/SDKs/AppleTVOS27.0.sdk/Developer/Library/Frameworks -module-cache-path /Users/admin/builder/spi-builder-workspace/.derivedData/Build/Intermediates.noindex/SwiftExplicitPrecompiledModules -no-color-diagnostics -Xcc -fno-color-diagnostics -enable-testing -g -debug-info-format\=dwarf -dwarf-version\=4 -profile-generate -profile-coverage-mapping -swift-version 5 -Onone -D SWIFT_PACKAGE -D DEBUG -D SWIFT_MODULE_RESOURCE_BUNDLE_UNAVAILABLE -D Xcode -serialize-debugging-options -enable-experimental-feature DebugDescriptionMacro -empty-abi-descriptor -validate-clang-modules-once -clang-build-session-file /Users/admin/builder/spi-builder-workspace/.derivedData/ModuleCache.noindex/Session.modulevalidation -Xcc -working-directory -Xcc /Users/admin/builder/spi-builder-workspace/.swiftpm/xcode -enable-anonymous-context-mangled-names -file-compilation-dir /Users/admin/builder/spi-builder-workspace/.swiftpm/xcode -Xcc -D_LIBCPP_HARDENING_MODE\=_LIBCPP_HARDENING_MODE_DEBUG -Xcc -ivfsstatcache -Xcc /Users/admin/builder/spi-builder-workspace/.derivedData/SDKStatCaches.noindex/appletvos27.0-24J360-e829b21a6f8c9b70876ba0858053c044b32bfd8d43560033f8d89884cdb90028.sdkstatcache -Xcc -fmodules-prune-interval\=86400 -Xcc -fmodules-prune-after\=345600 -Xcc -I/Users/admin/builder/spi-builder-workspace/.derivedData/Build/Products/Debug-appletvos/include -Xcc -I/Users/admin/builder/spi-builder-workspace/.derivedData/Build/Intermediates.noindex/swiftui-gesture-velocity.build/Debug-appletvos/SwiftUIGestureVelocity-t.build/DerivedSources-normal/arm64 -Xcc -I/Users/admin/builder/spi-builder-workspace/.derivedData/Build/Intermediates.noindex/swiftui-gesture-velocity.build/Debug-appletvos/SwiftUIGestureVelocity-t.build/DerivedSources/arm64 -Xcc -I/Users/admin/builder/spi-builder-workspace/.derivedData/Build/Intermediates.noindex/swiftui-gesture-velocity.build/Debug-appletvos/SwiftUIGestureVelocity-t.build/DerivedSources -Xcc -DSWIFT_PACKAGE -Xcc -DDEBUG\=1 -no-auto-bridging-header-chaining -module-name SwiftUIGestureVelocity -const-gather-protocols-file /Users/admin/builder/spi-builder-workspace/.derivedData/Build/Intermediates.noindex/swiftui-gesture-velocity.build/Debug-appletvos/SwiftUIGestureVelocity-t.build/Objects-normal/arm64/SwiftUIGestureVelocity_const_extract_protocols.json -disable-clang-spi -clang-target arm64-apple-tvos27.0 -target-sdk-version 27.0 -target-sdk-name appletvos27.0 -in-process-plugin-server-path /Applications/Xcode-27.0.0-Release.Candidate.app/Contents/Developer/Toolchains/XcodeDefault.xctoolchain/usr/lib/swift/host/libSwiftInProcPluginServer.dylib -emit-module-doc-path /Users/admin/builder/spi-builder-workspace/.derivedData/Build/Intermediates.noindex/swiftui-gesture-velocity.build/Debug-appletvos/SwiftUIGestureVelocity-t.build/Objects-normal/arm64/SwiftUIGestureVelocity.swiftdoc -emit-module-source-info-path /Users/admin/builder/spi-builder-workspace/.derivedData/Build/Intermediates.noindex/swiftui-gesture-velocity.build/Debug-appletvos/SwiftUIGestureVelocity-t.build/Objects-normal/arm64/SwiftUIGestureVelocity.swiftsourceinfo -emit-objc-header-path /Users/admin/builder/spi-builder-workspace/.derivedData/Build/Intermediates.noindex/swiftui-gesture-velocity.build/Debug-appletvos/SwiftUIGestureVelocity-t.build/Objects-normal/arm64/SwiftUIGestureVelocity-Swift.h -serialize-diagnostics-path /Users/admin/builder/spi-builder-workspace/.derivedData/Build/Intermediates.noindex/swiftui-gesture-velocity.build/Debug-appletvos/SwiftUIGestureVelocity-t.build/Objects-normal/arm64/SwiftUIGestureVelocity-primary-emit-module.dia -emit-dependencies-path /Users/admin/builder/spi-builder-workspace/.derivedData/Build/Intermediates.noindex/swiftui-gesture-velocity.build/Debug-appletvos/SwiftUIGestureVelocity-t.build/Objects-normal/arm64/SwiftUIGestureVelocity-primary-emit-module.d -parse-as-library -o /Users/admin/builder/spi-builder-workspace/.derivedData/Build/Intermediates.noindex/swiftui-gesture-velocity.build/Debug-appletvos/SwiftUIGestureVelocity-t.build/Objects-normal/arm64/SwiftUIGestureVelocity.swiftmodule -emit-abi-descriptor-path /Users/admin/builder/spi-builder-workspace/.derivedData/Build/Intermediates.noindex/swiftui-gesture-velocity.build/Debug-appletvos/SwiftUIGestureVelocity-t.build/Objects-normal/arm64/SwiftUIGestureVelocity.abi.json
SwiftCompile normal arm64 Compiling\ GestureVelocity.swift /Users/admin/builder/spi-builder-workspace/Sources/SwiftUIGestureVelocity/GestureVelocity.swift (in target 'SwiftUIGestureVelocity' from project 'swiftui-gesture-velocity')
/Users/admin/builder/spi-builder-workspace/Sources/SwiftUIGestureVelocity/GestureVelocity.swift:6:32: error: 'DragGesture' is unavailable in tvOS
4 | public struct GestureVelocity: DynamicProperty {
5 |
6 | @State private var previous: DragGesture.Value?
| `- error: 'DragGesture' is unavailable in tvOS
7 | @State private var current: DragGesture.Value?
8 |
SwiftUI.DragGesture:3:42: note: 'DragGesture' has been explicitly marked unavailable here
1 | @available(iOS 13.0, macOS 10.15, watchOS 6.0, *)
2 | @available(tvOS, unavailable)
3 | @MainActor @preconcurrency public struct DragGesture : Gesture, ~Sendable {
| `- note: 'DragGesture' has been explicitly marked unavailable here
4 | public struct Value : Equatable, Sendable {
5 | public var time: Date
macro expansion @State:2:24: error: 'DragGesture' is unavailable in tvOS
`- /Users/admin/builder/spi-builder-workspace/Sources/SwiftUIGestureVelocity/GestureVelocity.swift:6:50: note: expanded code originates here
4 | public struct GestureVelocity: DynamicProperty {
5 |
6 | @State private var previous: DragGesture.Value?
| `- note: in expansion of macro 'State' on property 'previous' here
+--- macro expansion @State -----------------------------------------
| 1 | private var __previous = SwiftUICore.State._makeStorage(({
| 2 | let value: DragGesture.Value? = nil
| | `- error: 'DragGesture' is unavailable in tvOS
| 3 | return value
| 4 | }))
+--------------------------------------------------------------------
7 | @State private var current: DragGesture.Value?
8 |
SwiftUI.DragGesture:3:42: note: 'DragGesture' has been explicitly marked unavailable here
1 | @available(iOS 13.0, macOS 10.15, watchOS 6.0, *)
2 | @available(tvOS, unavailable)
3 | @MainActor @preconcurrency public struct DragGesture : Gesture, ~Sendable {
| `- note: 'DragGesture' has been explicitly marked unavailable here
4 | public struct Value : Equatable, Sendable {
5 | public var time: Date
macro expansion @State:8:27: error: 'DragGesture' is unavailable in tvOS
`- /Users/admin/builder/spi-builder-workspace/Sources/SwiftUIGestureVelocity/GestureVelocity.swift:6:50: note: expanded code originates here
4 | public struct GestureVelocity: DynamicProperty {
5 |
6 | @State private var previous: DragGesture.Value?
| `- note: in expansion of macro 'State' on property 'previous' here
+--- macro expansion @State -----------------------------------------
| 6 | @SwiftUICore._StatePropertyWrapperStorage(initialValue: "JHMyMlN3aWZ0VUlHZXN0dXJlVmVsb2NpdHkwN0dlc3R1cmVDMFY4cHJldmlvdXMzM184QjE5RDhBOEQ5MDJEMTI2RjkxQ0M3Q0MzODVBQjlGQ0xMNVN0YXRlZk1wXzIwX2luaXRpYWxTdG9yZWRWYWx1ZV9mTXVf")
| 7 | private var _previous: SwiftUICore.State<_>! = SwiftUICore._stateNil(of: {
| 8 | SwiftUICore.State<DragGesture.Value?>(initialValue: nil)
| | `- error: 'DragGesture' is unavailable in tvOS
| 9 | })
|10 |
+--------------------------------------------------------------------
7 | @State private var current: DragGesture.Value?
8 |
SwiftUI.DragGesture:3:42: note: 'DragGesture' has been explicitly marked unavailable here
1 | @available(iOS 13.0, macOS 10.15, watchOS 6.0, *)
2 | @available(tvOS, unavailable)
3 | @MainActor @preconcurrency public struct DragGesture : Gesture, ~Sendable {
| `- note: 'DragGesture' has been explicitly marked unavailable here
4 | public struct Value : Equatable, Sendable {
5 | public var time: Date
macro expansion @State:12:43: error: 'DragGesture' is unavailable in tvOS
`- /Users/admin/builder/spi-builder-workspace/Sources/SwiftUIGestureVelocity/GestureVelocity.swift:6:50: note: expanded code originates here
4 | public struct GestureVelocity: DynamicProperty {
5 |
6 | @State private var previous: DragGesture.Value?
| `- note: in expansion of macro 'State' on property 'previous' here
+--- macro expansion @State -----------------------------------------
|10 |
|11 | @SwiftUICore._StateProjectedValue
|12 | private var $previous = SwiftUICore.State<DragGesture.Value?>(initialValue: nil).projectedValue
| | `- error: 'DragGesture' is unavailable in tvOS
|13 |
|14 | @SwiftUICore._StateInitialStoredValue("U3dpZnRVSUNvcmUuU3RhdGUuX21ha2VTdG9yYWdlKGluaXRpYWxWYWx1ZTogeyBsZXQgeDogRHJhZ0dlc3R1cmUuVmFsdWU/ID0gbmlsCnJldHVybiB4IH0oKSk=")
+--------------------------------------------------------------------
7 | @State private var current: DragGesture.Value?
8 |
SwiftUI.DragGesture:3:42: note: 'DragGesture' has been explicitly marked unavailable here
1 | @available(iOS 13.0, macOS 10.15, watchOS 6.0, *)
2 | @available(tvOS, unavailable)
3 | @MainActor @preconcurrency public struct DragGesture : Gesture, ~Sendable {
| `- note: 'DragGesture' has been explicitly marked unavailable here
4 | public struct Value : Equatable, Sendable {
5 | public var time: Date
macro expansion @State:16:20: error: 'DragGesture' is unavailable in tvOS
`- /Users/admin/builder/spi-builder-workspace/Sources/SwiftUIGestureVelocity/GestureVelocity.swift:6:50: note: expanded code originates here
4 | public struct GestureVelocity: DynamicProperty {
5 |
6 | @State private var previous: DragGesture.Value?
| `- note: in expansion of macro 'State' on property 'previous' here
+--- macro expansion @State -----------------------------------------
|14 | @SwiftUICore._StateInitialStoredValue("U3dpZnRVSUNvcmUuU3RhdGUuX21ha2VTdG9yYWdlKGluaXRpYWxWYWx1ZTogeyBsZXQgeDogRHJhZ0dlc3R1cmUuVmFsdWU/ID0gbmlsCnJldHVybiB4IH0oKSk=")
|15 | private static var $s22SwiftUIGestureVelocity07GestureC0V8previous33_8B19D8A8D902D126F91CC7CC385AB9FCLL5StatefMp_20_initialStoredValue_fMu_ = (SwiftUICore.State._makeStorage(initialValue: {
|16 | let x: DragGesture.Value? = nil
| | `- error: 'DragGesture' is unavailable in tvOS
|17 | return x
|18 | }()))
+--------------------------------------------------------------------
7 | @State private var current: DragGesture.Value?
8 |
SwiftUI.DragGesture:3:42: note: 'DragGesture' has been explicitly marked unavailable here
1 | @available(iOS 13.0, macOS 10.15, watchOS 6.0, *)
2 | @available(tvOS, unavailable)
3 | @MainActor @preconcurrency public struct DragGesture : Gesture, ~Sendable {
| `- note: 'DragGesture' has been explicitly marked unavailable here
4 | public struct Value : Equatable, Sendable {
5 | public var time: Date
/Users/admin/builder/spi-builder-workspace/Sources/SwiftUIGestureVelocity/GestureVelocity.swift:7:31: error: 'DragGesture' is unavailable in tvOS
5 |
6 | @State private var previous: DragGesture.Value?
7 | @State private var current: DragGesture.Value?
| `- error: 'DragGesture' is unavailable in tvOS
8 |
9 | func update(_ value: DragGesture.Value) {
SwiftUI.DragGesture:3:42: note: 'DragGesture' has been explicitly marked unavailable here
1 | @available(iOS 13.0, macOS 10.15, watchOS 6.0, *)
2 | @available(tvOS, unavailable)
3 | @MainActor @preconcurrency public struct DragGesture : Gesture, ~Sendable {
| `- note: 'DragGesture' has been explicitly marked unavailable here
4 | public struct Value : Equatable, Sendable {
5 | public var time: Date
macro expansion @State:2:24: error: 'DragGesture' is unavailable in tvOS
`- /Users/admin/builder/spi-builder-workspace/Sources/SwiftUIGestureVelocity/GestureVelocity.swift:7:49: note: expanded code originates here
5 |
6 | @State private var previous: DragGesture.Value?
7 | @State private var current: DragGesture.Value?
| `- note: in expansion of macro 'State' on property 'current' here
+--- macro expansion @State -----------------------------------------
| 1 | private var __current = SwiftUICore.State._makeStorage(({
| 2 | let value: DragGesture.Value? = nil
| | `- error: 'DragGesture' is unavailable in tvOS
| 3 | return value
| 4 | }))
+--------------------------------------------------------------------
8 |
9 | func update(_ value: DragGesture.Value) {
SwiftUI.DragGesture:3:42: note: 'DragGesture' has been explicitly marked unavailable here
1 | @available(iOS 13.0, macOS 10.15, watchOS 6.0, *)
2 | @available(tvOS, unavailable)
3 | @MainActor @preconcurrency public struct DragGesture : Gesture, ~Sendable {
| `- note: 'DragGesture' has been explicitly marked unavailable here
4 | public struct Value : Equatable, Sendable {
5 | public var time: Date
SwiftCompile normal arm64 /Users/admin/builder/spi-builder-workspace/Sources/SwiftUIGestureVelocity/GestureVelocity.swift (in target 'SwiftUIGestureVelocity' from project 'swiftui-gesture-velocity')
cd /Users/admin/builder/spi-builder-workspace/.swiftpm/xcode
builtin-SwiftPerFileCompile GestureVelocity.swift
macro expansion @State:8:27: error: 'DragGesture' is unavailable in tvOS
`- /Users/admin/builder/spi-builder-workspace/Sources/SwiftUIGestureVelocity/GestureVelocity.swift:7:49: note: expanded code originates here
5 |
6 | @State private var previous: DragGesture.Value?
7 | @State private var current: DragGesture.Value?
| `- note: in expansion of macro 'State' on property 'current' here
+--- macro expansion @State -----------------------------------------
| 6 | @SwiftUICore._StatePropertyWrapperStorage(initialValue: "JHMyMlN3aWZ0VUlHZXN0dXJlVmVsb2NpdHkwN0dlc3R1cmVDMFY3Y3VycmVudDMzXzhCMTlEOEE4RDkwMkQxMjZGOTFDQzdDQzM4NUFCOUZDTEw1U3RhdGVmTXBfMjBfaW5pdGlhbFN0b3JlZFZhbHVlX2ZNdV8=")
| 7 | private var _current: SwiftUICore.State<_>! = SwiftUICore._stateNil(of: {
| 8 | SwiftUICore.State<DragGesture.Value?>(initialValue: nil)
| | `- error: 'DragGesture' is unavailable in tvOS
| 9 | })
|10 |
+--------------------------------------------------------------------
8 |
9 | func update(_ value: DragGesture.Value) {
SwiftUI.DragGesture:3:42: note: 'DragGesture' has been explicitly marked unavailable here
1 | @available(iOS 13.0, macOS 10.15, watchOS 6.0, *)
2 | @available(tvOS, unavailable)
3 | @MainActor @preconcurrency public struct DragGesture : Gesture, ~Sendable {
| `- note: 'DragGesture' has been explicitly marked unavailable here
4 | public struct Value : Equatable, Sendable {
5 | public var time: Date
macro expansion @State:12:42: error: 'DragGesture' is unavailable in tvOS
`- /Users/admin/builder/spi-builder-workspace/Sources/SwiftUIGestureVelocity/GestureVelocity.swift:7:49: note: expanded code originates here
5 |
6 | @State private var previous: DragGesture.Value?
7 | @State private var current: DragGesture.Value?
| `- note: in expansion of macro 'State' on property 'current' here
+--- macro expansion @State -----------------------------------------
|10 |
|11 | @SwiftUICore._StateProjectedValue
|12 | private var $current = SwiftUICore.State<DragGesture.Value?>(initialValue: nil).projectedValue
| | `- error: 'DragGesture' is unavailable in tvOS
|13 |
|14 | @SwiftUICore._StateInitialStoredValue("U3dpZnRVSUNvcmUuU3RhdGUuX21ha2VTdG9yYWdlKGluaXRpYWxWYWx1ZTogeyBsZXQgeDogRHJhZ0dlc3R1cmUuVmFsdWU/ID0gbmlsCnJldHVybiB4IH0oKSk=")
+--------------------------------------------------------------------
8 |
9 | func update(_ value: DragGesture.Value) {
SwiftUI.DragGesture:3:42: note: 'DragGesture' has been explicitly marked unavailable here
1 | @available(iOS 13.0, macOS 10.15, watchOS 6.0, *)
2 | @available(tvOS, unavailable)
3 | @MainActor @preconcurrency public struct DragGesture : Gesture, ~Sendable {
| `- note: 'DragGesture' has been explicitly marked unavailable here
4 | public struct Value : Equatable, Sendable {
5 | public var time: Date
macro expansion @State:16:20: error: 'DragGesture' is unavailable in tvOS
`- /Users/admin/builder/spi-builder-workspace/Sources/SwiftUIGestureVelocity/GestureVelocity.swift:7:49: note: expanded code originates here
5 |
6 | @State private var previous: DragGesture.Value?
7 | @State private var current: DragGesture.Value?
| `- note: in expansion of macro 'State' on property 'current' here
+--- macro expansion @State -----------------------------------------
|14 | @SwiftUICore._StateInitialStoredValue("U3dpZnRVSUNvcmUuU3RhdGUuX21ha2VTdG9yYWdlKGluaXRpYWxWYWx1ZTogeyBsZXQgeDogRHJhZ0dlc3R1cmUuVmFsdWU/ID0gbmlsCnJldHVybiB4IH0oKSk=")
|15 | private static var $s22SwiftUIGestureVelocity07GestureC0V7current33_8B19D8A8D902D126F91CC7CC385AB9FCLL5StatefMp_20_initialStoredValue_fMu_ = (SwiftUICore.State._makeStorage(initialValue: {
|16 | let x: DragGesture.Value? = nil
| | `- error: 'DragGesture' is unavailable in tvOS
|17 | return x
|18 | }()))
+--------------------------------------------------------------------
8 |
9 | func update(_ value: DragGesture.Value) {
SwiftUI.DragGesture:3:42: note: 'DragGesture' has been explicitly marked unavailable here
1 | @available(iOS 13.0, macOS 10.15, watchOS 6.0, *)
2 | @available(tvOS, unavailable)
3 | @MainActor @preconcurrency public struct DragGesture : Gesture, ~Sendable {
| `- note: 'DragGesture' has been explicitly marked unavailable here
4 | public struct Value : Equatable, Sendable {
5 | public var time: Date
/Users/admin/builder/spi-builder-workspace/Sources/SwiftUIGestureVelocity/GestureVelocity.swift:9:24: error: 'DragGesture' is unavailable in tvOS
7 | @State private var current: DragGesture.Value?
8 |
9 | func update(_ value: DragGesture.Value) {
| `- error: 'DragGesture' is unavailable in tvOS
10 |
11 | if current != nil {
SwiftUI.DragGesture:3:42: note: 'DragGesture' has been explicitly marked unavailable here
1 | @available(iOS 13.0, macOS 10.15, watchOS 6.0, *)
2 | @available(tvOS, unavailable)
3 | @MainActor @preconcurrency public struct DragGesture : Gesture, ~Sendable {
| `- note: 'DragGesture' has been explicitly marked unavailable here
4 | public struct Value : Equatable, Sendable {
5 | public var time: Date
PruneExplicitPrecompiledModules /Users/admin/builder/spi-builder-workspace/.derivedData/Build/Intermediates.noindex/ExplicitPrecompiledModules
PruneExplicitPrecompiledModules /Users/admin/builder/spi-builder-workspace/.derivedData/Build/Intermediates.noindex/SwiftExplicitPrecompiledModules
PruneExplicitPrecompiledModules /Users/admin/builder/spi-builder-workspace/.derivedData/SDKExplicitPrecompiledModules
2026-09-19 01:02:38.329 xcodebuild[737:4617] [MT] IDERunDestination: Supported platforms for the buildables in the current scheme is empty.
** BUILD FAILED **
The following build commands failed:
SwiftCompile normal arm64 (in target 'SwiftUIGestureVelocity' from project 'swiftui-gesture-velocity')
SwiftEmitModule normal arm64 Emitting\ module\ for\ SwiftUIGestureVelocity (in target 'SwiftUIGestureVelocity' from project 'swiftui-gesture-velocity')
Building workspace swiftui-gesture-velocity with scheme swiftui-gesture-velocity
(3 failures)
BUILD FAILURE 6.4 tvOS