The Swift Package Index logo.Swift Package Index

Build Information

Failed to build raylib, reference main (662d67), with Swift 6.4 for Linux on 23 Sep 2026 23:41:28 UTC.

Build Command

bash -c docker run --pull=always --rm -v "checkouts-54344843-3":/host -w "$PWD" -e JAVA_HOME="/root/.sdkman/candidates/java/current" -e SPI_BUILD="1" -e SPI_PROCESSING="1" registry.gitlab.com/saguaro1/spi-images:basic-6.4-latest swift build --triple x86_64-unknown-linux-gnu 2>&1

Build Log

========================================
RunAll
========================================
Builder version: 5.1.0
Interrupt handler set up.
========================================
Checkout
========================================
Clone URL: https://github.com/Lancelotbronner/raylib-build.git
Reference: main
Initialized empty Git repository in /host/spi-builder-workspace/.git/
hint: Using 'master' as the name for the initial branch. This default branch name
hint: is subject to change. To configure the initial branch name to use in all
hint: of your new repositories, which will suppress this warning, call:
hint:
hint: 	git config --global init.defaultBranch <name>
hint:
hint: Names commonly chosen instead of 'master' are 'main', 'trunk' and
hint: 'development'. The just-created branch can be renamed via this command:
hint:
hint: 	git branch -m <name>
From https://github.com/Lancelotbronner/raylib-build
 * branch            main       -> FETCH_HEAD
 * [new branch]      main       -> origin/main
HEAD is now at 662d67e Started linux support
Cloned https://github.com/Lancelotbronner/raylib-build.git
Revision (git rev-parse @):
662d67e0d44324c900fc9a8fc4377d86121db825
SUCCESS checkout https://github.com/Lancelotbronner/raylib-build.git at main
========================================
Build
========================================
Selected platform:         linux
Swift version:             6.4
Building package at path:  $PWD
https://github.com/Lancelotbronner/raylib-build.git
Running build ...
bash -c docker run --pull=always --rm -v "checkouts-54344843-3":/host -w "$PWD" -e JAVA_HOME="/root/.sdkman/candidates/java/current" -e SPI_BUILD="1" -e SPI_PROCESSING="1" registry.gitlab.com/saguaro1/spi-images:basic-6.4-latest swift build --triple x86_64-unknown-linux-gnu 2>&1
basic-6.4-latest: Pulling from saguaro1/spi-images
Digest: sha256:c77fcce225e223ac0fafed844619173fc6de8d62dd560eeb28db3182af6a282b
Status: Image is up to date for registry.gitlab.com/saguaro1/spi-images:basic-6.4-latest
Building for debugging...
[Planning 1 / 68]
[12 / 65] raylib
/host/spi-builder-workspace/Sources/X11/module.modulemap:1:8: error: expected module name
    1 | module [system] {
      |        ^
/host/spi-builder-workspace/Sources/X11/module.modulemap:1:8: error: expected module declaration
/host/spi-builder-workspace/Sources/X11/module.modulemap:1:9: error: expected module declaration
    1 | module [system] {
      |         ^
/host/spi-builder-workspace/Sources/X11/module.modulemap:1:15: error: expected module declaration
    1 | module [system] {
      |               ^
/host/spi-builder-workspace/Sources/X11/module.modulemap:1:17: error: expected module declaration
    1 | module [system] {
      |                 ^
/host/spi-builder-workspace/Sources/X11/module.modulemap:8:5: error: expected module declaration
    8 |     link "X11"
      |     ^
/host/spi-builder-workspace/Sources/X11/module.modulemap:8:10: error: expected module declaration
    8 |     link "X11"
      |          ^
/host/spi-builder-workspace/Sources/X11/module.modulemap:9:1: error: expected module declaration
    9 | }
      | ^
In file included from /host/spi-builder-workspace/Sources/raylib/external/glfw/xkb_unicode.c:28:
In file included from /host/spi-builder-workspace/Sources/raylib/external/glfw/internal.h:325:
In file included from /host/spi-builder-workspace/Sources/raylib/external/glfw/platform.h:81:
/host/spi-builder-workspace/Sources/raylib/external/glfw/x11_platform.h:32:10: fatal error: 'X11/Xlib.h' file not found
   32 | #include <X11/Xlib.h>
      |          ^~~~~~~~~~~~
9 errors generated.
error: CompileC /host/spi-builder-workspace/.build/out/Intermediates.noindex/raylib.build/Debug-linux-x86_64/raylib-t.build/Objects-normal/x86_64/xkb_unicode.o /host/spi-builder-workspace/Sources/raylib/external/glfw/xkb_unicode.c normal x86_64 c com.apple.compilers.llvm.clang.1_0.compiler failed with a nonzero exit code. Command line:     cd /host

    Using response file: /host/spi-builder-workspace/.build/out/Intermediates.noindex/raylib.build/Debug-linux-x86_64/raylib-t.build/Objects-normal/x86_64/9f65232cb83f8421e3a495a5062eba382369c975104ee97bafc405ab795bfc5e-common-args.resp

    /usr/bin/clang -x c -target x86_64-unknown-linux-gnu -fmessage-length\=0 -fdiagnostics-show-note-include-stack -fmacro-backtrace-limit\=0 -fcolor-diagnostics -Wno-trigraphs -Wno-missing-field-initializers -Wno-missing-prototypes -Wno-return-type -Wno-missing-braces -Wparentheses -Wswitch -Wno-unused-function -Wno-unused-label -Wno-unused-parameter -Wno-unused-variable -Wunused-value -Wno-empty-body -Wno-uninitialized -Wno-unknown-pragmas -Wno-shadow -Wno-four-char-constants -Wno-conversion -Wno-constant-conversion -Wno-int-conversion -Wno-bool-conversion -Wno-enum-conversion -Wno-float-conversion -Wno-non-literal-null-conversion -Wno-objc-literal-conversion -Wno-shorten-64-to-32 -Wpointer-sign -Wno-newline-eof -Wno-implicit-fallthrough -fstrict-aliasing -Wdeprecated-declarations -Wno-sign-conversion -Wno-infinite-recursion -Wno-comma -Wno-block-capture-autoreleasing -Wno-strict-prototypes -Wno-semicolon-before-method-body --sysroot / @/host/spi-builder-workspace/.build/out/Intermediates.noindex/raylib.build/Debug-linux-x86_64/raylib-t.build/Objects-normal/x86_64/9f65232cb83f8421e3a495a5062eba382369c975104ee97bafc405ab795bfc5e-common-args.resp -MMD -MT dependencies -MF /host/spi-builder-workspace/.build/out/Intermediates.noindex/raylib.build/Debug-linux-x86_64/raylib-t.build/Objects-normal/x86_64/xkb_unicode.d --serialize-diagnostics /host/spi-builder-workspace/.build/out/Intermediates.noindex/raylib.build/Debug-linux-x86_64/raylib-t.build/Objects-normal/x86_64/xkb_unicode.dia -c /host/spi-builder-workspace/Sources/raylib/external/glfw/xkb_unicode.c -o /host/spi-builder-workspace/.build/out/Intermediates.noindex/raylib.build/Debug-linux-x86_64/raylib-t.build/Objects-normal/x86_64/xkb_unicode.o
/host/spi-builder-workspace/Sources/X11/module.modulemap:1:8: error: expected module name
    1 | module [system] {
      |        ^
/host/spi-builder-workspace/Sources/X11/module.modulemap:1:8: error: expected module declaration
/host/spi-builder-workspace/Sources/X11/module.modulemap:1:9: error: expected module declaration
    1 | module [system] {
      |         ^
/host/spi-builder-workspace/Sources/X11/module.modulemap:1:15: error: expected module declaration
    1 | module [system] {
      |               ^
/host/spi-builder-workspace/Sources/X11/module.modulemap:1:17: error: expected module declaration
    1 | module [system] {
      |                 ^
/host/spi-builder-workspace/Sources/X11/module.modulemap:8:5: error: expected module declaration
    8 |     link "X11"
      |     ^
/host/spi-builder-workspace/Sources/X11/module.modulemap:8:10: error: expected module declaration
    8 |     link "X11"
      |          ^
/host/spi-builder-workspace/Sources/X11/module.modulemap:9:1: error: expected module declaration
    9 | }
      | ^
In file included from /host/spi-builder-workspace/Sources/raylib/external/glfw/wl_monitor.c:27:
In file included from /host/spi-builder-workspace/Sources/raylib/external/glfw/internal.h:325:
In file included from /host/spi-builder-workspace/Sources/raylib/external/glfw/platform.h:81:
/host/spi-builder-workspace/Sources/raylib/external/glfw/x11_platform.h:32:10: fatal error: 'X11/Xlib.h' file not found
   32 | #include <X11/Xlib.h>
      |          ^~~~~~~~~~~~
9 errors generated.
error: CompileC /host/spi-builder-workspace/.build/out/Intermediates.noindex/raylib.build/Debug-linux-x86_64/raylib-t.build/Objects-normal/x86_64/wl_monitor.o /host/spi-builder-workspace/Sources/raylib/external/glfw/wl_monitor.c normal x86_64 c com.apple.compilers.llvm.clang.1_0.compiler failed with a nonzero exit code. Command line:     cd /host

    Using response file: /host/spi-builder-workspace/.build/out/Intermediates.noindex/raylib.build/Debug-linux-x86_64/raylib-t.build/Objects-normal/x86_64/9f65232cb83f8421e3a495a5062eba382369c975104ee97bafc405ab795bfc5e-common-args.resp

    /usr/bin/clang -x c -target x86_64-unknown-linux-gnu -fmessage-length\=0 -fdiagnostics-show-note-include-stack -fmacro-backtrace-limit\=0 -fcolor-diagnostics -Wno-trigraphs -Wno-missing-field-initializers -Wno-missing-prototypes -Wno-return-type -Wno-missing-braces -Wparentheses -Wswitch -Wno-unused-function -Wno-unused-label -Wno-unused-parameter -Wno-unused-variable -Wunused-value -Wno-empty-body -Wno-uninitialized -Wno-unknown-pragmas -Wno-shadow -Wno-four-char-constants -Wno-conversion -Wno-constant-conversion -Wno-int-conversion -Wno-bool-conversion -Wno-enum-conversion -Wno-float-conversion -Wno-non-literal-null-conversion -Wno-objc-literal-conversion -Wno-shorten-64-to-32 -Wpointer-sign -Wno-newline-eof -Wno-implicit-fallthrough -fstrict-aliasing -Wdeprecated-declarations -Wno-sign-conversion -Wno-infinite-recursion -Wno-comma -Wno-block-capture-autoreleasing -Wno-strict-prototypes -Wno-semicolon-before-method-body --sysroot / @/host/spi-builder-workspace/.build/out/Intermediates.noindex/raylib.build/Debug-linux-x86_64/raylib-t.build/Objects-normal/x86_64/9f65232cb83f8421e3a495a5062eba382369c975104ee97bafc405ab795bfc5e-common-args.resp -MMD -MT dependencies -MF /host/spi-builder-workspace/.build/out/Intermediates.noindex/raylib.build/Debug-linux-x86_64/raylib-t.build/Objects-normal/x86_64/wl_monitor.d --serialize-diagnostics /host/spi-builder-workspace/.build/out/Intermediates.noindex/raylib.build/Debug-linux-x86_64/raylib-t.build/Objects-normal/x86_64/wl_monitor.dia -c /host/spi-builder-workspace/Sources/raylib/external/glfw/wl_monitor.c -o /host/spi-builder-workspace/.build/out/Intermediates.noindex/raylib.build/Debug-linux-x86_64/raylib-t.build/Objects-normal/x86_64/wl_monitor.o
error: Build failed
BUILD FAILURE 6.4 linux