Build Information
Failed to build scrypt, reference master (e3d879), with Swift 6.4 for macOS (Xcode) using Xcode 27.0 on 15 Sep 2026 22:45:52 UTC.
Build Command
env DEVELOPER_DIR=/Applications/Xcode-27.0.0-Release.Candidate.app xcrun xcodebuild -IDEClonedSourcePackagesDirPathOverride=$PWD/.dependencies -skipMacroValidation -skipPackagePluginValidation -derivedDataPath $PWD/.derivedData build -scheme scrypt -destination platform=macOS,arch=arm64Build Log
========================================
RunAll
========================================
Builder version: 5.1.0
Interrupt handler set up.
========================================
Checkout
========================================
Clone URL: https://github.com/shamatar/scrypt-cryptoswift.git
Reference: master
Initialized empty Git repository in /Users/admin/builder/spi-builder-workspace/.git/
From https://github.com/shamatar/scrypt-cryptoswift
* branch master -> FETCH_HEAD
* [new branch] master -> origin/master
HEAD is now at e3d8797 gitignore
Cloned https://github.com/shamatar/scrypt-cryptoswift.git
Revision (git rev-parse @):
e3d87976dfe5a9980c52fd3c3edf120fe25f764b
SUCCESS checkout https://github.com/shamatar/scrypt-cryptoswift.git at master
========================================
Build
========================================
Selected platform: macosXcodebuild
Swift version: 6.4
Building package at path: $PWD
https://github.com/shamatar/scrypt-cryptoswift.git
Command line invocation:
/Applications/Xcode-27.0.0-Release.Candidate.app/Contents/Developer/usr/bin/xcodebuild -IDEClonedSourcePackagesDirPathOverride=/Users/admin/builder/spi-builder-workspace/.dependencies -resolvePackageDependencies
resolved source packages:
{
"dependencies" : [
{
"identity" : "cryptoswift",
"requirement" : {
"range" : [
{
"lower_bound" : "0.13.0",
"upper_bound" : "0.14.0"
}
]
},
"type" : "sourceControl",
"url" : "https://github.com/krzyzanowskim/CryptoSwift.git"
}
],
"manifest_display_name" : "scrypt",
"name" : "scrypt",
"path" : "/Users/admin/builder/spi-builder-workspace",
"platforms" : [
],
"products" : [
{
"name" : "scrypt",
"targets" : [
"scrypt"
],
"type" : {
"library" : [
"automatic"
]
}
}
],
"swift_languages_versions" : [
"4",
"4.2"
],
"targets" : [
{
"c99name" : "scrypt",
"module_type" : "SwiftTarget",
"name" : "scrypt",
"path" : "scrypt/Swift",
"product_dependencies" : [
"CryptoSwift"
],
"product_memberships" : [
"scrypt"
],
"sources" : [
"PointerArithmeticsImplimentation.swift",
"Scrypt.swift"
],
"type" : "library"
}
],
"tools_version" : "4.2"
}
{
"project" : {
"configurations" : [
"Debug",
"Release"
],
"name" : "scrypt",
"schemes" : [
"scrypt"
],
"targets" : [
"scrypt",
"scryptTests",
"scryptTestsPerf"
]
}
}
Running build ...
env DEVELOPER_DIR=/Applications/Xcode-27.0.0-Release.Candidate.app xcrun xcodebuild -IDEClonedSourcePackagesDirPathOverride=$PWD/.dependencies -skipMacroValidation -skipPackagePluginValidation -derivedDataPath $PWD/.derivedData build -scheme scrypt -destination platform=macOS,arch=arm64
Command line invocation:
/Applications/Xcode-27.0.0-Release.Candidate.app/Contents/Developer/usr/bin/xcodebuild -IDEClonedSourcePackagesDirPathOverride=/Users/admin/builder/spi-builder-workspace/.dependencies -skipMacroValidation -skipPackagePluginValidation -derivedDataPath /Users/admin/builder/spi-builder-workspace/.derivedData build -scheme scrypt -destination platform=macOS,arch=arm64
ComputePackagePrebuildTargetDependencyGraph
Prepare packages
CreateBuildRequest
SendProjectDescription
CreateBuildOperation
ComputeTargetDependencyGraph
note: Building targets in dependency order
note: Target dependency graph (1 target)
Target 'scrypt' in project 'scrypt' (no dependencies)
GatherProvisioningInputs
CreateBuildDescription
ExecuteExternalTool /Applications/Xcode-27.0.0-Release.Candidate.app/Contents/Developer/Toolchains/XcodeDefault.xctoolchain/usr/bin/clang -v -E -dM -isysroot /Applications/Xcode-27.0.0-Release.Candidate.app/Contents/Developer/Platforms/MacOSX.platform/Developer/SDKs/MacOSX27.0.sdk -x c -c /dev/null
ExecuteExternalTool /Applications/Xcode-27.0.0-Release.Candidate.app/Contents/Developer/Toolchains/XcodeDefault.xctoolchain/usr/bin/clang -v -E -dM -arch arm64 -isysroot /Applications/Xcode-27.0.0-Release.Candidate.app/Contents/Developer/Platforms/MacOSX.platform/Developer/SDKs/MacOSX27.0.sdk -x c -c /dev/null
ExecuteExternalTool /Applications/Xcode-27.0.0-Release.Candidate.app/Contents/Developer/Toolchains/XcodeDefault.xctoolchain/usr/bin/swiftc --version
ExecuteExternalTool /Applications/Xcode-27.0.0-Release.Candidate.app/Contents/Developer/Toolchains/XcodeDefault.xctoolchain/usr/bin/ld -version_details
Build description signature: e1471c0cade9654b8cc3603a5303aa53
Build description path: /Users/admin/builder/spi-builder-workspace/.derivedData/Build/Intermediates.noindex/XCBuildData/e1471c0cade9654b8cc3603a5303aa53.xcbuilddata
/Users/admin/builder/spi-builder-workspace/scrypt.xcodeproj: error: The macOS deployment target 'MACOSX_DEPLOYMENT_TARGET' is set to 10.13, but the range of supported deployment target versions is 12.0 to 27.0.x. (in target 'scrypt' from project 'scrypt')
/Users/admin/builder/spi-builder-workspace/scrypt.xcodeproj: warning: tasks in 'Copy Headers' are delayed by unsandboxed script phases; set ENABLE_USER_SCRIPT_SANDBOXING=YES to enable sandboxing (in target 'scrypt' from project 'scrypt')
2026-09-15 18:45:47.352 xcodebuild[615:3829] [MT] IDERunDestination: Supported platforms for the buildables in the current scheme is empty.
** BUILD FAILED **
The following build commands failed:
Building project scrypt with scheme scrypt
(1 failure)
Command line invocation:
/Applications/Xcode-27.0.0-Release.Candidate.app/Contents/Developer/usr/bin/xcodebuild -IDEClonedSourcePackagesDirPathOverride=/Users/admin/builder/spi-builder-workspace/.dependencies -resolvePackageDependencies
resolved source packages:
{
"dependencies" : [
{
"identity" : "cryptoswift",
"requirement" : {
"range" : [
{
"lower_bound" : "0.13.0",
"upper_bound" : "0.14.0"
}
]
},
"type" : "sourceControl",
"url" : "https://github.com/krzyzanowskim/CryptoSwift.git"
}
],
"manifest_display_name" : "scrypt",
"name" : "scrypt",
"path" : "/Users/admin/builder/spi-builder-workspace",
"platforms" : [
],
"products" : [
{
"name" : "scrypt",
"targets" : [
"scrypt"
],
"type" : {
"library" : [
"automatic"
]
}
}
],
"swift_languages_versions" : [
"4",
"4.2"
],
"targets" : [
{
"c99name" : "scrypt",
"module_type" : "SwiftTarget",
"name" : "scrypt",
"path" : "scrypt/Swift",
"product_dependencies" : [
"CryptoSwift"
],
"product_memberships" : [
"scrypt"
],
"sources" : [
"PointerArithmeticsImplimentation.swift",
"Scrypt.swift"
],
"type" : "library"
}
],
"tools_version" : "4.2"
}
{
"project" : {
"configurations" : [
"Debug",
"Release"
],
"name" : "scrypt",
"schemes" : [
"scrypt"
],
"targets" : [
"scrypt",
"scryptTests",
"scryptTestsPerf"
]
}
}
Running build ...
env DEVELOPER_DIR=/Applications/Xcode-27.0.0-Release.Candidate.app xcrun xcodebuild -IDEClonedSourcePackagesDirPathOverride=$PWD/.dependencies -skipMacroValidation -skipPackagePluginValidation -derivedDataPath $PWD/.derivedData build -scheme scrypt -destination platform=macOS,arch=arm64
Command line invocation:
/Applications/Xcode-27.0.0-Release.Candidate.app/Contents/Developer/usr/bin/xcodebuild -IDEClonedSourcePackagesDirPathOverride=/Users/admin/builder/spi-builder-workspace/.dependencies -skipMacroValidation -skipPackagePluginValidation -derivedDataPath /Users/admin/builder/spi-builder-workspace/.derivedData build -scheme scrypt -destination platform=macOS,arch=arm64
ComputePackagePrebuildTargetDependencyGraph
Prepare packages
CreateBuildRequest
SendProjectDescription
CreateBuildOperation
ComputeTargetDependencyGraph
note: Building targets in dependency order
note: Target dependency graph (1 target)
Target 'scrypt' in project 'scrypt' (no dependencies)
GatherProvisioningInputs
CreateBuildDescription
/Users/admin/builder/spi-builder-workspace/scrypt.xcodeproj: error: The macOS deployment target 'MACOSX_DEPLOYMENT_TARGET' is set to 10.13, but the range of supported deployment target versions is 12.0 to 27.0.x. (in target 'scrypt' from project 'scrypt')
/Users/admin/builder/spi-builder-workspace/scrypt.xcodeproj: warning: tasks in 'Copy Headers' are delayed by unsandboxed script phases; set ENABLE_USER_SCRIPT_SANDBOXING=YES to enable sandboxing (in target 'scrypt' from project 'scrypt')
2026-09-15 18:45:52.040 xcodebuild[633:3990] [MT] IDERunDestination: Supported platforms for the buildables in the current scheme is empty.
** BUILD FAILED **
The following build commands failed:
Building project scrypt with scheme scrypt
(1 failure)
BUILD FAILURE 6.4 macosXcodebuild