Build Information
Failed to build Prefire, reference 5.9.0 (9cca1d), with Swift 6.4 for watchOS using Xcode 27.0 on 29 Sep 2026 02:55:53 UTC.
Build Command
env DEVELOPER_DIR=/Applications/Xcode-27.0.0-Release.Candidate.app xcrun xcodebuild -IDEClonedSourcePackagesDirPathOverride=$PWD/.dependencies -skipMacroValidation -skipPackagePluginValidation -derivedDataPath $PWD/.derivedData build -scheme Prefire-Package -destination generic/platform=watchOSBuild Log
========================================
RunAll
========================================
Builder version: 5.1.0
Interrupt handler set up.
========================================
Checkout
========================================
Clone URL: https://github.com/BarredEwe/Prefire.git
Reference: 5.9.0
Initialized empty Git repository in /Users/admin/builder/spi-builder-workspace/.git/
From https://github.com/BarredEwe/Prefire
* tag 5.9.0 -> FETCH_HEAD
HEAD is now at 9cca1d7 Update version to 5.9.0
Cloned https://github.com/BarredEwe/Prefire.git
Revision (git rev-parse @):
9cca1d7ae05b89d8fd60776792c26e10cd61e680
SUCCESS checkout https://github.com/BarredEwe/Prefire.git at 5.9.0
========================================
Build
========================================
Selected platform: watchOS
Swift version: 6.4
Building package at path: $PWD
https://github.com/BarredEwe/Prefire.git
Command line invocation:
/Applications/Xcode-27.0.0-Release.Candidate.app/Contents/Developer/usr/bin/xcodebuild -IDEClonedSourcePackagesDirPathOverride=/Users/admin/builder/spi-builder-workspace/.dependencies -resolvePackageDependencies
Resolve Package Graph
Resolve Package Graph
Resolve Package Graph
Resolved source packages:
Prefire: /Users/admin/builder/spi-builder-workspace
resolved source packages: Prefire
2026-09-28 22:55:03.729 xcodebuild[525:3011] [MT] IDERunDestination: Supported platforms for the buildables in the current scheme is empty.
{
"dependencies" : [
],
"manifest_display_name" : "Prefire",
"name" : "Prefire",
"path" : "/Users/admin/builder/spi-builder-workspace",
"platforms" : [
{
"name" : "ios",
"version" : "14.0"
},
{
"name" : "macos",
"version" : "13.0"
}
],
"products" : [
{
"name" : "Prefire",
"targets" : [
"Prefire"
],
"type" : {
"library" : [
"automatic"
]
}
},
{
"name" : "PrefirePlaybookPlugin",
"targets" : [
"PrefirePlaybookPlugin"
],
"type" : {
"plugin" : null
}
},
{
"name" : "PrefireTestsPlugin",
"targets" : [
"PrefireTestsPlugin"
],
"type" : {
"plugin" : null
}
},
{
"name" : "prefire",
"targets" : [
"PrefireCLI"
],
"type" : {
"executable" : null
}
}
],
"targets" : [
{
"c99name" : "PrefireTestsPlugin",
"module_type" : "PluginTarget",
"name" : "PrefireTestsPlugin",
"path" : "Plugins/PrefireTestsPlugin",
"plugin_capability" : {
"type" : "buildTool"
},
"product_memberships" : [
"PrefireTestsPlugin"
],
"sources" : [
"Plugin.swift",
"TestedTargetFinder.swift"
],
"target_dependencies" : [
"PrefireBinary"
],
"type" : "plugin"
},
{
"c99name" : "PrefirePlaybookPlugin",
"module_type" : "PluginTarget",
"name" : "PrefirePlaybookPlugin",
"path" : "Plugins/PrefirePlaybookPlugin",
"plugin_capability" : {
"type" : "buildTool"
},
"product_memberships" : [
"PrefirePlaybookPlugin"
],
"sources" : [
"Plugin.swift"
],
"target_dependencies" : [
"PrefireBinary"
],
"type" : "plugin"
},
{
"c99name" : "PrefireCLITests",
"module_type" : "SwiftTarget",
"name" : "PrefireCLITests",
"path" : "Tests/PrefireCLITests",
"sources" : [
"BinaryLocatorTests.swift",
"MacOSSnapshotTests.swift"
],
"target_dependencies" : [
"PrefireCLI",
"Prefire"
],
"type" : "test"
},
{
"c99name" : "PrefireCLI",
"module_type" : "SwiftTarget",
"name" : "PrefireCLI",
"path" : "Sources/PrefireCLI",
"product_memberships" : [
"prefire"
],
"resources" : [
{
"path" : "/Users/admin/builder/spi-builder-workspace/Binaries/PrefireBinary.artifactbundle",
"rule" : {
"copy" : {
}
}
}
],
"sources" : [
"BinaryLocator.swift",
"main.swift"
],
"type" : "executable"
},
{
"c99name" : "PrefireBinary",
"module_type" : "BinaryTarget",
"name" : "PrefireBinary",
"path" : "Binaries/PrefireBinary.artifactbundle",
"product_memberships" : [
"PrefirePlaybookPlugin",
"PrefireTestsPlugin"
],
"sources" : [
],
"type" : "binary"
},
{
"c99name" : "Prefire",
"module_type" : "SwiftTarget",
"name" : "Prefire",
"path" : "Sources/Prefire",
"product_memberships" : [
"Prefire"
],
"sources" : [
"Playbook/LoadingTimeModifier.swift",
"Playbook/PlaybookView.swift",
"Playbook/Scale.swift",
"Playbook/TransformIf.swift",
"Preview/DeviceConfig.swift",
"Preview/PlatformRepresentable.swift",
"Preview/PreferenceKeys.swift",
"Preview/PrefireProvider.swift",
"Preview/PrefireSnapshot.swift",
"Preview/PreviewLayout+Equatable.swift",
"Preview/PreviewModel.swift",
"Preview/View+Prefire.swift"
],
"type" : "library"
}
],
"tools_version" : "6.0"
}
{
"workspace" : {
"name" : "Prefire",
"schemes" : [
"prefire",
"Prefire",
"Prefire-Package"
]
}
}
2026-09-28 22:55:36.310 xcodebuild[631:3880] [MT] IDERunDestination: Supported platforms for the buildables in the current scheme is empty.
Running build ...
env DEVELOPER_DIR=/Applications/Xcode-27.0.0-Release.Candidate.app xcrun xcodebuild -IDEClonedSourcePackagesDirPathOverride=$PWD/.dependencies -skipMacroValidation -skipPackagePluginValidation -derivedDataPath $PWD/.derivedData build -scheme Prefire-Package -destination generic/platform=watchOS
Command line invocation:
/Applications/Xcode-27.0.0-Release.Candidate.app/Contents/Developer/usr/bin/xcodebuild -IDEClonedSourcePackagesDirPathOverride=/Users/admin/builder/spi-builder-workspace/.dependencies -skipMacroValidation -skipPackagePluginValidation -derivedDataPath /Users/admin/builder/spi-builder-workspace/.derivedData build -scheme Prefire-Package -destination generic/platform=watchOS
Resolve Package Graph
Resolve Package Graph
Resolved source packages:
Prefire: /Users/admin/builder/spi-builder-workspace
ComputePackagePrebuildTargetDependencyGraph
Prepare packages
Compile plug-in “PrefirePlaybookPlugin” in package “spi-builder-workspace”
[debug]: Compiling plugin to executable at /Users/admin/builder/spi-builder-workspace/.derivedData/Build/Products/PluginExecutables/PrefirePlaybookPlugin
[debug]: Using compiler /Applications/Xcode-27.0.0-Release.Candidate.app/Contents/Developer/Toolchains/XcodeDefault.xctoolchain/usr/bin/swiftc
[debug]: Plugin compilation output directory '/Users/admin/builder/spi-builder-workspace/.derivedData/Build/Products/PluginExecutables'
[debug]: Computed hash of plugin compilation inputs: 1a3dcc5abb82945c0dd420ebfe00018152cc2345f4768cfe3b9b264b6bee77f5
/Applications/Xcode-27.0.0-Release.Candidate.app/Contents/Developer/Toolchains/XcodeDefault.xctoolchain/usr/bin/swiftc -L /Applications/Xcode-27.0.0-Release.Candidate.app/Contents/SharedFrameworks/SwiftPM.framework/SharedSupport/PluginAPI -lPackagePlugin -Xlinker -rpath -Xlinker /Applications/Xcode-27.0.0-Release.Candidate.app/Contents/SharedFrameworks/SwiftPM.framework/SharedSupport/PluginAPI -target arm64-apple-macos14.0 -plugin-path /Applications/Xcode-27.0.0-Release.Candidate.app/Contents/Developer/Toolchains/XcodeDefault.xctoolchain/usr/lib/swift/host/plugins/testing -sdk /Applications/Xcode-27.0.0-Release.Candidate.app/Contents/Developer/Platforms/MacOSX.platform/Developer/SDKs/MacOSX27.0.sdk -g -swift-version 6 -package-description-version 6.0.0 -I /Applications/Xcode-27.0.0-Release.Candidate.app/Contents/SharedFrameworks/SwiftPM.framework/SharedSupport/PluginAPI -sdk /Applications/Xcode-27.0.0-Release.Candidate.app/Contents/Developer/Platforms/MacOSX.platform/Developer/SDKs/MacOSX27.0.sdk -parse-as-library -j10 -Xfrontend -serialize-diagnostics-path -Xfrontend /Users/admin/builder/spi-builder-workspace/.derivedData/Build/Products/PluginExecutables/PrefireTestsPlugin.dia /Users/admin/builder/spi-builder-workspace/Plugins/PrefireTestsPlugin/Plugin.swift /Users/admin/builder/spi-builder-workspace/Plugins/PrefireTestsPlugin/TestedTargetFinder.swift -o /Users/admin/builder/spi-builder-workspace/.derivedData/Build/Products/PluginExecutables/PrefireTestsPlugin
[debug]: Compiling plugin to executable at /Users/admin/builder/spi-builder-workspace/.derivedData/Build/Products/PluginExecutables/PrefireTestsPlugin
[debug]: Using compiler /Applications/Xcode-27.0.0-Release.Candidate.app/Contents/Developer/Toolchains/XcodeDefault.xctoolchain/usr/bin/swiftc
[debug]: Plugin compilation output directory '/Users/admin/builder/spi-builder-workspace/.derivedData/Build/Products/PluginExecutables'
[debug]: Computed hash of plugin compilation inputs: 358f494f13d41000542c9d37c064f9cf79dc69225f6cbb69112a90e8b998c1e3
Process build tool plug-in results
CreateBuildRequest
SendProjectDescription
CreateBuildOperation
ComputeTargetDependencyGraph
note: Building targets in dependency order
note: Target dependency graph (4 targets)
Target 'prefire-product' in project 'Prefire'
➜ Explicit dependency on target 'Prefire_PrefireCLI' in project 'Prefire'
Target 'Prefire_PrefireCLI' in project 'Prefire' (no dependencies)
Target 'Prefire-product' in project 'Prefire'
➜ Explicit dependency on target 'Prefire' in project 'Prefire'
Target 'Prefire' in project 'Prefire' (no dependencies)
GatherProvisioningInputs
CreateBuildDescription
ExecuteExternalTool /Applications/Xcode-27.0.0-Release.Candidate.app/Contents/Developer/Toolchains/XcodeDefault.xctoolchain/usr/bin/clang -v -E -dM -isysroot /Applications/Xcode-27.0.0-Release.Candidate.app/Contents/Developer/Platforms/WatchOS.platform/Developer/SDKs/WatchOS27.0.sdk -x c -c /dev/null
ExecuteExternalTool /Applications/Xcode-27.0.0-Release.Candidate.app/Contents/Developer/Toolchains/XcodeDefault.xctoolchain/usr/bin/swiftc --version
ExecuteExternalTool /Applications/Xcode-27.0.0-Release.Candidate.app/Contents/Developer/Toolchains/XcodeDefault.xctoolchain/usr/bin/ld -version_details
Build description signature: 6abcec8114abedc097b2211f83d8dd04
Build description path: /Users/admin/builder/spi-builder-workspace/.derivedData/Build/Intermediates.noindex/XCBuildData/6abcec8114abedc097b2211f83d8dd04.xcbuilddata
CreateBuildDirectory /Users/admin/builder/spi-builder-workspace/.derivedData/SDKExplicitPrecompiledModules
cd /Users/admin/builder/spi-builder-workspace/.swiftpm/xcode
builtin-create-build-directory /Users/admin/builder/spi-builder-workspace/.derivedData/SDKExplicitPrecompiledModules
CreateBuildDirectory /Users/admin/builder/spi-builder-workspace/.derivedData/ModuleCache.noindex
cd /Users/admin/builder/spi-builder-workspace/.swiftpm/xcode
builtin-create-build-directory /Users/admin/builder/spi-builder-workspace/.derivedData/ModuleCache.noindex
CreateBuildDirectory /Users/admin/builder/spi-builder-workspace/.derivedData/CompilationCache.noindex
cd /Users/admin/builder/spi-builder-workspace/.swiftpm/xcode
builtin-create-build-directory /Users/admin/builder/spi-builder-workspace/.derivedData/CompilationCache.noindex
CreateBuildDirectory /Users/admin/builder/spi-builder-workspace/.derivedData/Build/Intermediates.noindex
cd /Users/admin/builder/spi-builder-workspace/.swiftpm/xcode
builtin-create-build-directory /Users/admin/builder/spi-builder-workspace/.derivedData/Build/Intermediates.noindex
CreateBuildDirectory /Users/admin/builder/spi-builder-workspace/.derivedData/Build/Products
cd /Users/admin/builder/spi-builder-workspace/.swiftpm/xcode
builtin-create-build-directory /Users/admin/builder/spi-builder-workspace/.derivedData/Build/Products
ClangStatCache /Applications/Xcode-27.0.0-Release.Candidate.app/Contents/Developer/Toolchains/XcodeDefault.xctoolchain/usr/bin/clang-stat-cache /Applications/Xcode-27.0.0-Release.Candidate.app/Contents/Developer/Platforms/WatchOS.platform/Developer/SDKs/WatchOS27.0.sdk /Users/admin/builder/spi-builder-workspace/.derivedData/SDKStatCaches.noindex/watchos27.0-24R360-e829b21a6f8c9b70876ba0858053c04477534ef55a1706bf4c1112bbb242f0a2.sdkstatcache
cd /Users/admin/builder/spi-builder-workspace/.swiftpm/xcode
/Applications/Xcode-27.0.0-Release.Candidate.app/Contents/Developer/Toolchains/XcodeDefault.xctoolchain/usr/bin/clang-stat-cache /Applications/Xcode-27.0.0-Release.Candidate.app/Contents/Developer/Platforms/WatchOS.platform/Developer/SDKs/WatchOS27.0.sdk -o /Users/admin/builder/spi-builder-workspace/.derivedData/SDKStatCaches.noindex/watchos27.0-24R360-e829b21a6f8c9b70876ba0858053c04477534ef55a1706bf4c1112bbb242f0a2.sdkstatcache
CreateBuildDirectory /Users/admin/builder/spi-builder-workspace/.derivedData/Build/Products/Debug-watchos
cd /Users/admin/builder/spi-builder-workspace/.swiftpm/xcode
builtin-create-build-directory /Users/admin/builder/spi-builder-workspace/.derivedData/Build/Products/Debug-watchos
CreateBuildDirectory /Users/admin/builder/spi-builder-workspace/.derivedData/Build/Intermediates.noindex/SwiftExplicitPrecompiledModules
cd /Users/admin/builder/spi-builder-workspace/.swiftpm/xcode
builtin-create-build-directory /Users/admin/builder/spi-builder-workspace/.derivedData/Build/Intermediates.noindex/SwiftExplicitPrecompiledModules
CreateBuildDirectory /Users/admin/builder/spi-builder-workspace/.derivedData/Build/Intermediates.noindex/PrecompiledHeaders
cd /Users/admin/builder/spi-builder-workspace/.swiftpm/xcode
builtin-create-build-directory /Users/admin/builder/spi-builder-workspace/.derivedData/Build/Intermediates.noindex/PrecompiledHeaders
CreateBuildDirectory /Users/admin/builder/spi-builder-workspace/.derivedData/Build/Intermediates.noindex/ExplicitPrecompiledModules
cd /Users/admin/builder/spi-builder-workspace/.swiftpm/xcode
builtin-create-build-directory /Users/admin/builder/spi-builder-workspace/.derivedData/Build/Intermediates.noindex/ExplicitPrecompiledModules
CreateBuildDirectory /Users/admin/builder/spi-builder-workspace/.derivedData/Build/Intermediates.noindex/EagerLinkingTBDs/Debug-watchos
cd /Users/admin/builder/spi-builder-workspace/.swiftpm/xcode
builtin-create-build-directory /Users/admin/builder/spi-builder-workspace/.derivedData/Build/Intermediates.noindex/EagerLinkingTBDs/Debug-watchos
CreateBuildDirectory /Users/admin/builder/spi-builder-workspace/.derivedData/Build/Products/Debug-watchos/PackageFrameworks
cd /Users/admin/builder/spi-builder-workspace/.swiftpm/xcode
builtin-create-build-directory /Users/admin/builder/spi-builder-workspace/.derivedData/Build/Products/Debug-watchos/PackageFrameworks
WriteAuxiliaryFile /Users/admin/builder/spi-builder-workspace/.derivedData/Build/Intermediates.noindex/Prefire.build/Debug-watchos/prefire-p.build/prefire.DependencyMetadataFileList (in target 'prefire-product' from project 'Prefire')
cd /Users/admin/builder/spi-builder-workspace
write-file /Users/admin/builder/spi-builder-workspace/.derivedData/Build/Intermediates.noindex/Prefire.build/Debug-watchos/prefire-p.build/prefire.DependencyMetadataFileList
WriteAuxiliaryFile /Users/admin/builder/spi-builder-workspace/.derivedData/Build/Intermediates.noindex/Prefire.build/Debug-watchos/prefire-p.build/prefire.DependencyStaticMetadataFileList (in target 'prefire-product' from project 'Prefire')
cd /Users/admin/builder/spi-builder-workspace
write-file /Users/admin/builder/spi-builder-workspace/.derivedData/Build/Intermediates.noindex/Prefire.build/Debug-watchos/prefire-p.build/prefire.DependencyStaticMetadataFileList
WriteAuxiliaryFile /Users/admin/builder/spi-builder-workspace/.derivedData/Build/Intermediates.noindex/Prefire.build/Debug-watchos/prefire-p.build/Objects-normal/arm64_32/prefire_const_extract_protocols.json (in target 'prefire-product' from project 'Prefire')
cd /Users/admin/builder/spi-builder-workspace
write-file /Users/admin/builder/spi-builder-workspace/.derivedData/Build/Intermediates.noindex/Prefire.build/Debug-watchos/prefire-p.build/Objects-normal/arm64_32/prefire_const_extract_protocols.json
WriteAuxiliaryFile /Users/admin/builder/spi-builder-workspace/.derivedData/Build/Intermediates.noindex/Prefire.build/Debug-watchos/prefire-p.build/Objects-normal/arm64/prefire.SwiftFileList (in target 'prefire-product' from project 'Prefire')
cd /Users/admin/builder/spi-builder-workspace
write-file /Users/admin/builder/spi-builder-workspace/.derivedData/Build/Intermediates.noindex/Prefire.build/Debug-watchos/prefire-p.build/Objects-normal/arm64/prefire.SwiftFileList
WriteAuxiliaryFile /Users/admin/builder/spi-builder-workspace/.derivedData/Build/Intermediates.noindex/Prefire.build/Debug-watchos/prefire-p.build/Objects-normal/arm64_32/prefire.LinkFileList (in target 'prefire-product' from project 'Prefire')
cd /Users/admin/builder/spi-builder-workspace
write-file /Users/admin/builder/spi-builder-workspace/.derivedData/Build/Intermediates.noindex/Prefire.build/Debug-watchos/prefire-p.build/Objects-normal/arm64_32/prefire.LinkFileList
WriteAuxiliaryFile /Users/admin/builder/spi-builder-workspace/.derivedData/Build/Intermediates.noindex/Prefire.build/Debug-watchos/prefire-p.build/Objects-normal/arm64_32/prefire-OutputFileMap.json (in target 'prefire-product' from project 'Prefire')
cd /Users/admin/builder/spi-builder-workspace
write-file /Users/admin/builder/spi-builder-workspace/.derivedData/Build/Intermediates.noindex/Prefire.build/Debug-watchos/prefire-p.build/Objects-normal/arm64_32/prefire-OutputFileMap.json
WriteAuxiliaryFile /Users/admin/builder/spi-builder-workspace/.derivedData/Build/Intermediates.noindex/Prefire.build/Debug-watchos/prefire-p.build/Objects-normal/arm64/prefire_const_extract_protocols.json (in target 'prefire-product' from project 'Prefire')
cd /Users/admin/builder/spi-builder-workspace
write-file /Users/admin/builder/spi-builder-workspace/.derivedData/Build/Intermediates.noindex/Prefire.build/Debug-watchos/prefire-p.build/Objects-normal/arm64/prefire_const_extract_protocols.json
WriteAuxiliaryFile /Users/admin/builder/spi-builder-workspace/.derivedData/Build/Intermediates.noindex/Prefire.build/Debug-watchos/prefire-p.build/Objects-normal/arm64/prefire.LinkFileList (in target 'prefire-product' from project 'Prefire')
cd /Users/admin/builder/spi-builder-workspace
write-file /Users/admin/builder/spi-builder-workspace/.derivedData/Build/Intermediates.noindex/Prefire.build/Debug-watchos/prefire-p.build/Objects-normal/arm64/prefire.LinkFileList
WriteAuxiliaryFile /Users/admin/builder/spi-builder-workspace/.derivedData/Build/Intermediates.noindex/Prefire.build/Debug-watchos/prefire-p.build/Objects-normal/arm64_32/prefire.SwiftFileList (in target 'prefire-product' from project 'Prefire')
cd /Users/admin/builder/spi-builder-workspace
write-file /Users/admin/builder/spi-builder-workspace/.derivedData/Build/Intermediates.noindex/Prefire.build/Debug-watchos/prefire-p.build/Objects-normal/arm64_32/prefire.SwiftFileList
WriteAuxiliaryFile /Users/admin/builder/spi-builder-workspace/.derivedData/Build/Intermediates.noindex/Prefire.build/Debug-watchos/prefire-p.build/Objects-normal/arm64/prefire-OutputFileMap.json (in target 'prefire-product' from project 'Prefire')
cd /Users/admin/builder/spi-builder-workspace
write-file /Users/admin/builder/spi-builder-workspace/.derivedData/Build/Intermediates.noindex/Prefire.build/Debug-watchos/prefire-p.build/Objects-normal/arm64/prefire-OutputFileMap.json
WriteAuxiliaryFile /Users/admin/builder/spi-builder-workspace/.derivedData/Build/Intermediates.noindex/Prefire.build/Debug-watchos/prefire-p.build/DerivedSources/resource_bundle_accessor.swift (in target 'prefire-product' from project 'Prefire')
cd /Users/admin/builder/spi-builder-workspace
write-file /Users/admin/builder/spi-builder-workspace/.derivedData/Build/Intermediates.noindex/Prefire.build/Debug-watchos/prefire-p.build/DerivedSources/resource_bundle_accessor.swift
WriteAuxiliaryFile /Users/admin/builder/spi-builder-workspace/.derivedData/Build/Intermediates.noindex/Prefire.build/Debug-watchos/Prefire_PrefireCLI-b.build/Prefire_PrefireCLI.DependencyStaticMetadataFileList (in target 'Prefire_PrefireCLI' from project 'Prefire')
cd /Users/admin/builder/spi-builder-workspace
write-file /Users/admin/builder/spi-builder-workspace/.derivedData/Build/Intermediates.noindex/Prefire.build/Debug-watchos/Prefire_PrefireCLI-b.build/Prefire_PrefireCLI.DependencyStaticMetadataFileList
WriteAuxiliaryFile /Users/admin/builder/spi-builder-workspace/.derivedData/Build/Intermediates.noindex/Prefire.build/Debug-watchos/Prefire_PrefireCLI-b.build/Prefire_PrefireCLI.DependencyMetadataFileList (in target 'Prefire_PrefireCLI' from project 'Prefire')
cd /Users/admin/builder/spi-builder-workspace
write-file /Users/admin/builder/spi-builder-workspace/.derivedData/Build/Intermediates.noindex/Prefire.build/Debug-watchos/Prefire_PrefireCLI-b.build/Prefire_PrefireCLI.DependencyMetadataFileList
WriteAuxiliaryFile /Users/admin/builder/spi-builder-workspace/.derivedData/Build/Intermediates.noindex/Prefire.build/Debug-watchos/Prefire_PrefireCLI-b.build/empty-Prefire_PrefireCLI.plist (in target 'Prefire_PrefireCLI' from project 'Prefire')
cd /Users/admin/builder/spi-builder-workspace
write-file /Users/admin/builder/spi-builder-workspace/.derivedData/Build/Intermediates.noindex/Prefire.build/Debug-watchos/Prefire_PrefireCLI-b.build/empty-Prefire_PrefireCLI.plist
WriteAuxiliaryFile /Users/admin/builder/spi-builder-workspace/.derivedData/Build/Intermediates.noindex/Prefire.build/Debug-watchos/Prefire-t.build/Prefire.DependencyStaticMetadataFileList (in target 'Prefire' from project 'Prefire')
cd /Users/admin/builder/spi-builder-workspace
write-file /Users/admin/builder/spi-builder-workspace/.derivedData/Build/Intermediates.noindex/Prefire.build/Debug-watchos/Prefire-t.build/Prefire.DependencyStaticMetadataFileList
WriteAuxiliaryFile /Users/admin/builder/spi-builder-workspace/.derivedData/Build/Intermediates.noindex/Prefire.build/Debug-watchos/Prefire-t.build/Prefire.modulemap (in target 'Prefire' from project 'Prefire')
cd /Users/admin/builder/spi-builder-workspace
write-file /Users/admin/builder/spi-builder-workspace/.derivedData/Build/Intermediates.noindex/Prefire.build/Debug-watchos/Prefire-t.build/Prefire.modulemap
WriteAuxiliaryFile /Users/admin/builder/spi-builder-workspace/.derivedData/Build/Intermediates.noindex/Prefire.build/Debug-watchos/Prefire-t.build/Prefire.DependencyMetadataFileList (in target 'Prefire' from project 'Prefire')
cd /Users/admin/builder/spi-builder-workspace
write-file /Users/admin/builder/spi-builder-workspace/.derivedData/Build/Intermediates.noindex/Prefire.build/Debug-watchos/Prefire-t.build/Prefire.DependencyMetadataFileList
WriteAuxiliaryFile /Users/admin/builder/spi-builder-workspace/.derivedData/Build/Intermediates.noindex/Prefire.build/Debug-watchos/Prefire-t.build/Objects-normal/arm64_32/Prefire.SwiftFileList (in target 'Prefire' from project 'Prefire')
cd /Users/admin/builder/spi-builder-workspace
write-file /Users/admin/builder/spi-builder-workspace/.derivedData/Build/Intermediates.noindex/Prefire.build/Debug-watchos/Prefire-t.build/Objects-normal/arm64_32/Prefire.SwiftFileList
WriteAuxiliaryFile /Users/admin/builder/spi-builder-workspace/.derivedData/Build/Intermediates.noindex/Prefire.build/Debug-watchos/Prefire-t.build/Objects-normal/arm64_32/Prefire.SwiftConstValuesFileList (in target 'Prefire' from project 'Prefire')
cd /Users/admin/builder/spi-builder-workspace
write-file /Users/admin/builder/spi-builder-workspace/.derivedData/Build/Intermediates.noindex/Prefire.build/Debug-watchos/Prefire-t.build/Objects-normal/arm64_32/Prefire.SwiftConstValuesFileList
WriteAuxiliaryFile /Users/admin/builder/spi-builder-workspace/.derivedData/Build/Intermediates.noindex/Prefire.build/Debug-watchos/Prefire-t.build/Objects-normal/arm64_32/Prefire_const_extract_protocols.json (in target 'Prefire' from project 'Prefire')
cd /Users/admin/builder/spi-builder-workspace
write-file /Users/admin/builder/spi-builder-workspace/.derivedData/Build/Intermediates.noindex/Prefire.build/Debug-watchos/Prefire-t.build/Objects-normal/arm64_32/Prefire_const_extract_protocols.json
WriteAuxiliaryFile /Users/admin/builder/spi-builder-workspace/.derivedData/Build/Intermediates.noindex/Prefire.build/Debug-watchos/Prefire-t.build/Objects-normal/arm64_32/Prefire.LinkFileList (in target 'Prefire' from project 'Prefire')
cd /Users/admin/builder/spi-builder-workspace
write-file /Users/admin/builder/spi-builder-workspace/.derivedData/Build/Intermediates.noindex/Prefire.build/Debug-watchos/Prefire-t.build/Objects-normal/arm64_32/Prefire.LinkFileList
WriteAuxiliaryFile /Users/admin/builder/spi-builder-workspace/.derivedData/Build/Intermediates.noindex/Prefire.build/Debug-watchos/Prefire-t.build/Objects-normal/arm64_32/Prefire-OutputFileMap.json (in target 'Prefire' from project 'Prefire')
cd /Users/admin/builder/spi-builder-workspace
write-file /Users/admin/builder/spi-builder-workspace/.derivedData/Build/Intermediates.noindex/Prefire.build/Debug-watchos/Prefire-t.build/Objects-normal/arm64_32/Prefire-OutputFileMap.json
WriteAuxiliaryFile /Users/admin/builder/spi-builder-workspace/.derivedData/Build/Intermediates.noindex/Prefire.build/Debug-watchos/Prefire-t.build/Objects-normal/arm64/Prefire_const_extract_protocols.json (in target 'Prefire' from project 'Prefire')
cd /Users/admin/builder/spi-builder-workspace
write-file /Users/admin/builder/spi-builder-workspace/.derivedData/Build/Intermediates.noindex/Prefire.build/Debug-watchos/Prefire-t.build/Objects-normal/arm64/Prefire_const_extract_protocols.json
WriteAuxiliaryFile /Users/admin/builder/spi-builder-workspace/.derivedData/Build/Intermediates.noindex/Prefire.build/Debug-watchos/Prefire-t.build/Objects-normal/arm64/Prefire.SwiftFileList (in target 'Prefire' from project 'Prefire')
cd /Users/admin/builder/spi-builder-workspace
write-file /Users/admin/builder/spi-builder-workspace/.derivedData/Build/Intermediates.noindex/Prefire.build/Debug-watchos/Prefire-t.build/Objects-normal/arm64/Prefire.SwiftFileList
WriteAuxiliaryFile /Users/admin/builder/spi-builder-workspace/.derivedData/Build/Intermediates.noindex/Prefire.build/Debug-watchos/Prefire-t.build/Objects-normal/arm64/Prefire.SwiftConstValuesFileList (in target 'Prefire' from project 'Prefire')
cd /Users/admin/builder/spi-builder-workspace
write-file /Users/admin/builder/spi-builder-workspace/.derivedData/Build/Intermediates.noindex/Prefire.build/Debug-watchos/Prefire-t.build/Objects-normal/arm64/Prefire.SwiftConstValuesFileList
WriteAuxiliaryFile /Users/admin/builder/spi-builder-workspace/.derivedData/Build/Intermediates.noindex/Prefire.build/Debug-watchos/Prefire-t.build/Objects-normal/arm64/Prefire.LinkFileList (in target 'Prefire' from project 'Prefire')
cd /Users/admin/builder/spi-builder-workspace
write-file /Users/admin/builder/spi-builder-workspace/.derivedData/Build/Intermediates.noindex/Prefire.build/Debug-watchos/Prefire-t.build/Objects-normal/arm64/Prefire.LinkFileList
WriteAuxiliaryFile /Users/admin/builder/spi-builder-workspace/.derivedData/Build/Intermediates.noindex/Prefire.build/Debug-watchos/Prefire-t.build/Objects-normal/arm64/Prefire-OutputFileMap.json (in target 'Prefire' from project 'Prefire')
cd /Users/admin/builder/spi-builder-workspace
write-file /Users/admin/builder/spi-builder-workspace/.derivedData/Build/Intermediates.noindex/Prefire.build/Debug-watchos/Prefire-t.build/Objects-normal/arm64/Prefire-OutputFileMap.json
MkDir /Users/admin/builder/spi-builder-workspace/.derivedData/Build/Products/Debug-watchos/Prefire_PrefireCLI.bundle (in target 'Prefire_PrefireCLI' from project 'Prefire')
cd /Users/admin/builder/spi-builder-workspace
/bin/mkdir -p /Users/admin/builder/spi-builder-workspace/.derivedData/Build/Products/Debug-watchos/Prefire_PrefireCLI.bundle
Copy /Users/admin/builder/spi-builder-workspace/.derivedData/Build/Intermediates.noindex/GeneratedModuleMaps-watchos/Prefire.modulemap /Users/admin/builder/spi-builder-workspace/.derivedData/Build/Intermediates.noindex/Prefire.build/Debug-watchos/Prefire-t.build/Prefire.modulemap (in target 'Prefire' from project 'Prefire')
cd /Users/admin/builder/spi-builder-workspace
builtin-copy -exclude .DS_Store -exclude CVS -exclude .svn -exclude .git -exclude .hg -resolve-src-symlinks /Users/admin/builder/spi-builder-workspace/.derivedData/Build/Intermediates.noindex/Prefire.build/Debug-watchos/Prefire-t.build/Prefire.modulemap /Users/admin/builder/spi-builder-workspace/.derivedData/Build/Intermediates.noindex/GeneratedModuleMaps-watchos
ProcessInfoPlistFile /Users/admin/builder/spi-builder-workspace/.derivedData/Build/Products/Debug-watchos/Prefire_PrefireCLI.bundle/Info.plist /Users/admin/builder/spi-builder-workspace/.derivedData/Build/Intermediates.noindex/Prefire.build/Debug-watchos/Prefire_PrefireCLI-b.build/empty-Prefire_PrefireCLI.plist (in target 'Prefire_PrefireCLI' from project 'Prefire')
cd /Users/admin/builder/spi-builder-workspace
builtin-infoPlistUtility /Users/admin/builder/spi-builder-workspace/.derivedData/Build/Intermediates.noindex/Prefire.build/Debug-watchos/Prefire_PrefireCLI-b.build/empty-Prefire_PrefireCLI.plist -producttype com.apple.product-type.bundle -expandbuildsettings -format binary -platform watchos -o /Users/admin/builder/spi-builder-workspace/.derivedData/Build/Products/Debug-watchos/Prefire_PrefireCLI.bundle/Info.plist
CpResource /Users/admin/builder/spi-builder-workspace/.derivedData/Build/Products/Debug-watchos/Prefire_PrefireCLI.bundle/PrefireBinary.artifactbundle /Users/admin/builder/spi-builder-workspace/Binaries/PrefireBinary.artifactbundle (in target 'Prefire_PrefireCLI' from project 'Prefire')
cd /Users/admin/builder/spi-builder-workspace
builtin-copy -exclude .DS_Store -exclude CVS -exclude .svn -exclude .git -exclude .hg -resolve-src-symlinks /Users/admin/builder/spi-builder-workspace/Binaries/PrefireBinary.artifactbundle /Users/admin/builder/spi-builder-workspace/.derivedData/Build/Products/Debug-watchos/Prefire_PrefireCLI.bundle
RegisterExecutionPolicyException /Users/admin/builder/spi-builder-workspace/.derivedData/Build/Products/Debug-watchos/Prefire_PrefireCLI.bundle (in target 'Prefire_PrefireCLI' from project 'Prefire')
cd /Users/admin/builder/spi-builder-workspace
builtin-RegisterExecutionPolicyException /Users/admin/builder/spi-builder-workspace/.derivedData/Build/Products/Debug-watchos/Prefire_PrefireCLI.bundle
Touch /Users/admin/builder/spi-builder-workspace/.derivedData/Build/Products/Debug-watchos/Prefire_PrefireCLI.bundle (in target 'Prefire_PrefireCLI' from project 'Prefire')
cd /Users/admin/builder/spi-builder-workspace
/usr/bin/touch -c /Users/admin/builder/spi-builder-workspace/.derivedData/Build/Products/Debug-watchos/Prefire_PrefireCLI.bundle
SwiftDriver Prefire normal arm64_32 com.apple.xcode.tools.swift.compiler (in target 'Prefire' from project 'Prefire')
cd /Users/admin/builder/spi-builder-workspace/.swiftpm/xcode
builtin-SwiftDriver -- /Applications/Xcode-27.0.0-Release.Candidate.app/Contents/Developer/Toolchains/XcodeDefault.xctoolchain/usr/bin/swiftc -parse-as-library -module-name Prefire -Onone @/Users/admin/builder/spi-builder-workspace/.derivedData/Build/Intermediates.noindex/Prefire.build/Debug-watchos/Prefire-t.build/Objects-normal/arm64_32/Prefire.SwiftFileList -DSWIFT_PACKAGE -DDEBUG -DSWIFT_MODULE_RESOURCE_BUNDLE_UNAVAILABLE -DXcode -plugin-path /Applications/Xcode-27.0.0-Release.Candidate.app/Contents/Developer/Toolchains/XcodeDefault.xctoolchain/usr/lib/swift/host/plugins/testing -enable-experimental-feature DebugDescriptionMacro -sdk /Applications/Xcode-27.0.0-Release.Candidate.app/Contents/Developer/Platforms/WatchOS.platform/Developer/SDKs/WatchOS27.0.sdk -target arm64_32-apple-watchos9.0 -g -module-cache-path /Users/admin/builder/spi-builder-workspace/.derivedData/ModuleCache.noindex -Xfrontend -serialize-debugging-options -profile-coverage-mapping -profile-generate -enable-testing -index-store-path /Users/admin/builder/spi-builder-workspace/.derivedData/Index.noindex/DataStore -Xcc -D_LIBCPP_HARDENING_MODE\=_LIBCPP_HARDENING_MODE_DEBUG -swift-version 6 -I /Users/admin/builder/spi-builder-workspace/.derivedData/Build/Products/Debug-watchos -Isystem /Applications/Xcode-27.0.0-Release.Candidate.app/Contents/Developer/Platforms/WatchOS.platform/Developer/usr/lib -F /Users/admin/builder/spi-builder-workspace/.derivedData/Build/Products/Debug-watchos -F /Applications/Xcode-27.0.0-Release.Candidate.app/Contents/Developer/Platforms/WatchOS.platform/Developer/Library/Frameworks -F /Applications/Xcode-27.0.0-Release.Candidate.app/Contents/Developer/Platforms/WatchOS.platform/Developer/SDKs/WatchOS27.0.sdk/Developer/Library/Frameworks -c -j10 -enable-batch-mode -incremental -Xcc -ivfsstatcache -Xcc /Users/admin/builder/spi-builder-workspace/.derivedData/SDKStatCaches.noindex/watchos27.0-24R360-e829b21a6f8c9b70876ba0858053c04477534ef55a1706bf4c1112bbb242f0a2.sdkstatcache -output-file-map /Users/admin/builder/spi-builder-workspace/.derivedData/Build/Intermediates.noindex/Prefire.build/Debug-watchos/Prefire-t.build/Objects-normal/arm64_32/Prefire-OutputFileMap.json -save-temps -no-color-diagnostics -explicit-module-build -module-cache-path /Users/admin/builder/spi-builder-workspace/.derivedData/Build/Intermediates.noindex/SwiftExplicitPrecompiledModules -clang-scanner-module-cache-path /Users/admin/builder/spi-builder-workspace/.derivedData/ModuleCache.noindex -sdk-module-cache-path /Users/admin/builder/spi-builder-workspace/.derivedData/SDKExplicitPrecompiledModules -emit-dependencies -emit-module -emit-module-path /Users/admin/builder/spi-builder-workspace/.derivedData/Build/Intermediates.noindex/Prefire.build/Debug-watchos/Prefire-t.build/Objects-normal/arm64_32/Prefire.swiftmodule -serialize-diagnostics -dependency-scan-serialize-diagnostics-path /Users/admin/builder/spi-builder-workspace/.derivedData/Build/Intermediates.noindex/Prefire.build/Debug-watchos/Prefire-t.build/Objects-normal/arm64_32/Prefire-dependency-scan.dia -validate-clang-modules-once -clang-build-session-file /Users/admin/builder/spi-builder-workspace/.derivedData/ModuleCache.noindex/Session.modulevalidation -Xcc -fmodules-prune-interval\=86400 -Xcc -fmodules-prune-after\=345600 -package-name spi_builder_workspace -emit-const-values -const-gather-protocols-list /Users/admin/builder/spi-builder-workspace/.derivedData/Build/Intermediates.noindex/Prefire.build/Debug-watchos/Prefire-t.build/Objects-normal/arm64_32/Prefire_const_extract_protocols.json -Xcc -I/Users/admin/builder/spi-builder-workspace/.derivedData/Build/Products/Debug-watchos/include -Xcc -I/Users/admin/builder/spi-builder-workspace/.derivedData/Build/Intermediates.noindex/Prefire.build/Debug-watchos/Prefire-t.build/DerivedSources-normal/arm64_32 -Xcc -I/Users/admin/builder/spi-builder-workspace/.derivedData/Build/Intermediates.noindex/Prefire.build/Debug-watchos/Prefire-t.build/DerivedSources/arm64_32 -Xcc -I/Users/admin/builder/spi-builder-workspace/.derivedData/Build/Intermediates.noindex/Prefire.build/Debug-watchos/Prefire-t.build/DerivedSources -Xcc -DSWIFT_PACKAGE -Xcc -DDEBUG\=1 -emit-objc-header -emit-objc-header-path /Users/admin/builder/spi-builder-workspace/.derivedData/Build/Intermediates.noindex/Prefire.build/Debug-watchos/Prefire-t.build/Objects-normal/arm64_32/Prefire-Swift.h -working-directory /Users/admin/builder/spi-builder-workspace/.swiftpm/xcode -experimental-emit-module-separately -disable-cmo
SwiftDriver prefire normal arm64_32 com.apple.xcode.tools.swift.compiler (in target 'prefire-product' from project 'Prefire')
cd /Users/admin/builder/spi-builder-workspace/.swiftpm/xcode
builtin-SwiftDriver -- /Applications/Xcode-27.0.0-Release.Candidate.app/Contents/Developer/Toolchains/XcodeDefault.xctoolchain/usr/bin/swiftc -module-name PrefireCLI -Onone @/Users/admin/builder/spi-builder-workspace/.derivedData/Build/Intermediates.noindex/Prefire.build/Debug-watchos/prefire-p.build/Objects-normal/arm64_32/prefire.SwiftFileList -DSWIFT_PACKAGE -DDEBUG -DSWIFT_MODULE_RESOURCE_BUNDLE_AVAILABLE -DXcode -plugin-path /Applications/Xcode-27.0.0-Release.Candidate.app/Contents/Developer/Toolchains/XcodeDefault.xctoolchain/usr/lib/swift/host/plugins/testing -enable-experimental-feature DebugDescriptionMacro -sdk /Applications/Xcode-27.0.0-Release.Candidate.app/Contents/Developer/Platforms/WatchOS.platform/Developer/SDKs/WatchOS27.0.sdk -target arm64_32-apple-watchos9.0 -g -module-cache-path /Users/admin/builder/spi-builder-workspace/.derivedData/ModuleCache.noindex -Xfrontend -serialize-debugging-options -profile-coverage-mapping -profile-generate -enable-testing -index-store-path /Users/admin/builder/spi-builder-workspace/.derivedData/Index.noindex/DataStore -Xcc -D_LIBCPP_HARDENING_MODE\=_LIBCPP_HARDENING_MODE_DEBUG -swift-version 6 -I /Users/admin/builder/spi-builder-workspace/.derivedData/Build/Products/Debug-watchos -Isystem /Applications/Xcode-27.0.0-Release.Candidate.app/Contents/Developer/Platforms/WatchOS.platform/Developer/usr/lib -F /Users/admin/builder/spi-builder-workspace/.derivedData/Build/Products/Debug-watchos -F /Applications/Xcode-27.0.0-Release.Candidate.app/Contents/Developer/Platforms/WatchOS.platform/Developer/Library/Frameworks -F /Applications/Xcode-27.0.0-Release.Candidate.app/Contents/Developer/Platforms/WatchOS.platform/Developer/SDKs/WatchOS27.0.sdk/Developer/Library/Frameworks -c -j10 -enable-batch-mode -incremental -Xcc -ivfsstatcache -Xcc /Users/admin/builder/spi-builder-workspace/.derivedData/SDKStatCaches.noindex/watchos27.0-24R360-e829b21a6f8c9b70876ba0858053c04477534ef55a1706bf4c1112bbb242f0a2.sdkstatcache -output-file-map /Users/admin/builder/spi-builder-workspace/.derivedData/Build/Intermediates.noindex/Prefire.build/Debug-watchos/prefire-p.build/Objects-normal/arm64_32/prefire-OutputFileMap.json -save-temps -no-color-diagnostics -explicit-module-build -module-cache-path /Users/admin/builder/spi-builder-workspace/.derivedData/Build/Intermediates.noindex/SwiftExplicitPrecompiledModules -clang-scanner-module-cache-path /Users/admin/builder/spi-builder-workspace/.derivedData/ModuleCache.noindex -sdk-module-cache-path /Users/admin/builder/spi-builder-workspace/.derivedData/SDKExplicitPrecompiledModules -emit-dependencies -emit-module -emit-module-path /Users/admin/builder/spi-builder-workspace/.derivedData/Build/Intermediates.noindex/Prefire.build/Debug-watchos/prefire-p.build/Objects-normal/arm64_32/PrefireCLI.swiftmodule -serialize-diagnostics -dependency-scan-serialize-diagnostics-path /Users/admin/builder/spi-builder-workspace/.derivedData/Build/Intermediates.noindex/Prefire.build/Debug-watchos/prefire-p.build/Objects-normal/arm64_32/PrefireCLI-dependency-scan.dia -validate-clang-modules-once -clang-build-session-file /Users/admin/builder/spi-builder-workspace/.derivedData/ModuleCache.noindex/Session.modulevalidation -Xcc -fmodules-prune-interval\=86400 -Xcc -fmodules-prune-after\=345600 -package-name spi_builder_workspace -emit-const-values -const-gather-protocols-list /Users/admin/builder/spi-builder-workspace/.derivedData/Build/Intermediates.noindex/Prefire.build/Debug-watchos/prefire-p.build/Objects-normal/arm64_32/prefire_const_extract_protocols.json -Xcc -I/Users/admin/builder/spi-builder-workspace/.derivedData/Build/Products/Debug-watchos/include -Xcc -I/Users/admin/builder/spi-builder-workspace/.derivedData/Build/Intermediates.noindex/Prefire.build/Debug-watchos/prefire-p.build/DerivedSources-normal/arm64_32 -Xcc -I/Users/admin/builder/spi-builder-workspace/.derivedData/Build/Intermediates.noindex/Prefire.build/Debug-watchos/prefire-p.build/DerivedSources/arm64_32 -Xcc -I/Users/admin/builder/spi-builder-workspace/.derivedData/Build/Intermediates.noindex/Prefire.build/Debug-watchos/prefire-p.build/DerivedSources -Xcc -DSWIFT_PACKAGE -Xcc -DDEBUG\=1 -working-directory /Users/admin/builder/spi-builder-workspace/.swiftpm/xcode -experimental-emit-module-separately -disable-cmo
SwiftDriver prefire normal arm64 com.apple.xcode.tools.swift.compiler (in target 'prefire-product' from project 'Prefire')
cd /Users/admin/builder/spi-builder-workspace/.swiftpm/xcode
builtin-SwiftDriver -- /Applications/Xcode-27.0.0-Release.Candidate.app/Contents/Developer/Toolchains/XcodeDefault.xctoolchain/usr/bin/swiftc -module-name PrefireCLI -Onone @/Users/admin/builder/spi-builder-workspace/.derivedData/Build/Intermediates.noindex/Prefire.build/Debug-watchos/prefire-p.build/Objects-normal/arm64/prefire.SwiftFileList -DSWIFT_PACKAGE -DDEBUG -DSWIFT_MODULE_RESOURCE_BUNDLE_AVAILABLE -DXcode -plugin-path /Applications/Xcode-27.0.0-Release.Candidate.app/Contents/Developer/Toolchains/XcodeDefault.xctoolchain/usr/lib/swift/host/plugins/testing -enable-experimental-feature DebugDescriptionMacro -sdk /Applications/Xcode-27.0.0-Release.Candidate.app/Contents/Developer/Platforms/WatchOS.platform/Developer/SDKs/WatchOS27.0.sdk -target arm64-apple-watchos9.0 -g -module-cache-path /Users/admin/builder/spi-builder-workspace/.derivedData/ModuleCache.noindex -Xfrontend -serialize-debugging-options -profile-coverage-mapping -profile-generate -enable-testing -index-store-path /Users/admin/builder/spi-builder-workspace/.derivedData/Index.noindex/DataStore -Xcc -D_LIBCPP_HARDENING_MODE\=_LIBCPP_HARDENING_MODE_DEBUG -swift-version 6 -I /Users/admin/builder/spi-builder-workspace/.derivedData/Build/Products/Debug-watchos -Isystem /Applications/Xcode-27.0.0-Release.Candidate.app/Contents/Developer/Platforms/WatchOS.platform/Developer/usr/lib -F /Users/admin/builder/spi-builder-workspace/.derivedData/Build/Products/Debug-watchos -F /Applications/Xcode-27.0.0-Release.Candidate.app/Contents/Developer/Platforms/WatchOS.platform/Developer/Library/Frameworks -F /Applications/Xcode-27.0.0-Release.Candidate.app/Contents/Developer/Platforms/WatchOS.platform/Developer/SDKs/WatchOS27.0.sdk/Developer/Library/Frameworks -c -j10 -enable-batch-mode -incremental -Xcc -ivfsstatcache -Xcc /Users/admin/builder/spi-builder-workspace/.derivedData/SDKStatCaches.noindex/watchos27.0-24R360-e829b21a6f8c9b70876ba0858053c04477534ef55a1706bf4c1112bbb242f0a2.sdkstatcache -output-file-map /Users/admin/builder/spi-builder-workspace/.derivedData/Build/Intermediates.noindex/Prefire.build/Debug-watchos/prefire-p.build/Objects-normal/arm64/prefire-OutputFileMap.json -save-temps -no-color-diagnostics -explicit-module-build -module-cache-path /Users/admin/builder/spi-builder-workspace/.derivedData/Build/Intermediates.noindex/SwiftExplicitPrecompiledModules -clang-scanner-module-cache-path /Users/admin/builder/spi-builder-workspace/.derivedData/ModuleCache.noindex -sdk-module-cache-path /Users/admin/builder/spi-builder-workspace/.derivedData/SDKExplicitPrecompiledModules -emit-dependencies -emit-module -emit-module-path /Users/admin/builder/spi-builder-workspace/.derivedData/Build/Intermediates.noindex/Prefire.build/Debug-watchos/prefire-p.build/Objects-normal/arm64/PrefireCLI.swiftmodule -serialize-diagnostics -dependency-scan-serialize-diagnostics-path /Users/admin/builder/spi-builder-workspace/.derivedData/Build/Intermediates.noindex/Prefire.build/Debug-watchos/prefire-p.build/Objects-normal/arm64/PrefireCLI-dependency-scan.dia -validate-clang-modules-once -clang-build-session-file /Users/admin/builder/spi-builder-workspace/.derivedData/ModuleCache.noindex/Session.modulevalidation -Xcc -fmodules-prune-interval\=86400 -Xcc -fmodules-prune-after\=345600 -package-name spi_builder_workspace -emit-const-values -const-gather-protocols-list /Users/admin/builder/spi-builder-workspace/.derivedData/Build/Intermediates.noindex/Prefire.build/Debug-watchos/prefire-p.build/Objects-normal/arm64/prefire_const_extract_protocols.json -Xcc -I/Users/admin/builder/spi-builder-workspace/.derivedData/Build/Products/Debug-watchos/include -Xcc -I/Users/admin/builder/spi-builder-workspace/.derivedData/Build/Intermediates.noindex/Prefire.build/Debug-watchos/prefire-p.build/DerivedSources-normal/arm64 -Xcc -I/Users/admin/builder/spi-builder-workspace/.derivedData/Build/Intermediates.noindex/Prefire.build/Debug-watchos/prefire-p.build/DerivedSources/arm64 -Xcc -I/Users/admin/builder/spi-builder-workspace/.derivedData/Build/Intermediates.noindex/Prefire.build/Debug-watchos/prefire-p.build/DerivedSources -Xcc -DSWIFT_PACKAGE -Xcc -DDEBUG\=1 -working-directory /Users/admin/builder/spi-builder-workspace/.swiftpm/xcode -experimental-emit-module-separately -disable-cmo
SwiftDriver Prefire normal arm64 com.apple.xcode.tools.swift.compiler (in target 'Prefire' from project 'Prefire')
cd /Users/admin/builder/spi-builder-workspace/.swiftpm/xcode
builtin-SwiftDriver -- /Applications/Xcode-27.0.0-Release.Candidate.app/Contents/Developer/Toolchains/XcodeDefault.xctoolchain/usr/bin/swiftc -parse-as-library -module-name Prefire -Onone @/Users/admin/builder/spi-builder-workspace/.derivedData/Build/Intermediates.noindex/Prefire.build/Debug-watchos/Prefire-t.build/Objects-normal/arm64/Prefire.SwiftFileList -DSWIFT_PACKAGE -DDEBUG -DSWIFT_MODULE_RESOURCE_BUNDLE_UNAVAILABLE -DXcode -plugin-path /Applications/Xcode-27.0.0-Release.Candidate.app/Contents/Developer/Toolchains/XcodeDefault.xctoolchain/usr/lib/swift/host/plugins/testing -enable-experimental-feature DebugDescriptionMacro -sdk /Applications/Xcode-27.0.0-Release.Candidate.app/Contents/Developer/Platforms/WatchOS.platform/Developer/SDKs/WatchOS27.0.sdk -target arm64-apple-watchos9.0 -g -module-cache-path /Users/admin/builder/spi-builder-workspace/.derivedData/ModuleCache.noindex -Xfrontend -serialize-debugging-options -profile-coverage-mapping -profile-generate -enable-testing -index-store-path /Users/admin/builder/spi-builder-workspace/.derivedData/Index.noindex/DataStore -Xcc -D_LIBCPP_HARDENING_MODE\=_LIBCPP_HARDENING_MODE_DEBUG -swift-version 6 -I /Users/admin/builder/spi-builder-workspace/.derivedData/Build/Products/Debug-watchos -Isystem /Applications/Xcode-27.0.0-Release.Candidate.app/Contents/Developer/Platforms/WatchOS.platform/Developer/usr/lib -F /Users/admin/builder/spi-builder-workspace/.derivedData/Build/Products/Debug-watchos -F /Applications/Xcode-27.0.0-Release.Candidate.app/Contents/Developer/Platforms/WatchOS.platform/Developer/Library/Frameworks -F /Applications/Xcode-27.0.0-Release.Candidate.app/Contents/Developer/Platforms/WatchOS.platform/Developer/SDKs/WatchOS27.0.sdk/Developer/Library/Frameworks -c -j10 -enable-batch-mode -incremental -Xcc -ivfsstatcache -Xcc /Users/admin/builder/spi-builder-workspace/.derivedData/SDKStatCaches.noindex/watchos27.0-24R360-e829b21a6f8c9b70876ba0858053c04477534ef55a1706bf4c1112bbb242f0a2.sdkstatcache -output-file-map /Users/admin/builder/spi-builder-workspace/.derivedData/Build/Intermediates.noindex/Prefire.build/Debug-watchos/Prefire-t.build/Objects-normal/arm64/Prefire-OutputFileMap.json -save-temps -no-color-diagnostics -explicit-module-build -module-cache-path /Users/admin/builder/spi-builder-workspace/.derivedData/Build/Intermediates.noindex/SwiftExplicitPrecompiledModules -clang-scanner-module-cache-path /Users/admin/builder/spi-builder-workspace/.derivedData/ModuleCache.noindex -sdk-module-cache-path /Users/admin/builder/spi-builder-workspace/.derivedData/SDKExplicitPrecompiledModules -emit-dependencies -emit-module -emit-module-path /Users/admin/builder/spi-builder-workspace/.derivedData/Build/Intermediates.noindex/Prefire.build/Debug-watchos/Prefire-t.build/Objects-normal/arm64/Prefire.swiftmodule -serialize-diagnostics -dependency-scan-serialize-diagnostics-path /Users/admin/builder/spi-builder-workspace/.derivedData/Build/Intermediates.noindex/Prefire.build/Debug-watchos/Prefire-t.build/Objects-normal/arm64/Prefire-dependency-scan.dia -validate-clang-modules-once -clang-build-session-file /Users/admin/builder/spi-builder-workspace/.derivedData/ModuleCache.noindex/Session.modulevalidation -Xcc -fmodules-prune-interval\=86400 -Xcc -fmodules-prune-after\=345600 -package-name spi_builder_workspace -emit-const-values -const-gather-protocols-list /Users/admin/builder/spi-builder-workspace/.derivedData/Build/Intermediates.noindex/Prefire.build/Debug-watchos/Prefire-t.build/Objects-normal/arm64/Prefire_const_extract_protocols.json -Xcc -I/Users/admin/builder/spi-builder-workspace/.derivedData/Build/Products/Debug-watchos/include -Xcc -I/Users/admin/builder/spi-builder-workspace/.derivedData/Build/Intermediates.noindex/Prefire.build/Debug-watchos/Prefire-t.build/DerivedSources-normal/arm64 -Xcc -I/Users/admin/builder/spi-builder-workspace/.derivedData/Build/Intermediates.noindex/Prefire.build/Debug-watchos/Prefire-t.build/DerivedSources/arm64 -Xcc -I/Users/admin/builder/spi-builder-workspace/.derivedData/Build/Intermediates.noindex/Prefire.build/Debug-watchos/Prefire-t.build/DerivedSources -Xcc -DSWIFT_PACKAGE -Xcc -DDEBUG\=1 -emit-objc-header -emit-objc-header-path /Users/admin/builder/spi-builder-workspace/.derivedData/Build/Intermediates.noindex/Prefire.build/Debug-watchos/Prefire-t.build/Objects-normal/arm64/Prefire-Swift.h -working-directory /Users/admin/builder/spi-builder-workspace/.swiftpm/xcode -experimental-emit-module-separately -disable-cmo
SwiftExplicitDependencyGeneratePcm arm64 /Users/admin/builder/spi-builder-workspace/.derivedData/SDKExplicitPrecompiledModules/_Builtin_stdbool-B692L2PMR118794VVYBG37897.pcm
SwiftExplicitDependencyGeneratePcm arm64 /Users/admin/builder/spi-builder-workspace/.derivedData/SDKExplicitPrecompiledModules/_SwiftConcurrencyShims-CTPSFSTDCBVSSQFHL6I305U72.pcm
SwiftExplicitDependencyGeneratePcm arm64 /Users/admin/builder/spi-builder-workspace/.derivedData/SDKExplicitPrecompiledModules/ptrcheck-8K07997SIHO7YGY7UQ3LOQ3TJ.pcm
SwiftExplicitDependencyGeneratePcm arm64 /Users/admin/builder/spi-builder-workspace/.derivedData/SDKExplicitPrecompiledModules/_Builtin_stddef-5OH846KKUPSJJT7GCX9XU1TKG.pcm
SwiftExplicitDependencyGeneratePcm arm64_32 /Users/admin/builder/spi-builder-workspace/.derivedData/SDKExplicitPrecompiledModules/_Builtin_stdbool-84ZA1VDW90AGWZ2LF5KOCM8DZ.pcm
SwiftExplicitDependencyGeneratePcm arm64_32 /Users/admin/builder/spi-builder-workspace/.derivedData/SDKExplicitPrecompiledModules/_Builtin_stddef-2F9BFIPBQ5EWNSK5G7G7V4EKL.pcm
SwiftExplicitDependencyGeneratePcm arm64_32 /Users/admin/builder/spi-builder-workspace/.derivedData/SDKExplicitPrecompiledModules/SwiftShims-D9VBB138U50XYYGW2C2V21N3L.pcm
SwiftExplicitDependencyGeneratePcm arm64 /Users/admin/builder/spi-builder-workspace/.derivedData/SDKExplicitPrecompiledModules/_AvailabilityInternal-42EVAC8Q6P1ZT6G3A168N97G4.pcm
SwiftExplicitDependencyGeneratePcm arm64_32 /Users/admin/builder/spi-builder-workspace/.derivedData/SDKExplicitPrecompiledModules/_SwiftConcurrencyShims-58G4ISYSYDV3AT1DDGEE0QCUF.pcm
SwiftExplicitDependencyGeneratePcm arm64_32 /Users/admin/builder/spi-builder-workspace/.derivedData/SDKExplicitPrecompiledModules/ptrcheck-EAZ3I917ZFA9H6ZCL6PGLG4TR.pcm
SwiftExplicitDependencyGeneratePcm arm64_32 /Users/admin/builder/spi-builder-workspace/.derivedData/SDKExplicitPrecompiledModules/_Builtin_float-372PLGDQ1U3B6Z5EA5DJMDORJ.pcm
SwiftExplicitDependencyGeneratePcm arm64_32 /Users/admin/builder/spi-builder-workspace/.derivedData/SDKExplicitPrecompiledModules/ptrauth-EW7YZZ7LEZE1QZF2T8148IPSA.pcm
SwiftExplicitDependencyGeneratePcm arm64_32 /Users/admin/builder/spi-builder-workspace/.derivedData/SDKExplicitPrecompiledModules/_Builtin_stdarg-EYJP6DFYQL9GJLH1TJ84A8MHV.pcm
SwiftExplicitDependencyGeneratePcm arm64 /Users/admin/builder/spi-builder-workspace/.derivedData/SDKExplicitPrecompiledModules/SwiftShims-AJ4AZYHQNC33R5RLN7AGEIOMP.pcm
SwiftExplicitDependencyGeneratePcm arm64 /Users/admin/builder/spi-builder-workspace/.derivedData/SDKExplicitPrecompiledModules/ptrauth-C7VQASAJ967Q4Q6SRD4I3CFWZ.pcm
SwiftExplicitDependencyGeneratePcm arm64 /Users/admin/builder/spi-builder-workspace/.derivedData/SDKExplicitPrecompiledModules/_Builtin_float-E4M4A8689VXF1T7P7BV56IKBT.pcm
SwiftExplicitDependencyGeneratePcm arm64_32 /Users/admin/builder/spi-builder-workspace/.derivedData/SDKExplicitPrecompiledModules/_AvailabilityInternal-22ZP1ILSQW16KHXZS5GBZHOCS.pcm
SwiftExplicitDependencyGeneratePcm arm64 /Users/admin/builder/spi-builder-workspace/.derivedData/SDKExplicitPrecompiledModules/_Builtin_stdarg-3X4KLXUYEI0UGBILP4X7D0CYW.pcm
SwiftExplicitDependencyGeneratePcm arm64 /Users/admin/builder/spi-builder-workspace/.derivedData/SDKExplicitPrecompiledModules/_DarwinFoundation1-7YQ9TVI7XTOGQU9OADRXP33D1.pcm
SwiftExplicitDependencyGeneratePcm arm64_32 /Users/admin/builder/spi-builder-workspace/.derivedData/SDKExplicitPrecompiledModules/_DarwinFoundation1-5SNIO0SFHX9KJZTLQGIPAPXUZ.pcm
SwiftExplicitDependencyGeneratePcm arm64 /Users/admin/builder/spi-builder-workspace/.derivedData/SDKExplicitPrecompiledModules/_DarwinFoundation2-CUPL4FH2SA95GMALQP4M6O8UA.pcm
SwiftExplicitDependencyGeneratePcm arm64 /Users/admin/builder/spi-builder-workspace/.derivedData/SDKExplicitPrecompiledModules/_Builtin_limits-75TRA1C7IHYOFCG3KJXQVTHJ4.pcm
SwiftExplicitDependencyGeneratePcm arm64_32 /Users/admin/builder/spi-builder-workspace/.derivedData/SDKExplicitPrecompiledModules/_Builtin_limits-AQMEC9CLG0FZQN6TLGDQ6WF78.pcm
SwiftExplicitDependencyGeneratePcm arm64_32 /Users/admin/builder/spi-builder-workspace/.derivedData/SDKExplicitPrecompiledModules/_DarwinFoundation2-FP2Q8F1Q2HR151SBYKTU6Q8B.pcm
SwiftExplicitDependencyGeneratePcm arm64 /Users/admin/builder/spi-builder-workspace/.derivedData/SDKExplicitPrecompiledModules/sys_types-9KPVYINL86WUSHF45TU8PWZZ1.pcm
SwiftExplicitDependencyGeneratePcm arm64 /Users/admin/builder/spi-builder-workspace/.derivedData/SDKExplicitPrecompiledModules/string_h-4N9Z22C0HUO8GV7GFPCLZRZA2.pcm
SwiftExplicitDependencyGeneratePcm arm64 /Users/admin/builder/spi-builder-workspace/.derivedData/SDKExplicitPrecompiledModules/_Builtin_stdint-6TUACK4YPMARFT56PLIO388SJ.pcm
SwiftExplicitDependencyGeneratePcm arm64_32 /Users/admin/builder/spi-builder-workspace/.derivedData/SDKExplicitPrecompiledModules/sys_types-65NN51P1G7GN2GUAUPC53JJ7N.pcm
SwiftExplicitDependencyGeneratePcm arm64_32 /Users/admin/builder/spi-builder-workspace/.derivedData/SDKExplicitPrecompiledModules/string_h-8QY7P4ZQXQAF14WVDITTM4R70.pcm
SwiftExplicitDependencyGeneratePcm arm64_32 /Users/admin/builder/spi-builder-workspace/.derivedData/SDKExplicitPrecompiledModules/_Builtin_stdint-6IWJLTRH2WB6RCG4THPA65RDS.pcm
SwiftExplicitDependencyGeneratePcm arm64 /Users/admin/builder/spi-builder-workspace/.derivedData/SDKExplicitPrecompiledModules/_DarwinFoundation3-EJXZKD8LN9EYM9OWP9VLJ49PK.pcm
SwiftExplicitDependencyGeneratePcm arm64_32 /Users/admin/builder/spi-builder-workspace/.derivedData/SDKExplicitPrecompiledModules/_DarwinFoundation3-3YOBOPIW2MF1LRNQH7JBUBY4G.pcm
SwiftExplicitDependencyGeneratePcm arm64 /Users/admin/builder/spi-builder-workspace/.derivedData/SDKExplicitPrecompiledModules/DeveloperToolsSupport-CL5QT3CW0ZM498PFTWG64QMLA.pcm
SwiftExplicitDependencyGeneratePcm arm64 /Users/admin/builder/spi-builder-workspace/.derivedData/SDKExplicitPrecompiledModules/_Builtin_intrinsics-SQV576LJA0QE7RW5HF7CQ1BX.pcm
SwiftExplicitDependencyGeneratePcm arm64 /Users/admin/builder/spi-builder-workspace/.derivedData/SDKExplicitPrecompiledModules/_Builtin_stdatomic-25T9UW3XDYID74302F31PX0RP.pcm
SwiftExplicitDependencyGeneratePcm arm64 /Users/admin/builder/spi-builder-workspace/.derivedData/SDKExplicitPrecompiledModules/_Builtin_tgmath-7JP2AE1NQHA1DV5JYP2OHQ3BF.pcm
SwiftExplicitDependencyGeneratePcm arm64_32 /Users/admin/builder/spi-builder-workspace/.derivedData/SDKExplicitPrecompiledModules/DeveloperToolsSupport-3FQKKPF3BW0SWE1YUZ86OZWIB.pcm
SwiftExplicitDependencyGeneratePcm arm64_32 /Users/admin/builder/spi-builder-workspace/.derivedData/SDKExplicitPrecompiledModules/_Builtin_stdatomic-D2FE5M7JS5NQA5JDADVERWJM4.pcm
SwiftExplicitDependencyGeneratePcm arm64 /Users/admin/builder/spi-builder-workspace/.derivedData/SDKExplicitPrecompiledModules/_Builtin_inttypes-86YTNV5YADPJXFMJ82N3R4GWQ.pcm
SwiftExplicitDependencyGeneratePcm arm64_32 /Users/admin/builder/spi-builder-workspace/.derivedData/SDKExplicitPrecompiledModules/_Builtin_tgmath-414CVW1GW3IL0HRLCNNCS6Q0U.pcm
SwiftExplicitDependencyGeneratePcm arm64_32 /Users/admin/builder/spi-builder-workspace/.derivedData/SDKExplicitPrecompiledModules/_Builtin_intrinsics-2K07JIG9ZANIKHSNPO3O6L1K6.pcm
SwiftExplicitDependencyGeneratePcm arm64_32 /Users/admin/builder/spi-builder-workspace/.derivedData/SDKExplicitPrecompiledModules/_Builtin_inttypes-BPZJ68HW1IMYWSHROAZ0IMUJP.pcm
SwiftExplicitDependencyGeneratePcm arm64 /Users/admin/builder/spi-builder-workspace/.derivedData/SDKExplicitPrecompiledModules/Darwin-CSB8C43KELVSFIQVR0803IZPN.pcm
SwiftExplicitDependencyGeneratePcm arm64_32 /Users/admin/builder/spi-builder-workspace/.derivedData/SDKExplicitPrecompiledModules/Darwin-10D35ZJWCWG7LJAF579U7I5V7.pcm
SwiftExplicitDependencyGeneratePcm arm64 /Users/admin/builder/spi-builder-workspace/.derivedData/SDKExplicitPrecompiledModules/simd-2C11HKTI5TJB05T724EWNFZXD.pcm
SwiftExplicitDependencyGeneratePcm arm64_32 /Users/admin/builder/spi-builder-workspace/.derivedData/SDKExplicitPrecompiledModules/simd-1W6O8NR1QUSWJGAN44DNNWVHX.pcm
SwiftExplicitDependencyGeneratePcm arm64 /Users/admin/builder/spi-builder-workspace/.derivedData/SDKExplicitPrecompiledModules/ObjectiveC-22CZPC4WYQC9G8T393WT2KKLW.pcm
SwiftExplicitDependencyGeneratePcm arm64 /Users/admin/builder/spi-builder-workspace/.derivedData/SDKExplicitPrecompiledModules/MachO-4RYXFVY68ZDEUZYFMVL57WEKU.pcm
SwiftExplicitDependencyGeneratePcm arm64_32 /Users/admin/builder/spi-builder-workspace/.derivedData/SDKExplicitPrecompiledModules/MachO-F47JQRYVH1SLPOQSJD8RK9MSX.pcm
SwiftExplicitDependencyGeneratePcm arm64_32 /Users/admin/builder/spi-builder-workspace/.derivedData/SDKExplicitPrecompiledModules/ObjectiveC-71AGZNHLBMR2QK817EJNUN54E.pcm
SwiftExplicitDependencyGeneratePcm arm64 /Users/admin/builder/spi-builder-workspace/.derivedData/SDKExplicitPrecompiledModules/os_object-6KYGGZ4DPVZ3BBAZ6QICZN8LI.pcm
SwiftExplicitDependencyGeneratePcm arm64_32 /Users/admin/builder/spi-builder-workspace/.derivedData/SDKExplicitPrecompiledModules/os_object-CTXVQBCWDOH6JHUXIFDUOWFRL.pcm
SwiftExplicitDependencyGeneratePcm arm64 /Users/admin/builder/spi-builder-workspace/.derivedData/SDKExplicitPrecompiledModules/os_workgroup-AHE7ULDQBKER38CYPIKDTZF4M.pcm
SwiftExplicitDependencyGeneratePcm arm64_32 /Users/admin/builder/spi-builder-workspace/.derivedData/SDKExplicitPrecompiledModules/os_workgroup-9L9R05BT5LTFRZ2NM68BZTVV2.pcm
SwiftExplicitDependencyGeneratePcm arm64_32 /Users/admin/builder/spi-builder-workspace/.derivedData/SDKExplicitPrecompiledModules/Dispatch-CGIMI9KQKHNRQHR2IECIPRG14.pcm
SwiftExplicitDependencyGeneratePcm arm64 /Users/admin/builder/spi-builder-workspace/.derivedData/SDKExplicitPrecompiledModules/Dispatch-39VR0G01IUJ09PQKMFGOHXZ4L.pcm
SwiftExplicitDependencyGeneratePcm arm64 /Users/admin/builder/spi-builder-workspace/.derivedData/SDKExplicitPrecompiledModules/Spatial-EZKKX4XFW72RZCTOIG80Z93AP.pcm
SwiftExplicitDependencyGeneratePcm arm64 /Users/admin/builder/spi-builder-workspace/.derivedData/SDKExplicitPrecompiledModules/CoreFoundation-59XKO8YNRGGYNC5U5LK8B4EM.pcm
SwiftExplicitDependencyGeneratePcm arm64 /Users/admin/builder/spi-builder-workspace/.derivedData/SDKExplicitPrecompiledModules/XPC-650JAZBTM6I0OMHYO6CKM0CWJ.pcm
SwiftExplicitDependencyGeneratePcm arm64_32 /Users/admin/builder/spi-builder-workspace/.derivedData/SDKExplicitPrecompiledModules/CoreFoundation-76B9WJP9MDYT33HZQVSNNZQZD.pcm
SwiftExplicitDependencyGeneratePcm arm64_32 /Users/admin/builder/spi-builder-workspace/.derivedData/SDKExplicitPrecompiledModules/XPC-7SLKI45KYLKXH9QET2WYS3UZ4.pcm
SwiftExplicitDependencyGeneratePcm arm64_32 /Users/admin/builder/spi-builder-workspace/.derivedData/SDKExplicitPrecompiledModules/Spatial-4XS0QRL16224ZE9KE9TMKASKT.pcm
SwiftExplicitDependencyGeneratePcm arm64 /Users/admin/builder/spi-builder-workspace/.derivedData/SDKExplicitPrecompiledModules/os-6BCTB8I5DCBBKFJ0Y0G4WQDDJ.pcm
SwiftExplicitDependencyGeneratePcm arm64_32 /Users/admin/builder/spi-builder-workspace/.derivedData/SDKExplicitPrecompiledModules/os-D9NWGT7PQGY2OD43XMA2KGLJK.pcm
SwiftExplicitDependencyGeneratePcm arm64 /Users/admin/builder/spi-builder-workspace/.derivedData/SDKExplicitPrecompiledModules/CoreAudioTypes-51SR7UBHOMSGMEPVFS6PLSR4M.pcm
SwiftExplicitDependencyGeneratePcm arm64 /Users/admin/builder/spi-builder-workspace/.derivedData/SDKExplicitPrecompiledModules/CoreGraphics-5488DA9QVJJ7QOFXPYOYIYFUX.pcm
SwiftExplicitDependencyGeneratePcm arm64 /Users/admin/builder/spi-builder-workspace/.derivedData/SDKExplicitPrecompiledModules/Security-69WNGEAVQP55EDBQHP3BLE8QU.pcm
SwiftExplicitDependencyGeneratePcm arm64_32 /Users/admin/builder/spi-builder-workspace/.derivedData/SDKExplicitPrecompiledModules/CoreAudioTypes-AY6JAXDJMW2FLVG4UD79375PW.pcm
SwiftExplicitDependencyGeneratePcm arm64_32 /Users/admin/builder/spi-builder-workspace/.derivedData/SDKExplicitPrecompiledModules/Security-1W411BS4UH2UNMNII2341429S.pcm
SwiftExplicitDependencyGeneratePcm arm64_32 /Users/admin/builder/spi-builder-workspace/.derivedData/SDKExplicitPrecompiledModules/CoreGraphics-A4WOQTM8SYZAQP223LI6RRPEK.pcm
SwiftExplicitDependencyGeneratePcm arm64 /Users/admin/builder/spi-builder-workspace/.derivedData/SDKExplicitPrecompiledModules/CoreAudio-368NRGVYQ33J8K75Y2DSNU06Y.pcm
SwiftExplicitDependencyGeneratePcm arm64_32 /Users/admin/builder/spi-builder-workspace/.derivedData/SDKExplicitPrecompiledModules/CoreAudio-1FTJGW5ZM9ZN5IKPBE4A9LGNF.pcm
SwiftExplicitDependencyGeneratePcm arm64_32 /Users/admin/builder/spi-builder-workspace/.derivedData/SDKExplicitPrecompiledModules/Foundation-AIQ30TCDC2B0LBUU6FPQZ0HWI.pcm
SwiftExplicitDependencyGeneratePcm arm64 /Users/admin/builder/spi-builder-workspace/.derivedData/SDKExplicitPrecompiledModules/Foundation-B3IXODHI7VO4VRX2RWRXLVJZT.pcm
SwiftExplicitDependencyGeneratePcm arm64_32 /Users/admin/builder/spi-builder-workspace/.derivedData/SDKExplicitPrecompiledModules/CoreVideo-BX0NALWCB2F1YOTF0NZGV9FWU.pcm
SwiftExplicitDependencyGeneratePcm arm64_32 /Users/admin/builder/spi-builder-workspace/.derivedData/SDKExplicitPrecompiledModules/CoreText-34U50N378SZT64826L0B62MN6.pcm
SwiftExplicitDependencyGeneratePcm arm64 /Users/admin/builder/spi-builder-workspace/.derivedData/SDKExplicitPrecompiledModules/CoreVideo-2YRZ292TS6QDW2V2V92NZMPWM.pcm
SwiftExplicitDependencyGeneratePcm arm64 /Users/admin/builder/spi-builder-workspace/.derivedData/SDKExplicitPrecompiledModules/CoreText-BEC0M2J7FJN53VXNFDZDKL9U2.pcm
SwiftExplicitDependencyGeneratePcm arm64_32 /Users/admin/builder/spi-builder-workspace/.derivedData/SDKExplicitPrecompiledModules/CoreMedia-CU8J9TNJY5EX43FQOPTAAHU29.pcm
SwiftExplicitDependencyGeneratePcm arm64 /Users/admin/builder/spi-builder-workspace/.derivedData/SDKExplicitPrecompiledModules/CoreMedia-EO02G285WTXB0RPNG3DP9O9VN.pcm
SwiftEmitModule normal arm64 Emitting\ module\ for\ PrefireCLI (in target 'prefire-product' from project 'Prefire')
SwiftCompile normal arm64 (in target 'prefire-product' from project 'Prefire')
cd /Users/admin/builder/spi-builder-workspace/.swiftpm/xcode
SwiftExplicitDependencyGeneratePcm arm64 /Users/admin/builder/spi-builder-workspace/.derivedData/SDKExplicitPrecompiledModules/DataDetection-8RQ09UCIV0XSYRF8TQQD54MWN.pcm
SwiftExplicitDependencyGeneratePcm arm64 /Users/admin/builder/spi-builder-workspace/.derivedData/SDKExplicitPrecompiledModules/CoreTransferable-EULYJN53RZTIP2D6F171CT1YZ.pcm
SwiftExplicitDependencyGeneratePcm arm64 /Users/admin/builder/spi-builder-workspace/.derivedData/SDKExplicitPrecompiledModules/CoreData-DAEI6Z48P97TYC3SMMGLERAJ5.pcm
SwiftExplicitDependencyGeneratePcm arm64 /Users/admin/builder/spi-builder-workspace/.derivedData/SDKExplicitPrecompiledModules/_LocationEssentials-C3HYVW8P89QAUDLD9VRHUF48Q.pcm
SwiftExplicitDependencyGeneratePcm arm64 /Users/admin/builder/spi-builder-workspace/.derivedData/SDKExplicitPrecompiledModules/Accessibility-DB0V1GY4JDAXG2CZ5MW826DDE.pcm
SwiftExplicitDependencyGeneratePcm arm64 /Users/admin/builder/spi-builder-workspace/.derivedData/SDKExplicitPrecompiledModules/UniformTypeIdentifiers-47SS6PHE8KOUZX5UOQUNKH397.pcm
SwiftExplicitDependencyGeneratePcm arm64 /Users/admin/builder/spi-builder-workspace/.derivedData/SDKExplicitPrecompiledModules/UIUtilities-AR3EDJH6PMDGNUXQGV2JND65S.pcm
SwiftExplicitDependencyGeneratePcm arm64 /Users/admin/builder/spi-builder-workspace/.derivedData/SDKExplicitPrecompiledModules/OSLog-ESJZZ70KT229YQNKF5CWYQVLA.pcm
SwiftExplicitDependencyGeneratePcm arm64 /Users/admin/builder/spi-builder-workspace/.derivedData/SDKExplicitPrecompiledModules/SceneKit-4VPDXW2J8W40JMX88G7X30C4G.pcm
SwiftEmitModule normal arm64_32 Emitting\ module\ for\ PrefireCLI (in target 'prefire-product' from project 'Prefire')
SwiftCompile normal arm64_32 (in target 'prefire-product' from project 'Prefire')
cd /Users/admin/builder/spi-builder-workspace/.swiftpm/xcode
SwiftExplicitDependencyGeneratePcm arm64_32 /Users/admin/builder/spi-builder-workspace/.derivedData/SDKExplicitPrecompiledModules/SceneKit-CLOM4E4D45A8A94N3QNHOVW3H.pcm
SwiftExplicitDependencyGeneratePcm arm64_32 /Users/admin/builder/spi-builder-workspace/.derivedData/SDKExplicitPrecompiledModules/Symbols-DP67QJL9W7VSYP70ZVEBE3KRT.pcm
SwiftExplicitDependencyGeneratePcm arm64_32 /Users/admin/builder/spi-builder-workspace/.derivedData/SDKExplicitPrecompiledModules/UserNotifications-F5AOMF9V2Y10QV8U00QNX8B7Q.pcm
SwiftExplicitDependencyGeneratePcm arm64 /Users/admin/builder/spi-builder-workspace/.derivedData/SDKExplicitPrecompiledModules/CoreLocation-B0A9Z3B1UDU8OLBQROLWD03N3.pcm
SwiftExplicitDependencyGeneratePcm arm64_32 /Users/admin/builder/spi-builder-workspace/.derivedData/SDKExplicitPrecompiledModules/QuartzCore-72UYR37X0O2APTD1XMSJ20X5X.pcm
SwiftExplicitDependencyGeneratePcm arm64_32 /Users/admin/builder/spi-builder-workspace/.derivedData/SDKExplicitPrecompiledModules/UniformTypeIdentifiers-EH256724QTCKT0XATY095QHVP.pcm
SwiftExplicitDependencyGeneratePcm arm64_32 /Users/admin/builder/spi-builder-workspace/.derivedData/SDKExplicitPrecompiledModules/UIUtilities-ABH83C7CSGMIJAARTF384TV0L.pcm
SwiftExplicitDependencyGeneratePcm arm64_32 /Users/admin/builder/spi-builder-workspace/.derivedData/SDKExplicitPrecompiledModules/DataDetection-8EDL8T61430CB5CU94L1E3L0C.pcm
SwiftExplicitDependencyGeneratePcm arm64_32 /Users/admin/builder/spi-builder-workspace/.derivedData/SDKExplicitPrecompiledModules/CoreTransferable-DSXZOKFM7XQLZ0FRNNKFDWZT0.pcm
SwiftExplicitDependencyGeneratePcm arm64_32 /Users/admin/builder/spi-builder-workspace/.derivedData/SDKExplicitPrecompiledModules/_LocationEssentials-1XWTF8V96VX3IAHKJO7PJZDU0.pcm
SwiftExplicitDependencyGeneratePcm arm64_32 /Users/admin/builder/spi-builder-workspace/.derivedData/SDKExplicitPrecompiledModules/OSLog-DXCLJ0K1EEBRV5MFYJOV1HIUX.pcm
SwiftExplicitDependencyGeneratePcm arm64_32 /Users/admin/builder/spi-builder-workspace/.derivedData/SDKExplicitPrecompiledModules/Accessibility-BBXP8Z81UOB3UBBTO3GG9FEEO.pcm
SwiftDriverJobDiscovery normal arm64 Emitting module for PrefireCLI (in target 'prefire-product' from project 'Prefire')
SwiftDriver\ Compilation\ Requirements prefire normal arm64 com.apple.xcode.tools.swift.compiler (in target 'prefire-product' from project 'Prefire')
cd /Users/admin/builder/spi-builder-workspace/.swiftpm/xcode
builtin-Swift-Compilation-Requirements -- /Applications/Xcode-27.0.0-Release.Candidate.app/Contents/Developer/Toolchains/XcodeDefault.xctoolchain/usr/bin/swiftc -module-name PrefireCLI -Onone @/Users/admin/builder/spi-builder-workspace/.derivedData/Build/Intermediates.noindex/Prefire.build/Debug-watchos/prefire-p.build/Objects-normal/arm64/prefire.SwiftFileList -DSWIFT_PACKAGE -DDEBUG -DSWIFT_MODULE_RESOURCE_BUNDLE_AVAILABLE -DXcode -plugin-path /Applications/Xcode-27.0.0-Release.Candidate.app/Contents/Developer/Toolchains/XcodeDefault.xctoolchain/usr/lib/swift/host/plugins/testing -enable-experimental-feature DebugDescriptionMacro -sdk /Applications/Xcode-27.0.0-Release.Candidate.app/Contents/Developer/Platforms/WatchOS.platform/Developer/SDKs/WatchOS27.0.sdk -target arm64-apple-watchos9.0 -g -module-cache-path /Users/admin/builder/spi-builder-workspace/.derivedData/ModuleCache.noindex -Xfrontend -serialize-debugging-options -profile-coverage-mapping -profile-generate -enable-testing -index-store-path /Users/admin/builder/spi-builder-workspace/.derivedData/Index.noindex/DataStore -Xcc -D_LIBCPP_HARDENING_MODE\=_LIBCPP_HARDENING_MODE_DEBUG -swift-version 6 -I /Users/admin/builder/spi-builder-workspace/.derivedData/Build/Products/Debug-watchos -Isystem /Applications/Xcode-27.0.0-Release.Candidate.app/Contents/Developer/Platforms/WatchOS.platform/Developer/usr/lib -F /Users/admin/builder/spi-builder-workspace/.derivedData/Build/Products/Debug-watchos -F /Applications/Xcode-27.0.0-Release.Candidate.app/Contents/Developer/Platforms/WatchOS.platform/Developer/Library/Frameworks -F /Applications/Xcode-27.0.0-Release.Candidate.app/Contents/Developer/Platforms/WatchOS.platform/Developer/SDKs/WatchOS27.0.sdk/Developer/Library/Frameworks -c -j10 -enable-batch-mode -incremental -Xcc -ivfsstatcache -Xcc /Users/admin/builder/spi-builder-workspace/.derivedData/SDKStatCaches.noindex/watchos27.0-24R360-e829b21a6f8c9b70876ba0858053c04477534ef55a1706bf4c1112bbb242f0a2.sdkstatcache -output-file-map /Users/admin/builder/spi-builder-workspace/.derivedData/Build/Intermediates.noindex/Prefire.build/Debug-watchos/prefire-p.build/Objects-normal/arm64/prefire-OutputFileMap.json -save-temps -no-color-diagnostics -explicit-module-build -module-cache-path /Users/admin/builder/spi-builder-workspace/.derivedData/Build/Intermediates.noindex/SwiftExplicitPrecompiledModules -clang-scanner-module-cache-path /Users/admin/builder/spi-builder-workspace/.derivedData/ModuleCache.noindex -sdk-module-cache-path /Users/admin/builder/spi-builder-workspace/.derivedData/SDKExplicitPrecompiledModules -emit-dependencies -emit-module -emit-module-path /Users/admin/builder/spi-builder-workspace/.derivedData/Build/Intermediates.noindex/Prefire.build/Debug-watchos/prefire-p.build/Objects-normal/arm64/PrefireCLI.swiftmodule -serialize-diagnostics -dependency-scan-serialize-diagnostics-path /Users/admin/builder/spi-builder-workspace/.derivedData/Build/Intermediates.noindex/Prefire.build/Debug-watchos/prefire-p.build/Objects-normal/arm64/PrefireCLI-dependency-scan.dia -validate-clang-modules-once -clang-build-session-file /Users/admin/builder/spi-builder-workspace/.derivedData/ModuleCache.noindex/Session.modulevalidation -Xcc -fmodules-prune-interval\=86400 -Xcc -fmodules-prune-after\=345600 -package-name spi_builder_workspace -emit-const-values -const-gather-protocols-list /Users/admin/builder/spi-builder-workspace/.derivedData/Build/Intermediates.noindex/Prefire.build/Debug-watchos/prefire-p.build/Objects-normal/arm64/prefire_const_extract_protocols.json -Xcc -I/Users/admin/builder/spi-builder-workspace/.derivedData/Build/Products/Debug-watchos/include -Xcc -I/Users/admin/builder/spi-builder-workspace/.derivedData/Build/Intermediates.noindex/Prefire.build/Debug-watchos/prefire-p.build/DerivedSources-normal/arm64 -Xcc -I/Users/admin/builder/spi-builder-workspace/.derivedData/Build/Intermediates.noindex/Prefire.build/Debug-watchos/prefire-p.build/DerivedSources/arm64 -Xcc -I/Users/admin/builder/spi-builder-workspace/.derivedData/Build/Intermediates.noindex/Prefire.build/Debug-watchos/prefire-p.build/DerivedSources -Xcc -DSWIFT_PACKAGE -Xcc -DDEBUG\=1 -working-directory /Users/admin/builder/spi-builder-workspace/.swiftpm/xcode -experimental-emit-module-separately -disable-cmo
SwiftExplicitDependencyGeneratePcm arm64 /Users/admin/builder/spi-builder-workspace/.derivedData/SDKExplicitPrecompiledModules/CoreMotion-70RNUQRT1QM2F8WR42WPP4KQV.pcm
SwiftExplicitDependencyGeneratePcm arm64 /Users/admin/builder/spi-builder-workspace/.derivedData/SDKExplicitPrecompiledModules/Symbols-B8SNL2YULCKW9SYIL0T5QLMV.pcm
SwiftExplicitDependencyGeneratePcm arm64 /Users/admin/builder/spi-builder-workspace/.derivedData/SDKExplicitPrecompiledModules/QuartzCore-BRDP6VIMJ6A6HG4W4NYXZ8BI3.pcm
SwiftExplicitDependencyGeneratePcm arm64_32 /Users/admin/builder/spi-builder-workspace/.derivedData/SDKExplicitPrecompiledModules/SwiftUICore-TURER010MQ2QH6SN4BGDJJKP.pcm
SwiftExplicitDependencyGeneratePcm arm64 /Users/admin/builder/spi-builder-workspace/.derivedData/SDKExplicitPrecompiledModules/UserNotifications-7VIERZPAA371031RT8VBKFYKJ.pcm
SwiftExplicitDependencyGeneratePcm arm64_32 /Users/admin/builder/spi-builder-workspace/.derivedData/SDKExplicitPrecompiledModules/CoreData-6STZ9DXY0E1K8LHUUEU1F4SE.pcm
SwiftCompile normal arm64_32 Compiling\ BinaryLocator.swift /Users/admin/builder/spi-builder-workspace/Sources/PrefireCLI/BinaryLocator.swift (in target 'prefire-product' from project 'Prefire')
SwiftCompile normal arm64_32 /Users/admin/builder/spi-builder-workspace/Sources/PrefireCLI/BinaryLocator.swift (in target 'prefire-product' from project 'Prefire')
cd /Users/admin/builder/spi-builder-workspace/.swiftpm/xcode
builtin-SwiftPerFileCompile BinaryLocator.swift
SwiftExplicitDependencyGeneratePcm arm64_32 /Users/admin/builder/spi-builder-workspace/.derivedData/SDKExplicitPrecompiledModules/CoreLocation-4AZRAZ8X3W0CS36SZ1GS4LT05.pcm
SwiftDriverJobDiscovery normal arm64_32 Emitting module for PrefireCLI (in target 'prefire-product' from project 'Prefire')
SwiftCompile normal arm64_32 Compiling\ main.swift /Users/admin/builder/spi-builder-workspace/Sources/PrefireCLI/main.swift (in target 'prefire-product' from project 'Prefire')
SwiftCompile normal arm64_32 /Users/admin/builder/spi-builder-workspace/Sources/PrefireCLI/main.swift (in target 'prefire-product' from project 'Prefire')
cd /Users/admin/builder/spi-builder-workspace/.swiftpm/xcode
builtin-SwiftPerFileCompile main.swift
SwiftDriver\ Compilation\ Requirements prefire normal arm64_32 com.apple.xcode.tools.swift.compiler (in target 'prefire-product' from project 'Prefire')
cd /Users/admin/builder/spi-builder-workspace/.swiftpm/xcode
builtin-Swift-Compilation-Requirements -- /Applications/Xcode-27.0.0-Release.Candidate.app/Contents/Developer/Toolchains/XcodeDefault.xctoolchain/usr/bin/swiftc -module-name PrefireCLI -Onone @/Users/admin/builder/spi-builder-workspace/.derivedData/Build/Intermediates.noindex/Prefire.build/Debug-watchos/prefire-p.build/Objects-normal/arm64_32/prefire.SwiftFileList -DSWIFT_PACKAGE -DDEBUG -DSWIFT_MODULE_RESOURCE_BUNDLE_AVAILABLE -DXcode -plugin-path /Applications/Xcode-27.0.0-Release.Candidate.app/Contents/Developer/Toolchains/XcodeDefault.xctoolchain/usr/lib/swift/host/plugins/testing -enable-experimental-feature DebugDescriptionMacro -sdk /Applications/Xcode-27.0.0-Release.Candidate.app/Contents/Developer/Platforms/WatchOS.platform/Developer/SDKs/WatchOS27.0.sdk -target arm64_32-apple-watchos9.0 -g -module-cache-path /Users/admin/builder/spi-builder-workspace/.derivedData/ModuleCache.noindex -Xfrontend -serialize-debugging-options -profile-coverage-mapping -profile-generate -enable-testing -index-store-path /Users/admin/builder/spi-builder-workspace/.derivedData/Index.noindex/DataStore -Xcc -D_LIBCPP_HARDENING_MODE\=_LIBCPP_HARDENING_MODE_DEBUG -swift-version 6 -I /Users/admin/builder/spi-builder-workspace/.derivedData/Build/Products/Debug-watchos -Isystem /Applications/Xcode-27.0.0-Release.Candidate.app/Contents/Developer/Platforms/WatchOS.platform/Developer/usr/lib -F /Users/admin/builder/spi-builder-workspace/.derivedData/Build/Products/Debug-watchos -F /Applications/Xcode-27.0.0-Release.Candidate.app/Contents/Developer/Platforms/WatchOS.platform/Developer/Library/Frameworks -F /Applications/Xcode-27.0.0-Release.Candidate.app/Contents/Developer/Platforms/WatchOS.platform/Developer/SDKs/WatchOS27.0.sdk/Developer/Library/Frameworks -c -j10 -enable-batch-mode -incremental -Xcc -ivfsstatcache -Xcc /Users/admin/builder/spi-builder-workspace/.derivedData/SDKStatCaches.noindex/watchos27.0-24R360-e829b21a6f8c9b70876ba0858053c04477534ef55a1706bf4c1112bbb242f0a2.sdkstatcache -output-file-map /Users/admin/builder/spi-builder-workspace/.derivedData/Build/Intermediates.noindex/Prefire.build/Debug-watchos/prefire-p.build/Objects-normal/arm64_32/prefire-OutputFileMap.json -save-temps -no-color-diagnostics -explicit-module-build -module-cache-path /Users/admin/builder/spi-builder-workspace/.derivedData/Build/Intermediates.noindex/SwiftExplicitPrecompiledModules -clang-scanner-module-cache-path /Users/admin/builder/spi-builder-workspace/.derivedData/ModuleCache.noindex -sdk-module-cache-path /Users/admin/builder/spi-builder-workspace/.derivedData/SDKExplicitPrecompiledModules -emit-dependencies -emit-module -emit-module-path /Users/admin/builder/spi-builder-workspace/.derivedData/Build/Intermediates.noindex/Prefire.build/Debug-watchos/prefire-p.build/Objects-normal/arm64_32/PrefireCLI.swiftmodule -serialize-diagnostics -dependency-scan-serialize-diagnostics-path /Users/admin/builder/spi-builder-workspace/.derivedData/Build/Intermediates.noindex/Prefire.build/Debug-watchos/prefire-p.build/Objects-normal/arm64_32/PrefireCLI-dependency-scan.dia -validate-clang-modules-once -clang-build-session-file /Users/admin/builder/spi-builder-workspace/.derivedData/ModuleCache.noindex/Session.modulevalidation -Xcc -fmodules-prune-interval\=86400 -Xcc -fmodules-prune-after\=345600 -package-name spi_builder_workspace -emit-const-values -const-gather-protocols-list /Users/admin/builder/spi-builder-workspace/.derivedData/Build/Intermediates.noindex/Prefire.build/Debug-watchos/prefire-p.build/Objects-normal/arm64_32/prefire_const_extract_protocols.json -Xcc -I/Users/admin/builder/spi-builder-workspace/.derivedData/Build/Products/Debug-watchos/include -Xcc -I/Users/admin/builder/spi-builder-workspace/.derivedData/Build/Intermediates.noindex/Prefire.build/Debug-watchos/prefire-p.build/DerivedSources-normal/arm64_32 -Xcc -I/Users/admin/builder/spi-builder-workspace/.derivedData/Build/Intermediates.noindex/Prefire.build/Debug-watchos/prefire-p.build/DerivedSources/arm64_32 -Xcc -I/Users/admin/builder/spi-builder-workspace/.derivedData/Build/Intermediates.noindex/Prefire.build/Debug-watchos/prefire-p.build/DerivedSources -Xcc -DSWIFT_PACKAGE -Xcc -DDEBUG\=1 -working-directory /Users/admin/builder/spi-builder-workspace/.swiftpm/xcode -experimental-emit-module-separately -disable-cmo
SwiftCompile normal arm64_32 Compiling\ resource_bundle_accessor.swift /Users/admin/builder/spi-builder-workspace/.derivedData/Build/Intermediates.noindex/Prefire.build/Debug-watchos/prefire-p.build/DerivedSources/resource_bundle_accessor.swift (in target 'prefire-product' from project 'Prefire')
SwiftCompile normal arm64_32 /Users/admin/builder/spi-builder-workspace/.derivedData/Build/Intermediates.noindex/Prefire.build/Debug-watchos/prefire-p.build/DerivedSources/resource_bundle_accessor.swift (in target 'prefire-product' from project 'Prefire')
cd /Users/admin/builder/spi-builder-workspace/.swiftpm/xcode
builtin-SwiftPerFileCompile resource_bundle_accessor.swift
SwiftCompile normal arm64 Compiling\ main.swift /Users/admin/builder/spi-builder-workspace/Sources/PrefireCLI/main.swift (in target 'prefire-product' from project 'Prefire')
SwiftCompile normal arm64 /Users/admin/builder/spi-builder-workspace/Sources/PrefireCLI/main.swift (in target 'prefire-product' from project 'Prefire')
cd /Users/admin/builder/spi-builder-workspace/.swiftpm/xcode
builtin-SwiftPerFileCompile main.swift
SwiftCompile normal arm64 Compiling\ BinaryLocator.swift /Users/admin/builder/spi-builder-workspace/Sources/PrefireCLI/BinaryLocator.swift (in target 'prefire-product' from project 'Prefire')
SwiftCompile normal arm64 /Users/admin/builder/spi-builder-workspace/Sources/PrefireCLI/BinaryLocator.swift (in target 'prefire-product' from project 'Prefire')
cd /Users/admin/builder/spi-builder-workspace/.swiftpm/xcode
builtin-SwiftPerFileCompile BinaryLocator.swift
SwiftCompile normal arm64 Compiling\ resource_bundle_accessor.swift /Users/admin/builder/spi-builder-workspace/.derivedData/Build/Intermediates.noindex/Prefire.build/Debug-watchos/prefire-p.build/DerivedSources/resource_bundle_accessor.swift (in target 'prefire-product' from project 'Prefire')
SwiftCompile normal arm64 /Users/admin/builder/spi-builder-workspace/.derivedData/Build/Intermediates.noindex/Prefire.build/Debug-watchos/prefire-p.build/DerivedSources/resource_bundle_accessor.swift (in target 'prefire-product' from project 'Prefire')
cd /Users/admin/builder/spi-builder-workspace/.swiftpm/xcode
builtin-SwiftPerFileCompile resource_bundle_accessor.swift
SwiftExplicitDependencyGeneratePcm arm64 /Users/admin/builder/spi-builder-workspace/.derivedData/SDKExplicitPrecompiledModules/SwiftUICore-D4BOUT6VJWDXKNATG8P2F95W3.pcm
SwiftExplicitDependencyGeneratePcm arm64 /Users/admin/builder/spi-builder-workspace/.derivedData/SDKExplicitPrecompiledModules/UIKit-2XWL6VFNA7WRWSTXI42YLU909.pcm
SwiftExplicitDependencyGeneratePcm arm64_32 /Users/admin/builder/spi-builder-workspace/.derivedData/SDKExplicitPrecompiledModules/CoreMotion-E9C6K7MOTJF3RC93DULCZ130U.pcm
SwiftExplicitDependencyGeneratePcm arm64_32 /Users/admin/builder/spi-builder-workspace/.derivedData/SDKExplicitPrecompiledModules/UIKit-BGAQE5HOOTG6M9C46O1HHPCDR.pcm
SwiftDriverJobDiscovery normal arm64_32 Compiling BinaryLocator.swift (in target 'prefire-product' from project 'Prefire')
SwiftDriverJobDiscovery normal arm64_32 Compiling main.swift (in target 'prefire-product' from project 'Prefire')
SwiftDriverJobDiscovery normal arm64 Compiling main.swift (in target 'prefire-product' from project 'Prefire')
SwiftDriverJobDiscovery normal arm64 Compiling BinaryLocator.swift (in target 'prefire-product' from project 'Prefire')
SwiftExplicitDependencyGeneratePcm arm64 /Users/admin/builder/spi-builder-workspace/.derivedData/SDKExplicitPrecompiledModules/MapKit-5U4CPBNVICOGB0BBK9BC7P4E9.pcm
SwiftExplicitDependencyGeneratePcm arm64 /Users/admin/builder/spi-builder-workspace/.derivedData/SDKExplicitPrecompiledModules/HomeKit-2JD3RMVTK0MFX7K570KHTLBBH.pcm
SwiftExplicitDependencyGeneratePcm arm64_32 /Users/admin/builder/spi-builder-workspace/.derivedData/SDKExplicitPrecompiledModules/MapKit-3RCPMYWFYVKLOR1JJH1M1L7O6.pcm
SwiftExplicitDependencyGeneratePcm arm64_32 /Users/admin/builder/spi-builder-workspace/.derivedData/SDKExplicitPrecompiledModules/HomeKit-DXH34ZWEY4P4FEELCOH3LXVCR.pcm
SwiftExplicitDependencyGeneratePcm arm64 /Users/admin/builder/spi-builder-workspace/.derivedData/SDKExplicitPrecompiledModules/WatchKit-22L6Z003SE8XPQ9JS14K57C9N.pcm
SwiftExplicitDependencyGeneratePcm arm64_32 /Users/admin/builder/spi-builder-workspace/.derivedData/SDKExplicitPrecompiledModules/WatchKit-7IATJTA58S6OFDEYHG9JSLLDQ.pcm
SwiftExplicitDependencyGeneratePcm arm64 /Users/admin/builder/spi-builder-workspace/.derivedData/SDKExplicitPrecompiledModules/SwiftUI-E6XJI4PF1Q2HPTXKL91GWARU6.pcm
SwiftEmitModule normal arm64 Emitting\ module\ for\ Prefire (in target 'Prefire' from project 'Prefire')
/Users/admin/builder/spi-builder-workspace/Sources/Prefire/Preview/PrefireSnapshot.swift:170:20: error: cannot find type 'PrefireNativeView' in scope
168 |
169 | @_disfavoredOverload
170 | public init<T: PrefireNativeView>(
| `- error: cannot find type 'PrefireNativeView' in scope
171 | _ view: @escaping @MainActor () -> T,
172 | name: String,
/Users/admin/builder/spi-builder-workspace/Sources/Prefire/Preview/PrefireSnapshot.swift:176:24: error: cannot find type 'ViewRepresentable' in scope
174 | device: DeviceConfig,
175 | fixedLayoutSize: CGSize? = nil
176 | ) where Content == ViewRepresentable<T> {
| `- error: cannot find type 'ViewRepresentable' in scope
177 | previewContent = ViewRepresentable(view: view())
178 | self.name = name
/Users/admin/builder/spi-builder-workspace/Sources/Prefire/Preview/PrefireSnapshot.swift:184:20: error: cannot find type 'PrefireNativeViewController' in scope
182 |
183 | @_disfavoredOverload
184 | public init<T: PrefireNativeViewController>(
| `- error: cannot find type 'PrefireNativeViewController' in scope
185 | _ viewController: @escaping @MainActor () -> T,
186 | name: String,
/Users/admin/builder/spi-builder-workspace/Sources/Prefire/Preview/PrefireSnapshot.swift:190:24: error: cannot find type 'ViewControllerRepresentable' in scope
188 | device: DeviceConfig,
189 | fixedLayoutSize: CGSize? = nil
190 | ) where Content == ViewControllerRepresentable<T> {
| `- error: cannot find type 'ViewControllerRepresentable' in scope
191 | previewContent = ViewControllerRepresentable(viewController: viewController())
192 | self.name = name
/Users/admin/builder/spi-builder-workspace/Sources/Prefire/Preview/PrefireSnapshot.swift:184:12: error: invalid redeclaration of 'init(_:name:isScreen:device:fixedLayoutSize:)'
168 |
169 | @_disfavoredOverload
170 | public init<T: PrefireNativeView>(
| `- note: 'init(_:name:isScreen:device:fixedLayoutSize:)' previously declared here
171 | _ view: @escaping @MainActor () -> T,
172 | name: String,
:
182 |
183 | @_disfavoredOverload
184 | public init<T: PrefireNativeViewController>(
| `- error: invalid redeclaration of 'init(_:name:isScreen:device:fixedLayoutSize:)'
185 | _ viewController: @escaping @MainActor () -> T,
186 | name: String,
/Users/admin/builder/spi-builder-workspace/Sources/Prefire/Preview/PrefireSnapshot.swift:197:47: error: cannot find type 'PrefireSnapshotView' in scope
195 | }
196 |
197 | public func loadViewWithPreferences() -> (PrefireSnapshotView, PreferenceKeys) {
| `- error: cannot find type 'PrefireSnapshotView' in scope
198 | let preferences = PreferenceKeys()
199 |
/Users/admin/builder/spi-builder-workspace/Sources/Prefire/Preview/PrefireSnapshot.swift:225:43: error: cannot find type 'PrefireSnapshotView' in scope
223 | /// On macOS the result is hosted in a shared window and stays valid only until the next
224 | /// `loadViewWithPreferences()` call.
225 | private func render(view: AnyView) -> PrefireSnapshotView {
| `- error: cannot find type 'PrefireSnapshotView' in scope
226 | #if os(iOS) || os(tvOS)
227 | let hostingController = UIHostingController(rootView: view)
/Users/admin/builder/spi-builder-workspace/Sources/Prefire/Preview/PreviewModel.swift:75:20: error: cannot find type 'PrefireNativeView' in scope
73 |
74 | @MainActor
75 | public init<T: PrefireNativeView>(
| `- error: cannot find type 'PrefireNativeView' in scope
76 | id: String? = nil,
77 | content: @escaping @MainActor () -> T,
/Users/admin/builder/spi-builder-workspace/Sources/Prefire/Preview/PreviewModel.swift:87:20: error: cannot find type 'PrefireNativeViewController' in scope
85 |
86 | @MainActor
87 | public init<T: PrefireNativeViewController>(
| `- error: cannot find type 'PrefireNativeViewController' in scope
88 | id: String? = nil,
89 | content: @escaping @MainActor () -> T,
/Users/admin/builder/spi-builder-workspace/Sources/Prefire/Preview/PreviewModel.swift:87:12: error: invalid redeclaration of 'init(id:content:name:type:device:deviceConfig:)'
73 |
74 | @MainActor
75 | public init<T: PrefireNativeView>(
| `- note: 'init(id:content:name:type:device:deviceConfig:)' previously declared here
76 | id: String? = nil,
77 | content: @escaping @MainActor () -> T,
:
85 |
86 | @MainActor
87 | public init<T: PrefireNativeViewController>(
| `- error: invalid redeclaration of 'init(id:content:name:type:device:deviceConfig:)'
88 | id: String? = nil,
89 | content: @escaping @MainActor () -> T,
Failed frontend command:
SwiftCompile normal arm64 (in target 'Prefire' from project 'Prefire')
cd /Users/admin/builder/spi-builder-workspace/.swiftpm/xcode
/Applications/Xcode-27.0.0-Release.Candidate.app/Contents/Developer/Toolchains/XcodeDefault.xctoolchain/usr/bin/swift-frontend -frontend -emit-module -experimental-skip-non-inlinable-function-bodies-without-types /Users/admin/builder/spi-builder-workspace/Sources/Prefire/Playbook/LoadingTimeModifier.swift /Users/admin/builder/spi-builder-workspace/Sources/Prefire/Playbook/PlaybookView.swift /Users/admin/builder/spi-builder-workspace/Sources/Prefire/Playbook/Scale.swift /Users/admin/builder/spi-builder-workspace/Sources/Prefire/Playbook/TransformIf.swift /Users/admin/builder/spi-builder-workspace/Sources/Prefire/Preview/DeviceConfig.swift /Users/admin/builder/spi-builder-workspace/Sources/Prefire/Preview/PlatformRepresentable.swift /Users/admin/builder/spi-builder-workspace/Sources/Prefire/Preview/PreferenceKeys.swift /Users/admin/builder/spi-builder-workspace/Sources/Prefire/Preview/PrefireProvider.swift /Users/admin/builder/spi-builder-workspace/Sources/Prefire/Preview/PrefireSnapshot.swift /Users/admin/builder/spi-builder-workspace/Sources/Prefire/Preview/PreviewLayout+Equatable.swift /Users/admin/builder/spi-builder-workspace/Sources/Prefire/Preview/PreviewModel.swift /Users/admin/builder/spi-builder-workspace/Sources/Prefire/Preview/View+Prefire.swift -target arm64-apple-watchos9.0 -module-can-import-version XCTest 25228 0 -disable-cross-import-overlay-search -load-resolved-plugin /Applications/Xcode-27.0.0-Release.Candidate.app/Contents/Developer/Platforms/WatchOS.platform/Developer/usr/lib/swift/host/plugins/libFoundationMacros.dylib\#/Applications/Xcode-27.0.0-Release.Candidate.app/Contents/Developer/Platforms/WatchOS.platform/Developer/usr/bin/swift-plugin-server\#FoundationMacros -load-resolved-plugin /Applications/Xcode-27.0.0-Release.Candidate.app/Contents/Developer/Platforms/WatchOS.platform/Developer/usr/lib/swift/host/plugins/libObservationMacros.dylib\#/Applications/Xcode-27.0.0-Release.Candidate.app/Contents/Developer/Platforms/WatchOS.platform/Developer/usr/bin/swift-plugin-server\#ObservationMacros -load-resolved-plugin /Applications/Xcode-27.0.0-Release.Candidate.app/Contents/Developer/Platforms/WatchOS.platform/Developer/usr/lib/swift/host/plugins/libPreviewsMacros.dylib\#/Applications/Xcode-27.0.0-Release.Candidate.app/Contents/Developer/Platforms/WatchOS.platform/Developer/usr/bin/swift-plugin-server\#PreviewsMacros -load-resolved-plugin /Applications/Xcode-27.0.0-Release.Candidate.app/Contents/Developer/Platforms/WatchOS.platform/Developer/usr/lib/swift/host/plugins/libSwiftMacros.dylib\#/Applications/Xcode-27.0.0-Release.Candidate.app/Contents/Developer/Platforms/WatchOS.platform/Developer/usr/bin/swift-plugin-server\#SwiftMacros -load-resolved-plugin /Applications/Xcode-27.0.0-Release.Candidate.app/Contents/Developer/Platforms/WatchOS.platform/Developer/usr/lib/swift/host/plugins/libSwiftUIMacros.dylib\#/Applications/Xcode-27.0.0-Release.Candidate.app/Contents/Developer/Platforms/WatchOS.platform/Developer/usr/bin/swift-plugin-server\#SwiftUIMacros -disable-implicit-swift-modules -Xcc -fno-implicit-modules -Xcc -fno-implicit-module-maps -explicit-swift-module-map-file /Users/admin/builder/spi-builder-workspace/.derivedData/Build/Intermediates.noindex/Prefire.build/Debug-watchos/Prefire-t.build/Objects-normal/arm64/Prefire-dependencies-1.json -Xllvm -aarch64-use-tbi -enable-objc-interop -stack-check -sdk /Applications/Xcode-27.0.0-Release.Candidate.app/Contents/Developer/Platforms/WatchOS.platform/Developer/SDKs/WatchOS27.0.sdk -I /Users/admin/builder/spi-builder-workspace/.derivedData/Build/Products/Debug-watchos -Isystem /Applications/Xcode-27.0.0-Release.Candidate.app/Contents/Developer/Platforms/WatchOS.platform/Developer/usr/lib -F /Users/admin/builder/spi-builder-workspace/.derivedData/Build/Products/Debug-watchos -F /Applications/Xcode-27.0.0-Release.Candidate.app/Contents/Developer/Platforms/WatchOS.platform/Developer/Library/Frameworks -F /Applications/Xcode-27.0.0-Release.Candidate.app/Contents/Developer/Platforms/WatchOS.platform/Developer/SDKs/WatchOS27.0.sdk/Developer/Library/Frameworks -module-cache-path /Users/admin/builder/spi-builder-workspace/.derivedData/Build/Intermediates.noindex/SwiftExplicitPrecompiledModules -no-color-diagnostics -Xcc -fno-color-diagnostics -enable-testing -g -debug-info-format\=dwarf -dwarf-version\=4 -profile-generate -profile-coverage-mapping -swift-version 6 -Onone -D SWIFT_PACKAGE -D DEBUG -D SWIFT_MODULE_RESOURCE_BUNDLE_UNAVAILABLE -D Xcode -serialize-debugging-options -enable-experimental-feature DebugDescriptionMacro -empty-abi-descriptor -validate-clang-modules-once -clang-build-session-file /Users/admin/builder/spi-builder-workspace/.derivedData/ModuleCache.noindex/Session.modulevalidation -Xcc -working-directory -Xcc /Users/admin/builder/spi-builder-workspace/.swiftpm/xcode -enable-anonymous-context-mangled-names -file-compilation-dir /Users/admin/builder/spi-builder-workspace/.swiftpm/xcode -Xcc -D_LIBCPP_HARDENING_MODE\=_LIBCPP_HARDENING_MODE_DEBUG -Xcc -ivfsstatcache -Xcc /Users/admin/builder/spi-builder-workspace/.derivedData/SDKStatCaches.noindex/watchos27.0-24R360-e829b21a6f8c9b70876ba0858053c04477534ef55a1706bf4c1112bbb242f0a2.sdkstatcache -Xcc -fmodules-prune-interval\=86400 -Xcc -fmodules-prune-after\=345600 -Xcc -I/Users/admin/builder/spi-builder-workspace/.derivedData/Build/Products/Debug-watchos/include -Xcc -I/Users/admin/builder/spi-builder-workspace/.derivedData/Build/Intermediates.noindex/Prefire.build/Debug-watchos/Prefire-t.build/DerivedSources-normal/arm64 -Xcc -I/Users/admin/builder/spi-builder-workspace/.derivedData/Build/Intermediates.noindex/Prefire.build/Debug-watchos/Prefire-t.build/DerivedSources/arm64 -Xcc -I/Users/admin/builder/spi-builder-workspace/.derivedData/Build/Intermediates.noindex/Prefire.build/Debug-watchos/Prefire-t.build/DerivedSources -Xcc -DSWIFT_PACKAGE -Xcc -DDEBUG\=1 -no-auto-bridging-header-chaining -module-name Prefire -package-name spi_builder_workspace -const-gather-protocols-file /Users/admin/builder/spi-builder-workspace/.derivedData/Build/Intermediates.noindex/Prefire.build/Debug-watchos/Prefire-t.build/Objects-normal/arm64/Prefire_const_extract_protocols.json -disable-clang-spi -clang-target arm64-apple-watchos27.0 -target-sdk-version 27.0 -target-sdk-name watchos27.0 -in-process-plugin-server-path /Applications/Xcode-27.0.0-Release.Candidate.app/Contents/Developer/Toolchains/XcodeDefault.xctoolchain/usr/lib/swift/host/libSwiftInProcPluginServer.dylib -emit-module-doc-path /Users/admin/builder/spi-builder-workspace/.derivedData/Build/Intermediates.noindex/Prefire.build/Debug-watchos/Prefire-t.build/Objects-normal/arm64/Prefire.swiftdoc -emit-module-source-info-path /Users/admin/builder/spi-builder-workspace/.derivedData/Build/Intermediates.noindex/Prefire.build/Debug-watchos/Prefire-t.build/Objects-normal/arm64/Prefire.swiftsourceinfo -emit-objc-header-path /Users/admin/builder/spi-builder-workspace/.derivedData/Build/Intermediates.noindex/Prefire.build/Debug-watchos/Prefire-t.build/Objects-normal/arm64/Prefire-Swift.h -serialize-diagnostics-path /Users/admin/builder/spi-builder-workspace/.derivedData/Build/Intermediates.noindex/Prefire.build/Debug-watchos/Prefire-t.build/Objects-normal/arm64/Prefire-primary-emit-module.dia -emit-dependencies-path /Users/admin/builder/spi-builder-workspace/.derivedData/Build/Intermediates.noindex/Prefire.build/Debug-watchos/Prefire-t.build/Objects-normal/arm64/Prefire-primary-emit-module.d -parse-as-library -o /Users/admin/builder/spi-builder-workspace/.derivedData/Build/Intermediates.noindex/Prefire.build/Debug-watchos/Prefire-t.build/Objects-normal/arm64/Prefire.swiftmodule -emit-abi-descriptor-path /Users/admin/builder/spi-builder-workspace/.derivedData/Build/Intermediates.noindex/Prefire.build/Debug-watchos/Prefire-t.build/Objects-normal/arm64/Prefire.abi.json
SwiftCompile normal arm64 Compiling\ PreferenceKeys.swift /Users/admin/builder/spi-builder-workspace/Sources/Prefire/Preview/PreferenceKeys.swift (in target 'Prefire' from project 'Prefire')
SwiftCompile normal arm64 /Users/admin/builder/spi-builder-workspace/Sources/Prefire/Preview/PreferenceKeys.swift (in target 'Prefire' from project 'Prefire')
cd /Users/admin/builder/spi-builder-workspace/.swiftpm/xcode
builtin-SwiftPerFileCompile PreferenceKeys.swift
SwiftCompile normal arm64 Compiling\ PlatformRepresentable.swift /Users/admin/builder/spi-builder-workspace/Sources/Prefire/Preview/PlatformRepresentable.swift (in target 'Prefire' from project 'Prefire')
SwiftCompile normal arm64 /Users/admin/builder/spi-builder-workspace/Sources/Prefire/Preview/PlatformRepresentable.swift (in target 'Prefire' from project 'Prefire')
cd /Users/admin/builder/spi-builder-workspace/.swiftpm/xcode
builtin-SwiftPerFileCompile PlatformRepresentable.swift
SwiftCompile normal arm64 Compiling\ PrefireSnapshot.swift /Users/admin/builder/spi-builder-workspace/Sources/Prefire/Preview/PrefireSnapshot.swift (in target 'Prefire' from project 'Prefire')
/Users/admin/builder/spi-builder-workspace/Sources/Prefire/Preview/PrefireSnapshot.swift:170:20: error: cannot find type 'PrefireNativeView' in scope
168 |
169 | @_disfavoredOverload
170 | public init<T: PrefireNativeView>(
| `- error: cannot find type 'PrefireNativeView' in scope
171 | _ view: @escaping @MainActor () -> T,
172 | name: String,
/Users/admin/builder/spi-builder-workspace/Sources/Prefire/Preview/PrefireSnapshot.swift:176:24: error: cannot find type 'ViewRepresentable' in scope
174 | device: DeviceConfig,
175 | fixedLayoutSize: CGSize? = nil
176 | ) where Content == ViewRepresentable<T> {
| `- error: cannot find type 'ViewRepresentable' in scope
177 | previewContent = ViewRepresentable(view: view())
178 | self.name = name
/Users/admin/builder/spi-builder-workspace/Sources/Prefire/Preview/PrefireSnapshot.swift:184:20: error: cannot find type 'PrefireNativeViewController' in scope
182 |
183 | @_disfavoredOverload
184 | public init<T: PrefireNativeViewController>(
| `- error: cannot find type 'PrefireNativeViewController' in scope
185 | _ viewController: @escaping @MainActor () -> T,
186 | name: String,
/Users/admin/builder/spi-builder-workspace/Sources/Prefire/Preview/PrefireSnapshot.swift:190:24: error: cannot find type 'ViewControllerRepresentable' in scope
188 | device: DeviceConfig,
189 | fixedLayoutSize: CGSize? = nil
190 | ) where Content == ViewControllerRepresentable<T> {
| `- error: cannot find type 'ViewControllerRepresentable' in scope
191 | previewContent = ViewControllerRepresentable(viewController: viewController())
192 | self.name = name
/Users/admin/builder/spi-builder-workspace/Sources/Prefire/Preview/PrefireSnapshot.swift:184:12: error: invalid redeclaration of 'init(_:name:isScreen:device:fixedLayoutSize:)'
168 |
169 | @_disfavoredOverload
170 | public init<T: PrefireNativeView>(
| `- note: 'init(_:name:isScreen:device:fixedLayoutSize:)' previously declared here
171 | _ view: @escaping @MainActor () -> T,
172 | name: String,
:
182 |
183 | @_disfavoredOverload
184 | public init<T: PrefireNativeViewController>(
| `- error: invalid redeclaration of 'init(_:name:isScreen:device:fixedLayoutSize:)'
185 | _ viewController: @escaping @MainActor () -> T,
186 | name: String,
/Users/admin/builder/spi-builder-workspace/Sources/Prefire/Preview/PrefireSnapshot.swift:197:47: error: cannot find type 'PrefireSnapshotView' in scope
195 | }
196 |
197 | public func loadViewWithPreferences() -> (PrefireSnapshotView, PreferenceKeys) {
| `- error: cannot find type 'PrefireSnapshotView' in scope
198 | let preferences = PreferenceKeys()
199 |
/Users/admin/builder/spi-builder-workspace/Sources/Prefire/Preview/PrefireSnapshot.swift:225:43: error: cannot find type 'PrefireSnapshotView' in scope
223 | /// On macOS the result is hosted in a shared window and stays valid only until the next
224 | /// `loadViewWithPreferences()` call.
225 | private func render(view: AnyView) -> PrefireSnapshotView {
| `- error: cannot find type 'PrefireSnapshotView' in scope
226 | #if os(iOS) || os(tvOS)
227 | let hostingController = UIHostingController(rootView: view)
/Users/admin/builder/spi-builder-workspace/Sources/Prefire/Preview/PrefireSnapshot.swift:177:26: error: cannot find 'ViewRepresentable' in scope
175 | fixedLayoutSize: CGSize? = nil
176 | ) where Content == ViewRepresentable<T> {
177 | previewContent = ViewRepresentable(view: view())
| `- error: cannot find 'ViewRepresentable' in scope
178 | self.name = name
179 | self.isScreen = isScreen
SwiftCompile normal arm64 /Users/admin/builder/spi-builder-workspace/Sources/Prefire/Preview/PrefireSnapshot.swift (in target 'Prefire' from project 'Prefire')
cd /Users/admin/builder/spi-builder-workspace/.swiftpm/xcode
builtin-SwiftPerFileCompile PrefireSnapshot.swift
SwiftCompile normal arm64 Compiling\ View+Prefire.swift /Users/admin/builder/spi-builder-workspace/Sources/Prefire/Preview/View+Prefire.swift (in target 'Prefire' from project 'Prefire')
SwiftCompile normal arm64 /Users/admin/builder/spi-builder-workspace/Sources/Prefire/Preview/View+Prefire.swift (in target 'Prefire' from project 'Prefire')
cd /Users/admin/builder/spi-builder-workspace/.swiftpm/xcode
builtin-SwiftPerFileCompile View+Prefire.swift
SwiftCompile normal arm64 Compiling\ DeviceConfig.swift /Users/admin/builder/spi-builder-workspace/Sources/Prefire/Preview/DeviceConfig.swift (in target 'Prefire' from project 'Prefire')
SwiftCompile normal arm64 /Users/admin/builder/spi-builder-workspace/Sources/Prefire/Preview/DeviceConfig.swift (in target 'Prefire' from project 'Prefire')
cd /Users/admin/builder/spi-builder-workspace/.swiftpm/xcode
builtin-SwiftPerFileCompile DeviceConfig.swift
SwiftCompile normal arm64 Compiling\ PreviewLayout+Equatable.swift /Users/admin/builder/spi-builder-workspace/Sources/Prefire/Preview/PreviewLayout+Equatable.swift (in target 'Prefire' from project 'Prefire')
SwiftCompile normal arm64 /Users/admin/builder/spi-builder-workspace/Sources/Prefire/Preview/PreviewLayout+Equatable.swift (in target 'Prefire' from project 'Prefire')
cd /Users/admin/builder/spi-builder-workspace/.swiftpm/xcode
builtin-SwiftPerFileCompile PreviewLayout+Equatable.swift
SwiftCompile normal arm64 Compiling\ LoadingTimeModifier.swift,\ PlaybookView.swift /Users/admin/builder/spi-builder-workspace/Sources/Prefire/Playbook/LoadingTimeModifier.swift /Users/admin/builder/spi-builder-workspace/Sources/Prefire/Playbook/PlaybookView.swift (in target 'Prefire' from project 'Prefire')
SwiftCompile normal arm64 /Users/admin/builder/spi-builder-workspace/Sources/Prefire/Playbook/LoadingTimeModifier.swift (in target 'Prefire' from project 'Prefire')
cd /Users/admin/builder/spi-builder-workspace/.swiftpm/xcode
builtin-SwiftPerFileCompile LoadingTimeModifier.swift
SwiftCompile normal arm64 /Users/admin/builder/spi-builder-workspace/Sources/Prefire/Playbook/PlaybookView.swift (in target 'Prefire' from project 'Prefire')
cd /Users/admin/builder/spi-builder-workspace/.swiftpm/xcode
builtin-SwiftPerFileCompile PlaybookView.swift
SwiftExplicitDependencyGeneratePcm arm64_32 /Users/admin/builder/spi-builder-workspace/.derivedData/SDKExplicitPrecompiledModules/SwiftUI-6DR5UJH94SD7QMITGWNAX9FBI.pcm
SwiftDriverJobDiscovery normal arm64 Compiling resource_bundle_accessor.swift (in target 'prefire-product' from project 'Prefire')
SwiftDriver\ Compilation prefire normal arm64 com.apple.xcode.tools.swift.compiler (in target 'prefire-product' from project 'Prefire')
cd /Users/admin/builder/spi-builder-workspace/.swiftpm/xcode
builtin-Swift-Compilation -- /Applications/Xcode-27.0.0-Release.Candidate.app/Contents/Developer/Toolchains/XcodeDefault.xctoolchain/usr/bin/swiftc -module-name PrefireCLI -Onone @/Users/admin/builder/spi-builder-workspace/.derivedData/Build/Intermediates.noindex/Prefire.build/Debug-watchos/prefire-p.build/Objects-normal/arm64/prefire.SwiftFileList -DSWIFT_PACKAGE -DDEBUG -DSWIFT_MODULE_RESOURCE_BUNDLE_AVAILABLE -DXcode -plugin-path /Applications/Xcode-27.0.0-Release.Candidate.app/Contents/Developer/Toolchains/XcodeDefault.xctoolchain/usr/lib/swift/host/plugins/testing -enable-experimental-feature DebugDescriptionMacro -sdk /Applications/Xcode-27.0.0-Release.Candidate.app/Contents/Developer/Platforms/WatchOS.platform/Developer/SDKs/WatchOS27.0.sdk -target arm64-apple-watchos9.0 -g -module-cache-path /Users/admin/builder/spi-builder-workspace/.derivedData/ModuleCache.noindex -Xfrontend -serialize-debugging-options -profile-coverage-mapping -profile-generate -enable-testing -index-store-path /Users/admin/builder/spi-builder-workspace/.derivedData/Index.noindex/DataStore -Xcc -D_LIBCPP_HARDENING_MODE\=_LIBCPP_HARDENING_MODE_DEBUG -swift-version 6 -I /Users/admin/builder/spi-builder-workspace/.derivedData/Build/Products/Debug-watchos -Isystem /Applications/Xcode-27.0.0-Release.Candidate.app/Contents/Developer/Platforms/WatchOS.platform/Developer/usr/lib -F /Users/admin/builder/spi-builder-workspace/.derivedData/Build/Products/Debug-watchos -F /Applications/Xcode-27.0.0-Release.Candidate.app/Contents/Developer/Platforms/WatchOS.platform/Developer/Library/Frameworks -F /Applications/Xcode-27.0.0-Release.Candidate.app/Contents/Developer/Platforms/WatchOS.platform/Developer/SDKs/WatchOS27.0.sdk/Developer/Library/Frameworks -c -j10 -enable-batch-mode -incremental -Xcc -ivfsstatcache -Xcc /Users/admin/builder/spi-builder-workspace/.derivedData/SDKStatCaches.noindex/watchos27.0-24R360-e829b21a6f8c9b70876ba0858053c04477534ef55a1706bf4c1112bbb242f0a2.sdkstatcache -output-file-map /Users/admin/builder/spi-builder-workspace/.derivedData/Build/Intermediates.noindex/Prefire.build/Debug-watchos/prefire-p.build/Objects-normal/arm64/prefire-OutputFileMap.json -save-temps -no-color-diagnostics -explicit-module-build -module-cache-path /Users/admin/builder/spi-builder-workspace/.derivedData/Build/Intermediates.noindex/SwiftExplicitPrecompiledModules -clang-scanner-module-cache-path /Users/admin/builder/spi-builder-workspace/.derivedData/ModuleCache.noindex -sdk-module-cache-path /Users/admin/builder/spi-builder-workspace/.derivedData/SDKExplicitPrecompiledModules -emit-dependencies -emit-module -emit-module-path /Users/admin/builder/spi-builder-workspace/.derivedData/Build/Intermediates.noindex/Prefire.build/Debug-watchos/prefire-p.build/Objects-normal/arm64/PrefireCLI.swiftmodule -serialize-diagnostics -dependency-scan-serialize-diagnostics-path /Users/admin/builder/spi-builder-workspace/.derivedData/Build/Intermediates.noindex/Prefire.build/Debug-watchos/prefire-p.build/Objects-normal/arm64/PrefireCLI-dependency-scan.dia -validate-clang-modules-once -clang-build-session-file /Users/admin/builder/spi-builder-workspace/.derivedData/ModuleCache.noindex/Session.modulevalidation -Xcc -fmodules-prune-interval\=86400 -Xcc -fmodules-prune-after\=345600 -package-name spi_builder_workspace -emit-const-values -const-gather-protocols-list /Users/admin/builder/spi-builder-workspace/.derivedData/Build/Intermediates.noindex/Prefire.build/Debug-watchos/prefire-p.build/Objects-normal/arm64/prefire_const_extract_protocols.json -Xcc -I/Users/admin/builder/spi-builder-workspace/.derivedData/Build/Products/Debug-watchos/include -Xcc -I/Users/admin/builder/spi-builder-workspace/.derivedData/Build/Intermediates.noindex/Prefire.build/Debug-watchos/prefire-p.build/DerivedSources-normal/arm64 -Xcc -I/Users/admin/builder/spi-builder-workspace/.derivedData/Build/Intermediates.noindex/Prefire.build/Debug-watchos/prefire-p.build/DerivedSources/arm64 -Xcc -I/Users/admin/builder/spi-builder-workspace/.derivedData/Build/Intermediates.noindex/Prefire.build/Debug-watchos/prefire-p.build/DerivedSources -Xcc -DSWIFT_PACKAGE -Xcc -DDEBUG\=1 -working-directory /Users/admin/builder/spi-builder-workspace/.swiftpm/xcode -experimental-emit-module-separately -disable-cmo
SwiftDriverJobDiscovery normal arm64_32 Compiling resource_bundle_accessor.swift (in target 'prefire-product' from project 'Prefire')
SwiftCompile normal arm64 Compiling\ Scale.swift,\ TransformIf.swift /Users/admin/builder/spi-builder-workspace/Sources/Prefire/Playbook/Scale.swift /Users/admin/builder/spi-builder-workspace/Sources/Prefire/Playbook/TransformIf.swift (in target 'Prefire' from project 'Prefire')
SwiftCompile normal arm64 /Users/admin/builder/spi-builder-workspace/Sources/Prefire/Playbook/Scale.swift (in target 'Prefire' from project 'Prefire')
cd /Users/admin/builder/spi-builder-workspace/.swiftpm/xcode
builtin-SwiftPerFileCompile Scale.swift
SwiftCompile normal arm64 /Users/admin/builder/spi-builder-workspace/Sources/Prefire/Playbook/TransformIf.swift (in target 'Prefire' from project 'Prefire')
cd /Users/admin/builder/spi-builder-workspace/.swiftpm/xcode
builtin-SwiftPerFileCompile TransformIf.swift
Ld /Users/admin/builder/spi-builder-workspace/.derivedData/Build/Intermediates.noindex/Prefire.build/Debug-watchos/prefire-p.build/Objects-normal/arm64/Binary/prefire normal arm64 (in target 'prefire-product' from project 'Prefire')
cd /Users/admin/builder/spi-builder-workspace
/Applications/Xcode-27.0.0-Release.Candidate.app/Contents/Developer/Toolchains/XcodeDefault.xctoolchain/usr/bin/swiftc -Xlinker -reproducible -target arm64-apple-watchos9.0 -emit-executable -sdk /Applications/Xcode-27.0.0-Release.Candidate.app/Contents/Developer/Platforms/WatchOS.platform/Developer/SDKs/WatchOS27.0.sdk -Xlinker -no_warn_duplicate_libraries -L/Users/admin/builder/spi-builder-workspace/.derivedData/Build/Intermediates.noindex/EagerLinkingTBDs/Debug-watchos -L/Users/admin/builder/spi-builder-workspace/.derivedData/Build/Products/Debug-watchos -L/Applications/Xcode-27.0.0-Release.Candidate.app/Contents/Developer/Platforms/WatchOS.platform/Developer/usr/lib -F/Users/admin/builder/spi-builder-workspace/.derivedData/Build/Intermediates.noindex/EagerLinkingTBDs/Debug-watchos -F/Users/admin/builder/spi-builder-workspace/.derivedData/Build/Products/Debug-watchos -Fsystem /Applications/Xcode-27.0.0-Release.Candidate.app/Contents/Developer/Platforms/WatchOS.platform/Developer/Library/Frameworks -Fsystem /Applications/Xcode-27.0.0-Release.Candidate.app/Contents/Developer/Platforms/WatchOS.platform/Developer/SDKs/WatchOS27.0.sdk/Developer/Library/Frameworks @/Users/admin/builder/spi-builder-workspace/.derivedData/Build/Intermediates.noindex/Prefire.build/Debug-watchos/prefire-p.build/Objects-normal/arm64/prefire.LinkFileList -Xlinker -rpath -Xlinker /usr/lib/swift -Xlinker -rpath -Xlinker @executable_path/../lib -Xlinker -dead_strip -Xlinker -object_path_lto -Xlinker /Users/admin/builder/spi-builder-workspace/.derivedData/Build/Intermediates.noindex/Prefire.build/Debug-watchos/prefire-p.build/Objects-normal/arm64/prefire_lto.o -Xclang-linker -rdynamic -Xlinker -no_deduplicate -Xlinker -debug_variant -Xlinker -dependency_info -Xlinker /Users/admin/builder/spi-builder-workspace/.derivedData/Build/Intermediates.noindex/Prefire.build/Debug-watchos/prefire-p.build/Objects-normal/arm64/prefire_dependency_info.dat -link-objc-runtime -profile-generate -L/Applications/Xcode-27.0.0-Release.Candidate.app/Contents/Developer/Toolchains/XcodeDefault.xctoolchain/usr/lib/swift/watchos -L/usr/lib/swift -Xlinker -add_ast_path -Xlinker /Users/admin/builder/spi-builder-workspace/.derivedData/Build/Intermediates.noindex/Prefire.build/Debug-watchos/prefire-p.build/Objects-normal/arm64/PrefireCLI.swiftmodule -o /Users/admin/builder/spi-builder-workspace/.derivedData/Build/Intermediates.noindex/Prefire.build/Debug-watchos/prefire-p.build/Objects-normal/arm64/Binary/prefire -no-stdlib-rpath
SwiftEmitModule normal arm64_32 Emitting\ module\ for\ Prefire (in target 'Prefire' from project 'Prefire')
SwiftCompile normal arm64_32 (in target 'Prefire' from project 'Prefire')
cd /Users/admin/builder/spi-builder-workspace/.swiftpm/xcode
PruneExplicitPrecompiledModules /Users/admin/builder/spi-builder-workspace/.derivedData/Build/Intermediates.noindex/ExplicitPrecompiledModules
PruneExplicitPrecompiledModules /Users/admin/builder/spi-builder-workspace/.derivedData/SDKExplicitPrecompiledModules
PruneExplicitPrecompiledModules /Users/admin/builder/spi-builder-workspace/.derivedData/Build/Intermediates.noindex/SwiftExplicitPrecompiledModules
2026-09-28 22:55:38.414 xcodebuild[635:3947] [MT] IDERunDestination: Supported platforms for the buildables in the current scheme is empty.
** BUILD FAILED **
The following build commands failed:
SwiftCompile normal arm64 (in target 'Prefire' from project 'Prefire')
SwiftEmitModule normal arm64 Emitting\ module\ for\ Prefire (in target 'Prefire' from project 'Prefire')
Building workspace Prefire with scheme Prefire-Package
(3 failures)
Command line invocation:
/Applications/Xcode-27.0.0-Release.Candidate.app/Contents/Developer/usr/bin/xcodebuild -IDEClonedSourcePackagesDirPathOverride=/Users/admin/builder/spi-builder-workspace/.dependencies -resolvePackageDependencies
Resolve Package Graph
Resolved source packages:
Prefire: /Users/admin/builder/spi-builder-workspace
resolved source packages: Prefire
2026-09-28 22:55:49.530 xcodebuild[864:5013] [MT] IDERunDestination: Supported platforms for the buildables in the current scheme is empty.
{
"dependencies" : [
],
"manifest_display_name" : "Prefire",
"name" : "Prefire",
"path" : "/Users/admin/builder/spi-builder-workspace",
"platforms" : [
{
"name" : "ios",
"version" : "14.0"
},
{
"name" : "macos",
"version" : "13.0"
}
],
"products" : [
{
"name" : "Prefire",
"targets" : [
"Prefire"
],
"type" : {
"library" : [
"automatic"
]
}
},
{
"name" : "PrefirePlaybookPlugin",
"targets" : [
"PrefirePlaybookPlugin"
],
"type" : {
"plugin" : null
}
},
{
"name" : "PrefireTestsPlugin",
"targets" : [
"PrefireTestsPlugin"
],
"type" : {
"plugin" : null
}
},
{
"name" : "prefire",
"targets" : [
"PrefireCLI"
],
"type" : {
"executable" : null
}
}
],
"targets" : [
{
"c99name" : "PrefireTestsPlugin",
"module_type" : "PluginTarget",
"name" : "PrefireTestsPlugin",
"path" : "Plugins/PrefireTestsPlugin",
"plugin_capability" : {
"type" : "buildTool"
},
"product_memberships" : [
"PrefireTestsPlugin"
],
"sources" : [
"Plugin.swift",
"TestedTargetFinder.swift"
],
"target_dependencies" : [
"PrefireBinary"
],
"type" : "plugin"
},
{
"c99name" : "PrefirePlaybookPlugin",
"module_type" : "PluginTarget",
"name" : "PrefirePlaybookPlugin",
"path" : "Plugins/PrefirePlaybookPlugin",
"plugin_capability" : {
"type" : "buildTool"
},
"product_memberships" : [
"PrefirePlaybookPlugin"
],
"sources" : [
"Plugin.swift"
],
"target_dependencies" : [
"PrefireBinary"
],
"type" : "plugin"
},
{
"c99name" : "PrefireCLITests",
"module_type" : "SwiftTarget",
"name" : "PrefireCLITests",
"path" : "Tests/PrefireCLITests",
"sources" : [
"BinaryLocatorTests.swift",
"MacOSSnapshotTests.swift"
],
"target_dependencies" : [
"PrefireCLI",
"Prefire"
],
"type" : "test"
},
{
"c99name" : "PrefireCLI",
"module_type" : "SwiftTarget",
"name" : "PrefireCLI",
"path" : "Sources/PrefireCLI",
"product_memberships" : [
"prefire"
],
"resources" : [
{
"path" : "/Users/admin/builder/spi-builder-workspace/Binaries/PrefireBinary.artifactbundle",
"rule" : {
"copy" : {
}
}
}
],
"sources" : [
"BinaryLocator.swift",
"main.swift"
],
"type" : "executable"
},
{
"c99name" : "PrefireBinary",
"module_type" : "BinaryTarget",
"name" : "PrefireBinary",
"path" : "Binaries/PrefireBinary.artifactbundle",
"product_memberships" : [
"PrefirePlaybookPlugin",
"PrefireTestsPlugin"
],
"sources" : [
],
"type" : "binary"
},
{
"c99name" : "Prefire",
"module_type" : "SwiftTarget",
"name" : "Prefire",
"path" : "Sources/Prefire",
"product_memberships" : [
"Prefire"
],
"sources" : [
"Playbook/LoadingTimeModifier.swift",
"Playbook/PlaybookView.swift",
"Playbook/Scale.swift",
"Playbook/TransformIf.swift",
"Preview/DeviceConfig.swift",
"Preview/PlatformRepresentable.swift",
"Preview/PreferenceKeys.swift",
"Preview/PrefireProvider.swift",
"Preview/PrefireSnapshot.swift",
"Preview/PreviewLayout+Equatable.swift",
"Preview/PreviewModel.swift",
"Preview/View+Prefire.swift"
],
"type" : "library"
}
],
"tools_version" : "6.0"
}
{
"workspace" : {
"name" : "Prefire",
"schemes" : [
"prefire",
"Prefire",
"Prefire-Package"
]
}
}
2026-09-28 22:55:51.146 xcodebuild[875:5099] [MT] IDERunDestination: Supported platforms for the buildables in the current scheme is empty.
Running build ...
env DEVELOPER_DIR=/Applications/Xcode-27.0.0-Release.Candidate.app xcrun xcodebuild -IDEClonedSourcePackagesDirPathOverride=$PWD/.dependencies -skipMacroValidation -skipPackagePluginValidation -derivedDataPath $PWD/.derivedData build -scheme Prefire-Package -destination generic/platform=watchOS
Command line invocation:
/Applications/Xcode-27.0.0-Release.Candidate.app/Contents/Developer/usr/bin/xcodebuild -IDEClonedSourcePackagesDirPathOverride=/Users/admin/builder/spi-builder-workspace/.dependencies -skipMacroValidation -skipPackagePluginValidation -derivedDataPath /Users/admin/builder/spi-builder-workspace/.derivedData build -scheme Prefire-Package -destination generic/platform=watchOS
Resolve Package Graph
Resolved source packages:
Prefire: /Users/admin/builder/spi-builder-workspace
ComputePackagePrebuildTargetDependencyGraph
Prepare packages
Compile plug-in “PrefireTestsPlugin” in package “spi-builder-workspace”
[debug]: Compiling plugin to executable at /Users/admin/builder/spi-builder-workspace/.derivedData/Build/Products/PluginExecutables/PrefireTestsPlugin
[debug]: Using compiler /Applications/Xcode-27.0.0-Release.Candidate.app/Contents/Developer/Toolchains/XcodeDefault.xctoolchain/usr/bin/swiftc
[debug]: Plugin compilation output directory '/Users/admin/builder/spi-builder-workspace/.derivedData/Build/Products/PluginExecutables'
[debug]: Computed hash of plugin compilation inputs: 358f494f13d41000542c9d37c064f9cf79dc69225f6cbb69112a90e8b998c1e3
/Applications/Xcode-27.0.0-Release.Candidate.app/Contents/Developer/Toolchains/XcodeDefault.xctoolchain/usr/bin/swiftc -L /Applications/Xcode-27.0.0-Release.Candidate.app/Contents/SharedFrameworks/SwiftPM.framework/SharedSupport/PluginAPI -lPackagePlugin -Xlinker -rpath -Xlinker /Applications/Xcode-27.0.0-Release.Candidate.app/Contents/SharedFrameworks/SwiftPM.framework/SharedSupport/PluginAPI -target arm64-apple-macos14.0 -plugin-path /Applications/Xcode-27.0.0-Release.Candidate.app/Contents/Developer/Toolchains/XcodeDefault.xctoolchain/usr/lib/swift/host/plugins/testing -sdk /Applications/Xcode-27.0.0-Release.Candidate.app/Contents/Developer/Platforms/MacOSX.platform/Developer/SDKs/MacOSX27.0.sdk -g -swift-version 6 -package-description-version 6.0.0 -I /Applications/Xcode-27.0.0-Release.Candidate.app/Contents/SharedFrameworks/SwiftPM.framework/SharedSupport/PluginAPI -sdk /Applications/Xcode-27.0.0-Release.Candidate.app/Contents/Developer/Platforms/MacOSX.platform/Developer/SDKs/MacOSX27.0.sdk -parse-as-library -j10 -Xfrontend -serialize-diagnostics-path -Xfrontend /Users/admin/builder/spi-builder-workspace/.derivedData/Build/Products/PluginExecutables/PrefirePlaybookPlugin.dia /Users/admin/builder/spi-builder-workspace/Plugins/PrefirePlaybookPlugin/Plugin.swift -o /Users/admin/builder/spi-builder-workspace/.derivedData/Build/Products/PluginExecutables/PrefirePlaybookPlugin
[debug]: Compiling plugin to executable at /Users/admin/builder/spi-builder-workspace/.derivedData/Build/Products/PluginExecutables/PrefirePlaybookPlugin
[debug]: Using compiler /Applications/Xcode-27.0.0-Release.Candidate.app/Contents/Developer/Toolchains/XcodeDefault.xctoolchain/usr/bin/swiftc
[debug]: Plugin compilation output directory '/Users/admin/builder/spi-builder-workspace/.derivedData/Build/Products/PluginExecutables'
[debug]: Computed hash of plugin compilation inputs: 1a3dcc5abb82945c0dd420ebfe00018152cc2345f4768cfe3b9b264b6bee77f5
Process build tool plug-in results
CreateBuildRequest
SendProjectDescription
CreateBuildOperation
ComputeTargetDependencyGraph
note: Building targets in dependency order
note: Target dependency graph (4 targets)
Target 'prefire-product' in project 'Prefire'
➜ Explicit dependency on target 'Prefire_PrefireCLI' in project 'Prefire'
Target 'Prefire_PrefireCLI' in project 'Prefire' (no dependencies)
Target 'Prefire-product' in project 'Prefire'
➜ Explicit dependency on target 'Prefire' in project 'Prefire'
Target 'Prefire' in project 'Prefire' (no dependencies)
GatherProvisioningInputs
CreateBuildDescription
ClangStatCache /Applications/Xcode-27.0.0-Release.Candidate.app/Contents/Developer/Toolchains/XcodeDefault.xctoolchain/usr/bin/clang-stat-cache /Applications/Xcode-27.0.0-Release.Candidate.app/Contents/Developer/Platforms/WatchOS.platform/Developer/SDKs/WatchOS27.0.sdk /Users/admin/builder/spi-builder-workspace/.derivedData/SDKStatCaches.noindex/watchos27.0-24R360-e829b21a6f8c9b70876ba0858053c04477534ef55a1706bf4c1112bbb242f0a2.sdkstatcache
cd /Users/admin/builder/spi-builder-workspace/.swiftpm/xcode
/Applications/Xcode-27.0.0-Release.Candidate.app/Contents/Developer/Toolchains/XcodeDefault.xctoolchain/usr/bin/clang-stat-cache /Applications/Xcode-27.0.0-Release.Candidate.app/Contents/Developer/Platforms/WatchOS.platform/Developer/SDKs/WatchOS27.0.sdk -o /Users/admin/builder/spi-builder-workspace/.derivedData/SDKStatCaches.noindex/watchos27.0-24R360-e829b21a6f8c9b70876ba0858053c04477534ef55a1706bf4c1112bbb242f0a2.sdkstatcache
SwiftDriver prefire normal arm64_32 com.apple.xcode.tools.swift.compiler (in target 'prefire-product' from project 'Prefire')
cd /Users/admin/builder/spi-builder-workspace/.swiftpm/xcode
builtin-SwiftDriver -- /Applications/Xcode-27.0.0-Release.Candidate.app/Contents/Developer/Toolchains/XcodeDefault.xctoolchain/usr/bin/swiftc -module-name PrefireCLI -Onone @/Users/admin/builder/spi-builder-workspace/.derivedData/Build/Intermediates.noindex/Prefire.build/Debug-watchos/prefire-p.build/Objects-normal/arm64_32/prefire.SwiftFileList -DSWIFT_PACKAGE -DDEBUG -DSWIFT_MODULE_RESOURCE_BUNDLE_AVAILABLE -DXcode -plugin-path /Applications/Xcode-27.0.0-Release.Candidate.app/Contents/Developer/Toolchains/XcodeDefault.xctoolchain/usr/lib/swift/host/plugins/testing -enable-experimental-feature DebugDescriptionMacro -sdk /Applications/Xcode-27.0.0-Release.Candidate.app/Contents/Developer/Platforms/WatchOS.platform/Developer/SDKs/WatchOS27.0.sdk -target arm64_32-apple-watchos9.0 -g -module-cache-path /Users/admin/builder/spi-builder-workspace/.derivedData/ModuleCache.noindex -Xfrontend -serialize-debugging-options -profile-coverage-mapping -profile-generate -enable-testing -index-store-path /Users/admin/builder/spi-builder-workspace/.derivedData/Index.noindex/DataStore -Xcc -D_LIBCPP_HARDENING_MODE\=_LIBCPP_HARDENING_MODE_DEBUG -swift-version 6 -I /Users/admin/builder/spi-builder-workspace/.derivedData/Build/Products/Debug-watchos -Isystem /Applications/Xcode-27.0.0-Release.Candidate.app/Contents/Developer/Platforms/WatchOS.platform/Developer/usr/lib -F /Users/admin/builder/spi-builder-workspace/.derivedData/Build/Products/Debug-watchos -F /Applications/Xcode-27.0.0-Release.Candidate.app/Contents/Developer/Platforms/WatchOS.platform/Developer/Library/Frameworks -F /Applications/Xcode-27.0.0-Release.Candidate.app/Contents/Developer/Platforms/WatchOS.platform/Developer/SDKs/WatchOS27.0.sdk/Developer/Library/Frameworks -c -j10 -enable-batch-mode -incremental -Xcc -ivfsstatcache -Xcc /Users/admin/builder/spi-builder-workspace/.derivedData/SDKStatCaches.noindex/watchos27.0-24R360-e829b21a6f8c9b70876ba0858053c04477534ef55a1706bf4c1112bbb242f0a2.sdkstatcache -output-file-map /Users/admin/builder/spi-builder-workspace/.derivedData/Build/Intermediates.noindex/Prefire.build/Debug-watchos/prefire-p.build/Objects-normal/arm64_32/prefire-OutputFileMap.json -save-temps -no-color-diagnostics -explicit-module-build -module-cache-path /Users/admin/builder/spi-builder-workspace/.derivedData/Build/Intermediates.noindex/SwiftExplicitPrecompiledModules -clang-scanner-module-cache-path /Users/admin/builder/spi-builder-workspace/.derivedData/ModuleCache.noindex -sdk-module-cache-path /Users/admin/builder/spi-builder-workspace/.derivedData/SDKExplicitPrecompiledModules -emit-dependencies -emit-module -emit-module-path /Users/admin/builder/spi-builder-workspace/.derivedData/Build/Intermediates.noindex/Prefire.build/Debug-watchos/prefire-p.build/Objects-normal/arm64_32/PrefireCLI.swiftmodule -serialize-diagnostics -dependency-scan-serialize-diagnostics-path /Users/admin/builder/spi-builder-workspace/.derivedData/Build/Intermediates.noindex/Prefire.build/Debug-watchos/prefire-p.build/Objects-normal/arm64_32/PrefireCLI-dependency-scan.dia -validate-clang-modules-once -clang-build-session-file /Users/admin/builder/spi-builder-workspace/.derivedData/ModuleCache.noindex/Session.modulevalidation -Xcc -fmodules-prune-interval\=86400 -Xcc -fmodules-prune-after\=345600 -package-name spi_builder_workspace -emit-const-values -const-gather-protocols-list /Users/admin/builder/spi-builder-workspace/.derivedData/Build/Intermediates.noindex/Prefire.build/Debug-watchos/prefire-p.build/Objects-normal/arm64_32/prefire_const_extract_protocols.json -Xcc -I/Users/admin/builder/spi-builder-workspace/.derivedData/Build/Products/Debug-watchos/include -Xcc -I/Users/admin/builder/spi-builder-workspace/.derivedData/Build/Intermediates.noindex/Prefire.build/Debug-watchos/prefire-p.build/DerivedSources-normal/arm64_32 -Xcc -I/Users/admin/builder/spi-builder-workspace/.derivedData/Build/Intermediates.noindex/Prefire.build/Debug-watchos/prefire-p.build/DerivedSources/arm64_32 -Xcc -I/Users/admin/builder/spi-builder-workspace/.derivedData/Build/Intermediates.noindex/Prefire.build/Debug-watchos/prefire-p.build/DerivedSources -Xcc -DSWIFT_PACKAGE -Xcc -DDEBUG\=1 -working-directory /Users/admin/builder/spi-builder-workspace/.swiftpm/xcode -experimental-emit-module-separately -disable-cmo
SwiftDriver Prefire normal arm64_32 com.apple.xcode.tools.swift.compiler (in target 'Prefire' from project 'Prefire')
cd /Users/admin/builder/spi-builder-workspace/.swiftpm/xcode
builtin-SwiftDriver -- /Applications/Xcode-27.0.0-Release.Candidate.app/Contents/Developer/Toolchains/XcodeDefault.xctoolchain/usr/bin/swiftc -parse-as-library -module-name Prefire -Onone @/Users/admin/builder/spi-builder-workspace/.derivedData/Build/Intermediates.noindex/Prefire.build/Debug-watchos/Prefire-t.build/Objects-normal/arm64_32/Prefire.SwiftFileList -DSWIFT_PACKAGE -DDEBUG -DSWIFT_MODULE_RESOURCE_BUNDLE_UNAVAILABLE -DXcode -plugin-path /Applications/Xcode-27.0.0-Release.Candidate.app/Contents/Developer/Toolchains/XcodeDefault.xctoolchain/usr/lib/swift/host/plugins/testing -enable-experimental-feature DebugDescriptionMacro -sdk /Applications/Xcode-27.0.0-Release.Candidate.app/Contents/Developer/Platforms/WatchOS.platform/Developer/SDKs/WatchOS27.0.sdk -target arm64_32-apple-watchos9.0 -g -module-cache-path /Users/admin/builder/spi-builder-workspace/.derivedData/ModuleCache.noindex -Xfrontend -serialize-debugging-options -profile-coverage-mapping -profile-generate -enable-testing -index-store-path /Users/admin/builder/spi-builder-workspace/.derivedData/Index.noindex/DataStore -Xcc -D_LIBCPP_HARDENING_MODE\=_LIBCPP_HARDENING_MODE_DEBUG -swift-version 6 -I /Users/admin/builder/spi-builder-workspace/.derivedData/Build/Products/Debug-watchos -Isystem /Applications/Xcode-27.0.0-Release.Candidate.app/Contents/Developer/Platforms/WatchOS.platform/Developer/usr/lib -F /Users/admin/builder/spi-builder-workspace/.derivedData/Build/Products/Debug-watchos -F /Applications/Xcode-27.0.0-Release.Candidate.app/Contents/Developer/Platforms/WatchOS.platform/Developer/Library/Frameworks -F /Applications/Xcode-27.0.0-Release.Candidate.app/Contents/Developer/Platforms/WatchOS.platform/Developer/SDKs/WatchOS27.0.sdk/Developer/Library/Frameworks -c -j10 -enable-batch-mode -incremental -Xcc -ivfsstatcache -Xcc /Users/admin/builder/spi-builder-workspace/.derivedData/SDKStatCaches.noindex/watchos27.0-24R360-e829b21a6f8c9b70876ba0858053c04477534ef55a1706bf4c1112bbb242f0a2.sdkstatcache -output-file-map /Users/admin/builder/spi-builder-workspace/.derivedData/Build/Intermediates.noindex/Prefire.build/Debug-watchos/Prefire-t.build/Objects-normal/arm64_32/Prefire-OutputFileMap.json -save-temps -no-color-diagnostics -explicit-module-build -module-cache-path /Users/admin/builder/spi-builder-workspace/.derivedData/Build/Intermediates.noindex/SwiftExplicitPrecompiledModules -clang-scanner-module-cache-path /Users/admin/builder/spi-builder-workspace/.derivedData/ModuleCache.noindex -sdk-module-cache-path /Users/admin/builder/spi-builder-workspace/.derivedData/SDKExplicitPrecompiledModules -emit-dependencies -emit-module -emit-module-path /Users/admin/builder/spi-builder-workspace/.derivedData/Build/Intermediates.noindex/Prefire.build/Debug-watchos/Prefire-t.build/Objects-normal/arm64_32/Prefire.swiftmodule -serialize-diagnostics -dependency-scan-serialize-diagnostics-path /Users/admin/builder/spi-builder-workspace/.derivedData/Build/Intermediates.noindex/Prefire.build/Debug-watchos/Prefire-t.build/Objects-normal/arm64_32/Prefire-dependency-scan.dia -validate-clang-modules-once -clang-build-session-file /Users/admin/builder/spi-builder-workspace/.derivedData/ModuleCache.noindex/Session.modulevalidation -Xcc -fmodules-prune-interval\=86400 -Xcc -fmodules-prune-after\=345600 -package-name spi_builder_workspace -emit-const-values -const-gather-protocols-list /Users/admin/builder/spi-builder-workspace/.derivedData/Build/Intermediates.noindex/Prefire.build/Debug-watchos/Prefire-t.build/Objects-normal/arm64_32/Prefire_const_extract_protocols.json -Xcc -I/Users/admin/builder/spi-builder-workspace/.derivedData/Build/Products/Debug-watchos/include -Xcc -I/Users/admin/builder/spi-builder-workspace/.derivedData/Build/Intermediates.noindex/Prefire.build/Debug-watchos/Prefire-t.build/DerivedSources-normal/arm64_32 -Xcc -I/Users/admin/builder/spi-builder-workspace/.derivedData/Build/Intermediates.noindex/Prefire.build/Debug-watchos/Prefire-t.build/DerivedSources/arm64_32 -Xcc -I/Users/admin/builder/spi-builder-workspace/.derivedData/Build/Intermediates.noindex/Prefire.build/Debug-watchos/Prefire-t.build/DerivedSources -Xcc -DSWIFT_PACKAGE -Xcc -DDEBUG\=1 -emit-objc-header -emit-objc-header-path /Users/admin/builder/spi-builder-workspace/.derivedData/Build/Intermediates.noindex/Prefire.build/Debug-watchos/Prefire-t.build/Objects-normal/arm64_32/Prefire-Swift.h -working-directory /Users/admin/builder/spi-builder-workspace/.swiftpm/xcode -experimental-emit-module-separately -disable-cmo
Ld /Users/admin/builder/spi-builder-workspace/.derivedData/Build/Intermediates.noindex/Prefire.build/Debug-watchos/prefire-p.build/Objects-normal/arm64/Binary/prefire normal arm64 (in target 'prefire-product' from project 'Prefire')
cd /Users/admin/builder/spi-builder-workspace
/Applications/Xcode-27.0.0-Release.Candidate.app/Contents/Developer/Toolchains/XcodeDefault.xctoolchain/usr/bin/swiftc -Xlinker -reproducible -target arm64-apple-watchos9.0 -emit-executable -sdk /Applications/Xcode-27.0.0-Release.Candidate.app/Contents/Developer/Platforms/WatchOS.platform/Developer/SDKs/WatchOS27.0.sdk -Xlinker -no_warn_duplicate_libraries -L/Users/admin/builder/spi-builder-workspace/.derivedData/Build/Intermediates.noindex/EagerLinkingTBDs/Debug-watchos -L/Users/admin/builder/spi-builder-workspace/.derivedData/Build/Products/Debug-watchos -L/Applications/Xcode-27.0.0-Release.Candidate.app/Contents/Developer/Platforms/WatchOS.platform/Developer/usr/lib -F/Users/admin/builder/spi-builder-workspace/.derivedData/Build/Intermediates.noindex/EagerLinkingTBDs/Debug-watchos -F/Users/admin/builder/spi-builder-workspace/.derivedData/Build/Products/Debug-watchos -Fsystem /Applications/Xcode-27.0.0-Release.Candidate.app/Contents/Developer/Platforms/WatchOS.platform/Developer/Library/Frameworks -Fsystem /Applications/Xcode-27.0.0-Release.Candidate.app/Contents/Developer/Platforms/WatchOS.platform/Developer/SDKs/WatchOS27.0.sdk/Developer/Library/Frameworks @/Users/admin/builder/spi-builder-workspace/.derivedData/Build/Intermediates.noindex/Prefire.build/Debug-watchos/prefire-p.build/Objects-normal/arm64/prefire.LinkFileList -Xlinker -rpath -Xlinker /usr/lib/swift -Xlinker -rpath -Xlinker @executable_path/../lib -Xlinker -dead_strip -Xlinker -object_path_lto -Xlinker /Users/admin/builder/spi-builder-workspace/.derivedData/Build/Intermediates.noindex/Prefire.build/Debug-watchos/prefire-p.build/Objects-normal/arm64/prefire_lto.o -Xclang-linker -rdynamic -Xlinker -no_deduplicate -Xlinker -debug_variant -Xlinker -dependency_info -Xlinker /Users/admin/builder/spi-builder-workspace/.derivedData/Build/Intermediates.noindex/Prefire.build/Debug-watchos/prefire-p.build/Objects-normal/arm64/prefire_dependency_info.dat -link-objc-runtime -profile-generate -L/Applications/Xcode-27.0.0-Release.Candidate.app/Contents/Developer/Toolchains/XcodeDefault.xctoolchain/usr/lib/swift/watchos -L/usr/lib/swift -Xlinker -add_ast_path -Xlinker /Users/admin/builder/spi-builder-workspace/.derivedData/Build/Intermediates.noindex/Prefire.build/Debug-watchos/prefire-p.build/Objects-normal/arm64/PrefireCLI.swiftmodule -o /Users/admin/builder/spi-builder-workspace/.derivedData/Build/Intermediates.noindex/Prefire.build/Debug-watchos/prefire-p.build/Objects-normal/arm64/Binary/prefire -no-stdlib-rpath
SwiftDriver Prefire normal arm64 com.apple.xcode.tools.swift.compiler (in target 'Prefire' from project 'Prefire')
cd /Users/admin/builder/spi-builder-workspace/.swiftpm/xcode
builtin-SwiftDriver -- /Applications/Xcode-27.0.0-Release.Candidate.app/Contents/Developer/Toolchains/XcodeDefault.xctoolchain/usr/bin/swiftc -parse-as-library -module-name Prefire -Onone @/Users/admin/builder/spi-builder-workspace/.derivedData/Build/Intermediates.noindex/Prefire.build/Debug-watchos/Prefire-t.build/Objects-normal/arm64/Prefire.SwiftFileList -DSWIFT_PACKAGE -DDEBUG -DSWIFT_MODULE_RESOURCE_BUNDLE_UNAVAILABLE -DXcode -plugin-path /Applications/Xcode-27.0.0-Release.Candidate.app/Contents/Developer/Toolchains/XcodeDefault.xctoolchain/usr/lib/swift/host/plugins/testing -enable-experimental-feature DebugDescriptionMacro -sdk /Applications/Xcode-27.0.0-Release.Candidate.app/Contents/Developer/Platforms/WatchOS.platform/Developer/SDKs/WatchOS27.0.sdk -target arm64-apple-watchos9.0 -g -module-cache-path /Users/admin/builder/spi-builder-workspace/.derivedData/ModuleCache.noindex -Xfrontend -serialize-debugging-options -profile-coverage-mapping -profile-generate -enable-testing -index-store-path /Users/admin/builder/spi-builder-workspace/.derivedData/Index.noindex/DataStore -Xcc -D_LIBCPP_HARDENING_MODE\=_LIBCPP_HARDENING_MODE_DEBUG -swift-version 6 -I /Users/admin/builder/spi-builder-workspace/.derivedData/Build/Products/Debug-watchos -Isystem /Applications/Xcode-27.0.0-Release.Candidate.app/Contents/Developer/Platforms/WatchOS.platform/Developer/usr/lib -F /Users/admin/builder/spi-builder-workspace/.derivedData/Build/Products/Debug-watchos -F /Applications/Xcode-27.0.0-Release.Candidate.app/Contents/Developer/Platforms/WatchOS.platform/Developer/Library/Frameworks -F /Applications/Xcode-27.0.0-Release.Candidate.app/Contents/Developer/Platforms/WatchOS.platform/Developer/SDKs/WatchOS27.0.sdk/Developer/Library/Frameworks -c -j10 -enable-batch-mode -incremental -Xcc -ivfsstatcache -Xcc /Users/admin/builder/spi-builder-workspace/.derivedData/SDKStatCaches.noindex/watchos27.0-24R360-e829b21a6f8c9b70876ba0858053c04477534ef55a1706bf4c1112bbb242f0a2.sdkstatcache -output-file-map /Users/admin/builder/spi-builder-workspace/.derivedData/Build/Intermediates.noindex/Prefire.build/Debug-watchos/Prefire-t.build/Objects-normal/arm64/Prefire-OutputFileMap.json -save-temps -no-color-diagnostics -explicit-module-build -module-cache-path /Users/admin/builder/spi-builder-workspace/.derivedData/Build/Intermediates.noindex/SwiftExplicitPrecompiledModules -clang-scanner-module-cache-path /Users/admin/builder/spi-builder-workspace/.derivedData/ModuleCache.noindex -sdk-module-cache-path /Users/admin/builder/spi-builder-workspace/.derivedData/SDKExplicitPrecompiledModules -emit-dependencies -emit-module -emit-module-path /Users/admin/builder/spi-builder-workspace/.derivedData/Build/Intermediates.noindex/Prefire.build/Debug-watchos/Prefire-t.build/Objects-normal/arm64/Prefire.swiftmodule -serialize-diagnostics -dependency-scan-serialize-diagnostics-path /Users/admin/builder/spi-builder-workspace/.derivedData/Build/Intermediates.noindex/Prefire.build/Debug-watchos/Prefire-t.build/Objects-normal/arm64/Prefire-dependency-scan.dia -validate-clang-modules-once -clang-build-session-file /Users/admin/builder/spi-builder-workspace/.derivedData/ModuleCache.noindex/Session.modulevalidation -Xcc -fmodules-prune-interval\=86400 -Xcc -fmodules-prune-after\=345600 -package-name spi_builder_workspace -emit-const-values -const-gather-protocols-list /Users/admin/builder/spi-builder-workspace/.derivedData/Build/Intermediates.noindex/Prefire.build/Debug-watchos/Prefire-t.build/Objects-normal/arm64/Prefire_const_extract_protocols.json -Xcc -I/Users/admin/builder/spi-builder-workspace/.derivedData/Build/Products/Debug-watchos/include -Xcc -I/Users/admin/builder/spi-builder-workspace/.derivedData/Build/Intermediates.noindex/Prefire.build/Debug-watchos/Prefire-t.build/DerivedSources-normal/arm64 -Xcc -I/Users/admin/builder/spi-builder-workspace/.derivedData/Build/Intermediates.noindex/Prefire.build/Debug-watchos/Prefire-t.build/DerivedSources/arm64 -Xcc -I/Users/admin/builder/spi-builder-workspace/.derivedData/Build/Intermediates.noindex/Prefire.build/Debug-watchos/Prefire-t.build/DerivedSources -Xcc -DSWIFT_PACKAGE -Xcc -DDEBUG\=1 -emit-objc-header -emit-objc-header-path /Users/admin/builder/spi-builder-workspace/.derivedData/Build/Intermediates.noindex/Prefire.build/Debug-watchos/Prefire-t.build/Objects-normal/arm64/Prefire-Swift.h -working-directory /Users/admin/builder/spi-builder-workspace/.swiftpm/xcode -experimental-emit-module-separately -disable-cmo
SwiftDriver\ Compilation prefire normal arm64_32 com.apple.xcode.tools.swift.compiler (in target 'prefire-product' from project 'Prefire')
cd /Users/admin/builder/spi-builder-workspace/.swiftpm/xcode
builtin-Swift-Compilation -- /Applications/Xcode-27.0.0-Release.Candidate.app/Contents/Developer/Toolchains/XcodeDefault.xctoolchain/usr/bin/swiftc -module-name PrefireCLI -Onone @/Users/admin/builder/spi-builder-workspace/.derivedData/Build/Intermediates.noindex/Prefire.build/Debug-watchos/prefire-p.build/Objects-normal/arm64_32/prefire.SwiftFileList -DSWIFT_PACKAGE -DDEBUG -DSWIFT_MODULE_RESOURCE_BUNDLE_AVAILABLE -DXcode -plugin-path /Applications/Xcode-27.0.0-Release.Candidate.app/Contents/Developer/Toolchains/XcodeDefault.xctoolchain/usr/lib/swift/host/plugins/testing -enable-experimental-feature DebugDescriptionMacro -sdk /Applications/Xcode-27.0.0-Release.Candidate.app/Contents/Developer/Platforms/WatchOS.platform/Developer/SDKs/WatchOS27.0.sdk -target arm64_32-apple-watchos9.0 -g -module-cache-path /Users/admin/builder/spi-builder-workspace/.derivedData/ModuleCache.noindex -Xfrontend -serialize-debugging-options -profile-coverage-mapping -profile-generate -enable-testing -index-store-path /Users/admin/builder/spi-builder-workspace/.derivedData/Index.noindex/DataStore -Xcc -D_LIBCPP_HARDENING_MODE\=_LIBCPP_HARDENING_MODE_DEBUG -swift-version 6 -I /Users/admin/builder/spi-builder-workspace/.derivedData/Build/Products/Debug-watchos -Isystem /Applications/Xcode-27.0.0-Release.Candidate.app/Contents/Developer/Platforms/WatchOS.platform/Developer/usr/lib -F /Users/admin/builder/spi-builder-workspace/.derivedData/Build/Products/Debug-watchos -F /Applications/Xcode-27.0.0-Release.Candidate.app/Contents/Developer/Platforms/WatchOS.platform/Developer/Library/Frameworks -F /Applications/Xcode-27.0.0-Release.Candidate.app/Contents/Developer/Platforms/WatchOS.platform/Developer/SDKs/WatchOS27.0.sdk/Developer/Library/Frameworks -c -j10 -enable-batch-mode -incremental -Xcc -ivfsstatcache -Xcc /Users/admin/builder/spi-builder-workspace/.derivedData/SDKStatCaches.noindex/watchos27.0-24R360-e829b21a6f8c9b70876ba0858053c04477534ef55a1706bf4c1112bbb242f0a2.sdkstatcache -output-file-map /Users/admin/builder/spi-builder-workspace/.derivedData/Build/Intermediates.noindex/Prefire.build/Debug-watchos/prefire-p.build/Objects-normal/arm64_32/prefire-OutputFileMap.json -save-temps -no-color-diagnostics -explicit-module-build -module-cache-path /Users/admin/builder/spi-builder-workspace/.derivedData/Build/Intermediates.noindex/SwiftExplicitPrecompiledModules -clang-scanner-module-cache-path /Users/admin/builder/spi-builder-workspace/.derivedData/ModuleCache.noindex -sdk-module-cache-path /Users/admin/builder/spi-builder-workspace/.derivedData/SDKExplicitPrecompiledModules -emit-dependencies -emit-module -emit-module-path /Users/admin/builder/spi-builder-workspace/.derivedData/Build/Intermediates.noindex/Prefire.build/Debug-watchos/prefire-p.build/Objects-normal/arm64_32/PrefireCLI.swiftmodule -serialize-diagnostics -dependency-scan-serialize-diagnostics-path /Users/admin/builder/spi-builder-workspace/.derivedData/Build/Intermediates.noindex/Prefire.build/Debug-watchos/prefire-p.build/Objects-normal/arm64_32/PrefireCLI-dependency-scan.dia -validate-clang-modules-once -clang-build-session-file /Users/admin/builder/spi-builder-workspace/.derivedData/ModuleCache.noindex/Session.modulevalidation -Xcc -fmodules-prune-interval\=86400 -Xcc -fmodules-prune-after\=345600 -package-name spi_builder_workspace -emit-const-values -const-gather-protocols-list /Users/admin/builder/spi-builder-workspace/.derivedData/Build/Intermediates.noindex/Prefire.build/Debug-watchos/prefire-p.build/Objects-normal/arm64_32/prefire_const_extract_protocols.json -Xcc -I/Users/admin/builder/spi-builder-workspace/.derivedData/Build/Products/Debug-watchos/include -Xcc -I/Users/admin/builder/spi-builder-workspace/.derivedData/Build/Intermediates.noindex/Prefire.build/Debug-watchos/prefire-p.build/DerivedSources-normal/arm64_32 -Xcc -I/Users/admin/builder/spi-builder-workspace/.derivedData/Build/Intermediates.noindex/Prefire.build/Debug-watchos/prefire-p.build/DerivedSources/arm64_32 -Xcc -I/Users/admin/builder/spi-builder-workspace/.derivedData/Build/Intermediates.noindex/Prefire.build/Debug-watchos/prefire-p.build/DerivedSources -Xcc -DSWIFT_PACKAGE -Xcc -DDEBUG\=1 -working-directory /Users/admin/builder/spi-builder-workspace/.swiftpm/xcode -experimental-emit-module-separately -disable-cmo
Ld /Users/admin/builder/spi-builder-workspace/.derivedData/Build/Intermediates.noindex/Prefire.build/Debug-watchos/prefire-p.build/Objects-normal/arm64_32/Binary/prefire normal arm64_32 (in target 'prefire-product' from project 'Prefire')
cd /Users/admin/builder/spi-builder-workspace
/Applications/Xcode-27.0.0-Release.Candidate.app/Contents/Developer/Toolchains/XcodeDefault.xctoolchain/usr/bin/swiftc -Xlinker -reproducible -target arm64_32-apple-watchos9.0 -emit-executable -sdk /Applications/Xcode-27.0.0-Release.Candidate.app/Contents/Developer/Platforms/WatchOS.platform/Developer/SDKs/WatchOS27.0.sdk -Xlinker -no_warn_duplicate_libraries -L/Users/admin/builder/spi-builder-workspace/.derivedData/Build/Intermediates.noindex/EagerLinkingTBDs/Debug-watchos -L/Users/admin/builder/spi-builder-workspace/.derivedData/Build/Products/Debug-watchos -L/Applications/Xcode-27.0.0-Release.Candidate.app/Contents/Developer/Platforms/WatchOS.platform/Developer/usr/lib -F/Users/admin/builder/spi-builder-workspace/.derivedData/Build/Intermediates.noindex/EagerLinkingTBDs/Debug-watchos -F/Users/admin/builder/spi-builder-workspace/.derivedData/Build/Products/Debug-watchos -Fsystem /Applications/Xcode-27.0.0-Release.Candidate.app/Contents/Developer/Platforms/WatchOS.platform/Developer/Library/Frameworks -Fsystem /Applications/Xcode-27.0.0-Release.Candidate.app/Contents/Developer/Platforms/WatchOS.platform/Developer/SDKs/WatchOS27.0.sdk/Developer/Library/Frameworks @/Users/admin/builder/spi-builder-workspace/.derivedData/Build/Intermediates.noindex/Prefire.build/Debug-watchos/prefire-p.build/Objects-normal/arm64_32/prefire.LinkFileList -Xlinker -rpath -Xlinker /usr/lib/swift -Xlinker -rpath -Xlinker @executable_path/../lib -Xlinker -dead_strip -Xlinker -object_path_lto -Xlinker /Users/admin/builder/spi-builder-workspace/.derivedData/Build/Intermediates.noindex/Prefire.build/Debug-watchos/prefire-p.build/Objects-normal/arm64_32/prefire_lto.o -Xclang-linker -rdynamic -Xlinker -no_deduplicate -Xlinker -debug_variant -Xlinker -dependency_info -Xlinker /Users/admin/builder/spi-builder-workspace/.derivedData/Build/Intermediates.noindex/Prefire.build/Debug-watchos/prefire-p.build/Objects-normal/arm64_32/prefire_dependency_info.dat -link-objc-runtime -profile-generate -L/Applications/Xcode-27.0.0-Release.Candidate.app/Contents/Developer/Toolchains/XcodeDefault.xctoolchain/usr/lib/swift/watchos -L/usr/lib/swift -Xlinker -add_ast_path -Xlinker /Users/admin/builder/spi-builder-workspace/.derivedData/Build/Intermediates.noindex/Prefire.build/Debug-watchos/prefire-p.build/Objects-normal/arm64_32/PrefireCLI.swiftmodule -o /Users/admin/builder/spi-builder-workspace/.derivedData/Build/Intermediates.noindex/Prefire.build/Debug-watchos/prefire-p.build/Objects-normal/arm64_32/Binary/prefire -no-stdlib-rpath
SwiftCompile normal arm64 Compiling\ LoadingTimeModifier.swift,\ PlaybookView.swift /Users/admin/builder/spi-builder-workspace/Sources/Prefire/Playbook/LoadingTimeModifier.swift /Users/admin/builder/spi-builder-workspace/Sources/Prefire/Playbook/PlaybookView.swift (in target 'Prefire' from project 'Prefire')
SwiftCompile normal arm64 /Users/admin/builder/spi-builder-workspace/Sources/Prefire/Playbook/LoadingTimeModifier.swift (in target 'Prefire' from project 'Prefire')
cd /Users/admin/builder/spi-builder-workspace/.swiftpm/xcode
builtin-SwiftPerFileCompile LoadingTimeModifier.swift
SwiftCompile normal arm64 /Users/admin/builder/spi-builder-workspace/Sources/Prefire/Playbook/PlaybookView.swift (in target 'Prefire' from project 'Prefire')
cd /Users/admin/builder/spi-builder-workspace/.swiftpm/xcode
builtin-SwiftPerFileCompile PlaybookView.swift
SwiftCompile normal arm64 Compiling\ PlatformRepresentable.swift /Users/admin/builder/spi-builder-workspace/Sources/Prefire/Preview/PlatformRepresentable.swift (in target 'Prefire' from project 'Prefire')
SwiftCompile normal arm64 /Users/admin/builder/spi-builder-workspace/Sources/Prefire/Preview/PlatformRepresentable.swift (in target 'Prefire' from project 'Prefire')
cd /Users/admin/builder/spi-builder-workspace/.swiftpm/xcode
builtin-SwiftPerFileCompile PlatformRepresentable.swift
SwiftCompile normal arm64 Compiling\ Scale.swift,\ TransformIf.swift /Users/admin/builder/spi-builder-workspace/Sources/Prefire/Playbook/Scale.swift /Users/admin/builder/spi-builder-workspace/Sources/Prefire/Playbook/TransformIf.swift (in target 'Prefire' from project 'Prefire')
SwiftCompile normal arm64 /Users/admin/builder/spi-builder-workspace/Sources/Prefire/Playbook/Scale.swift (in target 'Prefire' from project 'Prefire')
cd /Users/admin/builder/spi-builder-workspace/.swiftpm/xcode
builtin-SwiftPerFileCompile Scale.swift
SwiftCompile normal arm64 /Users/admin/builder/spi-builder-workspace/Sources/Prefire/Playbook/TransformIf.swift (in target 'Prefire' from project 'Prefire')
cd /Users/admin/builder/spi-builder-workspace/.swiftpm/xcode
builtin-SwiftPerFileCompile TransformIf.swift
SwiftCompile normal arm64 Compiling\ PrefireProvider.swift /Users/admin/builder/spi-builder-workspace/Sources/Prefire/Preview/PrefireProvider.swift (in target 'Prefire' from project 'Prefire')
SwiftCompile normal arm64 /Users/admin/builder/spi-builder-workspace/Sources/Prefire/Preview/PrefireProvider.swift (in target 'Prefire' from project 'Prefire')
cd /Users/admin/builder/spi-builder-workspace/.swiftpm/xcode
builtin-SwiftPerFileCompile PrefireProvider.swift
SwiftCompile normal arm64 Compiling\ PreviewLayout+Equatable.swift /Users/admin/builder/spi-builder-workspace/Sources/Prefire/Preview/PreviewLayout+Equatable.swift (in target 'Prefire' from project 'Prefire')
SwiftCompile normal arm64 /Users/admin/builder/spi-builder-workspace/Sources/Prefire/Preview/PreviewLayout+Equatable.swift (in target 'Prefire' from project 'Prefire')
cd /Users/admin/builder/spi-builder-workspace/.swiftpm/xcode
builtin-SwiftPerFileCompile PreviewLayout+Equatable.swift
SwiftEmitModule normal arm64 Emitting\ module\ for\ Prefire (in target 'Prefire' from project 'Prefire')
/Users/admin/builder/spi-builder-workspace/Sources/Prefire/Preview/PrefireSnapshot.swift:170:20: error: cannot find type 'PrefireNativeView' in scope
168 |
169 | @_disfavoredOverload
170 | public init<T: PrefireNativeView>(
| `- error: cannot find type 'PrefireNativeView' in scope
171 | _ view: @escaping @MainActor () -> T,
172 | name: String,
/Users/admin/builder/spi-builder-workspace/Sources/Prefire/Preview/PrefireSnapshot.swift:176:24: error: cannot find type 'ViewRepresentable' in scope
174 | device: DeviceConfig,
175 | fixedLayoutSize: CGSize? = nil
176 | ) where Content == ViewRepresentable<T> {
| `- error: cannot find type 'ViewRepresentable' in scope
177 | previewContent = ViewRepresentable(view: view())
178 | self.name = name
/Users/admin/builder/spi-builder-workspace/Sources/Prefire/Preview/PrefireSnapshot.swift:184:20: error: cannot find type 'PrefireNativeViewController' in scope
182 |
183 | @_disfavoredOverload
184 | public init<T: PrefireNativeViewController>(
| `- error: cannot find type 'PrefireNativeViewController' in scope
185 | _ viewController: @escaping @MainActor () -> T,
186 | name: String,
/Users/admin/builder/spi-builder-workspace/Sources/Prefire/Preview/PrefireSnapshot.swift:190:24: error: cannot find type 'ViewControllerRepresentable' in scope
188 | device: DeviceConfig,
189 | fixedLayoutSize: CGSize? = nil
190 | ) where Content == ViewControllerRepresentable<T> {
| `- error: cannot find type 'ViewControllerRepresentable' in scope
191 | previewContent = ViewControllerRepresentable(viewController: viewController())
192 | self.name = name
/Users/admin/builder/spi-builder-workspace/Sources/Prefire/Preview/PrefireSnapshot.swift:184:12: error: invalid redeclaration of 'init(_:name:isScreen:device:fixedLayoutSize:)'
168 |
169 | @_disfavoredOverload
170 | public init<T: PrefireNativeView>(
| `- note: 'init(_:name:isScreen:device:fixedLayoutSize:)' previously declared here
171 | _ view: @escaping @MainActor () -> T,
172 | name: String,
:
182 |
183 | @_disfavoredOverload
184 | public init<T: PrefireNativeViewController>(
| `- error: invalid redeclaration of 'init(_:name:isScreen:device:fixedLayoutSize:)'
185 | _ viewController: @escaping @MainActor () -> T,
186 | name: String,
/Users/admin/builder/spi-builder-workspace/Sources/Prefire/Preview/PrefireSnapshot.swift:197:47: error: cannot find type 'PrefireSnapshotView' in scope
195 | }
196 |
197 | public func loadViewWithPreferences() -> (PrefireSnapshotView, PreferenceKeys) {
| `- error: cannot find type 'PrefireSnapshotView' in scope
198 | let preferences = PreferenceKeys()
199 |
/Users/admin/builder/spi-builder-workspace/Sources/Prefire/Preview/PrefireSnapshot.swift:225:43: error: cannot find type 'PrefireSnapshotView' in scope
223 | /// On macOS the result is hosted in a shared window and stays valid only until the next
224 | /// `loadViewWithPreferences()` call.
225 | private func render(view: AnyView) -> PrefireSnapshotView {
| `- error: cannot find type 'PrefireSnapshotView' in scope
226 | #if os(iOS) || os(tvOS)
227 | let hostingController = UIHostingController(rootView: view)
/Users/admin/builder/spi-builder-workspace/Sources/Prefire/Preview/PreviewModel.swift:75:20: error: cannot find type 'PrefireNativeView' in scope
73 |
74 | @MainActor
75 | public init<T: PrefireNativeView>(
| `- error: cannot find type 'PrefireNativeView' in scope
76 | id: String? = nil,
77 | content: @escaping @MainActor () -> T,
/Users/admin/builder/spi-builder-workspace/Sources/Prefire/Preview/PreviewModel.swift:87:20: error: cannot find type 'PrefireNativeViewController' in scope
85 |
86 | @MainActor
87 | public init<T: PrefireNativeViewController>(
| `- error: cannot find type 'PrefireNativeViewController' in scope
88 | id: String? = nil,
89 | content: @escaping @MainActor () -> T,
/Users/admin/builder/spi-builder-workspace/Sources/Prefire/Preview/PreviewModel.swift:87:12: error: invalid redeclaration of 'init(id:content:name:type:device:deviceConfig:)'
73 |
74 | @MainActor
75 | public init<T: PrefireNativeView>(
| `- note: 'init(id:content:name:type:device:deviceConfig:)' previously declared here
76 | id: String? = nil,
77 | content: @escaping @MainActor () -> T,
:
85 |
86 | @MainActor
87 | public init<T: PrefireNativeViewController>(
| `- error: invalid redeclaration of 'init(id:content:name:type:device:deviceConfig:)'
88 | id: String? = nil,
89 | content: @escaping @MainActor () -> T,
Failed frontend command:
/Applications/Xcode-27.0.0-Release.Candidate.app/Contents/Developer/Toolchains/XcodeDefault.xctoolchain/usr/bin/swift-frontend -frontend -emit-module -experimental-skip-non-inlinable-function-bodies-without-types /Users/admin/builder/spi-builder-workspace/Sources/Prefire/Playbook/LoadingTimeModifier.swift /Users/admin/builder/spi-builder-workspace/Sources/Prefire/Playbook/PlaybookView.swift /Users/admin/builder/spi-builder-workspace/Sources/Prefire/Playbook/Scale.swift /Users/admin/builder/spi-builder-workspace/Sources/Prefire/Playbook/TransformIf.swift /Users/admin/builder/spi-builder-workspace/Sources/Prefire/Preview/DeviceConfig.swift /Users/admin/builder/spi-builder-workspace/Sources/Prefire/Preview/PlatformRepresentable.swift /Users/admin/builder/spi-builder-workspace/Sources/Prefire/Preview/PreferenceKeys.swift /Users/admin/builder/spi-builder-workspace/Sources/Prefire/Preview/PrefireProvider.swift /Users/admin/builder/spi-builder-workspace/Sources/Prefire/Preview/PrefireSnapshot.swift /Users/admin/builder/spi-builder-workspace/Sources/Prefire/Preview/PreviewLayout+Equatable.swift /Users/admin/builder/spi-builder-workspace/Sources/Prefire/Preview/PreviewModel.swift /Users/admin/builder/spi-builder-workspace/Sources/Prefire/Preview/View+Prefire.swift -target arm64-apple-watchos9.0 -module-can-import-version XCTest 25228 0 -disable-cross-import-overlay-search -load-resolved-plugin /Applications/Xcode-27.0.0-Release.Candidate.app/Contents/Developer/Platforms/WatchOS.platform/Developer/usr/lib/swift/host/plugins/libFoundationMacros.dylib\#/Applications/Xcode-27.0.0-Release.Candidate.app/Contents/Developer/Platforms/WatchOS.platform/Developer/usr/bin/swift-plugin-server\#FoundationMacros -load-resolved-plugin /Applications/Xcode-27.0.0-Release.Candidate.app/Contents/Developer/Platforms/WatchOS.platform/Developer/usr/lib/swift/host/plugins/libObservationMacros.dylib\#/Applications/Xcode-27.0.0-Release.Candidate.app/Contents/Developer/Platforms/WatchOS.platform/Developer/usr/bin/swift-plugin-server\#ObservationMacros -load-resolved-plugin /Applications/Xcode-27.0.0-Release.Candidate.app/Contents/Developer/Platforms/WatchOS.platform/Developer/usr/lib/swift/host/plugins/libPreviewsMacros.dylib\#/Applications/Xcode-27.0.0-Release.Candidate.app/Contents/Developer/Platforms/WatchOS.platform/Developer/usr/bin/swift-plugin-server\#PreviewsMacros -load-resolved-plugin /Applications/Xcode-27.0.0-Release.Candidate.app/Contents/Developer/Platforms/WatchOS.platform/Developer/usr/lib/swift/host/plugins/libSwiftMacros.dylib\#/Applications/Xcode-27.0.0-Release.Candidate.app/Contents/Developer/Platforms/WatchOS.platform/Developer/usr/bin/swift-plugin-server\#SwiftMacros -load-resolved-plugin /Applications/Xcode-27.0.0-Release.Candidate.app/Contents/Developer/Platforms/WatchOS.platform/Developer/usr/lib/swift/host/plugins/libSwiftUIMacros.dylib\#/Applications/Xcode-27.0.0-Release.Candidate.app/Contents/Developer/Platforms/WatchOS.platform/Developer/usr/bin/swift-plugin-server\#SwiftUIMacros -disable-implicit-swift-modules -Xcc -fno-implicit-modules -Xcc -fno-implicit-module-maps -explicit-swift-module-map-file /Users/admin/builder/spi-builder-workspace/.derivedData/Build/Intermediates.noindex/Prefire.build/Debug-watchos/Prefire-t.build/Objects-normal/arm64/Prefire-dependencies-1.json -Xllvm -aarch64-use-tbi -enable-objc-interop -stack-check -sdk /Applications/Xcode-27.0.0-Release.Candidate.app/Contents/Developer/Platforms/WatchOS.platform/Developer/SDKs/WatchOS27.0.sdk -I /Users/admin/builder/spi-builder-workspace/.derivedData/Build/Products/Debug-watchos -Isystem /Applications/Xcode-27.0.0-Release.Candidate.app/Contents/Developer/Platforms/WatchOS.platform/Developer/usr/lib -F /Users/admin/builder/spi-builder-workspace/.derivedData/Build/Products/Debug-watchos -F /Applications/Xcode-27.0.0-Release.Candidate.app/Contents/Developer/Platforms/WatchOS.platform/Developer/Library/Frameworks -F /Applications/Xcode-27.0.0-Release.Candidate.app/Contents/Developer/Platforms/WatchOS.platform/Developer/SDKs/WatchOS27.0.sdk/Developer/Library/Frameworks -module-cache-path /Users/admin/builder/spi-builder-workspace/.derivedData/Build/Intermediates.noindex/SwiftExplicitPrecompiledModules -no-color-diagnostics -Xcc -fno-color-diagnostics -enable-testing -g -debug-info-format\=dwarf -dwarf-version\=4 -profile-generate -profile-coverage-mapping -swift-version 6 -Onone -D SWIFT_PACKAGE -D DEBUG -D SWIFT_MODULE_RESOURCE_BUNDLE_UNAVAILABLE -D Xcode -serialize-debugging-options -enable-experimental-feature DebugDescriptionMacro -empty-abi-descriptor -validate-clang-modules-once -clang-build-session-file /Users/admin/builder/spi-builder-workspace/.derivedData/ModuleCache.noindex/Session.modulevalidation -Xcc -working-directory -Xcc /Users/admin/builder/spi-builder-workspace/.swiftpm/xcode -enable-anonymous-context-mangled-names -file-compilation-dir /Users/admin/builder/spi-builder-workspace/.swiftpm/xcode -Xcc -D_LIBCPP_HARDENING_MODE\=_LIBCPP_HARDENING_MODE_DEBUG -Xcc -ivfsstatcache -Xcc /Users/admin/builder/spi-builder-workspace/.derivedData/SDKStatCaches.noindex/watchos27.0-24R360-e829b21a6f8c9b70876ba0858053c04477534ef55a1706bf4c1112bbb242f0a2.sdkstatcache -Xcc -fmodules-prune-interval\=86400 -Xcc -fmodules-prune-after\=345600 -Xcc -I/Users/admin/builder/spi-builder-workspace/.derivedData/Build/Products/Debug-watchos/include -Xcc -I/Users/admin/builder/spi-builder-workspace/.derivedData/Build/Intermediates.noindex/Prefire.build/Debug-watchos/Prefire-t.build/DerivedSources-normal/arm64 -Xcc -I/Users/admin/builder/spi-builder-workspace/.derivedData/Build/Intermediates.noindex/Prefire.build/Debug-watchos/Prefire-t.build/DerivedSources/arm64 -Xcc -I/Users/admin/builder/spi-builder-workspace/.derivedData/Build/Intermediates.noindex/Prefire.build/Debug-watchos/Prefire-t.build/DerivedSources -Xcc -DSWIFT_PACKAGE -Xcc -DDEBUG\=1 -no-auto-bridging-header-chaining -module-name Prefire -package-name spi_builder_workspace -const-gather-protocols-file /Users/admin/builder/spi-builder-workspace/.derivedData/Build/Intermediates.noindex/Prefire.build/Debug-watchos/Prefire-t.build/Objects-normal/arm64/Prefire_const_extract_protocols.json -disable-clang-spi -clang-target arm64-apple-watchos27.0 -target-sdk-version 27.0 -target-sdk-name watchos27.0 -in-process-plugin-server-path /Applications/Xcode-27.0.0-Release.Candidate.app/Contents/Developer/Toolchains/XcodeDefault.xctoolchain/usr/lib/swift/host/libSwiftInProcPluginServer.dylib -emit-module-doc-path /Users/admin/builder/spi-builder-workspace/.derivedData/Build/Intermediates.noindex/Prefire.build/Debug-watchos/Prefire-t.build/Objects-normal/arm64/Prefire.swiftdoc -emit-module-source-info-path /Users/admin/builder/spi-builder-workspace/.derivedData/Build/Intermediates.noindex/Prefire.build/Debug-watchos/Prefire-t.build/Objects-normal/arm64/Prefire.swiftsourceinfo -emit-objc-header-path /Users/admin/builder/spi-builder-workspace/.derivedData/Build/Intermediates.noindex/Prefire.build/Debug-watchos/Prefire-t.build/Objects-normal/arm64/Prefire-Swift.h -serialize-diagnostics-path /Users/admin/builder/spi-builder-workspace/.derivedData/Build/Intermediates.noindex/Prefire.build/Debug-watchos/Prefire-t.build/Objects-normal/arm64/Prefire-primary-emit-module.dia -emit-dependencies-path /Users/admin/builder/spi-builder-workspace/.derivedData/Build/Intermediates.noindex/Prefire.build/Debug-watchos/Prefire-t.build/Objects-normal/arm64/Prefire-primary-emit-module.d -parse-as-library -o /Users/admin/builder/spi-builder-workspace/.derivedData/Build/Intermediates.noindex/Prefire.build/Debug-watchos/Prefire-t.build/Objects-normal/arm64/Prefire.swiftmodule -emit-abi-descriptor-path /Users/admin/builder/spi-builder-workspace/.derivedData/Build/Intermediates.noindex/Prefire.build/Debug-watchos/Prefire-t.build/Objects-normal/arm64/Prefire.abi.json
SwiftCompile normal arm64 (in target 'Prefire' from project 'Prefire')
cd /Users/admin/builder/spi-builder-workspace/.swiftpm/xcode
SwiftCompile normal arm64 Compiling\ View+Prefire.swift /Users/admin/builder/spi-builder-workspace/Sources/Prefire/Preview/View+Prefire.swift (in target 'Prefire' from project 'Prefire')
SwiftCompile normal arm64 /Users/admin/builder/spi-builder-workspace/Sources/Prefire/Preview/View+Prefire.swift (in target 'Prefire' from project 'Prefire')
cd /Users/admin/builder/spi-builder-workspace/.swiftpm/xcode
builtin-SwiftPerFileCompile View+Prefire.swift
SwiftCompile normal arm64 Compiling\ PreviewModel.swift /Users/admin/builder/spi-builder-workspace/Sources/Prefire/Preview/PreviewModel.swift (in target 'Prefire' from project 'Prefire')
/Users/admin/builder/spi-builder-workspace/Sources/Prefire/Preview/PreviewModel.swift:75:20: error: cannot find type 'PrefireNativeView' in scope
73 |
74 | @MainActor
75 | public init<T: PrefireNativeView>(
| `- error: cannot find type 'PrefireNativeView' in scope
76 | id: String? = nil,
77 | content: @escaping @MainActor () -> T,
/Users/admin/builder/spi-builder-workspace/Sources/Prefire/Preview/PreviewModel.swift:87:20: error: cannot find type 'PrefireNativeViewController' in scope
85 |
86 | @MainActor
87 | public init<T: PrefireNativeViewController>(
| `- error: cannot find type 'PrefireNativeViewController' in scope
88 | id: String? = nil,
89 | content: @escaping @MainActor () -> T,
/Users/admin/builder/spi-builder-workspace/Sources/Prefire/Preview/PreviewModel.swift:87:12: error: invalid redeclaration of 'init(id:content:name:type:device:deviceConfig:)'
73 |
74 | @MainActor
75 | public init<T: PrefireNativeView>(
| `- note: 'init(id:content:name:type:device:deviceConfig:)' previously declared here
76 | id: String? = nil,
77 | content: @escaping @MainActor () -> T,
:
85 |
86 | @MainActor
87 | public init<T: PrefireNativeViewController>(
| `- error: invalid redeclaration of 'init(id:content:name:type:device:deviceConfig:)'
88 | id: String? = nil,
89 | content: @escaping @MainActor () -> T,
/Users/admin/builder/spi-builder-workspace/Sources/Prefire/Preview/PreviewModel.swift:83:46: error: cannot find 'ViewRepresentable' in scope
81 | deviceConfig: DeviceConfig? = nil
82 | ) {
83 | self.init(id: id, content: { AnyView(ViewRepresentable(view: content())) }, name: name, type: type, device: device, deviceConfig: deviceConfig)
| `- error: cannot find 'ViewRepresentable' in scope
84 | }
85 |
SwiftCompile normal arm64 /Users/admin/builder/spi-builder-workspace/Sources/Prefire/Preview/PreviewModel.swift (in target 'Prefire' from project 'Prefire')
cd /Users/admin/builder/spi-builder-workspace/.swiftpm/xcode
builtin-SwiftPerFileCompile PreviewModel.swift
SwiftCompile normal arm64 Compiling\ PrefireSnapshot.swift /Users/admin/builder/spi-builder-workspace/Sources/Prefire/Preview/PrefireSnapshot.swift (in target 'Prefire' from project 'Prefire')
/Users/admin/builder/spi-builder-workspace/Sources/Prefire/Preview/PrefireSnapshot.swift:170:20: error: cannot find type 'PrefireNativeView' in scope
168 |
169 | @_disfavoredOverload
170 | public init<T: PrefireNativeView>(
| `- error: cannot find type 'PrefireNativeView' in scope
171 | _ view: @escaping @MainActor () -> T,
172 | name: String,
/Users/admin/builder/spi-builder-workspace/Sources/Prefire/Preview/PrefireSnapshot.swift:176:24: error: cannot find type 'ViewRepresentable' in scope
174 | device: DeviceConfig,
175 | fixedLayoutSize: CGSize? = nil
176 | ) where Content == ViewRepresentable<T> {
| `- error: cannot find type 'ViewRepresentable' in scope
177 | previewContent = ViewRepresentable(view: view())
178 | self.name = name
/Users/admin/builder/spi-builder-workspace/Sources/Prefire/Preview/PrefireSnapshot.swift:184:20: error: cannot find type 'PrefireNativeViewController' in scope
182 |
183 | @_disfavoredOverload
184 | public init<T: PrefireNativeViewController>(
| `- error: cannot find type 'PrefireNativeViewController' in scope
185 | _ viewController: @escaping @MainActor () -> T,
186 | name: String,
/Users/admin/builder/spi-builder-workspace/Sources/Prefire/Preview/PrefireSnapshot.swift:190:24: error: cannot find type 'ViewControllerRepresentable' in scope
188 | device: DeviceConfig,
189 | fixedLayoutSize: CGSize? = nil
190 | ) where Content == ViewControllerRepresentable<T> {
| `- error: cannot find type 'ViewControllerRepresentable' in scope
191 | previewContent = ViewControllerRepresentable(viewController: viewController())
192 | self.name = name
/Users/admin/builder/spi-builder-workspace/Sources/Prefire/Preview/PrefireSnapshot.swift:184:12: error: invalid redeclaration of 'init(_:name:isScreen:device:fixedLayoutSize:)'
168 |
169 | @_disfavoredOverload
170 | public init<T: PrefireNativeView>(
| `- note: 'init(_:name:isScreen:device:fixedLayoutSize:)' previously declared here
171 | _ view: @escaping @MainActor () -> T,
172 | name: String,
:
182 |
183 | @_disfavoredOverload
184 | public init<T: PrefireNativeViewController>(
| `- error: invalid redeclaration of 'init(_:name:isScreen:device:fixedLayoutSize:)'
185 | _ viewController: @escaping @MainActor () -> T,
186 | name: String,
/Users/admin/builder/spi-builder-workspace/Sources/Prefire/Preview/PrefireSnapshot.swift:197:47: error: cannot find type 'PrefireSnapshotView' in scope
195 | }
196 |
197 | public func loadViewWithPreferences() -> (PrefireSnapshotView, PreferenceKeys) {
| `- error: cannot find type 'PrefireSnapshotView' in scope
198 | let preferences = PreferenceKeys()
199 |
/Users/admin/builder/spi-builder-workspace/Sources/Prefire/Preview/PrefireSnapshot.swift:225:43: error: cannot find type 'PrefireSnapshotView' in scope
223 | /// On macOS the result is hosted in a shared window and stays valid only until the next
224 | /// `loadViewWithPreferences()` call.
225 | private func render(view: AnyView) -> PrefireSnapshotView {
| `- error: cannot find type 'PrefireSnapshotView' in scope
226 | #if os(iOS) || os(tvOS)
227 | let hostingController = UIHostingController(rootView: view)
/Users/admin/builder/spi-builder-workspace/Sources/Prefire/Preview/PrefireSnapshot.swift:177:26: error: cannot find 'ViewRepresentable' in scope
175 | fixedLayoutSize: CGSize? = nil
176 | ) where Content == ViewRepresentable<T> {
177 | previewContent = ViewRepresentable(view: view())
| `- error: cannot find 'ViewRepresentable' in scope
178 | self.name = name
179 | self.isScreen = isScreen
SwiftCompile normal arm64 /Users/admin/builder/spi-builder-workspace/Sources/Prefire/Preview/PrefireSnapshot.swift (in target 'Prefire' from project 'Prefire')
cd /Users/admin/builder/spi-builder-workspace/.swiftpm/xcode
builtin-SwiftPerFileCompile PrefireSnapshot.swift
SwiftEmitModule normal arm64_32 Emitting\ module\ for\ Prefire (in target 'Prefire' from project 'Prefire')
SwiftCompile normal arm64_32 (in target 'Prefire' from project 'Prefire')
cd /Users/admin/builder/spi-builder-workspace/.swiftpm/xcode
CreateUniversalBinary /Users/admin/builder/spi-builder-workspace/.derivedData/Build/Products/Debug-watchos/prefire normal arm64\ arm64_32 (in target 'prefire-product' from project 'Prefire')
cd /Users/admin/builder/spi-builder-workspace
/Applications/Xcode-27.0.0-Release.Candidate.app/Contents/Developer/Toolchains/XcodeDefault.xctoolchain/usr/bin/lipo -create /Users/admin/builder/spi-builder-workspace/.derivedData/Build/Intermediates.noindex/Prefire.build/Debug-watchos/prefire-p.build/Objects-normal/arm64/Binary/prefire /Users/admin/builder/spi-builder-workspace/.derivedData/Build/Intermediates.noindex/Prefire.build/Debug-watchos/prefire-p.build/Objects-normal/arm64_32/Binary/prefire -output /Users/admin/builder/spi-builder-workspace/.derivedData/Build/Products/Debug-watchos/prefire
PruneExplicitPrecompiledModules /Users/admin/builder/spi-builder-workspace/.derivedData/SDKExplicitPrecompiledModules
PruneExplicitPrecompiledModules /Users/admin/builder/spi-builder-workspace/.derivedData/Build/Intermediates.noindex/ExplicitPrecompiledModules
PruneExplicitPrecompiledModules /Users/admin/builder/spi-builder-workspace/.derivedData/Build/Intermediates.noindex/SwiftExplicitPrecompiledModules
2026-09-28 22:55:52.462 xcodebuild[879:5141] [MT] IDERunDestination: Supported platforms for the buildables in the current scheme is empty.
** BUILD FAILED **
The following build commands failed:
SwiftEmitModule normal arm64 Emitting\ module\ for\ Prefire (in target 'Prefire' from project 'Prefire')
SwiftCompile normal arm64 (in target 'Prefire' from project 'Prefire')
Building workspace Prefire with scheme Prefire-Package
(3 failures)
BUILD FAILURE 6.4 watchOS