The Swift Package Index logo.Swift Package Index

Build Information

Failed to build Rate, reference master (3cfb8a), with Swift 6.4 for macOS (Xcode) using Xcode 27.0 on 16 Sep 2026 09:29:44 UTC.

Build Command

env DEVELOPER_DIR=/Applications/Xcode-27.0.0-Release.Candidate.app xcrun xcodebuild -IDEClonedSourcePackagesDirPathOverride=$PWD/.dependencies -skipMacroValidation -skipPackagePluginValidation -derivedDataPath $PWD/.derivedData build -scheme Rate -destination platform=macOS,arch=arm64

Build Log

========================================
RunAll
========================================
Builder version: 5.1.0
Interrupt handler set up.
========================================
Checkout
========================================
Clone URL: https://github.com/flight-school/rate.git
Reference: master
Initialized empty Git repository in /Users/admin/builder/spi-builder-workspace/.git/
From https://github.com/flight-school/rate
 * branch            master     -> FETCH_HEAD
 * [new branch]      master     -> origin/master
HEAD is now at 3cfb8a3 Merge pull request #1 from Flight-School/github-actions-ci
Cloned https://github.com/flight-school/rate.git
Revision (git rev-parse @):
3cfb8a3822f40713ae058cd11535953d685724f9
SUCCESS checkout https://github.com/flight-school/rate.git at master
========================================
Build
========================================
Selected platform:         macosXcodebuild
Swift version:             6.4
Building package at path:  $PWD
https://github.com/flight-school/rate.git
Command line invocation:
    /Applications/Xcode-27.0.0-Release.Candidate.app/Contents/Developer/usr/bin/xcodebuild -IDEClonedSourcePackagesDirPathOverride=/Users/admin/builder/spi-builder-workspace/.dependencies -resolvePackageDependencies
resolved source packages:
{
  "dependencies" : [
  ],
  "manifest_display_name" : "Rate",
  "name" : "Rate",
  "path" : "/Users/admin/builder/spi-builder-workspace",
  "platforms" : [
  ],
  "products" : [
    {
      "name" : "Rate",
      "targets" : [
        "Rate"
      ],
      "type" : {
        "library" : [
          "automatic"
        ]
      }
    }
  ],
  "targets" : [
    {
      "c99name" : "RateTests",
      "module_type" : "SwiftTarget",
      "name" : "RateTests",
      "path" : "Tests/RateTests",
      "sources" : [
        "RateTests.swift"
      ],
      "target_dependencies" : [
        "Rate"
      ],
      "type" : "test"
    },
    {
      "c99name" : "Rate",
      "module_type" : "SwiftTarget",
      "name" : "Rate",
      "path" : "Sources/Rate",
      "product_memberships" : [
        "Rate"
      ],
      "sources" : [
        "Rate.swift"
      ],
      "type" : "library"
    }
  ],
  "tools_version" : "4.2"
}
{
  "project" : {
    "configurations" : [
      "Debug",
      "Release"
    ],
    "name" : "Rate",
    "schemes" : [
      "Rate"
    ],
    "targets" : [
      "Rate",
      "RatePackageDescription",
      "RatePackageTests",
      "RateTests"
    ]
  }
}
Running build ...
env DEVELOPER_DIR=/Applications/Xcode-27.0.0-Release.Candidate.app xcrun xcodebuild -IDEClonedSourcePackagesDirPathOverride=$PWD/.dependencies -skipMacroValidation -skipPackagePluginValidation -derivedDataPath $PWD/.derivedData build -scheme Rate -destination platform=macOS,arch=arm64
Command line invocation:
    /Applications/Xcode-27.0.0-Release.Candidate.app/Contents/Developer/usr/bin/xcodebuild -IDEClonedSourcePackagesDirPathOverride=/Users/admin/builder/spi-builder-workspace/.dependencies -skipMacroValidation -skipPackagePluginValidation -derivedDataPath /Users/admin/builder/spi-builder-workspace/.derivedData build -scheme Rate -destination platform=macOS,arch=arm64
ComputePackagePrebuildTargetDependencyGraph
Prepare packages
CreateBuildRequest
SendProjectDescription
CreateBuildOperation
ComputeTargetDependencyGraph
note: Building targets in dependency order
note: Target dependency graph (1 target)
    Target 'Rate' in project 'Rate' (no dependencies)
GatherProvisioningInputs
CreateBuildDescription
ExecuteExternalTool /Applications/Xcode-27.0.0-Release.Candidate.app/Contents/Developer/Toolchains/XcodeDefault.xctoolchain/usr/bin/swiftc --version
ExecuteExternalTool /Applications/Xcode-27.0.0-Release.Candidate.app/Contents/Developer/Toolchains/XcodeDefault.xctoolchain/usr/bin/clang -v -E -dM -isysroot /Applications/Xcode-27.0.0-Release.Candidate.app/Contents/Developer/Platforms/MacOSX.platform/Developer/SDKs/MacOSX27.0.sdk -x c -c /dev/null
ExecuteExternalTool /Applications/Xcode-27.0.0-Release.Candidate.app/Contents/Developer/Toolchains/XcodeDefault.xctoolchain/usr/bin/ld -version_details
Build description signature: 946e409059eb4142d8f6ed8d9d8b4683
Build description path: /Users/admin/builder/spi-builder-workspace/.derivedData/Build/Intermediates.noindex/XCBuildData/946e409059eb4142d8f6ed8d9d8b4683.xcbuilddata
/Users/admin/builder/spi-builder-workspace/Rate.xcodeproj: error: The macOS deployment target 'MACOSX_DEPLOYMENT_TARGET' is set to 10.12, but the range of supported deployment target versions is 12.0 to 27.0.x. (in target 'Rate' from project 'Rate')
** BUILD FAILED **
The following build commands failed:
	Building project Rate with scheme Rate
(1 failure)
Command line invocation:
    /Applications/Xcode-27.0.0-Release.Candidate.app/Contents/Developer/usr/bin/xcodebuild -IDEClonedSourcePackagesDirPathOverride=/Users/admin/builder/spi-builder-workspace/.dependencies -resolvePackageDependencies
resolved source packages:
{
  "dependencies" : [
  ],
  "manifest_display_name" : "Rate",
  "name" : "Rate",
  "path" : "/Users/admin/builder/spi-builder-workspace",
  "platforms" : [
  ],
  "products" : [
    {
      "name" : "Rate",
      "targets" : [
        "Rate"
      ],
      "type" : {
        "library" : [
          "automatic"
        ]
      }
    }
  ],
  "targets" : [
    {
      "c99name" : "RateTests",
      "module_type" : "SwiftTarget",
      "name" : "RateTests",
      "path" : "Tests/RateTests",
      "sources" : [
        "RateTests.swift"
      ],
      "target_dependencies" : [
        "Rate"
      ],
      "type" : "test"
    },
    {
      "c99name" : "Rate",
      "module_type" : "SwiftTarget",
      "name" : "Rate",
      "path" : "Sources/Rate",
      "product_memberships" : [
        "Rate"
      ],
      "sources" : [
        "Rate.swift"
      ],
      "type" : "library"
    }
  ],
  "tools_version" : "4.2"
}
{
  "project" : {
    "configurations" : [
      "Debug",
      "Release"
    ],
    "name" : "Rate",
    "schemes" : [
      "Rate"
    ],
    "targets" : [
      "Rate",
      "RatePackageDescription",
      "RatePackageTests",
      "RateTests"
    ]
  }
}
Running build ...
env DEVELOPER_DIR=/Applications/Xcode-27.0.0-Release.Candidate.app xcrun xcodebuild -IDEClonedSourcePackagesDirPathOverride=$PWD/.dependencies -skipMacroValidation -skipPackagePluginValidation -derivedDataPath $PWD/.derivedData build -scheme Rate -destination platform=macOS,arch=arm64
Command line invocation:
    /Applications/Xcode-27.0.0-Release.Candidate.app/Contents/Developer/usr/bin/xcodebuild -IDEClonedSourcePackagesDirPathOverride=/Users/admin/builder/spi-builder-workspace/.dependencies -skipMacroValidation -skipPackagePluginValidation -derivedDataPath /Users/admin/builder/spi-builder-workspace/.derivedData build -scheme Rate -destination platform=macOS,arch=arm64
ComputePackagePrebuildTargetDependencyGraph
Prepare packages
CreateBuildRequest
SendProjectDescription
CreateBuildOperation
ComputeTargetDependencyGraph
note: Building targets in dependency order
note: Target dependency graph (1 target)
    Target 'Rate' in project 'Rate' (no dependencies)
GatherProvisioningInputs
CreateBuildDescription
/Users/admin/builder/spi-builder-workspace/Rate.xcodeproj: error: The macOS deployment target 'MACOSX_DEPLOYMENT_TARGET' is set to 10.12, but the range of supported deployment target versions is 12.0 to 27.0.x. (in target 'Rate' from project 'Rate')
** BUILD FAILED **
The following build commands failed:
	Building project Rate with scheme Rate
(1 failure)
BUILD FAILURE 6.4 macosXcodebuild