Build Information
Failed to build textual, reference main (01b518), with Swift 6.3 for Linux on 4 Jul 2026 21:01:21 UTC.
Build Command
bash -c docker run --pull=always --rm -v "checkouts-53886768-0":/host -w "$PWD" -e JAVA_HOME="/root/.sdkman/candidates/java/current" -e SPI_BUILD="1" -e SPI_PROCESSING="1" registry.gitlab.com/saguaro1/spi-images:basic-6.3-latest swift build --triple x86_64-unknown-linux-gnu 2>&1Build Log
========================================
RunAll
========================================
Builder version: 0e64495ecc1688c3b3e031a5ef1348b5c05091ae
Interrupt handler set up.
========================================
Checkout
========================================
Clone URL: https://github.com/gonzalezreal/textual.git
Reference: main
Initialized empty Git repository in /host/spi-builder-workspace/.git/
hint: Using 'master' as the name for the initial branch. This default branch name
hint: is subject to change. To configure the initial branch name to use in all
hint: of your new repositories, which will suppress this warning, call:
hint:
hint: git config --global init.defaultBranch <name>
hint:
hint: Names commonly chosen instead of 'master' are 'main', 'trunk' and
hint: 'development'. The just-created branch can be renamed via this command:
hint:
hint: git branch -m <name>
From https://github.com/gonzalezreal/textual
* branch main -> FETCH_HEAD
* [new branch] main -> origin/main
HEAD is now at 01b5187 Enable link interaction in table (#48)
Cloned https://github.com/gonzalezreal/textual.git
Revision (git rev-parse @):
01b51875a5406eefc95f52a058cb059e7bc94dc4
SPI manifest file found: $PWD/.spi.yml
SUCCESS checkout https://github.com/gonzalezreal/textual.git at main
========================================
Build
========================================
Selected platform: linux
Swift version: 6.3
Building package at path: $PWD
https://github.com/gonzalezreal/textual.git
Running build ...
bash -c docker run --pull=always --rm -v "checkouts-53886768-0":/host -w "$PWD" -e JAVA_HOME="/root/.sdkman/candidates/java/current" -e SPI_BUILD="1" -e SPI_PROCESSING="1" registry.gitlab.com/saguaro1/spi-images:basic-6.3-latest swift build --triple x86_64-unknown-linux-gnu 2>&1
basic-6.3-latest: Pulling from saguaro1/spi-images
Digest: sha256:518d581a7f3cc0f988d8921e0dce92c3361f942cd4cc7d944cb46f8707e06c63
Status: Image is up to date for registry.gitlab.com/saguaro1/spi-images:basic-6.3-latest
Fetching https://github.com/pointfreeco/swift-snapshot-testing
Fetching https://github.com/gonzalezreal/swiftui-math
Fetching https://github.com/pointfreeco/swift-concurrency-extras
[1/1046] Fetching swift-concurrency-extras
[12/2868] Fetching swift-concurrency-extras, swiftui-math
[2869/19047] Fetching swift-concurrency-extras, swiftui-math, swift-snapshot-testing
Fetched https://github.com/pointfreeco/swift-concurrency-extras from cache (2.09s)
Fetched https://github.com/gonzalezreal/swiftui-math from cache (2.10s)
Fetched https://github.com/pointfreeco/swift-snapshot-testing from cache (2.12s)
Computing version for https://github.com/gonzalezreal/swiftui-math
Computed https://github.com/gonzalezreal/swiftui-math at 0.1.0 (2.28s)
Computing version for https://github.com/pointfreeco/swift-concurrency-extras
Computed https://github.com/pointfreeco/swift-concurrency-extras at 1.4.0 (0.16s)
Computing version for https://github.com/pointfreeco/swift-snapshot-testing
Computed https://github.com/pointfreeco/swift-snapshot-testing at 1.19.2 (0.15s)
Fetching https://github.com/pointfreeco/swift-custom-dump
Fetching https://github.com/swiftlang/swift-syntax
[1/5616] Fetching swift-custom-dump
[5617/81441] Fetching swift-custom-dump, swift-syntax
Fetched https://github.com/pointfreeco/swift-custom-dump from cache (2.41s)
Fetched https://github.com/swiftlang/swift-syntax from cache (2.43s)
Computing version for https://github.com/pointfreeco/swift-custom-dump
Computed https://github.com/pointfreeco/swift-custom-dump at 1.6.1 (2.61s)
Fetching https://github.com/pointfreeco/xctest-dynamic-overlay
[1/5916] Fetching xctest-dynamic-overlay
Fetched https://github.com/pointfreeco/xctest-dynamic-overlay from cache (0.67s)
Computing version for https://github.com/swiftlang/swift-syntax
Computed https://github.com/swiftlang/swift-syntax at 603.0.2 (1.64s)
Computing version for https://github.com/pointfreeco/xctest-dynamic-overlay
Computed https://github.com/pointfreeco/xctest-dynamic-overlay at 1.10.1 (0.16s)
Creating working copy for https://github.com/pointfreeco/swift-concurrency-extras
Working copy of https://github.com/pointfreeco/swift-concurrency-extras resolved at 1.4.0
Creating working copy for https://github.com/pointfreeco/swift-snapshot-testing
Working copy of https://github.com/pointfreeco/swift-snapshot-testing resolved at 1.19.2
Creating working copy for https://github.com/swiftlang/swift-syntax
Working copy of https://github.com/swiftlang/swift-syntax resolved at 603.0.2
Creating working copy for https://github.com/gonzalezreal/swiftui-math
Working copy of https://github.com/gonzalezreal/swiftui-math resolved at 0.1.0
Creating working copy for https://github.com/pointfreeco/xctest-dynamic-overlay
Working copy of https://github.com/pointfreeco/xctest-dynamic-overlay resolved at 1.10.1
Creating working copy for https://github.com/pointfreeco/swift-custom-dump
Working copy of https://github.com/pointfreeco/swift-custom-dump resolved at 1.6.1
Downloading package prebuilt https://download.swift.org/prebuilts/swift-syntax/603.0.2/swift-6.3.2-RELEASE-ubuntu_jammy_x86_64-MacroSupport.tar.gz
Downloaded https://download.swift.org/prebuilts/swift-syntax/603.0.2/swift-6.3.2-RELEASE-ubuntu_jammy_x86_64-MacroSupport.tar.gz (0.19s)
Building for debugging...
[0/6] Copying prism-bundle.js
[1/6] Write sources
[4/6] Copying mathFonts.bundle
[5/6] Write swift-version-24593BA9C3E375BF.txt
error: emit-module command failed with exit code 1 (use -v to see invocation)
[7/57] Emitting module SwiftUIMath
/host/spi-builder-workspace/.build/checkouts/swiftui-math/Sources/SwiftUIMath/Font.swift:1:8: error: no such module 'SwiftUI'
1 | import SwiftUI
| `- error: no such module 'SwiftUI'
2 |
3 | extension Math {
[8/62] Compiling SwiftUIMath DisplayLargeOperator.swift
/host/spi-builder-workspace/.build/checkouts/swiftui-math/Sources/SwiftUIMath/Font.swift:1:8: error: no such module 'SwiftUI'
1 | import SwiftUI
| `- error: no such module 'SwiftUI'
2 |
3 | extension Math {
[9/62] Compiling SwiftUIMath DisplayLine.swift
/host/spi-builder-workspace/.build/checkouts/swiftui-math/Sources/SwiftUIMath/Font.swift:1:8: error: no such module 'SwiftUI'
1 | import SwiftUI
| `- error: no such module 'SwiftUI'
2 |
3 | extension Math {
[10/62] Compiling SwiftUIMath DisplayList.swift
/host/spi-builder-workspace/.build/checkouts/swiftui-math/Sources/SwiftUIMath/Font.swift:1:8: error: no such module 'SwiftUI'
1 | import SwiftUI
| `- error: no such module 'SwiftUI'
2 |
3 | extension Math {
[11/62] Compiling SwiftUIMath DisplayNode.swift
/host/spi-builder-workspace/.build/checkouts/swiftui-math/Sources/SwiftUIMath/Font.swift:1:8: error: no such module 'SwiftUI'
1 | import SwiftUI
| `- error: no such module 'SwiftUI'
2 |
3 | extension Math {
[12/62] Compiling SwiftUIMath DisplayProvider.swift
/host/spi-builder-workspace/.build/checkouts/swiftui-math/Sources/SwiftUIMath/Font.swift:1:8: error: no such module 'SwiftUI'
1 | import SwiftUI
| `- error: no such module 'SwiftUI'
2 |
3 | extension Math {
[13/62] Compiling SwiftUIMath DisplayRadical.swift
/host/spi-builder-workspace/.build/checkouts/swiftui-math/Sources/SwiftUIMath/Font.swift:1:8: error: no such module 'SwiftUI'
1 | import SwiftUI
| `- error: no such module 'SwiftUI'
2 |
3 | extension Math {
[14/62] Compiling SwiftUIMath FontMetrics.swift
[15/62] Compiling SwiftUIMath FontRegistry.swift
[16/62] Compiling ConcurrencyExtras MainSerialExecutor.swift
[17/63] Compiling ConcurrencyExtras LockIsolated.swift
[18/63] Compiling SwiftUIMath DisplayShiftedNode.swift
[19/63] Compiling SwiftUIMath DisplayTextRun.swift
[20/63] Emitting module ConcurrencyExtras
[21/63] Compiling SwiftUIMath GraphicsContext+DisplayNode.swift
[22/63] Compiling SwiftUIMath Typesetter.swift
[23/63] Compiling ConcurrencyExtras Result.swift
[24/63] Compiling SwiftUIMath Parser.swift
/host/spi-builder-workspace/.build/checkouts/swiftui-math/Sources/SwiftUIMath/Font.swift:1:8: error: no such module 'SwiftUI'
1 | import SwiftUI
| `- error: no such module 'SwiftUI'
2 |
3 | extension Math {
[25/63] Compiling SwiftUIMath Math.swift
/host/spi-builder-workspace/.build/checkouts/swiftui-math/Sources/SwiftUIMath/Font.swift:1:8: error: no such module 'SwiftUI'
1 | import SwiftUI
| `- error: no such module 'SwiftUI'
2 |
3 | extension Math {
[26/63] Compiling SwiftUIMath RenderingMode.swift
/host/spi-builder-workspace/.build/checkouts/swiftui-math/Sources/SwiftUIMath/Font.swift:1:8: error: no such module 'SwiftUI'
1 | import SwiftUI
| `- error: no such module 'SwiftUI'
2 |
3 | extension Math {
[27/63] Compiling SwiftUIMath TypesettingStyle.swift
/host/spi-builder-workspace/.build/checkouts/swiftui-math/Sources/SwiftUIMath/Font.swift:1:8: error: no such module 'SwiftUI'
1 | import SwiftUI
| `- error: no such module 'SwiftUI'
2 |
3 | extension Math {
[28/63] Compiling SwiftUIMath resource_bundle_accessor.swift
/host/spi-builder-workspace/.build/checkouts/swiftui-math/Sources/SwiftUIMath/Font.swift:1:8: error: no such module 'SwiftUI'
1 | import SwiftUI
| `- error: no such module 'SwiftUI'
2 |
3 | extension Math {
/host/spi-builder-workspace/.build/checkouts/swiftui-math/Sources/SwiftUIMath/Font.swift:1:8: error: no such module 'SwiftUI'
1 | import SwiftUI
| `- error: no such module 'SwiftUI'
2 |
3 | extension Math {
/host/spi-builder-workspace/.build/checkouts/swiftui-math/Sources/SwiftUIMath/Font.swift:1:8: error: no such module 'SwiftUI'
1 | import SwiftUI
| `- error: no such module 'SwiftUI'
2 |
3 | extension Math {
/host/spi-builder-workspace/.build/checkouts/swiftui-math/Sources/SwiftUIMath/Font.swift:1:8: error: no such module 'SwiftUI'
1 | import SwiftUI
| `- error: no such module 'SwiftUI'
2 |
3 | extension Math {
/host/spi-builder-workspace/.build/checkouts/swiftui-math/Sources/SwiftUIMath/Font.swift:1:8: error: no such module 'SwiftUI'
1 | import SwiftUI
| `- error: no such module 'SwiftUI'
2 |
3 | extension Math {
/host/spi-builder-workspace/.build/checkouts/swiftui-math/Sources/SwiftUIMath/Font.swift:1:8: error: no such module 'SwiftUI'
1 | import SwiftUI
| `- error: no such module 'SwiftUI'
2 |
3 | extension Math {
/host/spi-builder-workspace/.build/checkouts/swiftui-math/Sources/SwiftUIMath/Font.swift:1:8: error: no such module 'SwiftUI'
1 | import SwiftUI
| `- error: no such module 'SwiftUI'
2 |
3 | extension Math {
[35/63] Compiling SwiftUIMath Font.swift
/host/spi-builder-workspace/.build/checkouts/swiftui-math/Sources/SwiftUIMath/Font.swift:1:8: error: no such module 'SwiftUI'
1 | import SwiftUI
| `- error: no such module 'SwiftUI'
2 |
3 | extension Math {
[36/63] Compiling SwiftUIMath CGContext+DisplayNode.swift
/host/spi-builder-workspace/.build/checkouts/swiftui-math/Sources/SwiftUIMath/Font.swift:1:8: error: no such module 'SwiftUI'
1 | import SwiftUI
| `- error: no such module 'SwiftUI'
2 |
3 | extension Math {
[37/63] Compiling SwiftUIMath DisplayAccent.swift
/host/spi-builder-workspace/.build/checkouts/swiftui-math/Sources/SwiftUIMath/Font.swift:1:8: error: no such module 'SwiftUI'
1 | import SwiftUI
| `- error: no such module 'SwiftUI'
2 |
3 | extension Math {
[38/63] Compiling SwiftUIMath DisplayFraction.swift
/host/spi-builder-workspace/.build/checkouts/swiftui-math/Sources/SwiftUIMath/Font.swift:1:8: error: no such module 'SwiftUI'
1 | import SwiftUI
| `- error: no such module 'SwiftUI'
2 |
3 | extension Math {
[39/63] Compiling SwiftUIMath DisplayGlyph.swift
/host/spi-builder-workspace/.build/checkouts/swiftui-math/Sources/SwiftUIMath/Font.swift:1:8: error: no such module 'SwiftUI'
1 | import SwiftUI
| `- error: no such module 'SwiftUI'
2 |
3 | extension Math {
[40/63] Compiling SwiftUIMath DisplayGlyphRun.swift
/host/spi-builder-workspace/.build/checkouts/swiftui-math/Sources/SwiftUIMath/Font.swift:1:8: error: no such module 'SwiftUI'
1 | import SwiftUI
| `- error: no such module 'SwiftUI'
2 |
3 | extension Math {
[41/63] Compiling SwiftUIMath FontTable.swift
/host/spi-builder-workspace/.build/checkouts/swiftui-math/Sources/SwiftUIMath/Font.swift:1:8: error: no such module 'SwiftUI'
1 | import SwiftUI
| `- error: no such module 'SwiftUI'
2 |
3 | extension Math {
[42/63] Compiling SwiftUIMath PlatformFont.swift
/host/spi-builder-workspace/.build/checkouts/swiftui-math/Sources/SwiftUIMath/Font.swift:1:8: error: no such module 'SwiftUI'
1 | import SwiftUI
| `- error: no such module 'SwiftUI'
2 |
3 | extension Math {
[43/63] Compiling SwiftUIMath CGColor+HexString.swift
/host/spi-builder-workspace/.build/checkouts/swiftui-math/Sources/SwiftUIMath/Font.swift:1:8: error: no such module 'SwiftUI'
1 | import SwiftUI
| `- error: no such module 'SwiftUI'
2 |
3 | extension Math {
[44/63] Compiling SwiftUIMath KeyBox.swift
/host/spi-builder-workspace/.build/checkouts/swiftui-math/Sources/SwiftUIMath/Font.swift:1:8: error: no such module 'SwiftUI'
1 | import SwiftUI
| `- error: no such module 'SwiftUI'
2 |
3 | extension Math {
[45/63] Compiling SwiftUIMath ReadWriteLockIsolated.swift
/host/spi-builder-workspace/.build/checkouts/swiftui-math/Sources/SwiftUIMath/Font.swift:1:8: error: no such module 'SwiftUI'
1 | import SwiftUI
| `- error: no such module 'SwiftUI'
2 |
3 | extension Math {
[46/63] Compiling SwiftUIMath Unicode.swift
/host/spi-builder-workspace/.build/checkouts/swiftui-math/Sources/SwiftUIMath/Font.swift:1:8: error: no such module 'SwiftUI'
1 | import SwiftUI
| `- error: no such module 'SwiftUI'
2 |
3 | extension Math {
[47/63] Compiling SwiftUIMath AtomFactory.swift
/host/spi-builder-workspace/.build/checkouts/swiftui-math/Sources/SwiftUIMath/Font.swift:1:8: error: no such module 'SwiftUI'
1 | import SwiftUI
| `- error: no such module 'SwiftUI'
2 |
3 | extension Math {
[48/63] Compiling SwiftUIMath AtomList.swift
/host/spi-builder-workspace/.build/checkouts/swiftui-math/Sources/SwiftUIMath/Font.swift:1:8: error: no such module 'SwiftUI'
1 | import SwiftUI
| `- error: no such module 'SwiftUI'
2 |
3 | extension Math {
[49/63] Compiling SwiftUIMath Accent.swift
/host/spi-builder-workspace/.build/checkouts/swiftui-math/Sources/SwiftUIMath/Font.swift:1:8: error: no such module 'SwiftUI'
1 | import SwiftUI
| `- error: no such module 'SwiftUI'
2 |
3 | extension Math {
[50/63] Compiling SwiftUIMath Color.swift
/host/spi-builder-workspace/.build/checkouts/swiftui-math/Sources/SwiftUIMath/Font.swift:1:8: error: no such module 'SwiftUI'
1 | import SwiftUI
| `- error: no such module 'SwiftUI'
2 |
3 | extension Math {
[51/63] Compiling SwiftUIMath ColorBox.swift
/host/spi-builder-workspace/.build/checkouts/swiftui-math/Sources/SwiftUIMath/Font.swift:1:8: error: no such module 'SwiftUI'
1 | import SwiftUI
| `- error: no such module 'SwiftUI'
2 |
3 | extension Math {
[52/63] Compiling SwiftUIMath Fraction.swift
/host/spi-builder-workspace/.build/checkouts/swiftui-math/Sources/SwiftUIMath/Font.swift:1:8: error: no such module 'SwiftUI'
1 | import SwiftUI
| `- error: no such module 'SwiftUI'
2 |
3 | extension Math {
[53/63] Compiling SwiftUIMath Inner.swift
/host/spi-builder-workspace/.build/checkouts/swiftui-math/Sources/SwiftUIMath/Font.swift:1:8: error: no such module 'SwiftUI'
1 | import SwiftUI
| `- error: no such module 'SwiftUI'
2 |
3 | extension Math {
[54/63] Compiling SwiftUIMath LargeOperator.swift
/host/spi-builder-workspace/.build/checkouts/swiftui-math/Sources/SwiftUIMath/Font.swift:1:8: error: no such module 'SwiftUI'
1 | import SwiftUI
| `- error: no such module 'SwiftUI'
2 |
3 | extension Math {
[55/63] Compiling SwiftUIMath Overline.swift
/host/spi-builder-workspace/.build/checkouts/swiftui-math/Sources/SwiftUIMath/Font.swift:1:8: error: no such module 'SwiftUI'
1 | import SwiftUI
| `- error: no such module 'SwiftUI'
2 |
3 | extension Math {
[56/63] Compiling SwiftUIMath Radical.swift
/host/spi-builder-workspace/.build/checkouts/swiftui-math/Sources/SwiftUIMath/Font.swift:1:8: error: no such module 'SwiftUI'
1 | import SwiftUI
| `- error: no such module 'SwiftUI'
2 |
3 | extension Math {
[57/63] Compiling ConcurrencyExtras Task.swift
[58/63] Compiling SwiftUIMath Space.swift
/host/spi-builder-workspace/.build/checkouts/swiftui-math/Sources/SwiftUIMath/Font.swift:1:8: error: no such module 'SwiftUI'
1 | import SwiftUI
| `- error: no such module 'SwiftUI'
2 |
3 | extension Math {
[59/63] Compiling SwiftUIMath Style.swift
/host/spi-builder-workspace/.build/checkouts/swiftui-math/Sources/SwiftUIMath/Font.swift:1:8: error: no such module 'SwiftUI'
1 | import SwiftUI
| `- error: no such module 'SwiftUI'
2 |
3 | extension Math {
[60/63] Compiling SwiftUIMath Table.swift
/host/spi-builder-workspace/.build/checkouts/swiftui-math/Sources/SwiftUIMath/Font.swift:1:8: error: no such module 'SwiftUI'
1 | import SwiftUI
| `- error: no such module 'SwiftUI'
2 |
3 | extension Math {
[61/63] Compiling SwiftUIMath TextColor.swift
/host/spi-builder-workspace/.build/checkouts/swiftui-math/Sources/SwiftUIMath/Font.swift:1:8: error: no such module 'SwiftUI'
1 | import SwiftUI
| `- error: no such module 'SwiftUI'
2 |
3 | extension Math {
[62/63] Compiling SwiftUIMath Underline.swift
/host/spi-builder-workspace/.build/checkouts/swiftui-math/Sources/SwiftUIMath/Font.swift:1:8: error: no such module 'SwiftUI'
1 | import SwiftUI
| `- error: no such module 'SwiftUI'
2 |
3 | extension Math {
BUILD FAILURE 6.3 linux