Build Information
Failed to build SwiftSyntaxWrapper, reference main (bcf726), with Swift 6.4 for watchOS using Xcode 27.0 on 22 Sep 2026 01:50:49 UTC.
Build Command
env DEVELOPER_DIR=/Applications/Xcode-27.0.0-Release.Candidate.app xcrun xcodebuild -IDEClonedSourcePackagesDirPathOverride=$PWD/.dependencies -skipMacroValidation -skipPackagePluginValidation -derivedDataPath $PWD/.derivedData build -scheme SwiftSyntaxWrapper -destination generic/platform=watchOSBuild Log
========================================
RunAll
========================================
Builder version: 5.1.0
Interrupt handler set up.
========================================
Checkout
========================================
Clone URL: https://github.com/sjavora/swift-syntax-xcframeworks.git
Reference: main
Initialized empty Git repository in /Users/admin/builder/spi-builder-workspace/.git/
From https://github.com/sjavora/swift-syntax-xcframeworks
* branch main -> FETCH_HEAD
* [new branch] main -> origin/main
HEAD is now at bcf726e Create LICENSE
Cloned https://github.com/sjavora/swift-syntax-xcframeworks.git
Revision (git rev-parse @):
bcf726ec1608b318b0a6eae30042d7d9c272b34e
SUCCESS checkout https://github.com/sjavora/swift-syntax-xcframeworks.git at main
========================================
Build
========================================
Selected platform: watchOS
Swift version: 6.4
Building package at path: $PWD
https://github.com/sjavora/swift-syntax-xcframeworks.git
Command line invocation:
/Applications/Xcode-27.0.0-Release.Candidate.app/Contents/Developer/usr/bin/xcodebuild -IDEClonedSourcePackagesDirPathOverride=/Users/admin/builder/spi-builder-workspace/.dependencies -resolvePackageDependencies
Resolve Package Graph
Resolve Package Graph
Resolved source packages:
SwiftSyntaxWrapper: /Users/admin/builder/spi-builder-workspace
resolved source packages: SwiftSyntaxWrapper
2026-09-21 21:50:11.759 xcodebuild[528:3036] [MT] IDERunDestination: Supported platforms for the buildables in the current scheme is empty.
{
"dependencies" : [
],
"manifest_display_name" : "SwiftSyntaxWrapper",
"name" : "SwiftSyntaxWrapper",
"path" : "/Users/admin/builder/spi-builder-workspace",
"platforms" : [
],
"products" : [
{
"name" : "SwiftSyntaxWrapper",
"targets" : [
"SwiftSyntaxWrapper"
],
"type" : {
"library" : [
"automatic"
]
}
}
],
"targets" : [
{
"c99name" : "SwiftSyntaxWrapper",
"module_type" : "BinaryTarget",
"name" : "SwiftSyntaxWrapper",
"path" : "remote/archive/SwiftSyntaxWrapper.xcframework.zip",
"product_memberships" : [
"SwiftSyntaxWrapper"
],
"sources" : [
],
"type" : "binary"
}
],
"tools_version" : "5.10"
}
{
"workspace" : {
"name" : "SwiftSyntaxWrapper",
"schemes" : [
"SwiftSyntaxWrapper"
]
}
}
2026-09-21 21:50:43.483 xcodebuild[637:3876] [MT] IDERunDestination: Supported platforms for the buildables in the current scheme is empty.
Running build ...
env DEVELOPER_DIR=/Applications/Xcode-27.0.0-Release.Candidate.app xcrun xcodebuild -IDEClonedSourcePackagesDirPathOverride=$PWD/.dependencies -skipMacroValidation -skipPackagePluginValidation -derivedDataPath $PWD/.derivedData build -scheme SwiftSyntaxWrapper -destination generic/platform=watchOS
Command line invocation:
/Applications/Xcode-27.0.0-Release.Candidate.app/Contents/Developer/usr/bin/xcodebuild -IDEClonedSourcePackagesDirPathOverride=/Users/admin/builder/spi-builder-workspace/.dependencies -skipMacroValidation -skipPackagePluginValidation -derivedDataPath /Users/admin/builder/spi-builder-workspace/.derivedData build -scheme SwiftSyntaxWrapper -destination generic/platform=watchOS
Resolve Package Graph
Resolved source packages:
SwiftSyntaxWrapper: /Users/admin/builder/spi-builder-workspace
ComputePackagePrebuildTargetDependencyGraph
Prepare packages
CreateBuildRequest
SendProjectDescription
CreateBuildOperation
ComputeTargetDependencyGraph
note: Building targets in dependency order
note: Target dependency graph (1 target)
Target 'SwiftSyntaxWrapper-product' in project 'SwiftSyntaxWrapper' (no dependencies)
GatherProvisioningInputs
CreateBuildDescription
ExecuteExternalTool /Applications/Xcode-27.0.0-Release.Candidate.app/Contents/Developer/Toolchains/XcodeDefault.xctoolchain/usr/bin/clang -v -E -dM -isysroot /Applications/Xcode-27.0.0-Release.Candidate.app/Contents/Developer/Platforms/WatchOS.platform/Developer/SDKs/WatchOS27.0.sdk -x c -c /dev/null
Build description signature: 2364a404c6a9350c9f0439eb82267e7b
Build description path: /Users/admin/builder/spi-builder-workspace/.derivedData/Build/Intermediates.noindex/XCBuildData/2364a404c6a9350c9f0439eb82267e7b.xcbuilddata
/Users/admin/builder/spi-builder-workspace/.dependencies/artifacts/spi-builder-workspace/SwiftSyntaxWrapper/SwiftSyntaxWrapper.xcframework:1:1: error: While building for watchOS, no library for this platform was found in '/Users/admin/builder/spi-builder-workspace/.dependencies/artifacts/spi-builder-workspace/SwiftSyntaxWrapper/SwiftSyntaxWrapper.xcframework'. (in target 'SwiftSyntaxWrapper-product' from project 'SwiftSyntaxWrapper')
2026-09-21 21:50:45.138 xcodebuild[638:3925] [MT] IDERunDestination: Supported platforms for the buildables in the current scheme is empty.
** BUILD FAILED **
The following build commands failed:
Building workspace SwiftSyntaxWrapper with scheme SwiftSyntaxWrapper
(1 failure)
Command line invocation:
/Applications/Xcode-27.0.0-Release.Candidate.app/Contents/Developer/usr/bin/xcodebuild -IDEClonedSourcePackagesDirPathOverride=/Users/admin/builder/spi-builder-workspace/.dependencies -resolvePackageDependencies
Resolve Package Graph
Resolved source packages:
SwiftSyntaxWrapper: /Users/admin/builder/spi-builder-workspace
resolved source packages: SwiftSyntaxWrapper
2026-09-21 21:50:46.900 xcodebuild[651:4048] [MT] IDERunDestination: Supported platforms for the buildables in the current scheme is empty.
{
"dependencies" : [
],
"manifest_display_name" : "SwiftSyntaxWrapper",
"name" : "SwiftSyntaxWrapper",
"path" : "/Users/admin/builder/spi-builder-workspace",
"platforms" : [
],
"products" : [
{
"name" : "SwiftSyntaxWrapper",
"targets" : [
"SwiftSyntaxWrapper"
],
"type" : {
"library" : [
"automatic"
]
}
}
],
"targets" : [
{
"c99name" : "SwiftSyntaxWrapper",
"module_type" : "BinaryTarget",
"name" : "SwiftSyntaxWrapper",
"path" : "remote/archive/SwiftSyntaxWrapper.xcframework.zip",
"product_memberships" : [
"SwiftSyntaxWrapper"
],
"sources" : [
],
"type" : "binary"
}
],
"tools_version" : "5.10"
}
{
"workspace" : {
"name" : "SwiftSyntaxWrapper",
"schemes" : [
"SwiftSyntaxWrapper"
]
}
}
2026-09-21 21:50:48.176 xcodebuild[679:4268] [MT] IDERunDestination: Supported platforms for the buildables in the current scheme is empty.
Running build ...
env DEVELOPER_DIR=/Applications/Xcode-27.0.0-Release.Candidate.app xcrun xcodebuild -IDEClonedSourcePackagesDirPathOverride=$PWD/.dependencies -skipMacroValidation -skipPackagePluginValidation -derivedDataPath $PWD/.derivedData build -scheme SwiftSyntaxWrapper -destination generic/platform=watchOS
Command line invocation:
/Applications/Xcode-27.0.0-Release.Candidate.app/Contents/Developer/usr/bin/xcodebuild -IDEClonedSourcePackagesDirPathOverride=/Users/admin/builder/spi-builder-workspace/.dependencies -skipMacroValidation -skipPackagePluginValidation -derivedDataPath /Users/admin/builder/spi-builder-workspace/.derivedData build -scheme SwiftSyntaxWrapper -destination generic/platform=watchOS
Resolve Package Graph
Resolved source packages:
SwiftSyntaxWrapper: /Users/admin/builder/spi-builder-workspace
ComputePackagePrebuildTargetDependencyGraph
Prepare packages
CreateBuildRequest
SendProjectDescription
CreateBuildOperation
ComputeTargetDependencyGraph
note: Building targets in dependency order
note: Target dependency graph (1 target)
Target 'SwiftSyntaxWrapper-product' in project 'SwiftSyntaxWrapper' (no dependencies)
GatherProvisioningInputs
CreateBuildDescription
/Users/admin/builder/spi-builder-workspace/.dependencies/artifacts/spi-builder-workspace/SwiftSyntaxWrapper/SwiftSyntaxWrapper.xcframework:1:1: error: While building for watchOS, no library for this platform was found in '/Users/admin/builder/spi-builder-workspace/.dependencies/artifacts/spi-builder-workspace/SwiftSyntaxWrapper/SwiftSyntaxWrapper.xcframework'. (in target 'SwiftSyntaxWrapper-product' from project 'SwiftSyntaxWrapper')
2026-09-21 21:50:49.168 xcodebuild[680:4293] [MT] IDERunDestination: Supported platforms for the buildables in the current scheme is empty.
** BUILD FAILED **
The following build commands failed:
Building workspace SwiftSyntaxWrapper with scheme SwiftSyntaxWrapper
(1 failure)
BUILD FAILURE 6.4 watchOS