The Swift Package Index logo.Swift Package Index

Build Information

Failed to build openwhisk-swift-sdk, reference master (8cbe11), with Swift 6.4 for Wasm on 16 Sep 2026 21:42:47 UTC.

Build Command

bash -c docker run --pull=always --rm -v "checkouts-54344847-0":/host -w "$PWD" -e JAVA_HOME="/root/.sdkman/candidates/java/current" -e SPI_BUILD="1" -e SPI_PROCESSING="1" registry.gitlab.com/saguaro1/spi-images:wasm-6.4-latest swift build --swift-sdk swift-6.4.x-DEVELOPMENT-SNAPSHOT-2026-09-04-a_wasm 2>&1

Build Log

========================================
RunAll
========================================
Builder version: 5.1.0
Interrupt handler set up.
========================================
Checkout
========================================
Clone URL: https://github.com/dokun1/openwhisk-swift-sdk.git
Reference: master
Initialized empty Git repository in /host/spi-builder-workspace/.git/
hint: Using 'master' as the name for the initial branch. This default branch name
hint: is subject to change. To configure the initial branch name to use in all
hint: of your new repositories, which will suppress this warning, call:
hint:
hint: 	git config --global init.defaultBranch <name>
hint:
hint: Names commonly chosen instead of 'master' are 'main', 'trunk' and
hint: 'development'. The just-created branch can be renamed via this command:
hint:
hint: 	git branch -m <name>
From https://github.com/dokun1/openwhisk-swift-sdk
 * branch            master     -> FETCH_HEAD
 * [new branch]      master     -> origin/master
HEAD is now at 8cbe115 Using env vars in local .env file instead of copying and pasting api keys and all
Cloned https://github.com/dokun1/openwhisk-swift-sdk.git
Revision (git rev-parse @):
8cbe11511c9734fea4a4e2dce83fd63e0f2d31df
SUCCESS checkout https://github.com/dokun1/openwhisk-swift-sdk.git at master
========================================
Build
========================================
Selected platform:         wasm
Swift version:             6.4
Building package at path:  $PWD
https://github.com/dokun1/openwhisk-swift-sdk.git
Running build ...
bash -c docker run --pull=always --rm -v "checkouts-54344847-0":/host -w "$PWD" -e JAVA_HOME="/root/.sdkman/candidates/java/current" -e SPI_BUILD="1" -e SPI_PROCESSING="1" registry.gitlab.com/saguaro1/spi-images:wasm-6.4-latest swift build --swift-sdk swift-6.4.x-DEVELOPMENT-SNAPSHOT-2026-09-04-a_wasm 2>&1
wasm-6.4-latest: Pulling from saguaro1/spi-images
Digest: sha256:4328fdb43c680d205c1d6761b1e3267aa38277eefdda9ddfb17b6a0f1a77857a
Status: Image is up to date for registry.gitlab.com/saguaro1/spi-images:wasm-6.4-latest
Fetching https://github.com/IBM-Swift/LoggerAPI.git
Fetching https://github.com/IBM-Swift/CircuitBreaker.git
Fetching https://github.com/IBM-Swift/SwiftyRequest.git
[1/1733] Fetching circuitbreaker
[105/2517] Fetching circuitbreaker, loggerapi
[556/4612] Fetching circuitbreaker, loggerapi, swiftyrequest
Fetched https://github.com/IBM-Swift/LoggerAPI.git (0.49s)
[3661/3828] Fetching circuitbreaker, swiftyrequest
Fetched https://github.com/IBM-Swift/CircuitBreaker.git (0.52s)
Fetched https://github.com/IBM-Swift/SwiftyRequest.git (0.52s)
Computing version for https://github.com/IBM-Swift/LoggerAPI.git
Computed https://github.com/IBM-Swift/LoggerAPI.git at 1.9.200 (1.57s)
Fetching https://github.com/apple/swift-log.git
[1/8091] Fetching swift-log
Fetched https://github.com/apple/swift-log.git (0.51s)
Computing version for https://github.com/IBM-Swift/CircuitBreaker.git
Computed https://github.com/IBM-Swift/CircuitBreaker.git at 5.1.0 (0.70s)
Computing version for https://github.com/IBM-Swift/SwiftyRequest.git
Computed https://github.com/IBM-Swift/SwiftyRequest.git at 2.2.1 (0.18s)
Computing version for https://github.com/apple/swift-log.git
Computed https://github.com/apple/swift-log.git at 1.15.1 (0.20s)
Creating working copy for https://github.com/apple/swift-log.git
Working copy of https://github.com/apple/swift-log.git resolved at 1.15.1
Creating working copy for https://github.com/IBM-Swift/CircuitBreaker.git
Working copy of https://github.com/IBM-Swift/CircuitBreaker.git resolved at 5.1.0
Creating working copy for https://github.com/IBM-Swift/SwiftyRequest.git
Working copy of https://github.com/IBM-Swift/SwiftyRequest.git resolved at 2.2.1
Creating working copy for https://github.com/IBM-Swift/LoggerAPI.git
Working copy of https://github.com/IBM-Swift/LoggerAPI.git resolved at 1.9.200
warning: 'circuitbreaker': Conflicting identity for loggerapi: dependency 'github.com/kitura/loggerapi' and dependency 'github.com/ibm-swift/loggerapi' both point to the same package identity 'loggerapi'. The dependencies are introduced through the following chains: (A) /host/spi-builder-workspace->github.com/ibm-swift/circuitbreaker->github.com/kitura/loggerapi (B) /host/spi-builder-workspace->github.com/ibm-swift/loggerapi. If there are multiple chains that lead to the same dependency, only the first chain is shown here. To see all chains use debug output option. To resolve the conflict, coordinate with the maintainer of the package that introduces the conflicting dependency. This will be escalated to an error in future versions of SwiftPM.
warning: 'circuitbreaker': Conflicting identity for loggerapi: dependency 'github.com/kitura/loggerapi' and dependency 'github.com/ibm-swift/loggerapi' both point to the same package identity 'loggerapi'. The dependencies are introduced through the following chains: (A) /host/spi-builder-workspace->github.com/ibm-swift/circuitbreaker->github.com/kitura/loggerapi (B) /host/spi-builder-workspace->github.com/ibm-swift/loggerapi. If there are multiple chains that lead to the same dependency, only the first chain is shown here. To see all chains use debug output option. To resolve the conflict, coordinate with the maintainer of the package that introduces the conflicting dependency. This will be escalated to an error in future versions of SwiftPM.
Building for debugging...
[Provisioning 6 / 11]
[Pre-planning 1 / 186]
[47 / 83] Logging
[55 / 86] LoggerAPI
[55 / 86] Logging
[56 / 87] Logging
[58 / 87] LoggerAPI
error: SwiftCompile normal wasm32 failed with a nonzero exit code. Command line:     cd /host

/host/spi-builder-workspace/.build/checkouts/CircuitBreaker/Sources/CircuitBreaker/Bulkhead.swift:18:8: error: no such module 'Dispatch'
16 |
17 | import Foundation
18 | import Dispatch
   |        `- error: no such module 'Dispatch'
19 |
20 | /// Bulkhead
Failed frontend command:
/usr/bin/swift-frontend -frontend -emit-module -experimental-skip-non-inlinable-function-bodies-without-types /host/spi-builder-workspace/.build/checkouts/CircuitBreaker/Sources/CircuitBreaker/BreakerError.swift /host/spi-builder-workspace/.build/checkouts/CircuitBreaker/Sources/CircuitBreaker/Bulkhead.swift /host/spi-builder-workspace/.build/checkouts/CircuitBreaker/Sources/CircuitBreaker/CircuitBreaker.swift /host/spi-builder-workspace/.build/checkouts/CircuitBreaker/Sources/CircuitBreaker/Collection.swift /host/spi-builder-workspace/.build/checkouts/CircuitBreaker/Sources/CircuitBreaker/Invocation.swift /host/spi-builder-workspace/.build/checkouts/CircuitBreaker/Sources/CircuitBreaker/Monitor.swift /host/spi-builder-workspace/.build/checkouts/CircuitBreaker/Sources/CircuitBreaker/MonitorCollection.swift /host/spi-builder-workspace/.build/checkouts/CircuitBreaker/Sources/CircuitBreaker/Snapshot.swift /host/spi-builder-workspace/.build/checkouts/CircuitBreaker/Sources/CircuitBreaker/Stats.swift /host/spi-builder-workspace/.build/checkouts/CircuitBreaker/Sources/CircuitBreaker/Utils.swift -target wasm32-unknown-wasip1 -disable-objc-interop -sdk /root/.swiftpm/swift-sdks/swift-6.4.x-DEVELOPMENT-SNAPSHOT-2026-09-04-a_wasm.artifactbundle/swift-6.4.x-DEVELOPMENT-SNAPSHOT-2026-09-04-a_wasm/wasm32-unknown-wasip1/WASI.sdk -sysroot /root/.swiftpm/swift-sdks/swift-6.4.x-DEVELOPMENT-SNAPSHOT-2026-09-04-a_wasm.artifactbundle/swift-6.4.x-DEVELOPMENT-SNAPSHOT-2026-09-04-a_wasm/wasm32-unknown-wasip1/WASI.sdk -I /host/spi-builder-workspace/.build/out/Products/Debug-webassembly-wasm32 -module-cache-path /host/spi-builder-workspace/.build/out/ModuleCache.noindex -color-diagnostics -Xcc -fcolor-diagnostics -enable-testing -g -debug-info-format\=dwarf -dwarf-version\=4 -suppress-warnings -swift-version 5 -Onone -D SWIFT_PACKAGE -D DEBUG -D SWIFT_MODULE_RESOURCE_BUNDLE_UNAVAILABLE -D Xcode -serialize-debugging-options -enable-experimental-feature DebugDescriptionMacro -empty-abi-descriptor -external-plugin-path /usr/lib/swift/host/plugins/testing\#/usr/bin/swift-plugin-server -validate-clang-modules-once -clang-build-session-file /host/spi-builder-workspace/.build/out/ModuleCache.noindex/Session.modulevalidation -Xcc -working-directory -Xcc /host -resource-dir /root/.swiftpm/swift-sdks/swift-6.4.x-DEVELOPMENT-SNAPSHOT-2026-09-04-a_wasm.artifactbundle/swift-6.4.x-DEVELOPMENT-SNAPSHOT-2026-09-04-a_wasm/wasm32-unknown-wasip1/swift.xctoolchain/usr/lib/swift_static -use-static-resource-dir -enable-anonymous-context-mangled-names -file-compilation-dir /host -Xcc -resource-dir -Xcc /root/.swiftpm/swift-sdks/swift-6.4.x-DEVELOPMENT-SNAPSHOT-2026-09-04-a_wasm.artifactbundle/swift-6.4.x-DEVELOPMENT-SNAPSHOT-2026-09-04-a_wasm/wasm32-unknown-wasip1/swift.xctoolchain/usr/lib/swift_static/clang -Xcc -D_LIBCPP_HARDENING_MODE\=_LIBCPP_HARDENING_MODE_DEBUG -Xcc -fmodules-prune-interval\=86400 -Xcc -fmodules-prune-after\=345600 -Xcc -I/host/spi-builder-workspace/.build/out/Products/Debug-webassembly-wasm32/include -Xcc -I/host/spi-builder-workspace/.build/out/Intermediates.noindex/CircuitBreaker.build/Debug-webassembly-wasm32/CircuitBreaker-t.build/DerivedSources-normal/wasm32 -Xcc -I/host/spi-builder-workspace/.build/out/Intermediates.noindex/CircuitBreaker.build/Debug-webassembly-wasm32/CircuitBreaker-t.build/DerivedSources/wasm32 -Xcc -I/host/spi-builder-workspace/.build/out/Intermediates.noindex/CircuitBreaker.build/Debug-webassembly-wasm32/CircuitBreaker-t.build/DerivedSources -Xcc -DSWIFT_PACKAGE -Xcc -DDEBUG\=1 -no-auto-bridging-header-chaining -module-name CircuitBreaker -const-gather-protocols-file /host/spi-builder-workspace/.build/out/Intermediates.noindex/CircuitBreaker.build/Debug-webassembly-wasm32/CircuitBreaker-t.build/Objects-normal/wasm32/CircuitBreaker_const_extract_protocols.json -in-process-plugin-server-path /usr/lib/swift/host/libSwiftInProcPluginServer.so -plugin-path /usr/lib/swift/host/plugins -plugin-path /usr/local/lib/swift/host/plugins -emit-module-doc-path /host/spi-builder-workspace/.build/out/Intermediates.noindex/CircuitBreaker.build/Debug-webassembly-wasm32/CircuitBreaker-t.build/Objects-normal/wasm32/Modules/CircuitBreaker.swiftdoc -emit-module-source-info-path /host/spi-builder-workspace/.build/out/Intermediates.noindex/CircuitBreaker.build/Debug-webassembly-wasm32/CircuitBreaker-t.build/Objects-normal/wasm32/Modules/CircuitBreaker.swiftsourceinfo -emit-objc-header-path /host/spi-builder-workspace/.build/out/Intermediates.noindex/CircuitBreaker.build/Debug-webassembly-wasm32/CircuitBreaker-t.build/Objects-normal/wasm32/CircuitBreaker-Swift.h -serialize-diagnostics-path /host/spi-builder-workspace/.build/out/Intermediates.noindex/CircuitBreaker.build/Debug-webassembly-wasm32/CircuitBreaker-t.build/Objects-normal/wasm32/CircuitBreaker-primary-emit-module.dia -emit-dependencies-path /host/spi-builder-workspace/.build/out/Intermediates.noindex/CircuitBreaker.build/Debug-webassembly-wasm32/CircuitBreaker-t.build/Objects-normal/wasm32/CircuitBreaker-primary-emit-module.d -parse-as-library -o /host/spi-builder-workspace/.build/out/Intermediates.noindex/CircuitBreaker.build/Debug-webassembly-wasm32/CircuitBreaker-t.build/Objects-normal/wasm32/Modules/CircuitBreaker.swiftmodule
error: SwiftCompile normal wasm32 /host/spi-builder-workspace/.build/checkouts/CircuitBreaker/Sources/CircuitBreaker/MonitorCollection.swift failed with a nonzero exit code. Command line:     cd /host
    builtin-SwiftPerFileCompile MonitorCollection.swift
/host/spi-builder-workspace/.build/checkouts/CircuitBreaker/Sources/CircuitBreaker/Bulkhead.swift:18:8: error: no such module 'Dispatch'
16 |
17 | import Foundation
18 | import Dispatch
   |        `- error: no such module 'Dispatch'
19 |
20 | /// Bulkhead
Failed frontend command:
/usr/bin/swift-frontend -frontend -c /host/spi-builder-workspace/.build/checkouts/CircuitBreaker/Sources/CircuitBreaker/BreakerError.swift /host/spi-builder-workspace/.build/checkouts/CircuitBreaker/Sources/CircuitBreaker/Bulkhead.swift /host/spi-builder-workspace/.build/checkouts/CircuitBreaker/Sources/CircuitBreaker/CircuitBreaker.swift /host/spi-builder-workspace/.build/checkouts/CircuitBreaker/Sources/CircuitBreaker/Collection.swift /host/spi-builder-workspace/.build/checkouts/CircuitBreaker/Sources/CircuitBreaker/Invocation.swift /host/spi-builder-workspace/.build/checkouts/CircuitBreaker/Sources/CircuitBreaker/Monitor.swift -primary-file /host/spi-builder-workspace/.build/checkouts/CircuitBreaker/Sources/CircuitBreaker/MonitorCollection.swift /host/spi-builder-workspace/.build/checkouts/CircuitBreaker/Sources/CircuitBreaker/Snapshot.swift /host/spi-builder-workspace/.build/checkouts/CircuitBreaker/Sources/CircuitBreaker/Stats.swift /host/spi-builder-workspace/.build/checkouts/CircuitBreaker/Sources/CircuitBreaker/Utils.swift -emit-dependencies-path /host/spi-builder-workspace/.build/out/Intermediates.noindex/CircuitBreaker.build/Debug-webassembly-wasm32/CircuitBreaker-t.build/Objects-normal/wasm32/MonitorCollection.d -emit-const-values-path /host/spi-builder-workspace/.build/out/Intermediates.noindex/CircuitBreaker.build/Debug-webassembly-wasm32/CircuitBreaker-t.build/Objects-normal/wasm32/MonitorCollection.swiftconstvalues -emit-reference-dependencies-path /host/spi-builder-workspace/.build/out/Intermediates.noindex/CircuitBreaker.build/Debug-webassembly-wasm32/CircuitBreaker-t.build/Objects-normal/wasm32/MonitorCollection.swiftdeps -serialize-diagnostics-path /host/spi-builder-workspace/.build/out/Intermediates.noindex/CircuitBreaker.build/Debug-webassembly-wasm32/CircuitBreaker-t.build/Objects-normal/wasm32/MonitorCollection.dia -target wasm32-unknown-wasip1 -disable-objc-interop -sdk /root/.swiftpm/swift-sdks/swift-6.4.x-DEVELOPMENT-SNAPSHOT-2026-09-04-a_wasm.artifactbundle/swift-6.4.x-DEVELOPMENT-SNAPSHOT-2026-09-04-a_wasm/wasm32-unknown-wasip1/WASI.sdk -sysroot /root/.swiftpm/swift-sdks/swift-6.4.x-DEVELOPMENT-SNAPSHOT-2026-09-04-a_wasm.artifactbundle/swift-6.4.x-DEVELOPMENT-SNAPSHOT-2026-09-04-a_wasm/wasm32-unknown-wasip1/WASI.sdk -I /host/spi-builder-workspace/.build/out/Products/Debug-webassembly-wasm32 -module-cache-path /host/spi-builder-workspace/.build/out/ModuleCache.noindex -color-diagnostics -Xcc -fcolor-diagnostics -enable-testing -g -debug-info-format\=dwarf -dwarf-version\=4 -suppress-warnings -swift-version 5 -Onone -D SWIFT_PACKAGE -D DEBUG -D SWIFT_MODULE_RESOURCE_BUNDLE_UNAVAILABLE -D Xcode -serialize-debugging-options -enable-experimental-feature DebugDescriptionMacro -empty-abi-descriptor -external-plugin-path /usr/lib/swift/host/plugins/testing\#/usr/bin/swift-plugin-server -validate-clang-modules-once -clang-build-session-file /host/spi-builder-workspace/.build/out/ModuleCache.noindex/Session.modulevalidation -Xcc -working-directory -Xcc /host -resource-dir /root/.swiftpm/swift-sdks/swift-6.4.x-DEVELOPMENT-SNAPSHOT-2026-09-04-a_wasm.artifactbundle/swift-6.4.x-DEVELOPMENT-SNAPSHOT-2026-09-04-a_wasm/wasm32-unknown-wasip1/swift.xctoolchain/usr/lib/swift_static -use-static-resource-dir -enable-anonymous-context-mangled-names -file-compilation-dir /host -Xcc -resource-dir -Xcc /root/.swiftpm/swift-sdks/swift-6.4.x-DEVELOPMENT-SNAPSHOT-2026-09-04-a_wasm.artifactbundle/swift-6.4.x-DEVELOPMENT-SNAPSHOT-2026-09-04-a_wasm/wasm32-unknown-wasip1/swift.xctoolchain/usr/lib/swift_static/clang -Xcc -D_LIBCPP_HARDENING_MODE\=_LIBCPP_HARDENING_MODE_DEBUG -Xcc -fmodules-prune-interval\=86400 -Xcc -fmodules-prune-after\=345600 -Xcc -I/host/spi-builder-workspace/.build/out/Products/Debug-webassembly-wasm32/include -Xcc -I/host/spi-builder-workspace/.build/out/Intermediates.noindex/CircuitBreaker.build/Debug-webassembly-wasm32/CircuitBreaker-t.build/DerivedSources-normal/wasm32 -Xcc -I/host/spi-builder-workspace/.build/out/Intermediates.noindex/CircuitBreaker.build/Debug-webassembly-wasm32/CircuitBreaker-t.build/DerivedSources/wasm32 -Xcc -I/host/spi-builder-workspace/.build/out/Intermediates.noindex/CircuitBreaker.build/Debug-webassembly-wasm32/CircuitBreaker-t.build/DerivedSources -Xcc -DSWIFT_PACKAGE -Xcc -DDEBUG\=1 -no-auto-bridging-header-chaining -module-name CircuitBreaker -const-gather-protocols-file /host/spi-builder-workspace/.build/out/Intermediates.noindex/CircuitBreaker.build/Debug-webassembly-wasm32/CircuitBreaker-t.build/Objects-normal/wasm32/CircuitBreaker_const_extract_protocols.json -in-process-plugin-server-path /usr/lib/swift/host/libSwiftInProcPluginServer.so -plugin-path /usr/lib/swift/host/plugins -plugin-path /usr/local/lib/swift/host/plugins -parse-as-library -o /host/spi-builder-workspace/.build/out/Intermediates.noindex/CircuitBreaker.build/Debug-webassembly-wasm32/CircuitBreaker-t.build/Objects-normal/wasm32/MonitorCollection.o -index-unit-output-path /CircuitBreaker.build/Debug-webassembly-wasm32/CircuitBreaker-t.build/Objects-normal/wasm32/MonitorCollection.o -index-store-path /host/spi-builder-workspace/.build/out -index-system-modules
error: Build failed
BUILD FAILURE 6.4 wasm