Build Information
Failed to build SwiftTabler, reference main (b55030), with Swift 6.4 for watchOS using Xcode 27.0 on 19 Sep 2026 04:38:48 UTC.
Build Command
env DEVELOPER_DIR=/Applications/Xcode-27.0.0-Release.Candidate.app xcrun xcodebuild -IDEClonedSourcePackagesDirPathOverride=$PWD/.dependencies -skipMacroValidation -skipPackagePluginValidation -derivedDataPath $PWD/.derivedData build -scheme SwiftTabler -destination generic/platform=watchOSBuild Log
SwiftDriver Tabler normal arm64_32 com.apple.xcode.tools.swift.compiler (in target 'Tabler' from project 'SwiftTabler')
cd /Users/admin/builder/spi-builder-workspace/.swiftpm/xcode
builtin-SwiftDriver -- /Applications/Xcode-27.0.0-Release.Candidate.app/Contents/Developer/Toolchains/XcodeDefault.xctoolchain/usr/bin/swiftc -parse-as-library -module-name Tabler -Onone @/Users/admin/builder/spi-builder-workspace/.derivedData/Build/Intermediates.noindex/SwiftTabler.build/Debug-watchos/Tabler-t.build/Objects-normal/arm64_32/Tabler.SwiftFileList -DSWIFT_PACKAGE -DDEBUG -DSWIFT_MODULE_RESOURCE_BUNDLE_UNAVAILABLE -DXcode -plugin-path /Applications/Xcode-27.0.0-Release.Candidate.app/Contents/Developer/Toolchains/XcodeDefault.xctoolchain/usr/lib/swift/host/plugins/testing -enable-experimental-feature DebugDescriptionMacro -sdk /Applications/Xcode-27.0.0-Release.Candidate.app/Contents/Developer/Platforms/WatchOS.platform/Developer/SDKs/WatchOS27.0.sdk -target arm64_32-apple-watchos9.0 -g -module-cache-path /Users/admin/builder/spi-builder-workspace/.derivedData/ModuleCache.noindex -Xfrontend -serialize-debugging-options -enable-testing -index-store-path /Users/admin/builder/spi-builder-workspace/.derivedData/Index.noindex/DataStore -Xcc -D_LIBCPP_HARDENING_MODE\=_LIBCPP_HARDENING_MODE_DEBUG -swift-version 5 -I /Users/admin/builder/spi-builder-workspace/.derivedData/Build/Products/Debug-watchos -Isystem /Applications/Xcode-27.0.0-Release.Candidate.app/Contents/Developer/Platforms/WatchOS.platform/Developer/usr/lib -F /Users/admin/builder/spi-builder-workspace/.derivedData/Build/Products/Debug-watchos -F /Applications/Xcode-27.0.0-Release.Candidate.app/Contents/Developer/Platforms/WatchOS.platform/Developer/Library/Frameworks -F /Applications/Xcode-27.0.0-Release.Candidate.app/Contents/Developer/Platforms/WatchOS.platform/Developer/SDKs/WatchOS27.0.sdk/Developer/Library/Frameworks -c -j10 -enable-batch-mode -incremental -Xcc -ivfsstatcache -Xcc /Users/admin/builder/spi-builder-workspace/.derivedData/SDKStatCaches.noindex/watchos27.0-24R360-e829b21a6f8c9b70876ba0858053c04477534ef55a1706bf4c1112bbb242f0a2.sdkstatcache -output-file-map /Users/admin/builder/spi-builder-workspace/.derivedData/Build/Intermediates.noindex/SwiftTabler.build/Debug-watchos/Tabler-t.build/Objects-normal/arm64_32/Tabler-OutputFileMap.json -save-temps -no-color-diagnostics -explicit-module-build -module-cache-path /Users/admin/builder/spi-builder-workspace/.derivedData/Build/Intermediates.noindex/SwiftExplicitPrecompiledModules -clang-scanner-module-cache-path /Users/admin/builder/spi-builder-workspace/.derivedData/ModuleCache.noindex -sdk-module-cache-path /Users/admin/builder/spi-builder-workspace/.derivedData/SDKExplicitPrecompiledModules -emit-dependencies -emit-module -emit-module-path /Users/admin/builder/spi-builder-workspace/.derivedData/Build/Intermediates.noindex/SwiftTabler.build/Debug-watchos/Tabler-t.build/Objects-normal/arm64_32/Tabler.swiftmodule -serialize-diagnostics -dependency-scan-serialize-diagnostics-path /Users/admin/builder/spi-builder-workspace/.derivedData/Build/Intermediates.noindex/SwiftTabler.build/Debug-watchos/Tabler-t.build/Objects-normal/arm64_32/Tabler-dependency-scan.dia -validate-clang-modules-once -clang-build-session-file /Users/admin/builder/spi-builder-workspace/.derivedData/ModuleCache.noindex/Session.modulevalidation -Xcc -fmodules-prune-interval\=86400 -Xcc -fmodules-prune-after\=345600 -emit-const-values -const-gather-protocols-list /Users/admin/builder/spi-builder-workspace/.derivedData/Build/Intermediates.noindex/SwiftTabler.build/Debug-watchos/Tabler-t.build/Objects-normal/arm64_32/Tabler_const_extract_protocols.json -Xcc -I/Users/admin/builder/spi-builder-workspace/.derivedData/Build/Products/Debug-watchos/include -Xcc -I/Users/admin/builder/spi-builder-workspace/.derivedData/Build/Intermediates.noindex/SwiftTabler.build/Debug-watchos/Tabler-t.build/DerivedSources-normal/arm64_32 -Xcc -I/Users/admin/builder/spi-builder-workspace/.derivedData/Build/Intermediates.noindex/SwiftTabler.build/Debug-watchos/Tabler-t.build/DerivedSources/arm64_32 -Xcc -I/Users/admin/builder/spi-builder-workspace/.derivedData/Build/Intermediates.noindex/SwiftTabler.build/Debug-watchos/Tabler-t.build/DerivedSources -Xcc -DSWIFT_PACKAGE -Xcc -DDEBUG\=1 -emit-objc-header -emit-objc-header-path /Users/admin/builder/spi-builder-workspace/.derivedData/Build/Intermediates.noindex/SwiftTabler.build/Debug-watchos/Tabler-t.build/Objects-normal/arm64_32/Tabler-Swift.h -working-directory /Users/admin/builder/spi-builder-workspace/.swiftpm/xcode -experimental-emit-module-separately -disable-cmo
SwiftExplicitDependencyGeneratePcm arm64 /Users/admin/builder/spi-builder-workspace/.derivedData/SDKExplicitPrecompiledModules/DeveloperToolsSupport-E7CNISCB36UE8XQ9IOHK9XDX1.pcm
SwiftExplicitDependencyGeneratePcm arm64 /Users/admin/builder/spi-builder-workspace/.derivedData/SDKExplicitPrecompiledModules/_Builtin_stddef-1FU30Y8SWFB7OUUHMJQH5J6FM.pcm
SwiftExplicitDependencyGeneratePcm arm64 /Users/admin/builder/spi-builder-workspace/.derivedData/SDKExplicitPrecompiledModules/ptrauth-3TZ9WJCGLYD25HQPWH4968ONX.pcm
SwiftExplicitDependencyGeneratePcm arm64 /Users/admin/builder/spi-builder-workspace/.derivedData/SDKExplicitPrecompiledModules/ptrcheck-AIF0NDOYZ8ORBNHQAQR5NNB8M.pcm
SwiftExplicitDependencyGeneratePcm arm64 /Users/admin/builder/spi-builder-workspace/.derivedData/SDKExplicitPrecompiledModules/_Builtin_float-C0CW5Q4HGBQYKE77TC42IAFB5.pcm
SwiftExplicitDependencyGeneratePcm arm64_32 /Users/admin/builder/spi-builder-workspace/.derivedData/SDKExplicitPrecompiledModules/_SwiftConcurrencyShims-6RTBPQ03V7BM9SPRK8SUE055H.pcm
SwiftExplicitDependencyGeneratePcm arm64_32 /Users/admin/builder/spi-builder-workspace/.derivedData/SDKExplicitPrecompiledModules/ptrauth-BFXF358ME5AK535N5A9Z766WU.pcm
SwiftExplicitDependencyGeneratePcm arm64_32 /Users/admin/builder/spi-builder-workspace/.derivedData/SDKExplicitPrecompiledModules/_Builtin_stdarg-D305JG44A2WPI6CJY37X3QJE8.pcm
SwiftExplicitDependencyGeneratePcm arm64 /Users/admin/builder/spi-builder-workspace/.derivedData/SDKExplicitPrecompiledModules/_AvailabilityInternal-BUNV3UXM65NT37THI4W1AM0SF.pcm
SwiftExplicitDependencyGeneratePcm arm64_32 /Users/admin/builder/spi-builder-workspace/.derivedData/SDKExplicitPrecompiledModules/_AvailabilityInternal-244WAN3Z1QBT7PIA64EZEFY1R.pcm
SwiftExplicitDependencyGeneratePcm arm64 /Users/admin/builder/spi-builder-workspace/.derivedData/SDKExplicitPrecompiledModules/_Builtin_stdarg-A7UU8LE6MP85SM26YO7PBZNUQ.pcm
SwiftExplicitDependencyGeneratePcm arm64_32 /Users/admin/builder/spi-builder-workspace/.derivedData/SDKExplicitPrecompiledModules/_Builtin_stdbool-A967K8W8YUYEC9SN52KJ7OO88.pcm
SwiftExplicitDependencyGeneratePcm arm64_32 /Users/admin/builder/spi-builder-workspace/.derivedData/SDKExplicitPrecompiledModules/_Builtin_stddef-H44EFHQX6XSS5MZ7QP6YJZ76.pcm
SwiftExplicitDependencyGeneratePcm arm64_32 /Users/admin/builder/spi-builder-workspace/.derivedData/SDKExplicitPrecompiledModules/SwiftShims-9CQQGWTSNTN9EB5NSHDWUJICH.pcm
SwiftExplicitDependencyGeneratePcm arm64 /Users/admin/builder/spi-builder-workspace/.derivedData/SDKExplicitPrecompiledModules/_SwiftConcurrencyShims-659N52XSKR5F0QSB880BH2FJR.pcm
SwiftExplicitDependencyGeneratePcm arm64 /Users/admin/builder/spi-builder-workspace/.derivedData/SDKExplicitPrecompiledModules/SwiftShims-4MXFZPV6FEB0XBYXCGPWAMQGL.pcm
SwiftExplicitDependencyGeneratePcm arm64_32 /Users/admin/builder/spi-builder-workspace/.derivedData/SDKExplicitPrecompiledModules/DeveloperToolsSupport-DZU5G1OCMNWU0AQRULIFHUJ1Z.pcm
SwiftExplicitDependencyGeneratePcm arm64_32 /Users/admin/builder/spi-builder-workspace/.derivedData/SDKExplicitPrecompiledModules/ptrcheck-7ELIH9BTIGVKX3UBITM9N72WD.pcm
SwiftExplicitDependencyGeneratePcm arm64 /Users/admin/builder/spi-builder-workspace/.derivedData/SDKExplicitPrecompiledModules/_Builtin_stdbool-83J96QSOFE9VX04AAS6310UAE.pcm
SwiftExplicitDependencyGeneratePcm arm64_32 /Users/admin/builder/spi-builder-workspace/.derivedData/SDKExplicitPrecompiledModules/_Builtin_float-6KO8O3PEWRCA4WC6PPLOYO6WJ.pcm
SwiftExplicitDependencyGeneratePcm arm64 /Users/admin/builder/spi-builder-workspace/.derivedData/SDKExplicitPrecompiledModules/_DarwinFoundation1-7SPX3MD0HMP55E4OLNCPNDQ53.pcm
SwiftExplicitDependencyGeneratePcm arm64_32 /Users/admin/builder/spi-builder-workspace/.derivedData/SDKExplicitPrecompiledModules/_DarwinFoundation1-2GWF9RFMPLQW4PDHS3NARVI3G.pcm
SwiftExplicitDependencyGeneratePcm arm64 /Users/admin/builder/spi-builder-workspace/.derivedData/SDKExplicitPrecompiledModules/_Builtin_limits-9GWPA2B0H20DYUNYHYCWKABJG.pcm
SwiftExplicitDependencyGeneratePcm arm64 /Users/admin/builder/spi-builder-workspace/.derivedData/SDKExplicitPrecompiledModules/_DarwinFoundation2-D0XAPJU49S5E9XMKYOFGSTB1Q.pcm
SwiftExplicitDependencyGeneratePcm arm64_32 /Users/admin/builder/spi-builder-workspace/.derivedData/SDKExplicitPrecompiledModules/_DarwinFoundation2-9MY8GOSYRO0M9MKNXF6D3MBNK.pcm
SwiftExplicitDependencyGeneratePcm arm64_32 /Users/admin/builder/spi-builder-workspace/.derivedData/SDKExplicitPrecompiledModules/_Builtin_limits-3VKBU2AFTD65PAJZ5CJ3LHFM2.pcm
SwiftExplicitDependencyGeneratePcm arm64 /Users/admin/builder/spi-builder-workspace/.derivedData/SDKExplicitPrecompiledModules/_Builtin_stdint-8XMILLJZEGRN2XG7XZUXZ5RLX.pcm
SwiftExplicitDependencyGeneratePcm arm64 /Users/admin/builder/spi-builder-workspace/.derivedData/SDKExplicitPrecompiledModules/string_h-E6PRXK75PHIPCZFWOFCQ3QBMK.pcm
SwiftExplicitDependencyGeneratePcm arm64 /Users/admin/builder/spi-builder-workspace/.derivedData/SDKExplicitPrecompiledModules/sys_types-2KXQLI78OUCDP779AE68GZJ2.pcm
SwiftExplicitDependencyGeneratePcm arm64 /Users/admin/builder/spi-builder-workspace/.derivedData/SDKExplicitPrecompiledModules/_Builtin_tgmath-8NQ96OZ0YHXEC24JI95P01UF8.pcm
SwiftExplicitDependencyGeneratePcm arm64_32 /Users/admin/builder/spi-builder-workspace/.derivedData/SDKExplicitPrecompiledModules/sys_types-8TLLMW08ZJWDGIIPKOYFGHHZW.pcm
SwiftExplicitDependencyGeneratePcm arm64_32 /Users/admin/builder/spi-builder-workspace/.derivedData/SDKExplicitPrecompiledModules/_Builtin_tgmath-23PGCKURCQILXMK0MYZRYDCOU.pcm
SwiftExplicitDependencyGeneratePcm arm64_32 /Users/admin/builder/spi-builder-workspace/.derivedData/SDKExplicitPrecompiledModules/_Builtin_stdint-1HMXWI3V0V4TXHRWZOMZGZ80Y.pcm
SwiftExplicitDependencyGeneratePcm arm64_32 /Users/admin/builder/spi-builder-workspace/.derivedData/SDKExplicitPrecompiledModules/string_h-BFVLUQUSBZWYMLCU9QI7VZALW.pcm
SwiftExplicitDependencyGeneratePcm arm64 /Users/admin/builder/spi-builder-workspace/.derivedData/SDKExplicitPrecompiledModules/_Builtin_stdatomic-7JEFA3KBJJJN6TKJWY3OG1VG5.pcm
SwiftExplicitDependencyGeneratePcm arm64 /Users/admin/builder/spi-builder-workspace/.derivedData/SDKExplicitPrecompiledModules/_Builtin_intrinsics-75960HIPCIYA06IUW8FIIPQT.pcm
SwiftExplicitDependencyGeneratePcm arm64 /Users/admin/builder/spi-builder-workspace/.derivedData/SDKExplicitPrecompiledModules/_DarwinFoundation3-B97LRG0E9GON2NUE65TVG81HU.pcm
SwiftExplicitDependencyGeneratePcm arm64_32 /Users/admin/builder/spi-builder-workspace/.derivedData/SDKExplicitPrecompiledModules/_Builtin_intrinsics-196IIAKDQVU42DLOZP9OQCV76.pcm
SwiftExplicitDependencyGeneratePcm arm64_32 /Users/admin/builder/spi-builder-workspace/.derivedData/SDKExplicitPrecompiledModules/_Builtin_stdatomic-1TY035TURL76BF2U98PZPPZRX.pcm
SwiftExplicitDependencyGeneratePcm arm64_32 /Users/admin/builder/spi-builder-workspace/.derivedData/SDKExplicitPrecompiledModules/_DarwinFoundation3-3DUTYQDQSD9HUAAVY947NMWOI.pcm
SwiftExplicitDependencyGeneratePcm arm64 /Users/admin/builder/spi-builder-workspace/.derivedData/SDKExplicitPrecompiledModules/_Builtin_inttypes-3UQSCM7WNM9EK4HZML8TY5J3D.pcm
SwiftExplicitDependencyGeneratePcm arm64_32 /Users/admin/builder/spi-builder-workspace/.derivedData/SDKExplicitPrecompiledModules/_Builtin_inttypes-D2KPCR4PEX9AQA33NGLUT5SBR.pcm
SwiftExplicitDependencyGeneratePcm arm64 /Users/admin/builder/spi-builder-workspace/.derivedData/SDKExplicitPrecompiledModules/Darwin-3984OXKFNSPE77NT743WK8SEX.pcm
SwiftExplicitDependencyGeneratePcm arm64_32 /Users/admin/builder/spi-builder-workspace/.derivedData/SDKExplicitPrecompiledModules/Darwin-3FVT1SKLN2ZQ5RVOABMTQBB34.pcm
SwiftExplicitDependencyGeneratePcm arm64 /Users/admin/builder/spi-builder-workspace/.derivedData/SDKExplicitPrecompiledModules/simd-EH08NODU6574T74ZKU61VP9BW.pcm
SwiftExplicitDependencyGeneratePcm arm64_32 /Users/admin/builder/spi-builder-workspace/.derivedData/SDKExplicitPrecompiledModules/simd-21UNWYOBUZI1LVSQ99S1XBLMO.pcm
SwiftExplicitDependencyGeneratePcm arm64 /Users/admin/builder/spi-builder-workspace/.derivedData/SDKExplicitPrecompiledModules/MachO-2U90NNSAQILBNBPS1SA4F8TYP.pcm
SwiftExplicitDependencyGeneratePcm arm64 /Users/admin/builder/spi-builder-workspace/.derivedData/SDKExplicitPrecompiledModules/ObjectiveC-72IVD3VS2RS8Q28D9PIMY0KQP.pcm
SwiftExplicitDependencyGeneratePcm arm64_32 /Users/admin/builder/spi-builder-workspace/.derivedData/SDKExplicitPrecompiledModules/ObjectiveC-6IJNELR2E80E7LUKESVCP2KET.pcm
SwiftExplicitDependencyGeneratePcm arm64_32 /Users/admin/builder/spi-builder-workspace/.derivedData/SDKExplicitPrecompiledModules/MachO-56838ZJ0NC1EBAJ0O6O8QMPDX.pcm
SwiftExplicitDependencyGeneratePcm arm64 /Users/admin/builder/spi-builder-workspace/.derivedData/SDKExplicitPrecompiledModules/os_object-3SDKD7F87FTZ26OON37DRYT6O.pcm
SwiftExplicitDependencyGeneratePcm arm64_32 /Users/admin/builder/spi-builder-workspace/.derivedData/SDKExplicitPrecompiledModules/os_object-5YWTC6L4756IWSTPGXS5NM0D0.pcm
SwiftExplicitDependencyGeneratePcm arm64 /Users/admin/builder/spi-builder-workspace/.derivedData/SDKExplicitPrecompiledModules/os_workgroup-89GG5G7YC2D0ZTK6AZXXQ20DH.pcm
SwiftExplicitDependencyGeneratePcm arm64_32 /Users/admin/builder/spi-builder-workspace/.derivedData/SDKExplicitPrecompiledModules/os_workgroup-5JHTPDMNBUNHLJI8LPHKQK1JK.pcm
SwiftExplicitDependencyGeneratePcm arm64 /Users/admin/builder/spi-builder-workspace/.derivedData/SDKExplicitPrecompiledModules/Spatial-44FJGYXFAT2AQAW9Z6T7YS02U.pcm
SwiftExplicitDependencyGeneratePcm arm64_32 /Users/admin/builder/spi-builder-workspace/.derivedData/SDKExplicitPrecompiledModules/Dispatch-2P62F1T4XV63S4P99TUDTOK2Q.pcm
SwiftExplicitDependencyGeneratePcm arm64 /Users/admin/builder/spi-builder-workspace/.derivedData/SDKExplicitPrecompiledModules/Dispatch-1NLJOVAK60XP0DUB05XA59EIM.pcm
SwiftExplicitDependencyGeneratePcm arm64_32 /Users/admin/builder/spi-builder-workspace/.derivedData/SDKExplicitPrecompiledModules/Spatial-CWVWNML3T0NXVHZDKVLD3X1YZ.pcm
SwiftExplicitDependencyGeneratePcm arm64_32 /Users/admin/builder/spi-builder-workspace/.derivedData/SDKExplicitPrecompiledModules/CoreFoundation-8E6Y4BA3EXYKUGJ24GT9LGV3N.pcm
SwiftExplicitDependencyGeneratePcm arm64_32 /Users/admin/builder/spi-builder-workspace/.derivedData/SDKExplicitPrecompiledModules/XPC-81Y45QFY96XYYFCW2GT6FY8S4.pcm
SwiftExplicitDependencyGeneratePcm arm64 /Users/admin/builder/spi-builder-workspace/.derivedData/SDKExplicitPrecompiledModules/XPC-40DR0X1DHKGCV4J1IOLFS8MOU.pcm
SwiftExplicitDependencyGeneratePcm arm64 /Users/admin/builder/spi-builder-workspace/.derivedData/SDKExplicitPrecompiledModules/CoreFoundation-8T2L24YC5NU7WO6WQJWRY7W08.pcm
SwiftExplicitDependencyGeneratePcm arm64_32 /Users/admin/builder/spi-builder-workspace/.derivedData/SDKExplicitPrecompiledModules/os-E5IGB442IA6SBB25TTCOLK2OC.pcm
SwiftExplicitDependencyGeneratePcm arm64 /Users/admin/builder/spi-builder-workspace/.derivedData/SDKExplicitPrecompiledModules/os-5DIL6Z9LFIGLMZAHM7X2T5435.pcm
SwiftExplicitDependencyGeneratePcm arm64_32 /Users/admin/builder/spi-builder-workspace/.derivedData/SDKExplicitPrecompiledModules/CoreAudioTypes-9GVB1DHA32M46R4A9NWSI3I2K.pcm
SwiftExplicitDependencyGeneratePcm arm64_32 /Users/admin/builder/spi-builder-workspace/.derivedData/SDKExplicitPrecompiledModules/Security-D7TOWF88VWF67TB9HAFP5UWB1.pcm
SwiftExplicitDependencyGeneratePcm arm64_32 /Users/admin/builder/spi-builder-workspace/.derivedData/SDKExplicitPrecompiledModules/CoreGraphics-9FDXYX6BKBUT6TJ2VF819E7T5.pcm
SwiftExplicitDependencyGeneratePcm arm64 /Users/admin/builder/spi-builder-workspace/.derivedData/SDKExplicitPrecompiledModules/CoreGraphics-DWNZ73GEH98SBJXZ7DEXB420K.pcm
SwiftExplicitDependencyGeneratePcm arm64 /Users/admin/builder/spi-builder-workspace/.derivedData/SDKExplicitPrecompiledModules/Security-6RZ6YBRU8WCUHRFFRVUK5WKMM.pcm
SwiftExplicitDependencyGeneratePcm arm64 /Users/admin/builder/spi-builder-workspace/.derivedData/SDKExplicitPrecompiledModules/CoreAudioTypes-A9MF7N5LT63G21HNFVM6BT14B.pcm
SwiftExplicitDependencyGeneratePcm arm64_32 /Users/admin/builder/spi-builder-workspace/.derivedData/SDKExplicitPrecompiledModules/CoreAudio-5W6MX6OUPWBMUR8VD5LHT1PZF.pcm
SwiftExplicitDependencyGeneratePcm arm64 /Users/admin/builder/spi-builder-workspace/.derivedData/SDKExplicitPrecompiledModules/CoreAudio-1B79RJJTP71GE6UY9WLESAN3C.pcm
SwiftExplicitDependencyGeneratePcm arm64_32 /Users/admin/builder/spi-builder-workspace/.derivedData/SDKExplicitPrecompiledModules/Foundation-BJ2VQGI3OGR34500MEQ1VKHPH.pcm
SwiftExplicitDependencyGeneratePcm arm64 /Users/admin/builder/spi-builder-workspace/.derivedData/SDKExplicitPrecompiledModules/Foundation-DLBKUSGXN8QHAT8W0OARR9S8A.pcm
SwiftExplicitDependencyGeneratePcm arm64 /Users/admin/builder/spi-builder-workspace/.derivedData/SDKExplicitPrecompiledModules/CoreText-970YJN6NIYGK1316L35Z0O8QT.pcm
SwiftExplicitDependencyGeneratePcm arm64 /Users/admin/builder/spi-builder-workspace/.derivedData/SDKExplicitPrecompiledModules/CoreVideo-8MRR5MNWUOAW2DBPGUQ8FKK4.pcm
SwiftExplicitDependencyGeneratePcm arm64_32 /Users/admin/builder/spi-builder-workspace/.derivedData/SDKExplicitPrecompiledModules/CoreText-C9X2REPZN2V5BSU4G80FCETDR.pcm
SwiftExplicitDependencyGeneratePcm arm64_32 /Users/admin/builder/spi-builder-workspace/.derivedData/SDKExplicitPrecompiledModules/CoreVideo-2P8HI0403J99LBDPKNFJ5D4DL.pcm
SwiftExplicitDependencyGeneratePcm arm64 /Users/admin/builder/spi-builder-workspace/.derivedData/SDKExplicitPrecompiledModules/CoreMedia-1AJVCUZNAO74KIKMFVFUUHWDI.pcm
SwiftExplicitDependencyGeneratePcm arm64_32 /Users/admin/builder/spi-builder-workspace/.derivedData/SDKExplicitPrecompiledModules/CoreMedia-AO387T8CHWTTZODD1DGT0UAFA.pcm
SwiftExplicitDependencyGeneratePcm arm64_32 /Users/admin/builder/spi-builder-workspace/.derivedData/SDKExplicitPrecompiledModules/Accessibility-F385OMZ5GYBUY5O4QAJB4NRII.pcm
SwiftExplicitDependencyGeneratePcm arm64_32 /Users/admin/builder/spi-builder-workspace/.derivedData/SDKExplicitPrecompiledModules/SceneKit-DKNLHKM5FJBQ79LSNMSSMBUBR.pcm
SwiftExplicitDependencyGeneratePcm arm64_32 /Users/admin/builder/spi-builder-workspace/.derivedData/SDKExplicitPrecompiledModules/CoreData-7AU1AFQWUH88EAPDKVMLJPKVD.pcm
SwiftExplicitDependencyGeneratePcm arm64_32 /Users/admin/builder/spi-builder-workspace/.derivedData/SDKExplicitPrecompiledModules/_LocationEssentials-AQ1OL9QKC3LQLY5CNSRM1HB53.pcm
SwiftExplicitDependencyGeneratePcm arm64_32 /Users/admin/builder/spi-builder-workspace/.derivedData/SDKExplicitPrecompiledModules/QuartzCore-6375NPYACK5NYVHPMC1QQ8MC2.pcm
SwiftExplicitDependencyGeneratePcm arm64_32 /Users/admin/builder/spi-builder-workspace/.derivedData/SDKExplicitPrecompiledModules/Symbols-1H97WMG76HU94F5VGJR19PXFY.pcm
SwiftExplicitDependencyGeneratePcm arm64_32 /Users/admin/builder/spi-builder-workspace/.derivedData/SDKExplicitPrecompiledModules/UIUtilities-9YFVNIMRC5HRVOIARNWHP1E3H.pcm
SwiftExplicitDependencyGeneratePcm arm64_32 /Users/admin/builder/spi-builder-workspace/.derivedData/SDKExplicitPrecompiledModules/UserNotifications-6TBN8TEAKO014N1T2QD926XED.pcm
SwiftExplicitDependencyGeneratePcm arm64_32 /Users/admin/builder/spi-builder-workspace/.derivedData/SDKExplicitPrecompiledModules/UniformTypeIdentifiers-CJZ3NTHPSBH4XWX5EVOG56UZS.pcm
SwiftExplicitDependencyGeneratePcm arm64_32 /Users/admin/builder/spi-builder-workspace/.derivedData/SDKExplicitPrecompiledModules/CoreTransferable-5D4IR6X37682FPHJ5CBPTKQV6.pcm
SwiftExplicitDependencyGeneratePcm arm64 /Users/admin/builder/spi-builder-workspace/.derivedData/SDKExplicitPrecompiledModules/Accessibility-27QMG6ZQ1NKYTNBYFPM1XKNFC.pcm
SwiftExplicitDependencyGeneratePcm arm64 /Users/admin/builder/spi-builder-workspace/.derivedData/SDKExplicitPrecompiledModules/UIUtilities-IR7RNW23VAUKYI9MLCS9NL9A.pcm
SwiftExplicitDependencyGeneratePcm arm64 /Users/admin/builder/spi-builder-workspace/.derivedData/SDKExplicitPrecompiledModules/UserNotifications-ARAH8MEQ0C2L0FBO39HITJMAO.pcm
SwiftExplicitDependencyGeneratePcm arm64 /Users/admin/builder/spi-builder-workspace/.derivedData/SDKExplicitPrecompiledModules/CoreData-9JFJC4UET8BAO5IPV2JU6W9V8.pcm
SwiftExplicitDependencyGeneratePcm arm64 /Users/admin/builder/spi-builder-workspace/.derivedData/SDKExplicitPrecompiledModules/DataDetection-7BNVI1SZW5ISQL5SX4WL2X7I5.pcm
SwiftExplicitDependencyGeneratePcm arm64 /Users/admin/builder/spi-builder-workspace/.derivedData/SDKExplicitPrecompiledModules/Symbols-3EFABTJ9L5PQDJ7RQCYQWEJMM.pcm
SwiftExplicitDependencyGeneratePcm arm64 /Users/admin/builder/spi-builder-workspace/.derivedData/SDKExplicitPrecompiledModules/_LocationEssentials-5ZZDGDXB6HLQUC72SJW7YJ7MK.pcm
SwiftExplicitDependencyGeneratePcm arm64 /Users/admin/builder/spi-builder-workspace/.derivedData/SDKExplicitPrecompiledModules/QuartzCore-94KFMWNOU7ZLUZNB4T5DLZC9D.pcm
SwiftExplicitDependencyGeneratePcm arm64_32 /Users/admin/builder/spi-builder-workspace/.derivedData/SDKExplicitPrecompiledModules/SwiftUICore-3Q7WLRD8MR9R3NGIPUBQCP6F6.pcm
SwiftExplicitDependencyGeneratePcm arm64 /Users/admin/builder/spi-builder-workspace/.derivedData/SDKExplicitPrecompiledModules/CoreTransferable-9PPG3SLJ55T4LITIFYX2M0NOZ.pcm
SwiftExplicitDependencyGeneratePcm arm64_32 /Users/admin/builder/spi-builder-workspace/.derivedData/SDKExplicitPrecompiledModules/CoreLocation-8XU5YMYM4P11RQMYCQAG65ITK.pcm
SwiftExplicitDependencyGeneratePcm arm64 /Users/admin/builder/spi-builder-workspace/.derivedData/SDKExplicitPrecompiledModules/UniformTypeIdentifiers-8L08Q8DQJV8C4AW84YVGFGTRN.pcm
SwiftExplicitDependencyGeneratePcm arm64 /Users/admin/builder/spi-builder-workspace/.derivedData/SDKExplicitPrecompiledModules/CoreLocation-ACKJ9K7ABI14F97Y46Y6SRR17.pcm
SwiftExplicitDependencyGeneratePcm arm64 /Users/admin/builder/spi-builder-workspace/.derivedData/SDKExplicitPrecompiledModules/SceneKit-5HZKIL7XETTTD8TOHYPN8JKRJ.pcm
SwiftExplicitDependencyGeneratePcm arm64_32 /Users/admin/builder/spi-builder-workspace/.derivedData/SDKExplicitPrecompiledModules/DataDetection-U9BF7WHFVA6BZGFXXXP272PS.pcm
SwiftExplicitDependencyGeneratePcm arm64 /Users/admin/builder/spi-builder-workspace/.derivedData/SDKExplicitPrecompiledModules/OSLog-B7VGO357Y3GJG35TST7DKDSI3.pcm
SwiftExplicitDependencyGeneratePcm arm64_32 /Users/admin/builder/spi-builder-workspace/.derivedData/SDKExplicitPrecompiledModules/OSLog-D9AVFY0KWO7RVBIQ73CBIJVCN.pcm
SwiftExplicitDependencyGeneratePcm arm64 /Users/admin/builder/spi-builder-workspace/.derivedData/SDKExplicitPrecompiledModules/SwiftUICore-C1DST1IX2Z0PTH5SJJZ1IULRB.pcm
SwiftExplicitDependencyGeneratePcm arm64_32 /Users/admin/builder/spi-builder-workspace/.derivedData/SDKExplicitPrecompiledModules/CoreMotion-1XGTVTE5PP32UHME8AC63TL6.pcm
SwiftExplicitDependencyGeneratePcm arm64 /Users/admin/builder/spi-builder-workspace/.derivedData/SDKExplicitPrecompiledModules/CoreMotion-6RD5K48QT1F4L9CATNFD2O7YB.pcm
SwiftExplicitDependencyGeneratePcm arm64_32 /Users/admin/builder/spi-builder-workspace/.derivedData/SDKExplicitPrecompiledModules/UIKit-6PPV7YPZ89CZPHYAP072QH8B6.pcm
SwiftExplicitDependencyGeneratePcm arm64 /Users/admin/builder/spi-builder-workspace/.derivedData/SDKExplicitPrecompiledModules/UIKit-27R3P1YMV4C6JLDT661G3MRIA.pcm
SwiftExplicitDependencyGeneratePcm arm64 /Users/admin/builder/spi-builder-workspace/.derivedData/SDKExplicitPrecompiledModules/HomeKit-DTS1N4AWILAL1URZ5IOXV5221.pcm
SwiftExplicitDependencyGeneratePcm arm64 /Users/admin/builder/spi-builder-workspace/.derivedData/SDKExplicitPrecompiledModules/MapKit-EJJWC7IL56MPLQMI93GJRE5OG.pcm
SwiftExplicitDependencyGeneratePcm arm64_32 /Users/admin/builder/spi-builder-workspace/.derivedData/SDKExplicitPrecompiledModules/HomeKit-DUDZOMSN3UK8GNTNBNMPIWJRN.pcm
SwiftExplicitDependencyGeneratePcm arm64_32 /Users/admin/builder/spi-builder-workspace/.derivedData/SDKExplicitPrecompiledModules/MapKit-CWGB4YMP1VX1NYQN5FULFD5DR.pcm
SwiftExplicitDependencyGeneratePcm arm64 /Users/admin/builder/spi-builder-workspace/.derivedData/SDKExplicitPrecompiledModules/WatchKit-3VT3K8YON6FJ6OWSUFJMFMP8J.pcm
SwiftExplicitDependencyGeneratePcm arm64_32 /Users/admin/builder/spi-builder-workspace/.derivedData/SDKExplicitPrecompiledModules/WatchKit-FHF6WTKLC2APGK3LA2XJ6516.pcm
SwiftExplicitDependencyGeneratePcm arm64 /Users/admin/builder/spi-builder-workspace/.derivedData/SDKExplicitPrecompiledModules/SwiftUI-APXDH8ULYLM6FD17YRA73TULO.pcm
SwiftExplicitDependencyGeneratePcm arm64_32 /Users/admin/builder/spi-builder-workspace/.derivedData/SDKExplicitPrecompiledModules/SwiftUI-9AYG9OCT5VOJK7V4MX1WYR86T.pcm
SwiftEmitModule normal arm64 Emitting\ module\ for\ Tabler (in target 'Tabler' from project 'SwiftTabler')
/Users/admin/builder/spi-builder-workspace/Sources/Grid/TablerGridConfig.swift:40:68: error: type 'TablerGridConfigDefaults' has no member 'itemPadding'
38 | public init(gridItems: [GridItem] = [],
39 | alignment: HorizontalAlignment = TablerGridConfigDefaults.alignment,
40 | itemPadding: EdgeInsets = TablerGridConfigDefaults.itemPadding,
| `- error: type 'TablerGridConfigDefaults' has no member 'itemPadding'
41 | headerSpacing: CGFloat = TablerSpacedConfigDefaults.headerSpacing,
42 | footerSpacing: CGFloat = TablerSpacedConfigDefaults.footerSpacing,
/Users/admin/builder/spi-builder-workspace/Sources/Grid/TablerGridConfig.swift:41:69: error: type 'TablerSpacedConfigDefaults' has no member 'headerSpacing'
39 | alignment: HorizontalAlignment = TablerGridConfigDefaults.alignment,
40 | itemPadding: EdgeInsets = TablerGridConfigDefaults.itemPadding,
41 | headerSpacing: CGFloat = TablerSpacedConfigDefaults.headerSpacing,
| `- error: type 'TablerSpacedConfigDefaults' has no member 'headerSpacing'
42 | footerSpacing: CGFloat = TablerSpacedConfigDefaults.footerSpacing,
43 | rowSpacing: CGFloat = TablerSpacedConfigDefaults.rowSpacing,
/Users/admin/builder/spi-builder-workspace/Sources/Grid/TablerGridConfig.swift:42:69: error: type 'TablerSpacedConfigDefaults' has no member 'footerSpacing'
40 | itemPadding: EdgeInsets = TablerGridConfigDefaults.itemPadding,
41 | headerSpacing: CGFloat = TablerSpacedConfigDefaults.headerSpacing,
42 | footerSpacing: CGFloat = TablerSpacedConfigDefaults.footerSpacing,
| `- error: type 'TablerSpacedConfigDefaults' has no member 'footerSpacing'
43 | rowSpacing: CGFloat = TablerSpacedConfigDefaults.rowSpacing,
44 | // headerFixed: Bool = TablerSpacedConfigDefaults.headerFixed,
/Users/admin/builder/spi-builder-workspace/Sources/Grid/TablerGridConfig.swift:48:71: error: type 'TablerSpacedConfigDefaults' has no member 'tablePadding'
46 | filter: Filter? = nil,
47 | onHover: @escaping OnHover = { _, _ in },
48 | tablePadding: EdgeInsets = TablerSpacedConfigDefaults.tablePadding,
| `- error: type 'TablerSpacedConfigDefaults' has no member 'tablePadding'
49 | sortIndicatorForward: AnyView = TablerConfigDefaults.sortIndicatorForward,
50 | sortIndicatorReverse: AnyView = TablerConfigDefaults.sortIndicatorReverse,
/Users/admin/builder/spi-builder-workspace/Sources/Stack/TablerStackConfig.swift:34:68: error: type 'TablerStackConfigDefaults' has no member 'rowPadding'
32 | public let rowPadding: EdgeInsets
33 |
34 | public init(rowPadding: EdgeInsets = TablerStackConfigDefaults.rowPadding,
| `- error: type 'TablerStackConfigDefaults' has no member 'rowPadding'
35 | headerSpacing: CGFloat = TablerSpacedConfigDefaults.headerSpacing,
36 | footerSpacing: CGFloat = TablerSpacedConfigDefaults.footerSpacing,
/Users/admin/builder/spi-builder-workspace/Sources/Stack/TablerStackConfig.swift:35:69: error: type 'TablerSpacedConfigDefaults' has no member 'headerSpacing'
33 |
34 | public init(rowPadding: EdgeInsets = TablerStackConfigDefaults.rowPadding,
35 | headerSpacing: CGFloat = TablerSpacedConfigDefaults.headerSpacing,
| `- error: type 'TablerSpacedConfigDefaults' has no member 'headerSpacing'
36 | footerSpacing: CGFloat = TablerSpacedConfigDefaults.footerSpacing,
37 | rowSpacing: CGFloat = TablerSpacedConfigDefaults.rowSpacing,
/Users/admin/builder/spi-builder-workspace/Sources/Stack/TablerStackConfig.swift:36:69: error: type 'TablerSpacedConfigDefaults' has no member 'footerSpacing'
34 | public init(rowPadding: EdgeInsets = TablerStackConfigDefaults.rowPadding,
35 | headerSpacing: CGFloat = TablerSpacedConfigDefaults.headerSpacing,
36 | footerSpacing: CGFloat = TablerSpacedConfigDefaults.footerSpacing,
| `- error: type 'TablerSpacedConfigDefaults' has no member 'footerSpacing'
37 | rowSpacing: CGFloat = TablerSpacedConfigDefaults.rowSpacing,
38 | // headerFixed: Bool = TablerSpacedConfigDefaults.headerFixed,
/Users/admin/builder/spi-builder-workspace/Sources/Stack/TablerStackConfig.swift:42:71: error: type 'TablerSpacedConfigDefaults' has no member 'tablePadding'
40 | filter: Filter? = nil,
41 | onHover: @escaping OnHover = { _, _ in },
42 | tablePadding: EdgeInsets = TablerSpacedConfigDefaults.tablePadding,
| `- error: type 'TablerSpacedConfigDefaults' has no member 'tablePadding'
43 | sortIndicatorForward: AnyView = TablerConfigDefaults.sortIndicatorForward,
44 | sortIndicatorReverse: AnyView = TablerConfigDefaults.sortIndicatorReverse,
/Users/admin/builder/spi-builder-workspace/Sources/Internal/TablerSpacedConfig.swift:47:69: error: type 'TablerSpacedConfigDefaults' has no member 'headerSpacing'
45 | // public let footerFixed: Bool
46 |
47 | public init(headerSpacing: CGFloat = TablerSpacedConfigDefaults.headerSpacing,
| `- error: type 'TablerSpacedConfigDefaults' has no member 'headerSpacing'
48 | footerSpacing: CGFloat = TablerSpacedConfigDefaults.footerSpacing,
49 | rowSpacing: CGFloat = TablerSpacedConfigDefaults.rowSpacing,
/Users/admin/builder/spi-builder-workspace/Sources/Internal/TablerSpacedConfig.swift:48:69: error: type 'TablerSpacedConfigDefaults' has no member 'footerSpacing'
46 |
47 | public init(headerSpacing: CGFloat = TablerSpacedConfigDefaults.headerSpacing,
48 | footerSpacing: CGFloat = TablerSpacedConfigDefaults.footerSpacing,
| `- error: type 'TablerSpacedConfigDefaults' has no member 'footerSpacing'
49 | rowSpacing: CGFloat = TablerSpacedConfigDefaults.rowSpacing,
50 | // headerFixed: Bool = TablerSpacedConfigDefaults.headerFixed,
/Users/admin/builder/spi-builder-workspace/Sources/List/TablerListConfig.swift:24:30: warning: generic parameter 'Element' shadows generic parameter from outer scope with the same name; this is an error in the Swift 6 language mode
19 | import SwiftUI
20 |
21 | public class TablerListConfig<Element>: TablerConfig<Element>
| `- note: 'Element' previously declared here
22 | where Element: Identifiable
23 | {
24 | public typealias CanMove<Element> = (Element) -> Bool
| `- warning: generic parameter 'Element' shadows generic parameter from outer scope with the same name; this is an error in the Swift 6 language mode
25 | public typealias OnMove<Element> = (IndexSet, Int) -> Void
26 | public typealias CanDelete<Element> = (Element) -> Bool
/Users/admin/builder/spi-builder-workspace/Sources/List/TablerListConfig.swift:25:29: warning: generic parameter 'Element' shadows generic parameter from outer scope with the same name; this is an error in the Swift 6 language mode
19 | import SwiftUI
20 |
21 | public class TablerListConfig<Element>: TablerConfig<Element>
| `- note: 'Element' previously declared here
22 | where Element: Identifiable
23 | {
24 | public typealias CanMove<Element> = (Element) -> Bool
25 | public typealias OnMove<Element> = (IndexSet, Int) -> Void
| `- warning: generic parameter 'Element' shadows generic parameter from outer scope with the same name; this is an error in the Swift 6 language mode
26 | public typealias CanDelete<Element> = (Element) -> Bool
27 | public typealias OnDelete<Element> = (IndexSet) -> Void
/Users/admin/builder/spi-builder-workspace/Sources/List/TablerListConfig.swift:26:32: warning: generic parameter 'Element' shadows generic parameter from outer scope with the same name; this is an error in the Swift 6 language mode
19 | import SwiftUI
20 |
21 | public class TablerListConfig<Element>: TablerConfig<Element>
| `- note: 'Element' previously declared here
22 | where Element: Identifiable
23 | {
24 | public typealias CanMove<Element> = (Element) -> Bool
25 | public typealias OnMove<Element> = (IndexSet, Int) -> Void
26 | public typealias CanDelete<Element> = (Element) -> Bool
| `- warning: generic parameter 'Element' shadows generic parameter from outer scope with the same name; this is an error in the Swift 6 language mode
27 | public typealias OnDelete<Element> = (IndexSet) -> Void
28 |
/Users/admin/builder/spi-builder-workspace/Sources/List/TablerListConfig.swift:27:31: warning: generic parameter 'Element' shadows generic parameter from outer scope with the same name; this is an error in the Swift 6 language mode
19 | import SwiftUI
20 |
21 | public class TablerListConfig<Element>: TablerConfig<Element>
| `- note: 'Element' previously declared here
22 | where Element: Identifiable
23 | {
:
25 | public typealias OnMove<Element> = (IndexSet, Int) -> Void
26 | public typealias CanDelete<Element> = (Element) -> Bool
27 | public typealias OnDelete<Element> = (IndexSet) -> Void
| `- warning: generic parameter 'Element' shadows generic parameter from outer scope with the same name; this is an error in the Swift 6 language mode
28 |
29 | public let canMove: CanMove<Element>
Failed frontend command:
SwiftCompile normal arm64 (in target 'Tabler' from project 'SwiftTabler')
cd /Users/admin/builder/spi-builder-workspace/.swiftpm/xcode
/Applications/Xcode-27.0.0-Release.Candidate.app/Contents/Developer/Toolchains/XcodeDefault.xctoolchain/usr/bin/swift-frontend -frontend -emit-module -experimental-skip-non-inlinable-function-bodies-without-types /Users/admin/builder/spi-builder-workspace/Sources/Generated/TablerGrid+AutoInit.generated.swift /Users/admin/builder/spi-builder-workspace/Sources/Generated/TablerGrid1+AutoInit.generated.swift /Users/admin/builder/spi-builder-workspace/Sources/Generated/TablerGrid1B+AutoInit.generated.swift /Users/admin/builder/spi-builder-workspace/Sources/Generated/TablerGrid1C+AutoInit.generated.swift /Users/admin/builder/spi-builder-workspace/Sources/Generated/TablerGridB+AutoInit.generated.swift /Users/admin/builder/spi-builder-workspace/Sources/Generated/TablerGridC+AutoInit.generated.swift /Users/admin/builder/spi-builder-workspace/Sources/Generated/TablerGridM+AutoInit.generated.swift /Users/admin/builder/spi-builder-workspace/Sources/Generated/TablerGridMB+AutoInit.generated.swift /Users/admin/builder/spi-builder-workspace/Sources/Generated/TablerGridMC+AutoInit.generated.swift /Users/admin/builder/spi-builder-workspace/Sources/Generated/TablerList+AutoInit.generated.swift /Users/admin/builder/spi-builder-workspace/Sources/Generated/TablerList1+AutoInit.generated.swift /Users/admin/builder/spi-builder-workspace/Sources/Generated/TablerList1B+AutoInit.generated.swift /Users/admin/builder/spi-builder-workspace/Sources/Generated/TablerList1C+AutoInit.generated.swift /Users/admin/builder/spi-builder-workspace/Sources/Generated/TablerListB+AutoInit.generated.swift /Users/admin/builder/spi-builder-workspace/Sources/Generated/TablerListC+AutoInit.generated.swift /Users/admin/builder/spi-builder-workspace/Sources/Generated/TablerListM+AutoInit.generated.swift /Users/admin/builder/spi-builder-workspace/Sources/Generated/TablerListMB+AutoInit.generated.swift /Users/admin/builder/spi-builder-workspace/Sources/Generated/TablerListMC+AutoInit.generated.swift /Users/admin/builder/spi-builder-workspace/Sources/Generated/TablerStack+AutoInit.generated.swift /Users/admin/builder/spi-builder-workspace/Sources/Generated/TablerStack1+AutoInit.generated.swift /Users/admin/builder/spi-builder-workspace/Sources/Generated/TablerStack1B+AutoInit.generated.swift /Users/admin/builder/spi-builder-workspace/Sources/Generated/TablerStack1C+AutoInit.generated.swift /Users/admin/builder/spi-builder-workspace/Sources/Generated/TablerStackB+AutoInit.generated.swift /Users/admin/builder/spi-builder-workspace/Sources/Generated/TablerStackC+AutoInit.generated.swift /Users/admin/builder/spi-builder-workspace/Sources/Generated/TablerStackM+AutoInit.generated.swift /Users/admin/builder/spi-builder-workspace/Sources/Generated/TablerStackMB+AutoInit.generated.swift /Users/admin/builder/spi-builder-workspace/Sources/Generated/TablerStackMC+AutoInit.generated.swift /Users/admin/builder/spi-builder-workspace/Sources/Grid/Internal/BaseGrid.swift /Users/admin/builder/spi-builder-workspace/Sources/Grid/Internal/GridItemMod.swift /Users/admin/builder/spi-builder-workspace/Sources/Grid/Internal/GridItemMod1.swift /Users/admin/builder/spi-builder-workspace/Sources/Grid/Internal/GridItemModM.swift /Users/admin/builder/spi-builder-workspace/Sources/Grid/TablerGrid.swift /Users/admin/builder/spi-builder-workspace/Sources/Grid/TablerGrid1.swift /Users/admin/builder/spi-builder-workspace/Sources/Grid/TablerGrid1B.swift /Users/admin/builder/spi-builder-workspace/Sources/Grid/TablerGrid1C.swift /Users/admin/builder/spi-builder-workspace/Sources/Grid/TablerGridB.swift /Users/admin/builder/spi-builder-workspace/Sources/Grid/TablerGridC.swift /Users/admin/builder/spi-builder-workspace/Sources/Grid/TablerGridConfig.swift /Users/admin/builder/spi-builder-workspace/Sources/Grid/TablerGridM.swift /Users/admin/builder/spi-builder-workspace/Sources/Grid/TablerGridMB.swift /Users/admin/builder/spi-builder-workspace/Sources/Grid/TablerGridMC.swift /Users/admin/builder/spi-builder-workspace/Sources/Internal/BaseTable.swift /Users/admin/builder/spi-builder-workspace/Sources/Internal/ObservableHolder.swift /Users/admin/builder/spi-builder-workspace/Sources/Internal/TablerSpacedConfig.swift /Users/admin/builder/spi-builder-workspace/Sources/List/Internal/BaseList.swift /Users/admin/builder/spi-builder-workspace/Sources/List/Internal/BaseList1.swift /Users/admin/builder/spi-builder-workspace/Sources/List/Internal/BaseListM.swift /Users/admin/builder/spi-builder-workspace/Sources/List/Internal/ListRowMod.swift /Users/admin/builder/spi-builder-workspace/Sources/List/TablerList.swift /Users/admin/builder/spi-builder-workspace/Sources/List/TablerList1.swift /Users/admin/builder/spi-builder-workspace/Sources/List/TablerList1B.swift /Users/admin/builder/spi-builder-workspace/Sources/List/TablerList1C.swift /Users/admin/builder/spi-builder-workspace/Sources/List/TablerListB.swift /Users/admin/builder/spi-builder-workspace/Sources/List/TablerListC.swift /Users/admin/builder/spi-builder-workspace/Sources/List/TablerListConfig.swift /Users/admin/builder/spi-builder-workspace/Sources/List/TablerListM.swift /Users/admin/builder/spi-builder-workspace/Sources/List/TablerListMB.swift /Users/admin/builder/spi-builder-workspace/Sources/List/TablerListMC.swift /Users/admin/builder/spi-builder-workspace/Sources/Stack/Internal/BaseStack.swift /Users/admin/builder/spi-builder-workspace/Sources/Stack/Internal/StackRowMod.swift /Users/admin/builder/spi-builder-workspace/Sources/Stack/Internal/StackRowMod1.swift /Users/admin/builder/spi-builder-workspace/Sources/Stack/Internal/StackRowModM.swift /Users/admin/builder/spi-builder-workspace/Sources/Stack/TablerStack.swift /Users/admin/builder/spi-builder-workspace/Sources/Stack/TablerStack1.swift /Users/admin/builder/spi-builder-workspace/Sources/Stack/TablerStack1B.swift /Users/admin/builder/spi-builder-workspace/Sources/Stack/TablerStack1C.swift /Users/admin/builder/spi-builder-workspace/Sources/Stack/TablerStackB.swift /Users/admin/builder/spi-builder-workspace/Sources/Stack/TablerStackC.swift /Users/admin/builder/spi-builder-workspace/Sources/Stack/TablerStackConfig.swift /Users/admin/builder/spi-builder-workspace/Sources/Stack/TablerStackM.swift /Users/admin/builder/spi-builder-workspace/Sources/Stack/TablerStackMB.swift /Users/admin/builder/spi-builder-workspace/Sources/Stack/TablerStackMC.swift /Users/admin/builder/spi-builder-workspace/Sources/TablerConfig.swift /Users/admin/builder/spi-builder-workspace/Sources/TablerContext.swift /Users/admin/builder/spi-builder-workspace/Sources/TablerSort.swift -target arm64-apple-watchos9.0 -disable-cross-import-overlay-search -load-resolved-plugin /Applications/Xcode-27.0.0-Release.Candidate.app/Contents/Developer/Platforms/WatchOS.platform/Developer/usr/lib/swift/host/plugins/libFoundationMacros.dylib\#/Applications/Xcode-27.0.0-Release.Candidate.app/Contents/Developer/Platforms/WatchOS.platform/Developer/usr/bin/swift-plugin-server\#FoundationMacros -load-resolved-plugin /Applications/Xcode-27.0.0-Release.Candidate.app/Contents/Developer/Platforms/WatchOS.platform/Developer/usr/lib/swift/host/plugins/libObservationMacros.dylib\#/Applications/Xcode-27.0.0-Release.Candidate.app/Contents/Developer/Platforms/WatchOS.platform/Developer/usr/bin/swift-plugin-server\#ObservationMacros -load-resolved-plugin /Applications/Xcode-27.0.0-Release.Candidate.app/Contents/Developer/Platforms/WatchOS.platform/Developer/usr/lib/swift/host/plugins/libPreviewsMacros.dylib\#/Applications/Xcode-27.0.0-Release.Candidate.app/Contents/Developer/Platforms/WatchOS.platform/Developer/usr/bin/swift-plugin-server\#PreviewsMacros -load-resolved-plugin /Applications/Xcode-27.0.0-Release.Candidate.app/Contents/Developer/Platforms/WatchOS.platform/Developer/usr/lib/swift/host/plugins/libSwiftMacros.dylib\#/Applications/Xcode-27.0.0-Release.Candidate.app/Contents/Developer/Platforms/WatchOS.platform/Developer/usr/bin/swift-plugin-server\#SwiftMacros -load-resolved-plugin /Applications/Xcode-27.0.0-Release.Candidate.app/Contents/Developer/Platforms/WatchOS.platform/Developer/usr/lib/swift/host/plugins/libSwiftUIMacros.dylib\#/Applications/Xcode-27.0.0-Release.Candidate.app/Contents/Developer/Platforms/WatchOS.platform/Developer/usr/bin/swift-plugin-server\#SwiftUIMacros -disable-implicit-swift-modules -Xcc -fno-implicit-modules -Xcc -fno-implicit-module-maps -explicit-swift-module-map-file /Users/admin/builder/spi-builder-workspace/.derivedData/Build/Intermediates.noindex/SwiftTabler.build/Debug-watchos/Tabler-t.build/Objects-normal/arm64/Tabler-dependencies-2.json -Xllvm -aarch64-use-tbi -enable-objc-interop -stack-check -sdk /Applications/Xcode-27.0.0-Release.Candidate.app/Contents/Developer/Platforms/WatchOS.platform/Developer/SDKs/WatchOS27.0.sdk -I /Users/admin/builder/spi-builder-workspace/.derivedData/Build/Products/Debug-watchos -Isystem /Applications/Xcode-27.0.0-Release.Candidate.app/Contents/Developer/Platforms/WatchOS.platform/Developer/usr/lib -F /Users/admin/builder/spi-builder-workspace/.derivedData/Build/Products/Debug-watchos -F /Applications/Xcode-27.0.0-Release.Candidate.app/Contents/Developer/Platforms/WatchOS.platform/Developer/Library/Frameworks -F /Applications/Xcode-27.0.0-Release.Candidate.app/Contents/Developer/Platforms/WatchOS.platform/Developer/SDKs/WatchOS27.0.sdk/Developer/Library/Frameworks -module-cache-path /Users/admin/builder/spi-builder-workspace/.derivedData/Build/Intermediates.noindex/SwiftExplicitPrecompiledModules -no-color-diagnostics -Xcc -fno-color-diagnostics -enable-testing -g -debug-info-format\=dwarf -dwarf-version\=4 -swift-version 5 -Onone -D SWIFT_PACKAGE -D DEBUG -D SWIFT_MODULE_RESOURCE_BUNDLE_UNAVAILABLE -D Xcode -serialize-debugging-options -enable-experimental-feature DebugDescriptionMacro -empty-abi-descriptor -validate-clang-modules-once -clang-build-session-file /Users/admin/builder/spi-builder-workspace/.derivedData/ModuleCache.noindex/Session.modulevalidation -Xcc -working-directory -Xcc /Users/admin/builder/spi-builder-workspace/.swiftpm/xcode -enable-anonymous-context-mangled-names -file-compilation-dir /Users/admin/builder/spi-builder-workspace/.swiftpm/xcode -Xcc -D_LIBCPP_HARDENING_MODE\=_LIBCPP_HARDENING_MODE_DEBUG -Xcc -ivfsstatcache -Xcc /Users/admin/builder/spi-builder-workspace/.derivedData/SDKStatCaches.noindex/watchos27.0-24R360-e829b21a6f8c9b70876ba0858053c04477534ef55a1706bf4c1112bbb242f0a2.sdkstatcache -Xcc -fmodules-prune-interval\=86400 -Xcc -fmodules-prune-after\=345600 -Xcc -I/Users/admin/builder/spi-builder-workspace/.derivedData/Build/Products/Debug-watchos/include -Xcc -I/Users/admin/builder/spi-builder-workspace/.derivedData/Build/Intermediates.noindex/SwiftTabler.build/Debug-watchos/Tabler-t.build/DerivedSources-normal/arm64 -Xcc -I/Users/admin/builder/spi-builder-workspace/.derivedData/Build/Intermediates.noindex/SwiftTabler.build/Debug-watchos/Tabler-t.build/DerivedSources/arm64 -Xcc -I/Users/admin/builder/spi-builder-workspace/.derivedData/Build/Intermediates.noindex/SwiftTabler.build/Debug-watchos/Tabler-t.build/DerivedSources -Xcc -DSWIFT_PACKAGE -Xcc -DDEBUG\=1 -no-auto-bridging-header-chaining -module-name Tabler -const-gather-protocols-file /Users/admin/builder/spi-builder-workspace/.derivedData/Build/Intermediates.noindex/SwiftTabler.build/Debug-watchos/Tabler-t.build/Objects-normal/arm64/Tabler_const_extract_protocols.json -disable-clang-spi -clang-target arm64-apple-watchos27.0 -target-sdk-version 27.0 -target-sdk-name watchos27.0 -in-process-plugin-server-path /Applications/Xcode-27.0.0-Release.Candidate.app/Contents/Developer/Toolchains/XcodeDefault.xctoolchain/usr/lib/swift/host/libSwiftInProcPluginServer.dylib -emit-module-doc-path /Users/admin/builder/spi-builder-workspace/.derivedData/Build/Intermediates.noindex/SwiftTabler.build/Debug-watchos/Tabler-t.build/Objects-normal/arm64/Tabler.swiftdoc -emit-module-source-info-path /Users/admin/builder/spi-builder-workspace/.derivedData/Build/Intermediates.noindex/SwiftTabler.build/Debug-watchos/Tabler-t.build/Objects-normal/arm64/Tabler.swiftsourceinfo -emit-objc-header-path /Users/admin/builder/spi-builder-workspace/.derivedData/Build/Intermediates.noindex/SwiftTabler.build/Debug-watchos/Tabler-t.build/Objects-normal/arm64/Tabler-Swift.h -serialize-diagnostics-path /Users/admin/builder/spi-builder-workspace/.derivedData/Build/Intermediates.noindex/SwiftTabler.build/Debug-watchos/Tabler-t.build/Objects-normal/arm64/Tabler-primary-emit-module.dia -emit-dependencies-path /Users/admin/builder/spi-builder-workspace/.derivedData/Build/Intermediates.noindex/SwiftTabler.build/Debug-watchos/Tabler-t.build/Objects-normal/arm64/Tabler-primary-emit-module.d -parse-as-library -o /Users/admin/builder/spi-builder-workspace/.derivedData/Build/Intermediates.noindex/SwiftTabler.build/Debug-watchos/Tabler-t.build/Objects-normal/arm64/Tabler.swiftmodule -emit-abi-descriptor-path /Users/admin/builder/spi-builder-workspace/.derivedData/Build/Intermediates.noindex/SwiftTabler.build/Debug-watchos/Tabler-t.build/Objects-normal/arm64/Tabler.abi.json
SwiftCompile normal arm64 Compiling\ ListRowMod.swift,\ TablerList.swift,\ TablerList1.swift,\ TablerList1B.swift,\ TablerList1C.swift,\ TablerListB.swift,\ TablerListC.swift /Users/admin/builder/spi-builder-workspace/Sources/List/Internal/ListRowMod.swift /Users/admin/builder/spi-builder-workspace/Sources/List/TablerList.swift /Users/admin/builder/spi-builder-workspace/Sources/List/TablerList1.swift /Users/admin/builder/spi-builder-workspace/Sources/List/TablerList1B.swift /Users/admin/builder/spi-builder-workspace/Sources/List/TablerList1C.swift /Users/admin/builder/spi-builder-workspace/Sources/List/TablerListB.swift /Users/admin/builder/spi-builder-workspace/Sources/List/TablerListC.swift (in target 'Tabler' from project 'SwiftTabler')
SwiftCompile normal arm64 /Users/admin/builder/spi-builder-workspace/Sources/List/Internal/ListRowMod.swift (in target 'Tabler' from project 'SwiftTabler')
cd /Users/admin/builder/spi-builder-workspace/.swiftpm/xcode
builtin-SwiftPerFileCompile ListRowMod.swift
SwiftCompile normal arm64 /Users/admin/builder/spi-builder-workspace/Sources/List/TablerList.swift (in target 'Tabler' from project 'SwiftTabler')
cd /Users/admin/builder/spi-builder-workspace/.swiftpm/xcode
builtin-SwiftPerFileCompile TablerList.swift
SwiftCompile normal arm64 /Users/admin/builder/spi-builder-workspace/Sources/List/TablerList1.swift (in target 'Tabler' from project 'SwiftTabler')
cd /Users/admin/builder/spi-builder-workspace/.swiftpm/xcode
builtin-SwiftPerFileCompile TablerList1.swift
SwiftCompile normal arm64 /Users/admin/builder/spi-builder-workspace/Sources/List/TablerList1B.swift (in target 'Tabler' from project 'SwiftTabler')
cd /Users/admin/builder/spi-builder-workspace/.swiftpm/xcode
builtin-SwiftPerFileCompile TablerList1B.swift
SwiftCompile normal arm64 /Users/admin/builder/spi-builder-workspace/Sources/List/TablerList1C.swift (in target 'Tabler' from project 'SwiftTabler')
cd /Users/admin/builder/spi-builder-workspace/.swiftpm/xcode
builtin-SwiftPerFileCompile TablerList1C.swift
SwiftCompile normal arm64 /Users/admin/builder/spi-builder-workspace/Sources/List/TablerListB.swift (in target 'Tabler' from project 'SwiftTabler')
cd /Users/admin/builder/spi-builder-workspace/.swiftpm/xcode
builtin-SwiftPerFileCompile TablerListB.swift
SwiftCompile normal arm64 /Users/admin/builder/spi-builder-workspace/Sources/List/TablerListC.swift (in target 'Tabler' from project 'SwiftTabler')
cd /Users/admin/builder/spi-builder-workspace/.swiftpm/xcode
builtin-SwiftPerFileCompile TablerListC.swift
SwiftCompile normal arm64 Compiling\ TablerListConfig.swift,\ TablerListM.swift,\ TablerListMB.swift,\ TablerListMC.swift,\ BaseStack.swift,\ StackRowMod.swift,\ StackRowMod1.swift /Users/admin/builder/spi-builder-workspace/Sources/List/TablerListConfig.swift /Users/admin/builder/spi-builder-workspace/Sources/List/TablerListM.swift /Users/admin/builder/spi-builder-workspace/Sources/List/TablerListMB.swift /Users/admin/builder/spi-builder-workspace/Sources/List/TablerListMC.swift /Users/admin/builder/spi-builder-workspace/Sources/Stack/Internal/BaseStack.swift /Users/admin/builder/spi-builder-workspace/Sources/Stack/Internal/StackRowMod.swift /Users/admin/builder/spi-builder-workspace/Sources/Stack/Internal/StackRowMod1.swift (in target 'Tabler' from project 'SwiftTabler')
SwiftCompile normal arm64 /Users/admin/builder/spi-builder-workspace/Sources/List/TablerListConfig.swift (in target 'Tabler' from project 'SwiftTabler')
cd /Users/admin/builder/spi-builder-workspace/.swiftpm/xcode
builtin-SwiftPerFileCompile TablerListConfig.swift
SwiftCompile normal arm64 /Users/admin/builder/spi-builder-workspace/Sources/List/TablerListM.swift (in target 'Tabler' from project 'SwiftTabler')
cd /Users/admin/builder/spi-builder-workspace/.swiftpm/xcode
builtin-SwiftPerFileCompile TablerListM.swift
SwiftCompile normal arm64 /Users/admin/builder/spi-builder-workspace/Sources/List/TablerListMB.swift (in target 'Tabler' from project 'SwiftTabler')
cd /Users/admin/builder/spi-builder-workspace/.swiftpm/xcode
builtin-SwiftPerFileCompile TablerListMB.swift
SwiftCompile normal arm64 /Users/admin/builder/spi-builder-workspace/Sources/List/TablerListMC.swift (in target 'Tabler' from project 'SwiftTabler')
cd /Users/admin/builder/spi-builder-workspace/.swiftpm/xcode
builtin-SwiftPerFileCompile TablerListMC.swift
SwiftCompile normal arm64 /Users/admin/builder/spi-builder-workspace/Sources/Stack/Internal/BaseStack.swift (in target 'Tabler' from project 'SwiftTabler')
cd /Users/admin/builder/spi-builder-workspace/.swiftpm/xcode
builtin-SwiftPerFileCompile BaseStack.swift
SwiftCompile normal arm64 /Users/admin/builder/spi-builder-workspace/Sources/Stack/Internal/StackRowMod.swift (in target 'Tabler' from project 'SwiftTabler')
cd /Users/admin/builder/spi-builder-workspace/.swiftpm/xcode
builtin-SwiftPerFileCompile StackRowMod.swift
SwiftCompile normal arm64 /Users/admin/builder/spi-builder-workspace/Sources/Stack/Internal/StackRowMod1.swift (in target 'Tabler' from project 'SwiftTabler')
cd /Users/admin/builder/spi-builder-workspace/.swiftpm/xcode
builtin-SwiftPerFileCompile StackRowMod1.swift
/Users/admin/builder/spi-builder-workspace/Sources/List/TablerListConfig.swift:24:30: warning: generic parameter 'Element' shadows generic parameter from outer scope with the same name; this is an error in the Swift 6 language mode
19 | import SwiftUI
20 |
21 | public class TablerListConfig<Element>: TablerConfig<Element>
| `- note: 'Element' previously declared here
22 | where Element: Identifiable
23 | {
24 | public typealias CanMove<Element> = (Element) -> Bool
| `- warning: generic parameter 'Element' shadows generic parameter from outer scope with the same name; this is an error in the Swift 6 language mode
25 | public typealias OnMove<Element> = (IndexSet, Int) -> Void
26 | public typealias CanDelete<Element> = (Element) -> Bool
/Users/admin/builder/spi-builder-workspace/Sources/List/TablerListConfig.swift:25:29: warning: generic parameter 'Element' shadows generic parameter from outer scope with the same name; this is an error in the Swift 6 language mode
19 | import SwiftUI
20 |
21 | public class TablerListConfig<Element>: TablerConfig<Element>
| `- note: 'Element' previously declared here
22 | where Element: Identifiable
23 | {
24 | public typealias CanMove<Element> = (Element) -> Bool
25 | public typealias OnMove<Element> = (IndexSet, Int) -> Void
| `- warning: generic parameter 'Element' shadows generic parameter from outer scope with the same name; this is an error in the Swift 6 language mode
26 | public typealias CanDelete<Element> = (Element) -> Bool
27 | public typealias OnDelete<Element> = (IndexSet) -> Void
/Users/admin/builder/spi-builder-workspace/Sources/List/TablerListConfig.swift:26:32: warning: generic parameter 'Element' shadows generic parameter from outer scope with the same name; this is an error in the Swift 6 language mode
19 | import SwiftUI
20 |
21 | public class TablerListConfig<Element>: TablerConfig<Element>
| `- note: 'Element' previously declared here
22 | where Element: Identifiable
23 | {
24 | public typealias CanMove<Element> = (Element) -> Bool
25 | public typealias OnMove<Element> = (IndexSet, Int) -> Void
26 | public typealias CanDelete<Element> = (Element) -> Bool
| `- warning: generic parameter 'Element' shadows generic parameter from outer scope with the same name; this is an error in the Swift 6 language mode
27 | public typealias OnDelete<Element> = (IndexSet) -> Void
28 |
/Users/admin/builder/spi-builder-workspace/Sources/List/TablerListConfig.swift:27:31: warning: generic parameter 'Element' shadows generic parameter from outer scope with the same name; this is an error in the Swift 6 language mode
19 | import SwiftUI
20 |
21 | public class TablerListConfig<Element>: TablerConfig<Element>
| `- note: 'Element' previously declared here
22 | where Element: Identifiable
23 | {
:
25 | public typealias OnMove<Element> = (IndexSet, Int) -> Void
26 | public typealias CanDelete<Element> = (Element) -> Bool
27 | public typealias OnDelete<Element> = (IndexSet) -> Void
| `- warning: generic parameter 'Element' shadows generic parameter from outer scope with the same name; this is an error in the Swift 6 language mode
28 |
29 | public let canMove: CanMove<Element>
/Users/admin/builder/spi-builder-workspace/Sources/Stack/TablerStackConfig.swift:34:68: error: type 'TablerStackConfigDefaults' has no member 'rowPadding'
32 | public let rowPadding: EdgeInsets
33 |
34 | public init(rowPadding: EdgeInsets = TablerStackConfigDefaults.rowPadding,
| `- error: type 'TablerStackConfigDefaults' has no member 'rowPadding'
35 | headerSpacing: CGFloat = TablerSpacedConfigDefaults.headerSpacing,
36 | footerSpacing: CGFloat = TablerSpacedConfigDefaults.footerSpacing,
/Users/admin/builder/spi-builder-workspace/Sources/Stack/TablerStackConfig.swift:35:69: error: type 'TablerSpacedConfigDefaults' has no member 'headerSpacing'
33 |
34 | public init(rowPadding: EdgeInsets = TablerStackConfigDefaults.rowPadding,
35 | headerSpacing: CGFloat = TablerSpacedConfigDefaults.headerSpacing,
| `- error: type 'TablerSpacedConfigDefaults' has no member 'headerSpacing'
36 | footerSpacing: CGFloat = TablerSpacedConfigDefaults.footerSpacing,
37 | rowSpacing: CGFloat = TablerSpacedConfigDefaults.rowSpacing,
/Users/admin/builder/spi-builder-workspace/Sources/Stack/TablerStackConfig.swift:36:69: error: type 'TablerSpacedConfigDefaults' has no member 'footerSpacing'
34 | public init(rowPadding: EdgeInsets = TablerStackConfigDefaults.rowPadding,
35 | headerSpacing: CGFloat = TablerSpacedConfigDefaults.headerSpacing,
36 | footerSpacing: CGFloat = TablerSpacedConfigDefaults.footerSpacing,
| `- error: type 'TablerSpacedConfigDefaults' has no member 'footerSpacing'
37 | rowSpacing: CGFloat = TablerSpacedConfigDefaults.rowSpacing,
38 | // headerFixed: Bool = TablerSpacedConfigDefaults.headerFixed,
SwiftCompile normal arm64 Compiling\ TablerStackM+AutoInit.generated.swift,\ TablerStackMB+AutoInit.generated.swift,\ TablerStackMC+AutoInit.generated.swift,\ BaseGrid.swift,\ GridItemMod.swift,\ GridItemMod1.swift,\ GridItemModM.swift,\ TablerGrid.swift /Users/admin/builder/spi-builder-workspace/Sources/Generated/TablerStackM+AutoInit.generated.swift /Users/admin/builder/spi-builder-workspace/Sources/Generated/TablerStackMB+AutoInit.generated.swift /Users/admin/builder/spi-builder-workspace/Sources/Generated/TablerStackMC+AutoInit.generated.swift /Users/admin/builder/spi-builder-workspace/Sources/Grid/Internal/BaseGrid.swift /Users/admin/builder/spi-builder-workspace/Sources/Grid/Internal/GridItemMod.swift /Users/admin/builder/spi-builder-workspace/Sources/Grid/Internal/GridItemMod1.swift /Users/admin/builder/spi-builder-workspace/Sources/Grid/Internal/GridItemModM.swift /Users/admin/builder/spi-builder-workspace/Sources/Grid/TablerGrid.swift (in target 'Tabler' from project 'SwiftTabler')
SwiftCompile normal arm64 /Users/admin/builder/spi-builder-workspace/Sources/Generated/TablerStackM+AutoInit.generated.swift (in target 'Tabler' from project 'SwiftTabler')
cd /Users/admin/builder/spi-builder-workspace/.swiftpm/xcode
builtin-SwiftPerFileCompile TablerStackM+AutoInit.generated.swift
SwiftCompile normal arm64 /Users/admin/builder/spi-builder-workspace/Sources/Generated/TablerStackMB+AutoInit.generated.swift (in target 'Tabler' from project 'SwiftTabler')
cd /Users/admin/builder/spi-builder-workspace/.swiftpm/xcode
builtin-SwiftPerFileCompile TablerStackMB+AutoInit.generated.swift
SwiftCompile normal arm64 /Users/admin/builder/spi-builder-workspace/Sources/Generated/TablerStackMC+AutoInit.generated.swift (in target 'Tabler' from project 'SwiftTabler')
cd /Users/admin/builder/spi-builder-workspace/.swiftpm/xcode
builtin-SwiftPerFileCompile TablerStackMC+AutoInit.generated.swift
SwiftCompile normal arm64 /Users/admin/builder/spi-builder-workspace/Sources/Grid/Internal/BaseGrid.swift (in target 'Tabler' from project 'SwiftTabler')
cd /Users/admin/builder/spi-builder-workspace/.swiftpm/xcode
builtin-SwiftPerFileCompile BaseGrid.swift
SwiftCompile normal arm64 /Users/admin/builder/spi-builder-workspace/Sources/Grid/Internal/GridItemMod.swift (in target 'Tabler' from project 'SwiftTabler')
cd /Users/admin/builder/spi-builder-workspace/.swiftpm/xcode
builtin-SwiftPerFileCompile GridItemMod.swift
SwiftCompile normal arm64 /Users/admin/builder/spi-builder-workspace/Sources/Grid/Internal/GridItemMod1.swift (in target 'Tabler' from project 'SwiftTabler')
cd /Users/admin/builder/spi-builder-workspace/.swiftpm/xcode
builtin-SwiftPerFileCompile GridItemMod1.swift
SwiftCompile normal arm64 /Users/admin/builder/spi-builder-workspace/Sources/Grid/Internal/GridItemModM.swift (in target 'Tabler' from project 'SwiftTabler')
cd /Users/admin/builder/spi-builder-workspace/.swiftpm/xcode
builtin-SwiftPerFileCompile GridItemModM.swift
SwiftCompile normal arm64 /Users/admin/builder/spi-builder-workspace/Sources/Grid/TablerGrid.swift (in target 'Tabler' from project 'SwiftTabler')
cd /Users/admin/builder/spi-builder-workspace/.swiftpm/xcode
builtin-SwiftPerFileCompile TablerGrid.swift
/Users/admin/builder/spi-builder-workspace/Sources/Stack/TablerStackConfig.swift:34:68: error: type 'TablerStackConfigDefaults' has no member 'rowPadding'
32 | public let rowPadding: EdgeInsets
33 |
34 | public init(rowPadding: EdgeInsets = TablerStackConfigDefaults.rowPadding,
| `- error: type 'TablerStackConfigDefaults' has no member 'rowPadding'
35 | headerSpacing: CGFloat = TablerSpacedConfigDefaults.headerSpacing,
36 | footerSpacing: CGFloat = TablerSpacedConfigDefaults.footerSpacing,
/Users/admin/builder/spi-builder-workspace/Sources/Stack/TablerStackConfig.swift:35:69: error: type 'TablerSpacedConfigDefaults' has no member 'headerSpacing'
33 |
34 | public init(rowPadding: EdgeInsets = TablerStackConfigDefaults.rowPadding,
35 | headerSpacing: CGFloat = TablerSpacedConfigDefaults.headerSpacing,
| `- error: type 'TablerSpacedConfigDefaults' has no member 'headerSpacing'
36 | footerSpacing: CGFloat = TablerSpacedConfigDefaults.footerSpacing,
37 | rowSpacing: CGFloat = TablerSpacedConfigDefaults.rowSpacing,
/Users/admin/builder/spi-builder-workspace/Sources/Stack/TablerStackConfig.swift:36:69: error: type 'TablerSpacedConfigDefaults' has no member 'footerSpacing'
34 | public init(rowPadding: EdgeInsets = TablerStackConfigDefaults.rowPadding,
35 | headerSpacing: CGFloat = TablerSpacedConfigDefaults.headerSpacing,
36 | footerSpacing: CGFloat = TablerSpacedConfigDefaults.footerSpacing,
| `- error: type 'TablerSpacedConfigDefaults' has no member 'footerSpacing'
37 | rowSpacing: CGFloat = TablerSpacedConfigDefaults.rowSpacing,
38 | // headerFixed: Bool = TablerSpacedConfigDefaults.headerFixed,
/Users/admin/builder/spi-builder-workspace/Sources/Stack/TablerStackConfig.swift:42:71: error: type 'TablerSpacedConfigDefaults' has no member 'tablePadding'
40 | filter: Filter? = nil,
41 | onHover: @escaping OnHover = { _, _ in },
42 | tablePadding: EdgeInsets = TablerSpacedConfigDefaults.tablePadding,
| `- error: type 'TablerSpacedConfigDefaults' has no member 'tablePadding'
43 | sortIndicatorForward: AnyView = TablerConfigDefaults.sortIndicatorForward,
44 | sortIndicatorReverse: AnyView = TablerConfigDefaults.sortIndicatorReverse,
/Users/admin/builder/spi-builder-workspace/Sources/Grid/TablerGridConfig.swift:40:68: error: type 'TablerGridConfigDefaults' has no member 'itemPadding'
38 | public init(gridItems: [GridItem] = [],
39 | alignment: HorizontalAlignment = TablerGridConfigDefaults.alignment,
40 | itemPadding: EdgeInsets = TablerGridConfigDefaults.itemPadding,
| `- error: type 'TablerGridConfigDefaults' has no member 'itemPadding'
41 | headerSpacing: CGFloat = TablerSpacedConfigDefaults.headerSpacing,
42 | footerSpacing: CGFloat = TablerSpacedConfigDefaults.footerSpacing,
/Users/admin/builder/spi-builder-workspace/Sources/Grid/TablerGridConfig.swift:41:69: error: type 'TablerSpacedConfigDefaults' has no member 'headerSpacing'
39 | alignment: HorizontalAlignment = TablerGridConfigDefaults.alignment,
40 | itemPadding: EdgeInsets = TablerGridConfigDefaults.itemPadding,
41 | headerSpacing: CGFloat = TablerSpacedConfigDefaults.headerSpacing,
| `- error: type 'TablerSpacedConfigDefaults' has no member 'headerSpacing'
42 | footerSpacing: CGFloat = TablerSpacedConfigDefaults.footerSpacing,
43 | rowSpacing: CGFloat = TablerSpacedConfigDefaults.rowSpacing,
/Users/admin/builder/spi-builder-workspace/Sources/Grid/TablerGridConfig.swift:42:69: error: type 'TablerSpacedConfigDefaults' has no member 'footerSpacing'
40 | itemPadding: EdgeInsets = TablerGridConfigDefaults.itemPadding,
41 | headerSpacing: CGFloat = TablerSpacedConfigDefaults.headerSpacing,
42 | footerSpacing: CGFloat = TablerSpacedConfigDefaults.footerSpacing,
| `- error: type 'TablerSpacedConfigDefaults' has no member 'footerSpacing'
43 | rowSpacing: CGFloat = TablerSpacedConfigDefaults.rowSpacing,
44 | // headerFixed: Bool = TablerSpacedConfigDefaults.headerFixed,
SwiftCompile normal arm64 Compiling\ TablerListMB+AutoInit.generated.swift,\ TablerListMC+AutoInit.generated.swift,\ TablerStack+AutoInit.generated.swift,\ TablerStack1+AutoInit.generated.swift,\ TablerStack1B+AutoInit.generated.swift,\ TablerStack1C+AutoInit.generated.swift,\ TablerStackB+AutoInit.generated.swift,\ TablerStackC+AutoInit.generated.swift /Users/admin/builder/spi-builder-workspace/Sources/Generated/TablerListMB+AutoInit.generated.swift /Users/admin/builder/spi-builder-workspace/Sources/Generated/TablerListMC+AutoInit.generated.swift /Users/admin/builder/spi-builder-workspace/Sources/Generated/TablerStack+AutoInit.generated.swift /Users/admin/builder/spi-builder-workspace/Sources/Generated/TablerStack1+AutoInit.generated.swift /Users/admin/builder/spi-builder-workspace/Sources/Generated/TablerStack1B+AutoInit.generated.swift /Users/admin/builder/spi-builder-workspace/Sources/Generated/TablerStack1C+AutoInit.generated.swift /Users/admin/builder/spi-builder-workspace/Sources/Generated/TablerStackB+AutoInit.generated.swift /Users/admin/builder/spi-builder-workspace/Sources/Generated/TablerStackC+AutoInit.generated.swift (in target 'Tabler' from project 'SwiftTabler')
/Users/admin/builder/spi-builder-workspace/Sources/Stack/TablerStackConfig.swift:34:68: error: type 'TablerStackConfigDefaults' has no member 'rowPadding'
32 | public let rowPadding: EdgeInsets
33 |
34 | public init(rowPadding: EdgeInsets = TablerStackConfigDefaults.rowPadding,
| `- error: type 'TablerStackConfigDefaults' has no member 'rowPadding'
35 | headerSpacing: CGFloat = TablerSpacedConfigDefaults.headerSpacing,
36 | footerSpacing: CGFloat = TablerSpacedConfigDefaults.footerSpacing,
/Users/admin/builder/spi-builder-workspace/Sources/Stack/TablerStackConfig.swift:35:69: error: type 'TablerSpacedConfigDefaults' has no member 'headerSpacing'
33 |
34 | public init(rowPadding: EdgeInsets = TablerStackConfigDefaults.rowPadding,
35 | headerSpacing: CGFloat = TablerSpacedConfigDefaults.headerSpacing,
| `- error: type 'TablerSpacedConfigDefaults' has no member 'headerSpacing'
36 | footerSpacing: CGFloat = TablerSpacedConfigDefaults.footerSpacing,
37 | rowSpacing: CGFloat = TablerSpacedConfigDefaults.rowSpacing,
/Users/admin/builder/spi-builder-workspace/Sources/Stack/TablerStackConfig.swift:36:69: error: type 'TablerSpacedConfigDefaults' has no member 'footerSpacing'
34 | public init(rowPadding: EdgeInsets = TablerStackConfigDefaults.rowPadding,
35 | headerSpacing: CGFloat = TablerSpacedConfigDefaults.headerSpacing,
36 | footerSpacing: CGFloat = TablerSpacedConfigDefaults.footerSpacing,
| `- error: type 'TablerSpacedConfigDefaults' has no member 'footerSpacing'
37 | rowSpacing: CGFloat = TablerSpacedConfigDefaults.rowSpacing,
38 | // headerFixed: Bool = TablerSpacedConfigDefaults.headerFixed,
SwiftCompile normal arm64 /Users/admin/builder/spi-builder-workspace/Sources/Generated/TablerListMB+AutoInit.generated.swift (in target 'Tabler' from project 'SwiftTabler')
cd /Users/admin/builder/spi-builder-workspace/.swiftpm/xcode
builtin-SwiftPerFileCompile TablerListMB+AutoInit.generated.swift
SwiftCompile normal arm64 /Users/admin/builder/spi-builder-workspace/Sources/Generated/TablerListMC+AutoInit.generated.swift (in target 'Tabler' from project 'SwiftTabler')
cd /Users/admin/builder/spi-builder-workspace/.swiftpm/xcode
builtin-SwiftPerFileCompile TablerListMC+AutoInit.generated.swift
SwiftCompile normal arm64 /Users/admin/builder/spi-builder-workspace/Sources/Generated/TablerStack+AutoInit.generated.swift (in target 'Tabler' from project 'SwiftTabler')
cd /Users/admin/builder/spi-builder-workspace/.swiftpm/xcode
builtin-SwiftPerFileCompile TablerStack+AutoInit.generated.swift
SwiftCompile normal arm64 /Users/admin/builder/spi-builder-workspace/Sources/Generated/TablerStack1+AutoInit.generated.swift (in target 'Tabler' from project 'SwiftTabler')
cd /Users/admin/builder/spi-builder-workspace/.swiftpm/xcode
builtin-SwiftPerFileCompile TablerStack1+AutoInit.generated.swift
SwiftCompile normal arm64 /Users/admin/builder/spi-builder-workspace/Sources/Generated/TablerStack1B+AutoInit.generated.swift (in target 'Tabler' from project 'SwiftTabler')
cd /Users/admin/builder/spi-builder-workspace/.swiftpm/xcode
builtin-SwiftPerFileCompile TablerStack1B+AutoInit.generated.swift
SwiftCompile normal arm64 /Users/admin/builder/spi-builder-workspace/Sources/Generated/TablerStack1C+AutoInit.generated.swift (in target 'Tabler' from project 'SwiftTabler')
cd /Users/admin/builder/spi-builder-workspace/.swiftpm/xcode
builtin-SwiftPerFileCompile TablerStack1C+AutoInit.generated.swift
SwiftCompile normal arm64 /Users/admin/builder/spi-builder-workspace/Sources/Generated/TablerStackB+AutoInit.generated.swift (in target 'Tabler' from project 'SwiftTabler')
cd /Users/admin/builder/spi-builder-workspace/.swiftpm/xcode
builtin-SwiftPerFileCompile TablerStackB+AutoInit.generated.swift
SwiftCompile normal arm64 /Users/admin/builder/spi-builder-workspace/Sources/Generated/TablerStackC+AutoInit.generated.swift (in target 'Tabler' from project 'SwiftTabler')
cd /Users/admin/builder/spi-builder-workspace/.swiftpm/xcode
builtin-SwiftPerFileCompile TablerStackC+AutoInit.generated.swift
SwiftCompile normal arm64 Compiling\ StackRowModM.swift,\ TablerStack.swift,\ TablerStack1.swift,\ TablerStack1B.swift,\ TablerStack1C.swift,\ TablerStackB.swift,\ TablerStackC.swift /Users/admin/builder/spi-builder-workspace/Sources/Stack/Internal/StackRowModM.swift /Users/admin/builder/spi-builder-workspace/Sources/Stack/TablerStack.swift /Users/admin/builder/spi-builder-workspace/Sources/Stack/TablerStack1.swift /Users/admin/builder/spi-builder-workspace/Sources/Stack/TablerStack1B.swift /Users/admin/builder/spi-builder-workspace/Sources/Stack/TablerStack1C.swift /Users/admin/builder/spi-builder-workspace/Sources/Stack/TablerStackB.swift /Users/admin/builder/spi-builder-workspace/Sources/Stack/TablerStackC.swift (in target 'Tabler' from project 'SwiftTabler')
/Users/admin/builder/spi-builder-workspace/Sources/Stack/TablerStackConfig.swift:34:68: error: type 'TablerStackConfigDefaults' has no member 'rowPadding'
32 | public let rowPadding: EdgeInsets
33 |
34 | public init(rowPadding: EdgeInsets = TablerStackConfigDefaults.rowPadding,
| `- error: type 'TablerStackConfigDefaults' has no member 'rowPadding'
35 | headerSpacing: CGFloat = TablerSpacedConfigDefaults.headerSpacing,
36 | footerSpacing: CGFloat = TablerSpacedConfigDefaults.footerSpacing,
/Users/admin/builder/spi-builder-workspace/Sources/Stack/TablerStackConfig.swift:35:69: error: type 'TablerSpacedConfigDefaults' has no member 'headerSpacing'
33 |
34 | public init(rowPadding: EdgeInsets = TablerStackConfigDefaults.rowPadding,
35 | headerSpacing: CGFloat = TablerSpacedConfigDefaults.headerSpacing,
| `- error: type 'TablerSpacedConfigDefaults' has no member 'headerSpacing'
36 | footerSpacing: CGFloat = TablerSpacedConfigDefaults.footerSpacing,
37 | rowSpacing: CGFloat = TablerSpacedConfigDefaults.rowSpacing,
/Users/admin/builder/spi-builder-workspace/Sources/Stack/TablerStackConfig.swift:36:69: error: type 'TablerSpacedConfigDefaults' has no member 'footerSpacing'
34 | public init(rowPadding: EdgeInsets = TablerStackConfigDefaults.rowPadding,
35 | headerSpacing: CGFloat = TablerSpacedConfigDefaults.headerSpacing,
36 | footerSpacing: CGFloat = TablerSpacedConfigDefaults.footerSpacing,
| `- error: type 'TablerSpacedConfigDefaults' has no member 'footerSpacing'
37 | rowSpacing: CGFloat = TablerSpacedConfigDefaults.rowSpacing,
38 | // headerFixed: Bool = TablerSpacedConfigDefaults.headerFixed,
SwiftCompile normal arm64 /Users/admin/builder/spi-builder-workspace/Sources/Stack/Internal/StackRowModM.swift (in target 'Tabler' from project 'SwiftTabler')
cd /Users/admin/builder/spi-builder-workspace/.swiftpm/xcode
builtin-SwiftPerFileCompile StackRowModM.swift
SwiftCompile normal arm64 /Users/admin/builder/spi-builder-workspace/Sources/Stack/TablerStack.swift (in target 'Tabler' from project 'SwiftTabler')
cd /Users/admin/builder/spi-builder-workspace/.swiftpm/xcode
builtin-SwiftPerFileCompile TablerStack.swift
SwiftCompile normal arm64 /Users/admin/builder/spi-builder-workspace/Sources/Stack/TablerStack1.swift (in target 'Tabler' from project 'SwiftTabler')
cd /Users/admin/builder/spi-builder-workspace/.swiftpm/xcode
builtin-SwiftPerFileCompile TablerStack1.swift
SwiftCompile normal arm64 /Users/admin/builder/spi-builder-workspace/Sources/Stack/TablerStack1B.swift (in target 'Tabler' from project 'SwiftTabler')
cd /Users/admin/builder/spi-builder-workspace/.swiftpm/xcode
builtin-SwiftPerFileCompile TablerStack1B.swift
SwiftCompile normal arm64 /Users/admin/builder/spi-builder-workspace/Sources/Stack/TablerStack1C.swift (in target 'Tabler' from project 'SwiftTabler')
cd /Users/admin/builder/spi-builder-workspace/.swiftpm/xcode
builtin-SwiftPerFileCompile TablerStack1C.swift
SwiftCompile normal arm64 /Users/admin/builder/spi-builder-workspace/Sources/Stack/TablerStackB.swift (in target 'Tabler' from project 'SwiftTabler')
cd /Users/admin/builder/spi-builder-workspace/.swiftpm/xcode
builtin-SwiftPerFileCompile TablerStackB.swift
SwiftCompile normal arm64 /Users/admin/builder/spi-builder-workspace/Sources/Stack/TablerStackC.swift (in target 'Tabler' from project 'SwiftTabler')
cd /Users/admin/builder/spi-builder-workspace/.swiftpm/xcode
builtin-SwiftPerFileCompile TablerStackC.swift
SwiftCompile normal arm64 Compiling\ TablerGridMC.swift,\ BaseTable.swift,\ ObservableHolder.swift,\ TablerSpacedConfig.swift,\ BaseList.swift,\ BaseList1.swift,\ BaseListM.swift /Users/admin/builder/spi-builder-workspace/Sources/Grid/TablerGridMC.swift /Users/admin/builder/spi-builder-workspace/Sources/Internal/BaseTable.swift /Users/admin/builder/spi-builder-workspace/Sources/Internal/ObservableHolder.swift /Users/admin/builder/spi-builder-workspace/Sources/Internal/TablerSpacedConfig.swift /Users/admin/builder/spi-builder-workspace/Sources/List/Internal/BaseList.swift /Users/admin/builder/spi-builder-workspace/Sources/List/Internal/BaseList1.swift /Users/admin/builder/spi-builder-workspace/Sources/List/Internal/BaseListM.swift (in target 'Tabler' from project 'SwiftTabler')
/Users/admin/builder/spi-builder-workspace/Sources/Internal/TablerSpacedConfig.swift:47:69: error: type 'TablerSpacedConfigDefaults' has no member 'headerSpacing'
45 | // public let footerFixed: Bool
46 |
47 | public init(headerSpacing: CGFloat = TablerSpacedConfigDefaults.headerSpacing,
| `- error: type 'TablerSpacedConfigDefaults' has no member 'headerSpacing'
48 | footerSpacing: CGFloat = TablerSpacedConfigDefaults.footerSpacing,
49 | rowSpacing: CGFloat = TablerSpacedConfigDefaults.rowSpacing,
/Users/admin/builder/spi-builder-workspace/Sources/Internal/TablerSpacedConfig.swift:48:69: error: type 'TablerSpacedConfigDefaults' has no member 'footerSpacing'
46 |
47 | public init(headerSpacing: CGFloat = TablerSpacedConfigDefaults.headerSpacing,
48 | footerSpacing: CGFloat = TablerSpacedConfigDefaults.footerSpacing,
| `- error: type 'TablerSpacedConfigDefaults' has no member 'footerSpacing'
49 | rowSpacing: CGFloat = TablerSpacedConfigDefaults.rowSpacing,
50 | // headerFixed: Bool = TablerSpacedConfigDefaults.headerFixed,
/Users/admin/builder/spi-builder-workspace/Sources/List/Internal/BaseList1.swift:46:13: error: 'init(selection:content:)' is only available in watchOS 10.0 or newer
20 |
21 | // List with single-selection
22 | struct BaseList1<Element, Header, Footer, Rows>: View
| `- note: add '@available' attribute to enclosing generic struct
23 | where Element: Identifiable,
24 | Header: View,
:
39 | @ViewBuilder let rows: RowContent
40 |
41 | var body: some View {
| `- note: add '@available' attribute to enclosing property
42 | BaseTable(context: $context,
43 | header: header,
44 | footer: footer)
45 | { buildHeader, buildFooter in
46 | List(selection: $selected) {
| |- error: 'init(selection:content:)' is only available in watchOS 10.0 or newer
| `- note: add 'if #available' version check
47 | buildHeader()
48 | rows()
SwiftCompile normal arm64 /Users/admin/builder/spi-builder-workspace/Sources/Grid/TablerGridMC.swift (in target 'Tabler' from project 'SwiftTabler')
cd /Users/admin/builder/spi-builder-workspace/.swiftpm/xcode
builtin-SwiftPerFileCompile TablerGridMC.swift
SwiftCompile normal arm64 /Users/admin/builder/spi-builder-workspace/Sources/Internal/BaseTable.swift (in target 'Tabler' from project 'SwiftTabler')
cd /Users/admin/builder/spi-builder-workspace/.swiftpm/xcode
builtin-SwiftPerFileCompile BaseTable.swift
SwiftCompile normal arm64 /Users/admin/builder/spi-builder-workspace/Sources/Internal/ObservableHolder.swift (in target 'Tabler' from project 'SwiftTabler')
cd /Users/admin/builder/spi-builder-workspace/.swiftpm/xcode
builtin-SwiftPerFileCompile ObservableHolder.swift
SwiftCompile normal arm64 /Users/admin/builder/spi-builder-workspace/Sources/Internal/TablerSpacedConfig.swift (in target 'Tabler' from project 'SwiftTabler')
cd /Users/admin/builder/spi-builder-workspace/.swiftpm/xcode
builtin-SwiftPerFileCompile TablerSpacedConfig.swift
SwiftCompile normal arm64 /Users/admin/builder/spi-builder-workspace/Sources/List/Internal/BaseList.swift (in target 'Tabler' from project 'SwiftTabler')
cd /Users/admin/builder/spi-builder-workspace/.swiftpm/xcode
builtin-SwiftPerFileCompile BaseList.swift
SwiftCompile normal arm64 /Users/admin/builder/spi-builder-workspace/Sources/List/Internal/BaseList1.swift (in target 'Tabler' from project 'SwiftTabler')
cd /Users/admin/builder/spi-builder-workspace/.swiftpm/xcode
builtin-SwiftPerFileCompile BaseList1.swift
SwiftCompile normal arm64 /Users/admin/builder/spi-builder-workspace/Sources/List/Internal/BaseListM.swift (in target 'Tabler' from project 'SwiftTabler')
cd /Users/admin/builder/spi-builder-workspace/.swiftpm/xcode
builtin-SwiftPerFileCompile BaseListM.swift
SwiftCompile normal arm64 Compiling\ TablerGrid1.swift,\ TablerGrid1B.swift,\ TablerGrid1C.swift,\ TablerGridB.swift,\ TablerGridC.swift,\ TablerGridConfig.swift,\ TablerGridM.swift,\ TablerGridMB.swift /Users/admin/builder/spi-builder-workspace/Sources/Grid/TablerGrid1.swift /Users/admin/builder/spi-builder-workspace/Sources/Grid/TablerGrid1B.swift /Users/admin/builder/spi-builder-workspace/Sources/Grid/TablerGrid1C.swift /Users/admin/builder/spi-builder-workspace/Sources/Grid/TablerGridB.swift /Users/admin/builder/spi-builder-workspace/Sources/Grid/TablerGridC.swift /Users/admin/builder/spi-builder-workspace/Sources/Grid/TablerGridConfig.swift /Users/admin/builder/spi-builder-workspace/Sources/Grid/TablerGridM.swift /Users/admin/builder/spi-builder-workspace/Sources/Grid/TablerGridMB.swift (in target 'Tabler' from project 'SwiftTabler')
/Users/admin/builder/spi-builder-workspace/Sources/Grid/TablerGridConfig.swift:40:68: error: type 'TablerGridConfigDefaults' has no member 'itemPadding'
38 | public init(gridItems: [GridItem] = [],
39 | alignment: HorizontalAlignment = TablerGridConfigDefaults.alignment,
40 | itemPadding: EdgeInsets = TablerGridConfigDefaults.itemPadding,
| `- error: type 'TablerGridConfigDefaults' has no member 'itemPadding'
41 | headerSpacing: CGFloat = TablerSpacedConfigDefaults.headerSpacing,
42 | footerSpacing: CGFloat = TablerSpacedConfigDefaults.footerSpacing,
/Users/admin/builder/spi-builder-workspace/Sources/Grid/TablerGridConfig.swift:41:69: error: type 'TablerSpacedConfigDefaults' has no member 'headerSpacing'
39 | alignment: HorizontalAlignment = TablerGridConfigDefaults.alignment,
40 | itemPadding: EdgeInsets = TablerGridConfigDefaults.itemPadding,
41 | headerSpacing: CGFloat = TablerSpacedConfigDefaults.headerSpacing,
| `- error: type 'TablerSpacedConfigDefaults' has no member 'headerSpacing'
42 | footerSpacing: CGFloat = TablerSpacedConfigDefaults.footerSpacing,
43 | rowSpacing: CGFloat = TablerSpacedConfigDefaults.rowSpacing,
/Users/admin/builder/spi-builder-workspace/Sources/Grid/TablerGridConfig.swift:42:69: error: type 'TablerSpacedConfigDefaults' has no member 'footerSpacing'
40 | itemPadding: EdgeInsets = TablerGridConfigDefaults.itemPadding,
41 | headerSpacing: CGFloat = TablerSpacedConfigDefaults.headerSpacing,
42 | footerSpacing: CGFloat = TablerSpacedConfigDefaults.footerSpacing,
| `- error: type 'TablerSpacedConfigDefaults' has no member 'footerSpacing'
43 | rowSpacing: CGFloat = TablerSpacedConfigDefaults.rowSpacing,
44 | // headerFixed: Bool = TablerSpacedConfigDefaults.headerFixed,
SwiftCompile normal arm64 /Users/admin/builder/spi-builder-workspace/Sources/Grid/TablerGrid1.swift (in target 'Tabler' from project 'SwiftTabler')
cd /Users/admin/builder/spi-builder-workspace/.swiftpm/xcode
builtin-SwiftPerFileCompile TablerGrid1.swift
SwiftCompile normal arm64 /Users/admin/builder/spi-builder-workspace/Sources/Grid/TablerGrid1B.swift (in target 'Tabler' from project 'SwiftTabler')
cd /Users/admin/builder/spi-builder-workspace/.swiftpm/xcode
builtin-SwiftPerFileCompile TablerGrid1B.swift
SwiftCompile normal arm64 /Users/admin/builder/spi-builder-workspace/Sources/Grid/TablerGrid1C.swift (in target 'Tabler' from project 'SwiftTabler')
cd /Users/admin/builder/spi-builder-workspace/.swiftpm/xcode
builtin-SwiftPerFileCompile TablerGrid1C.swift
SwiftCompile normal arm64 /Users/admin/builder/spi-builder-workspace/Sources/Grid/TablerGridB.swift (in target 'Tabler' from project 'SwiftTabler')
cd /Users/admin/builder/spi-builder-workspace/.swiftpm/xcode
builtin-SwiftPerFileCompile TablerGridB.swift
SwiftCompile normal arm64 /Users/admin/builder/spi-builder-workspace/Sources/Grid/TablerGridC.swift (in target 'Tabler' from project 'SwiftTabler')
cd /Users/admin/builder/spi-builder-workspace/.swiftpm/xcode
builtin-SwiftPerFileCompile TablerGridC.swift
SwiftCompile normal arm64 /Users/admin/builder/spi-builder-workspace/Sources/Grid/TablerGridConfig.swift (in target 'Tabler' from project 'SwiftTabler')
cd /Users/admin/builder/spi-builder-workspace/.swiftpm/xcode
builtin-SwiftPerFileCompile TablerGridConfig.swift
SwiftCompile normal arm64 /Users/admin/builder/spi-builder-workspace/Sources/Grid/TablerGridM.swift (in target 'Tabler' from project 'SwiftTabler')
cd /Users/admin/builder/spi-builder-workspace/.swiftpm/xcode
builtin-SwiftPerFileCompile TablerGridM.swift
SwiftCompile normal arm64 /Users/admin/builder/spi-builder-workspace/Sources/Grid/TablerGridMB.swift (in target 'Tabler' from project 'SwiftTabler')
cd /Users/admin/builder/spi-builder-workspace/.swiftpm/xcode
builtin-SwiftPerFileCompile TablerGridMB.swift
SwiftCompile normal arm64 Compiling\ TablerGridMC+AutoInit.generated.swift,\ TablerList+AutoInit.generated.swift,\ TablerList1+AutoInit.generated.swift,\ TablerList1B+AutoInit.generated.swift,\ TablerList1C+AutoInit.generated.swift,\ TablerListB+AutoInit.generated.swift,\ TablerListC+AutoInit.generated.swift,\ TablerListM+AutoInit.generated.swift /Users/admin/builder/spi-builder-workspace/Sources/Generated/TablerGridMC+AutoInit.generated.swift /Users/admin/builder/spi-builder-workspace/Sources/Generated/TablerList+AutoInit.generated.swift /Users/admin/builder/spi-builder-workspace/Sources/Generated/TablerList1+AutoInit.generated.swift /Users/admin/builder/spi-builder-workspace/Sources/Generated/TablerList1B+AutoInit.generated.swift /Users/admin/builder/spi-builder-workspace/Sources/Generated/TablerList1C+AutoInit.generated.swift /Users/admin/builder/spi-builder-workspace/Sources/Generated/TablerListB+AutoInit.generated.swift /Users/admin/builder/spi-builder-workspace/Sources/Generated/TablerListC+AutoInit.generated.swift /Users/admin/builder/spi-builder-workspace/Sources/Generated/TablerListM+AutoInit.generated.swift (in target 'Tabler' from project 'SwiftTabler')
/Users/admin/builder/spi-builder-workspace/Sources/Grid/TablerGridConfig.swift:40:68: error: type 'TablerGridConfigDefaults' has no member 'itemPadding'
38 | public init(gridItems: [GridItem] = [],
39 | alignment: HorizontalAlignment = TablerGridConfigDefaults.alignment,
40 | itemPadding: EdgeInsets = TablerGridConfigDefaults.itemPadding,
| `- error: type 'TablerGridConfigDefaults' has no member 'itemPadding'
41 | headerSpacing: CGFloat = TablerSpacedConfigDefaults.headerSpacing,
42 | footerSpacing: CGFloat = TablerSpacedConfigDefaults.footerSpacing,
/Users/admin/builder/spi-builder-workspace/Sources/Grid/TablerGridConfig.swift:41:69: error: type 'TablerSpacedConfigDefaults' has no member 'headerSpacing'
39 | alignment: HorizontalAlignment = TablerGridConfigDefaults.alignment,
40 | itemPadding: EdgeInsets = TablerGridConfigDefaults.itemPadding,
41 | headerSpacing: CGFloat = TablerSpacedConfigDefaults.headerSpacing,
| `- error: type 'TablerSpacedConfigDefaults' has no member 'headerSpacing'
42 | footerSpacing: CGFloat = TablerSpacedConfigDefaults.footerSpacing,
43 | rowSpacing: CGFloat = TablerSpacedConfigDefaults.rowSpacing,
/Users/admin/builder/spi-builder-workspace/Sources/Grid/TablerGridConfig.swift:42:69: error: type 'TablerSpacedConfigDefaults' has no member 'footerSpacing'
40 | itemPadding: EdgeInsets = TablerGridConfigDefaults.itemPadding,
41 | headerSpacing: CGFloat = TablerSpacedConfigDefaults.headerSpacing,
42 | footerSpacing: CGFloat = TablerSpacedConfigDefaults.footerSpacing,
| `- error: type 'TablerSpacedConfigDefaults' has no member 'footerSpacing'
43 | rowSpacing: CGFloat = TablerSpacedConfigDefaults.rowSpacing,
44 | // headerFixed: Bool = TablerSpacedConfigDefaults.headerFixed,
SwiftCompile normal arm64 /Users/admin/builder/spi-builder-workspace/Sources/Generated/TablerGridMC+AutoInit.generated.swift (in target 'Tabler' from project 'SwiftTabler')
cd /Users/admin/builder/spi-builder-workspace/.swiftpm/xcode
builtin-SwiftPerFileCompile TablerGridMC+AutoInit.generated.swift
SwiftCompile normal arm64 /Users/admin/builder/spi-builder-workspace/Sources/Generated/TablerList+AutoInit.generated.swift (in target 'Tabler' from project 'SwiftTabler')
cd /Users/admin/builder/spi-builder-workspace/.swiftpm/xcode
builtin-SwiftPerFileCompile TablerList+AutoInit.generated.swift
SwiftCompile normal arm64 /Users/admin/builder/spi-builder-workspace/Sources/Generated/TablerList1+AutoInit.generated.swift (in target 'Tabler' from project 'SwiftTabler')
cd /Users/admin/builder/spi-builder-workspace/.swiftpm/xcode
builtin-SwiftPerFileCompile TablerList1+AutoInit.generated.swift
SwiftCompile normal arm64 /Users/admin/builder/spi-builder-workspace/Sources/Generated/TablerList1B+AutoInit.generated.swift (in target 'Tabler' from project 'SwiftTabler')
cd /Users/admin/builder/spi-builder-workspace/.swiftpm/xcode
builtin-SwiftPerFileCompile TablerList1B+AutoInit.generated.swift
SwiftCompile normal arm64 /Users/admin/builder/spi-builder-workspace/Sources/Generated/TablerList1C+AutoInit.generated.swift (in target 'Tabler' from project 'SwiftTabler')
cd /Users/admin/builder/spi-builder-workspace/.swiftpm/xcode
builtin-SwiftPerFileCompile TablerList1C+AutoInit.generated.swift
SwiftCompile normal arm64 /Users/admin/builder/spi-builder-workspace/Sources/Generated/TablerListB+AutoInit.generated.swift (in target 'Tabler' from project 'SwiftTabler')
cd /Users/admin/builder/spi-builder-workspace/.swiftpm/xcode
builtin-SwiftPerFileCompile TablerListB+AutoInit.generated.swift
SwiftCompile normal arm64 /Users/admin/builder/spi-builder-workspace/Sources/Generated/TablerListC+AutoInit.generated.swift (in target 'Tabler' from project 'SwiftTabler')
cd /Users/admin/builder/spi-builder-workspace/.swiftpm/xcode
builtin-SwiftPerFileCompile TablerListC+AutoInit.generated.swift
SwiftCompile normal arm64 /Users/admin/builder/spi-builder-workspace/Sources/Generated/TablerListM+AutoInit.generated.swift (in target 'Tabler' from project 'SwiftTabler')
cd /Users/admin/builder/spi-builder-workspace/.swiftpm/xcode
builtin-SwiftPerFileCompile TablerListM+AutoInit.generated.swift
SwiftCompile normal arm64 Compiling\ TablerGrid+AutoInit.generated.swift,\ TablerGrid1+AutoInit.generated.swift,\ TablerGrid1B+AutoInit.generated.swift,\ TablerGrid1C+AutoInit.generated.swift,\ TablerGridB+AutoInit.generated.swift,\ TablerGridC+AutoInit.generated.swift,\ TablerGridM+AutoInit.generated.swift,\ TablerGridMB+AutoInit.generated.swift /Users/admin/builder/spi-builder-workspace/Sources/Generated/TablerGrid+AutoInit.generated.swift /Users/admin/builder/spi-builder-workspace/Sources/Generated/TablerGrid1+AutoInit.generated.swift /Users/admin/builder/spi-builder-workspace/Sources/Generated/TablerGrid1B+AutoInit.generated.swift /Users/admin/builder/spi-builder-workspace/Sources/Generated/TablerGrid1C+AutoInit.generated.swift /Users/admin/builder/spi-builder-workspace/Sources/Generated/TablerGridB+AutoInit.generated.swift /Users/admin/builder/spi-builder-workspace/Sources/Generated/TablerGridC+AutoInit.generated.swift /Users/admin/builder/spi-builder-workspace/Sources/Generated/TablerGridM+AutoInit.generated.swift /Users/admin/builder/spi-builder-workspace/Sources/Generated/TablerGridMB+AutoInit.generated.swift (in target 'Tabler' from project 'SwiftTabler')
/Users/admin/builder/spi-builder-workspace/Sources/Grid/TablerGridConfig.swift:40:68: error: type 'TablerGridConfigDefaults' has no member 'itemPadding'
38 | public init(gridItems: [GridItem] = [],
39 | alignment: HorizontalAlignment = TablerGridConfigDefaults.alignment,
40 | itemPadding: EdgeInsets = TablerGridConfigDefaults.itemPadding,
| `- error: type 'TablerGridConfigDefaults' has no member 'itemPadding'
41 | headerSpacing: CGFloat = TablerSpacedConfigDefaults.headerSpacing,
42 | footerSpacing: CGFloat = TablerSpacedConfigDefaults.footerSpacing,
/Users/admin/builder/spi-builder-workspace/Sources/Grid/TablerGridConfig.swift:41:69: error: type 'TablerSpacedConfigDefaults' has no member 'headerSpacing'
39 | alignment: HorizontalAlignment = TablerGridConfigDefaults.alignment,
40 | itemPadding: EdgeInsets = TablerGridConfigDefaults.itemPadding,
41 | headerSpacing: CGFloat = TablerSpacedConfigDefaults.headerSpacing,
| `- error: type 'TablerSpacedConfigDefaults' has no member 'headerSpacing'
42 | footerSpacing: CGFloat = TablerSpacedConfigDefaults.footerSpacing,
43 | rowSpacing: CGFloat = TablerSpacedConfigDefaults.rowSpacing,
/Users/admin/builder/spi-builder-workspace/Sources/Grid/TablerGridConfig.swift:42:69: error: type 'TablerSpacedConfigDefaults' has no member 'footerSpacing'
40 | itemPadding: EdgeInsets = TablerGridConfigDefaults.itemPadding,
41 | headerSpacing: CGFloat = TablerSpacedConfigDefaults.headerSpacing,
42 | footerSpacing: CGFloat = TablerSpacedConfigDefaults.footerSpacing,
| `- error: type 'TablerSpacedConfigDefaults' has no member 'footerSpacing'
43 | rowSpacing: CGFloat = TablerSpacedConfigDefaults.rowSpacing,
44 | // headerFixed: Bool = TablerSpacedConfigDefaults.headerFixed,
SwiftCompile normal arm64 /Users/admin/builder/spi-builder-workspace/Sources/Generated/TablerGrid+AutoInit.generated.swift (in target 'Tabler' from project 'SwiftTabler')
cd /Users/admin/builder/spi-builder-workspace/.swiftpm/xcode
builtin-SwiftPerFileCompile TablerGrid+AutoInit.generated.swift
SwiftCompile normal arm64 /Users/admin/builder/spi-builder-workspace/Sources/Generated/TablerGrid1+AutoInit.generated.swift (in target 'Tabler' from project 'SwiftTabler')
cd /Users/admin/builder/spi-builder-workspace/.swiftpm/xcode
builtin-SwiftPerFileCompile TablerGrid1+AutoInit.generated.swift
SwiftCompile normal arm64 /Users/admin/builder/spi-builder-workspace/Sources/Generated/TablerGrid1B+AutoInit.generated.swift (in target 'Tabler' from project 'SwiftTabler')
cd /Users/admin/builder/spi-builder-workspace/.swiftpm/xcode
builtin-SwiftPerFileCompile TablerGrid1B+AutoInit.generated.swift
SwiftCompile normal arm64 /Users/admin/builder/spi-builder-workspace/Sources/Generated/TablerGrid1C+AutoInit.generated.swift (in target 'Tabler' from project 'SwiftTabler')
cd /Users/admin/builder/spi-builder-workspace/.swiftpm/xcode
builtin-SwiftPerFileCompile TablerGrid1C+AutoInit.generated.swift
SwiftCompile normal arm64 /Users/admin/builder/spi-builder-workspace/Sources/Generated/TablerGridB+AutoInit.generated.swift (in target 'Tabler' from project 'SwiftTabler')
cd /Users/admin/builder/spi-builder-workspace/.swiftpm/xcode
builtin-SwiftPerFileCompile TablerGridB+AutoInit.generated.swift
SwiftCompile normal arm64 /Users/admin/builder/spi-builder-workspace/Sources/Generated/TablerGridC+AutoInit.generated.swift (in target 'Tabler' from project 'SwiftTabler')
cd /Users/admin/builder/spi-builder-workspace/.swiftpm/xcode
builtin-SwiftPerFileCompile TablerGridC+AutoInit.generated.swift
SwiftCompile normal arm64 /Users/admin/builder/spi-builder-workspace/Sources/Generated/TablerGridM+AutoInit.generated.swift (in target 'Tabler' from project 'SwiftTabler')
cd /Users/admin/builder/spi-builder-workspace/.swiftpm/xcode
builtin-SwiftPerFileCompile TablerGridM+AutoInit.generated.swift
SwiftCompile normal arm64 /Users/admin/builder/spi-builder-workspace/Sources/Generated/TablerGridMB+AutoInit.generated.swift (in target 'Tabler' from project 'SwiftTabler')
cd /Users/admin/builder/spi-builder-workspace/.swiftpm/xcode
builtin-SwiftPerFileCompile TablerGridMB+AutoInit.generated.swift
SwiftEmitModule normal arm64_32 Emitting\ module\ for\ Tabler (in target 'Tabler' from project 'SwiftTabler')
SwiftCompile normal arm64_32 (in target 'Tabler' from project 'SwiftTabler')
cd /Users/admin/builder/spi-builder-workspace/.swiftpm/xcode
PruneExplicitPrecompiledModules /Users/admin/builder/spi-builder-workspace/.derivedData/SDKExplicitPrecompiledModules
PruneExplicitPrecompiledModules /Users/admin/builder/spi-builder-workspace/.derivedData/Build/Intermediates.noindex/ExplicitPrecompiledModules
PruneExplicitPrecompiledModules /Users/admin/builder/spi-builder-workspace/.derivedData/Build/Intermediates.noindex/SwiftExplicitPrecompiledModules
2026-09-19 00:38:36.856 xcodebuild[684:4186] [MT] IDERunDestination: Supported platforms for the buildables in the current scheme is empty.
** BUILD FAILED **
The following build commands failed:
SwiftCompile normal arm64 (in target 'Tabler' from project 'SwiftTabler')
SwiftEmitModule normal arm64 Emitting\ module\ for\ Tabler (in target 'Tabler' from project 'SwiftTabler')
Building workspace SwiftTabler with scheme SwiftTabler
(3 failures)
Command line invocation:
/Applications/Xcode-27.0.0-Release.Candidate.app/Contents/Developer/usr/bin/xcodebuild -IDEClonedSourcePackagesDirPathOverride=/Users/admin/builder/spi-builder-workspace/.dependencies -resolvePackageDependencies
Resolve Package Graph
Resolved source packages:
SwiftTabler: /Users/admin/builder/spi-builder-workspace
resolved source packages: SwiftTabler
2026-09-19 00:38:44.400 xcodebuild[836:4756] [MT] IDERunDestination: Supported platforms for the buildables in the current scheme is empty.
{
"dependencies" : [
],
"manifest_display_name" : "SwiftTabler",
"name" : "SwiftTabler",
"path" : "/Users/admin/builder/spi-builder-workspace",
"platforms" : [
{
"name" : "macos",
"version" : "11.0"
},
{
"name" : "ios",
"version" : "14.0"
}
],
"products" : [
{
"name" : "Tabler",
"targets" : [
"Tabler"
],
"type" : {
"library" : [
"automatic"
]
}
}
],
"targets" : [
{
"c99name" : "Tabler",
"module_type" : "SwiftTarget",
"name" : "Tabler",
"path" : "Sources",
"product_memberships" : [
"Tabler"
],
"sources" : [
"Generated/TablerGrid+AutoInit.generated.swift",
"Generated/TablerGrid1+AutoInit.generated.swift",
"Generated/TablerGrid1B+AutoInit.generated.swift",
"Generated/TablerGrid1C+AutoInit.generated.swift",
"Generated/TablerGridB+AutoInit.generated.swift",
"Generated/TablerGridC+AutoInit.generated.swift",
"Generated/TablerGridM+AutoInit.generated.swift",
"Generated/TablerGridMB+AutoInit.generated.swift",
"Generated/TablerGridMC+AutoInit.generated.swift",
"Generated/TablerList+AutoInit.generated.swift",
"Generated/TablerList1+AutoInit.generated.swift",
"Generated/TablerList1B+AutoInit.generated.swift",
"Generated/TablerList1C+AutoInit.generated.swift",
"Generated/TablerListB+AutoInit.generated.swift",
"Generated/TablerListC+AutoInit.generated.swift",
"Generated/TablerListM+AutoInit.generated.swift",
"Generated/TablerListMB+AutoInit.generated.swift",
"Generated/TablerListMC+AutoInit.generated.swift",
"Generated/TablerStack+AutoInit.generated.swift",
"Generated/TablerStack1+AutoInit.generated.swift",
"Generated/TablerStack1B+AutoInit.generated.swift",
"Generated/TablerStack1C+AutoInit.generated.swift",
"Generated/TablerStackB+AutoInit.generated.swift",
"Generated/TablerStackC+AutoInit.generated.swift",
"Generated/TablerStackM+AutoInit.generated.swift",
"Generated/TablerStackMB+AutoInit.generated.swift",
"Generated/TablerStackMC+AutoInit.generated.swift",
"Grid/Internal/BaseGrid.swift",
"Grid/Internal/GridItemMod.swift",
"Grid/Internal/GridItemMod1.swift",
"Grid/Internal/GridItemModM.swift",
"Grid/TablerGrid.swift",
"Grid/TablerGrid1.swift",
"Grid/TablerGrid1B.swift",
"Grid/TablerGrid1C.swift",
"Grid/TablerGridB.swift",
"Grid/TablerGridC.swift",
"Grid/TablerGridConfig.swift",
"Grid/TablerGridM.swift",
"Grid/TablerGridMB.swift",
"Grid/TablerGridMC.swift",
"Internal/BaseTable.swift",
"Internal/ObservableHolder.swift",
"Internal/TablerSpacedConfig.swift",
"List/Internal/BaseList.swift",
"List/Internal/BaseList1.swift",
"List/Internal/BaseListM.swift",
"List/Internal/ListRowMod.swift",
"List/TablerList.swift",
"List/TablerList1.swift",
"List/TablerList1B.swift",
"List/TablerList1C.swift",
"List/TablerListB.swift",
"List/TablerListC.swift",
"List/TablerListConfig.swift",
"List/TablerListM.swift",
"List/TablerListMB.swift",
"List/TablerListMC.swift",
"Stack/Internal/BaseStack.swift",
"Stack/Internal/StackRowMod.swift",
"Stack/Internal/StackRowMod1.swift",
"Stack/Internal/StackRowModM.swift",
"Stack/TablerStack.swift",
"Stack/TablerStack1.swift",
"Stack/TablerStack1B.swift",
"Stack/TablerStack1C.swift",
"Stack/TablerStackB.swift",
"Stack/TablerStackC.swift",
"Stack/TablerStackConfig.swift",
"Stack/TablerStackM.swift",
"Stack/TablerStackMB.swift",
"Stack/TablerStackMC.swift",
"TablerConfig.swift",
"TablerContext.swift",
"TablerSort.swift"
],
"type" : "library"
}
],
"tools_version" : "5.7"
}
{
"workspace" : {
"name" : "SwiftTabler",
"schemes" : [
"SwiftTabler"
]
}
}
2026-09-19 00:38:45.577 xcodebuild[844:4827] [MT] IDERunDestination: Supported platforms for the buildables in the current scheme is empty.
Running build ...
env DEVELOPER_DIR=/Applications/Xcode-27.0.0-Release.Candidate.app xcrun xcodebuild -IDEClonedSourcePackagesDirPathOverride=$PWD/.dependencies -skipMacroValidation -skipPackagePluginValidation -derivedDataPath $PWD/.derivedData build -scheme SwiftTabler -destination generic/platform=watchOS
Command line invocation:
/Applications/Xcode-27.0.0-Release.Candidate.app/Contents/Developer/usr/bin/xcodebuild -IDEClonedSourcePackagesDirPathOverride=/Users/admin/builder/spi-builder-workspace/.dependencies -skipMacroValidation -skipPackagePluginValidation -derivedDataPath /Users/admin/builder/spi-builder-workspace/.derivedData build -scheme SwiftTabler -destination generic/platform=watchOS
Resolve Package Graph
Resolved source packages:
SwiftTabler: /Users/admin/builder/spi-builder-workspace
ComputePackagePrebuildTargetDependencyGraph
Prepare packages
CreateBuildRequest
SendProjectDescription
CreateBuildOperation
ComputeTargetDependencyGraph
note: Building targets in dependency order
note: Target dependency graph (2 targets)
Target 'Tabler-product' in project 'SwiftTabler'
➜ Explicit dependency on target 'Tabler' in project 'SwiftTabler'
Target 'Tabler' in project 'SwiftTabler' (no dependencies)
GatherProvisioningInputs
CreateBuildDescription
ClangStatCache /Applications/Xcode-27.0.0-Release.Candidate.app/Contents/Developer/Toolchains/XcodeDefault.xctoolchain/usr/bin/clang-stat-cache /Applications/Xcode-27.0.0-Release.Candidate.app/Contents/Developer/Platforms/WatchOS.platform/Developer/SDKs/WatchOS27.0.sdk /Users/admin/builder/spi-builder-workspace/.derivedData/SDKStatCaches.noindex/watchos27.0-24R360-e829b21a6f8c9b70876ba0858053c04477534ef55a1706bf4c1112bbb242f0a2.sdkstatcache
cd /Users/admin/builder/spi-builder-workspace/.swiftpm/xcode
/Applications/Xcode-27.0.0-Release.Candidate.app/Contents/Developer/Toolchains/XcodeDefault.xctoolchain/usr/bin/clang-stat-cache /Applications/Xcode-27.0.0-Release.Candidate.app/Contents/Developer/Platforms/WatchOS.platform/Developer/SDKs/WatchOS27.0.sdk -o /Users/admin/builder/spi-builder-workspace/.derivedData/SDKStatCaches.noindex/watchos27.0-24R360-e829b21a6f8c9b70876ba0858053c04477534ef55a1706bf4c1112bbb242f0a2.sdkstatcache
SwiftDriver Tabler normal arm64 com.apple.xcode.tools.swift.compiler (in target 'Tabler' from project 'SwiftTabler')
cd /Users/admin/builder/spi-builder-workspace/.swiftpm/xcode
builtin-SwiftDriver -- /Applications/Xcode-27.0.0-Release.Candidate.app/Contents/Developer/Toolchains/XcodeDefault.xctoolchain/usr/bin/swiftc -parse-as-library -module-name Tabler -Onone @/Users/admin/builder/spi-builder-workspace/.derivedData/Build/Intermediates.noindex/SwiftTabler.build/Debug-watchos/Tabler-t.build/Objects-normal/arm64/Tabler.SwiftFileList -DSWIFT_PACKAGE -DDEBUG -DSWIFT_MODULE_RESOURCE_BUNDLE_UNAVAILABLE -DXcode -plugin-path /Applications/Xcode-27.0.0-Release.Candidate.app/Contents/Developer/Toolchains/XcodeDefault.xctoolchain/usr/lib/swift/host/plugins/testing -enable-experimental-feature DebugDescriptionMacro -sdk /Applications/Xcode-27.0.0-Release.Candidate.app/Contents/Developer/Platforms/WatchOS.platform/Developer/SDKs/WatchOS27.0.sdk -target arm64-apple-watchos9.0 -g -module-cache-path /Users/admin/builder/spi-builder-workspace/.derivedData/ModuleCache.noindex -Xfrontend -serialize-debugging-options -enable-testing -index-store-path /Users/admin/builder/spi-builder-workspace/.derivedData/Index.noindex/DataStore -Xcc -D_LIBCPP_HARDENING_MODE\=_LIBCPP_HARDENING_MODE_DEBUG -swift-version 5 -I /Users/admin/builder/spi-builder-workspace/.derivedData/Build/Products/Debug-watchos -Isystem /Applications/Xcode-27.0.0-Release.Candidate.app/Contents/Developer/Platforms/WatchOS.platform/Developer/usr/lib -F /Users/admin/builder/spi-builder-workspace/.derivedData/Build/Products/Debug-watchos -F /Applications/Xcode-27.0.0-Release.Candidate.app/Contents/Developer/Platforms/WatchOS.platform/Developer/Library/Frameworks -F /Applications/Xcode-27.0.0-Release.Candidate.app/Contents/Developer/Platforms/WatchOS.platform/Developer/SDKs/WatchOS27.0.sdk/Developer/Library/Frameworks -c -j10 -enable-batch-mode -incremental -Xcc -ivfsstatcache -Xcc /Users/admin/builder/spi-builder-workspace/.derivedData/SDKStatCaches.noindex/watchos27.0-24R360-e829b21a6f8c9b70876ba0858053c04477534ef55a1706bf4c1112bbb242f0a2.sdkstatcache -output-file-map /Users/admin/builder/spi-builder-workspace/.derivedData/Build/Intermediates.noindex/SwiftTabler.build/Debug-watchos/Tabler-t.build/Objects-normal/arm64/Tabler-OutputFileMap.json -save-temps -no-color-diagnostics -explicit-module-build -module-cache-path /Users/admin/builder/spi-builder-workspace/.derivedData/Build/Intermediates.noindex/SwiftExplicitPrecompiledModules -clang-scanner-module-cache-path /Users/admin/builder/spi-builder-workspace/.derivedData/ModuleCache.noindex -sdk-module-cache-path /Users/admin/builder/spi-builder-workspace/.derivedData/SDKExplicitPrecompiledModules -emit-dependencies -emit-module -emit-module-path /Users/admin/builder/spi-builder-workspace/.derivedData/Build/Intermediates.noindex/SwiftTabler.build/Debug-watchos/Tabler-t.build/Objects-normal/arm64/Tabler.swiftmodule -serialize-diagnostics -dependency-scan-serialize-diagnostics-path /Users/admin/builder/spi-builder-workspace/.derivedData/Build/Intermediates.noindex/SwiftTabler.build/Debug-watchos/Tabler-t.build/Objects-normal/arm64/Tabler-dependency-scan.dia -validate-clang-modules-once -clang-build-session-file /Users/admin/builder/spi-builder-workspace/.derivedData/ModuleCache.noindex/Session.modulevalidation -Xcc -fmodules-prune-interval\=86400 -Xcc -fmodules-prune-after\=345600 -emit-const-values -const-gather-protocols-list /Users/admin/builder/spi-builder-workspace/.derivedData/Build/Intermediates.noindex/SwiftTabler.build/Debug-watchos/Tabler-t.build/Objects-normal/arm64/Tabler_const_extract_protocols.json -Xcc -I/Users/admin/builder/spi-builder-workspace/.derivedData/Build/Products/Debug-watchos/include -Xcc -I/Users/admin/builder/spi-builder-workspace/.derivedData/Build/Intermediates.noindex/SwiftTabler.build/Debug-watchos/Tabler-t.build/DerivedSources-normal/arm64 -Xcc -I/Users/admin/builder/spi-builder-workspace/.derivedData/Build/Intermediates.noindex/SwiftTabler.build/Debug-watchos/Tabler-t.build/DerivedSources/arm64 -Xcc -I/Users/admin/builder/spi-builder-workspace/.derivedData/Build/Intermediates.noindex/SwiftTabler.build/Debug-watchos/Tabler-t.build/DerivedSources -Xcc -DSWIFT_PACKAGE -Xcc -DDEBUG\=1 -emit-objc-header -emit-objc-header-path /Users/admin/builder/spi-builder-workspace/.derivedData/Build/Intermediates.noindex/SwiftTabler.build/Debug-watchos/Tabler-t.build/Objects-normal/arm64/Tabler-Swift.h -working-directory /Users/admin/builder/spi-builder-workspace/.swiftpm/xcode -experimental-emit-module-separately -disable-cmo
SwiftDriver Tabler normal arm64_32 com.apple.xcode.tools.swift.compiler (in target 'Tabler' from project 'SwiftTabler')
cd /Users/admin/builder/spi-builder-workspace/.swiftpm/xcode
builtin-SwiftDriver -- /Applications/Xcode-27.0.0-Release.Candidate.app/Contents/Developer/Toolchains/XcodeDefault.xctoolchain/usr/bin/swiftc -parse-as-library -module-name Tabler -Onone @/Users/admin/builder/spi-builder-workspace/.derivedData/Build/Intermediates.noindex/SwiftTabler.build/Debug-watchos/Tabler-t.build/Objects-normal/arm64_32/Tabler.SwiftFileList -DSWIFT_PACKAGE -DDEBUG -DSWIFT_MODULE_RESOURCE_BUNDLE_UNAVAILABLE -DXcode -plugin-path /Applications/Xcode-27.0.0-Release.Candidate.app/Contents/Developer/Toolchains/XcodeDefault.xctoolchain/usr/lib/swift/host/plugins/testing -enable-experimental-feature DebugDescriptionMacro -sdk /Applications/Xcode-27.0.0-Release.Candidate.app/Contents/Developer/Platforms/WatchOS.platform/Developer/SDKs/WatchOS27.0.sdk -target arm64_32-apple-watchos9.0 -g -module-cache-path /Users/admin/builder/spi-builder-workspace/.derivedData/ModuleCache.noindex -Xfrontend -serialize-debugging-options -enable-testing -index-store-path /Users/admin/builder/spi-builder-workspace/.derivedData/Index.noindex/DataStore -Xcc -D_LIBCPP_HARDENING_MODE\=_LIBCPP_HARDENING_MODE_DEBUG -swift-version 5 -I /Users/admin/builder/spi-builder-workspace/.derivedData/Build/Products/Debug-watchos -Isystem /Applications/Xcode-27.0.0-Release.Candidate.app/Contents/Developer/Platforms/WatchOS.platform/Developer/usr/lib -F /Users/admin/builder/spi-builder-workspace/.derivedData/Build/Products/Debug-watchos -F /Applications/Xcode-27.0.0-Release.Candidate.app/Contents/Developer/Platforms/WatchOS.platform/Developer/Library/Frameworks -F /Applications/Xcode-27.0.0-Release.Candidate.app/Contents/Developer/Platforms/WatchOS.platform/Developer/SDKs/WatchOS27.0.sdk/Developer/Library/Frameworks -c -j10 -enable-batch-mode -incremental -Xcc -ivfsstatcache -Xcc /Users/admin/builder/spi-builder-workspace/.derivedData/SDKStatCaches.noindex/watchos27.0-24R360-e829b21a6f8c9b70876ba0858053c04477534ef55a1706bf4c1112bbb242f0a2.sdkstatcache -output-file-map /Users/admin/builder/spi-builder-workspace/.derivedData/Build/Intermediates.noindex/SwiftTabler.build/Debug-watchos/Tabler-t.build/Objects-normal/arm64_32/Tabler-OutputFileMap.json -save-temps -no-color-diagnostics -explicit-module-build -module-cache-path /Users/admin/builder/spi-builder-workspace/.derivedData/Build/Intermediates.noindex/SwiftExplicitPrecompiledModules -clang-scanner-module-cache-path /Users/admin/builder/spi-builder-workspace/.derivedData/ModuleCache.noindex -sdk-module-cache-path /Users/admin/builder/spi-builder-workspace/.derivedData/SDKExplicitPrecompiledModules -emit-dependencies -emit-module -emit-module-path /Users/admin/builder/spi-builder-workspace/.derivedData/Build/Intermediates.noindex/SwiftTabler.build/Debug-watchos/Tabler-t.build/Objects-normal/arm64_32/Tabler.swiftmodule -serialize-diagnostics -dependency-scan-serialize-diagnostics-path /Users/admin/builder/spi-builder-workspace/.derivedData/Build/Intermediates.noindex/SwiftTabler.build/Debug-watchos/Tabler-t.build/Objects-normal/arm64_32/Tabler-dependency-scan.dia -validate-clang-modules-once -clang-build-session-file /Users/admin/builder/spi-builder-workspace/.derivedData/ModuleCache.noindex/Session.modulevalidation -Xcc -fmodules-prune-interval\=86400 -Xcc -fmodules-prune-after\=345600 -emit-const-values -const-gather-protocols-list /Users/admin/builder/spi-builder-workspace/.derivedData/Build/Intermediates.noindex/SwiftTabler.build/Debug-watchos/Tabler-t.build/Objects-normal/arm64_32/Tabler_const_extract_protocols.json -Xcc -I/Users/admin/builder/spi-builder-workspace/.derivedData/Build/Products/Debug-watchos/include -Xcc -I/Users/admin/builder/spi-builder-workspace/.derivedData/Build/Intermediates.noindex/SwiftTabler.build/Debug-watchos/Tabler-t.build/DerivedSources-normal/arm64_32 -Xcc -I/Users/admin/builder/spi-builder-workspace/.derivedData/Build/Intermediates.noindex/SwiftTabler.build/Debug-watchos/Tabler-t.build/DerivedSources/arm64_32 -Xcc -I/Users/admin/builder/spi-builder-workspace/.derivedData/Build/Intermediates.noindex/SwiftTabler.build/Debug-watchos/Tabler-t.build/DerivedSources -Xcc -DSWIFT_PACKAGE -Xcc -DDEBUG\=1 -emit-objc-header -emit-objc-header-path /Users/admin/builder/spi-builder-workspace/.derivedData/Build/Intermediates.noindex/SwiftTabler.build/Debug-watchos/Tabler-t.build/Objects-normal/arm64_32/Tabler-Swift.h -working-directory /Users/admin/builder/spi-builder-workspace/.swiftpm/xcode -experimental-emit-module-separately -disable-cmo
SwiftCompile normal arm64 Compiling\ TablerGridMC+AutoInit.generated.swift,\ TablerList+AutoInit.generated.swift,\ TablerList1+AutoInit.generated.swift,\ TablerList1B+AutoInit.generated.swift,\ TablerList1C+AutoInit.generated.swift,\ TablerListB+AutoInit.generated.swift,\ TablerListC+AutoInit.generated.swift,\ TablerListM+AutoInit.generated.swift /Users/admin/builder/spi-builder-workspace/Sources/Generated/TablerGridMC+AutoInit.generated.swift /Users/admin/builder/spi-builder-workspace/Sources/Generated/TablerList+AutoInit.generated.swift /Users/admin/builder/spi-builder-workspace/Sources/Generated/TablerList1+AutoInit.generated.swift /Users/admin/builder/spi-builder-workspace/Sources/Generated/TablerList1B+AutoInit.generated.swift /Users/admin/builder/spi-builder-workspace/Sources/Generated/TablerList1C+AutoInit.generated.swift /Users/admin/builder/spi-builder-workspace/Sources/Generated/TablerListB+AutoInit.generated.swift /Users/admin/builder/spi-builder-workspace/Sources/Generated/TablerListC+AutoInit.generated.swift /Users/admin/builder/spi-builder-workspace/Sources/Generated/TablerListM+AutoInit.generated.swift (in target 'Tabler' from project 'SwiftTabler')
SwiftCompile normal arm64 /Users/admin/builder/spi-builder-workspace/Sources/Generated/TablerGridMC+AutoInit.generated.swift (in target 'Tabler' from project 'SwiftTabler')
cd /Users/admin/builder/spi-builder-workspace/.swiftpm/xcode
builtin-SwiftPerFileCompile TablerGridMC+AutoInit.generated.swift
SwiftCompile normal arm64 /Users/admin/builder/spi-builder-workspace/Sources/Generated/TablerList+AutoInit.generated.swift (in target 'Tabler' from project 'SwiftTabler')
cd /Users/admin/builder/spi-builder-workspace/.swiftpm/xcode
builtin-SwiftPerFileCompile TablerList+AutoInit.generated.swift
SwiftCompile normal arm64 /Users/admin/builder/spi-builder-workspace/Sources/Generated/TablerList1+AutoInit.generated.swift (in target 'Tabler' from project 'SwiftTabler')
cd /Users/admin/builder/spi-builder-workspace/.swiftpm/xcode
builtin-SwiftPerFileCompile TablerList1+AutoInit.generated.swift
SwiftCompile normal arm64 /Users/admin/builder/spi-builder-workspace/Sources/Generated/TablerList1B+AutoInit.generated.swift (in target 'Tabler' from project 'SwiftTabler')
cd /Users/admin/builder/spi-builder-workspace/.swiftpm/xcode
builtin-SwiftPerFileCompile TablerList1B+AutoInit.generated.swift
SwiftCompile normal arm64 /Users/admin/builder/spi-builder-workspace/Sources/Generated/TablerList1C+AutoInit.generated.swift (in target 'Tabler' from project 'SwiftTabler')
cd /Users/admin/builder/spi-builder-workspace/.swiftpm/xcode
builtin-SwiftPerFileCompile TablerList1C+AutoInit.generated.swift
SwiftCompile normal arm64 /Users/admin/builder/spi-builder-workspace/Sources/Generated/TablerListB+AutoInit.generated.swift (in target 'Tabler' from project 'SwiftTabler')
cd /Users/admin/builder/spi-builder-workspace/.swiftpm/xcode
builtin-SwiftPerFileCompile TablerListB+AutoInit.generated.swift
SwiftCompile normal arm64 /Users/admin/builder/spi-builder-workspace/Sources/Generated/TablerListC+AutoInit.generated.swift (in target 'Tabler' from project 'SwiftTabler')
cd /Users/admin/builder/spi-builder-workspace/.swiftpm/xcode
builtin-SwiftPerFileCompile TablerListC+AutoInit.generated.swift
SwiftCompile normal arm64 /Users/admin/builder/spi-builder-workspace/Sources/Generated/TablerListM+AutoInit.generated.swift (in target 'Tabler' from project 'SwiftTabler')
cd /Users/admin/builder/spi-builder-workspace/.swiftpm/xcode
builtin-SwiftPerFileCompile TablerListM+AutoInit.generated.swift
/Users/admin/builder/spi-builder-workspace/Sources/Grid/TablerGridConfig.swift:40:68: error: type 'TablerGridConfigDefaults' has no member 'itemPadding'
38 | public init(gridItems: [GridItem] = [],
39 | alignment: HorizontalAlignment = TablerGridConfigDefaults.alignment,
40 | itemPadding: EdgeInsets = TablerGridConfigDefaults.itemPadding,
| `- error: type 'TablerGridConfigDefaults' has no member 'itemPadding'
41 | headerSpacing: CGFloat = TablerSpacedConfigDefaults.headerSpacing,
42 | footerSpacing: CGFloat = TablerSpacedConfigDefaults.footerSpacing,
/Users/admin/builder/spi-builder-workspace/Sources/Grid/TablerGridConfig.swift:41:69: error: type 'TablerSpacedConfigDefaults' has no member 'headerSpacing'
39 | alignment: HorizontalAlignment = TablerGridConfigDefaults.alignment,
40 | itemPadding: EdgeInsets = TablerGridConfigDefaults.itemPadding,
41 | headerSpacing: CGFloat = TablerSpacedConfigDefaults.headerSpacing,
| `- error: type 'TablerSpacedConfigDefaults' has no member 'headerSpacing'
42 | footerSpacing: CGFloat = TablerSpacedConfigDefaults.footerSpacing,
43 | rowSpacing: CGFloat = TablerSpacedConfigDefaults.rowSpacing,
/Users/admin/builder/spi-builder-workspace/Sources/Grid/TablerGridConfig.swift:42:69: error: type 'TablerSpacedConfigDefaults' has no member 'footerSpacing'
40 | itemPadding: EdgeInsets = TablerGridConfigDefaults.itemPadding,
41 | headerSpacing: CGFloat = TablerSpacedConfigDefaults.headerSpacing,
42 | footerSpacing: CGFloat = TablerSpacedConfigDefaults.footerSpacing,
| `- error: type 'TablerSpacedConfigDefaults' has no member 'footerSpacing'
43 | rowSpacing: CGFloat = TablerSpacedConfigDefaults.rowSpacing,
44 | // headerFixed: Bool = TablerSpacedConfigDefaults.headerFixed,
SwiftCompile normal arm64 Compiling\ TablerListMB+AutoInit.generated.swift,\ TablerListMC+AutoInit.generated.swift,\ TablerStack+AutoInit.generated.swift,\ TablerStack1+AutoInit.generated.swift,\ TablerStack1B+AutoInit.generated.swift,\ TablerStack1C+AutoInit.generated.swift,\ TablerStackB+AutoInit.generated.swift,\ TablerStackC+AutoInit.generated.swift /Users/admin/builder/spi-builder-workspace/Sources/Generated/TablerListMB+AutoInit.generated.swift /Users/admin/builder/spi-builder-workspace/Sources/Generated/TablerListMC+AutoInit.generated.swift /Users/admin/builder/spi-builder-workspace/Sources/Generated/TablerStack+AutoInit.generated.swift /Users/admin/builder/spi-builder-workspace/Sources/Generated/TablerStack1+AutoInit.generated.swift /Users/admin/builder/spi-builder-workspace/Sources/Generated/TablerStack1B+AutoInit.generated.swift /Users/admin/builder/spi-builder-workspace/Sources/Generated/TablerStack1C+AutoInit.generated.swift /Users/admin/builder/spi-builder-workspace/Sources/Generated/TablerStackB+AutoInit.generated.swift /Users/admin/builder/spi-builder-workspace/Sources/Generated/TablerStackC+AutoInit.generated.swift (in target 'Tabler' from project 'SwiftTabler')
/Users/admin/builder/spi-builder-workspace/Sources/Stack/TablerStackConfig.swift:34:68: error: type 'TablerStackConfigDefaults' has no member 'rowPadding'
32 | public let rowPadding: EdgeInsets
33 |
34 | public init(rowPadding: EdgeInsets = TablerStackConfigDefaults.rowPadding,
| `- error: type 'TablerStackConfigDefaults' has no member 'rowPadding'
35 | headerSpacing: CGFloat = TablerSpacedConfigDefaults.headerSpacing,
36 | footerSpacing: CGFloat = TablerSpacedConfigDefaults.footerSpacing,
/Users/admin/builder/spi-builder-workspace/Sources/Stack/TablerStackConfig.swift:35:69: error: type 'TablerSpacedConfigDefaults' has no member 'headerSpacing'
33 |
34 | public init(rowPadding: EdgeInsets = TablerStackConfigDefaults.rowPadding,
35 | headerSpacing: CGFloat = TablerSpacedConfigDefaults.headerSpacing,
| `- error: type 'TablerSpacedConfigDefaults' has no member 'headerSpacing'
36 | footerSpacing: CGFloat = TablerSpacedConfigDefaults.footerSpacing,
37 | rowSpacing: CGFloat = TablerSpacedConfigDefaults.rowSpacing,
/Users/admin/builder/spi-builder-workspace/Sources/Stack/TablerStackConfig.swift:36:69: error: type 'TablerSpacedConfigDefaults' has no member 'footerSpacing'
34 | public init(rowPadding: EdgeInsets = TablerStackConfigDefaults.rowPadding,
35 | headerSpacing: CGFloat = TablerSpacedConfigDefaults.headerSpacing,
36 | footerSpacing: CGFloat = TablerSpacedConfigDefaults.footerSpacing,
| `- error: type 'TablerSpacedConfigDefaults' has no member 'footerSpacing'
37 | rowSpacing: CGFloat = TablerSpacedConfigDefaults.rowSpacing,
38 | // headerFixed: Bool = TablerSpacedConfigDefaults.headerFixed,
SwiftCompile normal arm64 /Users/admin/builder/spi-builder-workspace/Sources/Generated/TablerListMB+AutoInit.generated.swift (in target 'Tabler' from project 'SwiftTabler')
cd /Users/admin/builder/spi-builder-workspace/.swiftpm/xcode
builtin-SwiftPerFileCompile TablerListMB+AutoInit.generated.swift
SwiftCompile normal arm64 /Users/admin/builder/spi-builder-workspace/Sources/Generated/TablerListMC+AutoInit.generated.swift (in target 'Tabler' from project 'SwiftTabler')
cd /Users/admin/builder/spi-builder-workspace/.swiftpm/xcode
builtin-SwiftPerFileCompile TablerListMC+AutoInit.generated.swift
SwiftCompile normal arm64 /Users/admin/builder/spi-builder-workspace/Sources/Generated/TablerStack+AutoInit.generated.swift (in target 'Tabler' from project 'SwiftTabler')
cd /Users/admin/builder/spi-builder-workspace/.swiftpm/xcode
builtin-SwiftPerFileCompile TablerStack+AutoInit.generated.swift
SwiftCompile normal arm64 /Users/admin/builder/spi-builder-workspace/Sources/Generated/TablerStack1+AutoInit.generated.swift (in target 'Tabler' from project 'SwiftTabler')
cd /Users/admin/builder/spi-builder-workspace/.swiftpm/xcode
builtin-SwiftPerFileCompile TablerStack1+AutoInit.generated.swift
SwiftCompile normal arm64 /Users/admin/builder/spi-builder-workspace/Sources/Generated/TablerStack1B+AutoInit.generated.swift (in target 'Tabler' from project 'SwiftTabler')
cd /Users/admin/builder/spi-builder-workspace/.swiftpm/xcode
builtin-SwiftPerFileCompile TablerStack1B+AutoInit.generated.swift
SwiftCompile normal arm64 /Users/admin/builder/spi-builder-workspace/Sources/Generated/TablerStack1C+AutoInit.generated.swift (in target 'Tabler' from project 'SwiftTabler')
cd /Users/admin/builder/spi-builder-workspace/.swiftpm/xcode
builtin-SwiftPerFileCompile TablerStack1C+AutoInit.generated.swift
SwiftCompile normal arm64 /Users/admin/builder/spi-builder-workspace/Sources/Generated/TablerStackB+AutoInit.generated.swift (in target 'Tabler' from project 'SwiftTabler')
cd /Users/admin/builder/spi-builder-workspace/.swiftpm/xcode
builtin-SwiftPerFileCompile TablerStackB+AutoInit.generated.swift
SwiftCompile normal arm64 /Users/admin/builder/spi-builder-workspace/Sources/Generated/TablerStackC+AutoInit.generated.swift (in target 'Tabler' from project 'SwiftTabler')
cd /Users/admin/builder/spi-builder-workspace/.swiftpm/xcode
builtin-SwiftPerFileCompile TablerStackC+AutoInit.generated.swift
SwiftCompile normal arm64 Compiling\ ListRowMod.swift,\ TablerList.swift,\ TablerList1.swift,\ TablerList1B.swift,\ TablerList1C.swift,\ TablerListB.swift,\ TablerListC.swift /Users/admin/builder/spi-builder-workspace/Sources/List/Internal/ListRowMod.swift /Users/admin/builder/spi-builder-workspace/Sources/List/TablerList.swift /Users/admin/builder/spi-builder-workspace/Sources/List/TablerList1.swift /Users/admin/builder/spi-builder-workspace/Sources/List/TablerList1B.swift /Users/admin/builder/spi-builder-workspace/Sources/List/TablerList1C.swift /Users/admin/builder/spi-builder-workspace/Sources/List/TablerListB.swift /Users/admin/builder/spi-builder-workspace/Sources/List/TablerListC.swift (in target 'Tabler' from project 'SwiftTabler')
SwiftCompile normal arm64 /Users/admin/builder/spi-builder-workspace/Sources/List/Internal/ListRowMod.swift (in target 'Tabler' from project 'SwiftTabler')
cd /Users/admin/builder/spi-builder-workspace/.swiftpm/xcode
builtin-SwiftPerFileCompile ListRowMod.swift
SwiftCompile normal arm64 /Users/admin/builder/spi-builder-workspace/Sources/List/TablerList.swift (in target 'Tabler' from project 'SwiftTabler')
cd /Users/admin/builder/spi-builder-workspace/.swiftpm/xcode
builtin-SwiftPerFileCompile TablerList.swift
SwiftCompile normal arm64 /Users/admin/builder/spi-builder-workspace/Sources/List/TablerList1.swift (in target 'Tabler' from project 'SwiftTabler')
cd /Users/admin/builder/spi-builder-workspace/.swiftpm/xcode
builtin-SwiftPerFileCompile TablerList1.swift
SwiftCompile normal arm64 /Users/admin/builder/spi-builder-workspace/Sources/List/TablerList1B.swift (in target 'Tabler' from project 'SwiftTabler')
cd /Users/admin/builder/spi-builder-workspace/.swiftpm/xcode
builtin-SwiftPerFileCompile TablerList1B.swift
SwiftCompile normal arm64 /Users/admin/builder/spi-builder-workspace/Sources/List/TablerList1C.swift (in target 'Tabler' from project 'SwiftTabler')
cd /Users/admin/builder/spi-builder-workspace/.swiftpm/xcode
builtin-SwiftPerFileCompile TablerList1C.swift
SwiftCompile normal arm64 /Users/admin/builder/spi-builder-workspace/Sources/List/TablerListB.swift (in target 'Tabler' from project 'SwiftTabler')
cd /Users/admin/builder/spi-builder-workspace/.swiftpm/xcode
builtin-SwiftPerFileCompile TablerListB.swift
SwiftCompile normal arm64 /Users/admin/builder/spi-builder-workspace/Sources/List/TablerListC.swift (in target 'Tabler' from project 'SwiftTabler')
cd /Users/admin/builder/spi-builder-workspace/.swiftpm/xcode
builtin-SwiftPerFileCompile TablerListC.swift
SwiftCompile normal arm64 Compiling\ TablerGrid+AutoInit.generated.swift,\ TablerGrid1+AutoInit.generated.swift,\ TablerGrid1B+AutoInit.generated.swift,\ TablerGrid1C+AutoInit.generated.swift,\ TablerGridB+AutoInit.generated.swift,\ TablerGridC+AutoInit.generated.swift,\ TablerGridM+AutoInit.generated.swift,\ TablerGridMB+AutoInit.generated.swift /Users/admin/builder/spi-builder-workspace/Sources/Generated/TablerGrid+AutoInit.generated.swift /Users/admin/builder/spi-builder-workspace/Sources/Generated/TablerGrid1+AutoInit.generated.swift /Users/admin/builder/spi-builder-workspace/Sources/Generated/TablerGrid1B+AutoInit.generated.swift /Users/admin/builder/spi-builder-workspace/Sources/Generated/TablerGrid1C+AutoInit.generated.swift /Users/admin/builder/spi-builder-workspace/Sources/Generated/TablerGridB+AutoInit.generated.swift /Users/admin/builder/spi-builder-workspace/Sources/Generated/TablerGridC+AutoInit.generated.swift /Users/admin/builder/spi-builder-workspace/Sources/Generated/TablerGridM+AutoInit.generated.swift /Users/admin/builder/spi-builder-workspace/Sources/Generated/TablerGridMB+AutoInit.generated.swift (in target 'Tabler' from project 'SwiftTabler')
/Users/admin/builder/spi-builder-workspace/Sources/Grid/TablerGridConfig.swift:40:68: error: type 'TablerGridConfigDefaults' has no member 'itemPadding'
38 | public init(gridItems: [GridItem] = [],
39 | alignment: HorizontalAlignment = TablerGridConfigDefaults.alignment,
40 | itemPadding: EdgeInsets = TablerGridConfigDefaults.itemPadding,
| `- error: type 'TablerGridConfigDefaults' has no member 'itemPadding'
41 | headerSpacing: CGFloat = TablerSpacedConfigDefaults.headerSpacing,
42 | footerSpacing: CGFloat = TablerSpacedConfigDefaults.footerSpacing,
/Users/admin/builder/spi-builder-workspace/Sources/Grid/TablerGridConfig.swift:41:69: error: type 'TablerSpacedConfigDefaults' has no member 'headerSpacing'
39 | alignment: HorizontalAlignment = TablerGridConfigDefaults.alignment,
40 | itemPadding: EdgeInsets = TablerGridConfigDefaults.itemPadding,
41 | headerSpacing: CGFloat = TablerSpacedConfigDefaults.headerSpacing,
| `- error: type 'TablerSpacedConfigDefaults' has no member 'headerSpacing'
42 | footerSpacing: CGFloat = TablerSpacedConfigDefaults.footerSpacing,
43 | rowSpacing: CGFloat = TablerSpacedConfigDefaults.rowSpacing,
/Users/admin/builder/spi-builder-workspace/Sources/Grid/TablerGridConfig.swift:42:69: error: type 'TablerSpacedConfigDefaults' has no member 'footerSpacing'
40 | itemPadding: EdgeInsets = TablerGridConfigDefaults.itemPadding,
41 | headerSpacing: CGFloat = TablerSpacedConfigDefaults.headerSpacing,
42 | footerSpacing: CGFloat = TablerSpacedConfigDefaults.footerSpacing,
| `- error: type 'TablerSpacedConfigDefaults' has no member 'footerSpacing'
43 | rowSpacing: CGFloat = TablerSpacedConfigDefaults.rowSpacing,
44 | // headerFixed: Bool = TablerSpacedConfigDefaults.headerFixed,
SwiftCompile normal arm64 /Users/admin/builder/spi-builder-workspace/Sources/Generated/TablerGrid+AutoInit.generated.swift (in target 'Tabler' from project 'SwiftTabler')
cd /Users/admin/builder/spi-builder-workspace/.swiftpm/xcode
builtin-SwiftPerFileCompile TablerGrid+AutoInit.generated.swift
SwiftCompile normal arm64 /Users/admin/builder/spi-builder-workspace/Sources/Generated/TablerGrid1+AutoInit.generated.swift (in target 'Tabler' from project 'SwiftTabler')
cd /Users/admin/builder/spi-builder-workspace/.swiftpm/xcode
builtin-SwiftPerFileCompile TablerGrid1+AutoInit.generated.swift
SwiftCompile normal arm64 /Users/admin/builder/spi-builder-workspace/Sources/Generated/TablerGrid1B+AutoInit.generated.swift (in target 'Tabler' from project 'SwiftTabler')
cd /Users/admin/builder/spi-builder-workspace/.swiftpm/xcode
builtin-SwiftPerFileCompile TablerGrid1B+AutoInit.generated.swift
SwiftCompile normal arm64 /Users/admin/builder/spi-builder-workspace/Sources/Generated/TablerGrid1C+AutoInit.generated.swift (in target 'Tabler' from project 'SwiftTabler')
cd /Users/admin/builder/spi-builder-workspace/.swiftpm/xcode
builtin-SwiftPerFileCompile TablerGrid1C+AutoInit.generated.swift
SwiftCompile normal arm64 /Users/admin/builder/spi-builder-workspace/Sources/Generated/TablerGridB+AutoInit.generated.swift (in target 'Tabler' from project 'SwiftTabler')
cd /Users/admin/builder/spi-builder-workspace/.swiftpm/xcode
builtin-SwiftPerFileCompile TablerGridB+AutoInit.generated.swift
SwiftCompile normal arm64 /Users/admin/builder/spi-builder-workspace/Sources/Generated/TablerGridC+AutoInit.generated.swift (in target 'Tabler' from project 'SwiftTabler')
cd /Users/admin/builder/spi-builder-workspace/.swiftpm/xcode
builtin-SwiftPerFileCompile TablerGridC+AutoInit.generated.swift
SwiftCompile normal arm64 /Users/admin/builder/spi-builder-workspace/Sources/Generated/TablerGridM+AutoInit.generated.swift (in target 'Tabler' from project 'SwiftTabler')
cd /Users/admin/builder/spi-builder-workspace/.swiftpm/xcode
builtin-SwiftPerFileCompile TablerGridM+AutoInit.generated.swift
SwiftCompile normal arm64 /Users/admin/builder/spi-builder-workspace/Sources/Generated/TablerGridMB+AutoInit.generated.swift (in target 'Tabler' from project 'SwiftTabler')
cd /Users/admin/builder/spi-builder-workspace/.swiftpm/xcode
builtin-SwiftPerFileCompile TablerGridMB+AutoInit.generated.swift
SwiftCompile normal arm64 Compiling\ TablerGridMC.swift,\ BaseTable.swift,\ ObservableHolder.swift,\ TablerSpacedConfig.swift,\ BaseList.swift,\ BaseList1.swift,\ BaseListM.swift /Users/admin/builder/spi-builder-workspace/Sources/Grid/TablerGridMC.swift /Users/admin/builder/spi-builder-workspace/Sources/Internal/BaseTable.swift /Users/admin/builder/spi-builder-workspace/Sources/Internal/ObservableHolder.swift /Users/admin/builder/spi-builder-workspace/Sources/Internal/TablerSpacedConfig.swift /Users/admin/builder/spi-builder-workspace/Sources/List/Internal/BaseList.swift /Users/admin/builder/spi-builder-workspace/Sources/List/Internal/BaseList1.swift /Users/admin/builder/spi-builder-workspace/Sources/List/Internal/BaseListM.swift (in target 'Tabler' from project 'SwiftTabler')
/Users/admin/builder/spi-builder-workspace/Sources/Internal/TablerSpacedConfig.swift:47:69: error: type 'TablerSpacedConfigDefaults' has no member 'headerSpacing'
45 | // public let footerFixed: Bool
46 |
47 | public init(headerSpacing: CGFloat = TablerSpacedConfigDefaults.headerSpacing,
| `- error: type 'TablerSpacedConfigDefaults' has no member 'headerSpacing'
48 | footerSpacing: CGFloat = TablerSpacedConfigDefaults.footerSpacing,
49 | rowSpacing: CGFloat = TablerSpacedConfigDefaults.rowSpacing,
/Users/admin/builder/spi-builder-workspace/Sources/Internal/TablerSpacedConfig.swift:48:69: error: type 'TablerSpacedConfigDefaults' has no member 'footerSpacing'
46 |
47 | public init(headerSpacing: CGFloat = TablerSpacedConfigDefaults.headerSpacing,
48 | footerSpacing: CGFloat = TablerSpacedConfigDefaults.footerSpacing,
| `- error: type 'TablerSpacedConfigDefaults' has no member 'footerSpacing'
49 | rowSpacing: CGFloat = TablerSpacedConfigDefaults.rowSpacing,
50 | // headerFixed: Bool = TablerSpacedConfigDefaults.headerFixed,
/Users/admin/builder/spi-builder-workspace/Sources/List/Internal/BaseList1.swift:46:13: error: 'init(selection:content:)' is only available in watchOS 10.0 or newer
20 |
21 | // List with single-selection
22 | struct BaseList1<Element, Header, Footer, Rows>: View
| `- note: add '@available' attribute to enclosing generic struct
23 | where Element: Identifiable,
24 | Header: View,
:
39 | @ViewBuilder let rows: RowContent
40 |
41 | var body: some View {
| `- note: add '@available' attribute to enclosing property
42 | BaseTable(context: $context,
43 | header: header,
44 | footer: footer)
45 | { buildHeader, buildFooter in
46 | List(selection: $selected) {
| |- error: 'init(selection:content:)' is only available in watchOS 10.0 or newer
| `- note: add 'if #available' version check
47 | buildHeader()
48 | rows()
SwiftCompile normal arm64 /Users/admin/builder/spi-builder-workspace/Sources/Grid/TablerGridMC.swift (in target 'Tabler' from project 'SwiftTabler')
cd /Users/admin/builder/spi-builder-workspace/.swiftpm/xcode
builtin-SwiftPerFileCompile TablerGridMC.swift
SwiftCompile normal arm64 /Users/admin/builder/spi-builder-workspace/Sources/Internal/BaseTable.swift (in target 'Tabler' from project 'SwiftTabler')
cd /Users/admin/builder/spi-builder-workspace/.swiftpm/xcode
builtin-SwiftPerFileCompile BaseTable.swift
SwiftCompile normal arm64 /Users/admin/builder/spi-builder-workspace/Sources/Internal/ObservableHolder.swift (in target 'Tabler' from project 'SwiftTabler')
cd /Users/admin/builder/spi-builder-workspace/.swiftpm/xcode
builtin-SwiftPerFileCompile ObservableHolder.swift
SwiftCompile normal arm64 /Users/admin/builder/spi-builder-workspace/Sources/Internal/TablerSpacedConfig.swift (in target 'Tabler' from project 'SwiftTabler')
cd /Users/admin/builder/spi-builder-workspace/.swiftpm/xcode
builtin-SwiftPerFileCompile TablerSpacedConfig.swift
SwiftCompile normal arm64 /Users/admin/builder/spi-builder-workspace/Sources/List/Internal/BaseList.swift (in target 'Tabler' from project 'SwiftTabler')
cd /Users/admin/builder/spi-builder-workspace/.swiftpm/xcode
builtin-SwiftPerFileCompile BaseList.swift
SwiftCompile normal arm64 /Users/admin/builder/spi-builder-workspace/Sources/List/Internal/BaseList1.swift (in target 'Tabler' from project 'SwiftTabler')
cd /Users/admin/builder/spi-builder-workspace/.swiftpm/xcode
builtin-SwiftPerFileCompile BaseList1.swift
SwiftCompile normal arm64 /Users/admin/builder/spi-builder-workspace/Sources/List/Internal/BaseListM.swift (in target 'Tabler' from project 'SwiftTabler')
cd /Users/admin/builder/spi-builder-workspace/.swiftpm/xcode
builtin-SwiftPerFileCompile BaseListM.swift
SwiftCompile normal arm64 Compiling\ TablerGrid1.swift,\ TablerGrid1B.swift,\ TablerGrid1C.swift,\ TablerGridB.swift,\ TablerGridC.swift,\ TablerGridConfig.swift,\ TablerGridM.swift,\ TablerGridMB.swift /Users/admin/builder/spi-builder-workspace/Sources/Grid/TablerGrid1.swift /Users/admin/builder/spi-builder-workspace/Sources/Grid/TablerGrid1B.swift /Users/admin/builder/spi-builder-workspace/Sources/Grid/TablerGrid1C.swift /Users/admin/builder/spi-builder-workspace/Sources/Grid/TablerGridB.swift /Users/admin/builder/spi-builder-workspace/Sources/Grid/TablerGridC.swift /Users/admin/builder/spi-builder-workspace/Sources/Grid/TablerGridConfig.swift /Users/admin/builder/spi-builder-workspace/Sources/Grid/TablerGridM.swift /Users/admin/builder/spi-builder-workspace/Sources/Grid/TablerGridMB.swift (in target 'Tabler' from project 'SwiftTabler')
/Users/admin/builder/spi-builder-workspace/Sources/Grid/TablerGridConfig.swift:40:68: error: type 'TablerGridConfigDefaults' has no member 'itemPadding'
38 | public init(gridItems: [GridItem] = [],
39 | alignment: HorizontalAlignment = TablerGridConfigDefaults.alignment,
40 | itemPadding: EdgeInsets = TablerGridConfigDefaults.itemPadding,
| `- error: type 'TablerGridConfigDefaults' has no member 'itemPadding'
41 | headerSpacing: CGFloat = TablerSpacedConfigDefaults.headerSpacing,
42 | footerSpacing: CGFloat = TablerSpacedConfigDefaults.footerSpacing,
/Users/admin/builder/spi-builder-workspace/Sources/Grid/TablerGridConfig.swift:41:69: error: type 'TablerSpacedConfigDefaults' has no member 'headerSpacing'
39 | alignment: HorizontalAlignment = TablerGridConfigDefaults.alignment,
40 | itemPadding: EdgeInsets = TablerGridConfigDefaults.itemPadding,
41 | headerSpacing: CGFloat = TablerSpacedConfigDefaults.headerSpacing,
| `- error: type 'TablerSpacedConfigDefaults' has no member 'headerSpacing'
42 | footerSpacing: CGFloat = TablerSpacedConfigDefaults.footerSpacing,
43 | rowSpacing: CGFloat = TablerSpacedConfigDefaults.rowSpacing,
/Users/admin/builder/spi-builder-workspace/Sources/Grid/TablerGridConfig.swift:42:69: error: type 'TablerSpacedConfigDefaults' has no member 'footerSpacing'
40 | itemPadding: EdgeInsets = TablerGridConfigDefaults.itemPadding,
41 | headerSpacing: CGFloat = TablerSpacedConfigDefaults.headerSpacing,
42 | footerSpacing: CGFloat = TablerSpacedConfigDefaults.footerSpacing,
| `- error: type 'TablerSpacedConfigDefaults' has no member 'footerSpacing'
43 | rowSpacing: CGFloat = TablerSpacedConfigDefaults.rowSpacing,
44 | // headerFixed: Bool = TablerSpacedConfigDefaults.headerFixed,
SwiftCompile normal arm64 /Users/admin/builder/spi-builder-workspace/Sources/Grid/TablerGrid1.swift (in target 'Tabler' from project 'SwiftTabler')
cd /Users/admin/builder/spi-builder-workspace/.swiftpm/xcode
builtin-SwiftPerFileCompile TablerGrid1.swift
SwiftCompile normal arm64 /Users/admin/builder/spi-builder-workspace/Sources/Grid/TablerGrid1B.swift (in target 'Tabler' from project 'SwiftTabler')
cd /Users/admin/builder/spi-builder-workspace/.swiftpm/xcode
builtin-SwiftPerFileCompile TablerGrid1B.swift
SwiftCompile normal arm64 /Users/admin/builder/spi-builder-workspace/Sources/Grid/TablerGrid1C.swift (in target 'Tabler' from project 'SwiftTabler')
cd /Users/admin/builder/spi-builder-workspace/.swiftpm/xcode
builtin-SwiftPerFileCompile TablerGrid1C.swift
SwiftCompile normal arm64 /Users/admin/builder/spi-builder-workspace/Sources/Grid/TablerGridB.swift (in target 'Tabler' from project 'SwiftTabler')
cd /Users/admin/builder/spi-builder-workspace/.swiftpm/xcode
builtin-SwiftPerFileCompile TablerGridB.swift
SwiftCompile normal arm64 /Users/admin/builder/spi-builder-workspace/Sources/Grid/TablerGridC.swift (in target 'Tabler' from project 'SwiftTabler')
cd /Users/admin/builder/spi-builder-workspace/.swiftpm/xcode
builtin-SwiftPerFileCompile TablerGridC.swift
SwiftCompile normal arm64 /Users/admin/builder/spi-builder-workspace/Sources/Grid/TablerGridConfig.swift (in target 'Tabler' from project 'SwiftTabler')
cd /Users/admin/builder/spi-builder-workspace/.swiftpm/xcode
builtin-SwiftPerFileCompile TablerGridConfig.swift
SwiftCompile normal arm64 /Users/admin/builder/spi-builder-workspace/Sources/Grid/TablerGridM.swift (in target 'Tabler' from project 'SwiftTabler')
cd /Users/admin/builder/spi-builder-workspace/.swiftpm/xcode
builtin-SwiftPerFileCompile TablerGridM.swift
SwiftCompile normal arm64 /Users/admin/builder/spi-builder-workspace/Sources/Grid/TablerGridMB.swift (in target 'Tabler' from project 'SwiftTabler')
cd /Users/admin/builder/spi-builder-workspace/.swiftpm/xcode
builtin-SwiftPerFileCompile TablerGridMB.swift
SwiftCompile normal arm64 Compiling\ TablerListConfig.swift,\ TablerListM.swift,\ TablerListMB.swift,\ TablerListMC.swift,\ BaseStack.swift,\ StackRowMod.swift,\ StackRowMod1.swift /Users/admin/builder/spi-builder-workspace/Sources/List/TablerListConfig.swift /Users/admin/builder/spi-builder-workspace/Sources/List/TablerListM.swift /Users/admin/builder/spi-builder-workspace/Sources/List/TablerListMB.swift /Users/admin/builder/spi-builder-workspace/Sources/List/TablerListMC.swift /Users/admin/builder/spi-builder-workspace/Sources/Stack/Internal/BaseStack.swift /Users/admin/builder/spi-builder-workspace/Sources/Stack/Internal/StackRowMod.swift /Users/admin/builder/spi-builder-workspace/Sources/Stack/Internal/StackRowMod1.swift (in target 'Tabler' from project 'SwiftTabler')
/Users/admin/builder/spi-builder-workspace/Sources/List/TablerListConfig.swift:24:30: warning: generic parameter 'Element' shadows generic parameter from outer scope with the same name; this is an error in the Swift 6 language mode
19 | import SwiftUI
20 |
21 | public class TablerListConfig<Element>: TablerConfig<Element>
| `- note: 'Element' previously declared here
22 | where Element: Identifiable
23 | {
24 | public typealias CanMove<Element> = (Element) -> Bool
| `- warning: generic parameter 'Element' shadows generic parameter from outer scope with the same name; this is an error in the Swift 6 language mode
25 | public typealias OnMove<Element> = (IndexSet, Int) -> Void
26 | public typealias CanDelete<Element> = (Element) -> Bool
/Users/admin/builder/spi-builder-workspace/Sources/List/TablerListConfig.swift:25:29: warning: generic parameter 'Element' shadows generic parameter from outer scope with the same name; this is an error in the Swift 6 language mode
19 | import SwiftUI
20 |
21 | public class TablerListConfig<Element>: TablerConfig<Element>
| `- note: 'Element' previously declared here
22 | where Element: Identifiable
23 | {
24 | public typealias CanMove<Element> = (Element) -> Bool
25 | public typealias OnMove<Element> = (IndexSet, Int) -> Void
| `- warning: generic parameter 'Element' shadows generic parameter from outer scope with the same name; this is an error in the Swift 6 language mode
26 | public typealias CanDelete<Element> = (Element) -> Bool
27 | public typealias OnDelete<Element> = (IndexSet) -> Void
/Users/admin/builder/spi-builder-workspace/Sources/List/TablerListConfig.swift:26:32: warning: generic parameter 'Element' shadows generic parameter from outer scope with the same name; this is an error in the Swift 6 language mode
19 | import SwiftUI
20 |
21 | public class TablerListConfig<Element>: TablerConfig<Element>
| `- note: 'Element' previously declared here
22 | where Element: Identifiable
23 | {
24 | public typealias CanMove<Element> = (Element) -> Bool
25 | public typealias OnMove<Element> = (IndexSet, Int) -> Void
26 | public typealias CanDelete<Element> = (Element) -> Bool
| `- warning: generic parameter 'Element' shadows generic parameter from outer scope with the same name; this is an error in the Swift 6 language mode
27 | public typealias OnDelete<Element> = (IndexSet) -> Void
28 |
/Users/admin/builder/spi-builder-workspace/Sources/List/TablerListConfig.swift:27:31: warning: generic parameter 'Element' shadows generic parameter from outer scope with the same name; this is an error in the Swift 6 language mode
19 | import SwiftUI
20 |
21 | public class TablerListConfig<Element>: TablerConfig<Element>
| `- note: 'Element' previously declared here
22 | where Element: Identifiable
23 | {
:
25 | public typealias OnMove<Element> = (IndexSet, Int) -> Void
26 | public typealias CanDelete<Element> = (Element) -> Bool
27 | public typealias OnDelete<Element> = (IndexSet) -> Void
| `- warning: generic parameter 'Element' shadows generic parameter from outer scope with the same name; this is an error in the Swift 6 language mode
28 |
29 | public let canMove: CanMove<Element>
/Users/admin/builder/spi-builder-workspace/Sources/Stack/TablerStackConfig.swift:34:68: error: type 'TablerStackConfigDefaults' has no member 'rowPadding'
32 | public let rowPadding: EdgeInsets
33 |
34 | public init(rowPadding: EdgeInsets = TablerStackConfigDefaults.rowPadding,
| `- error: type 'TablerStackConfigDefaults' has no member 'rowPadding'
35 | headerSpacing: CGFloat = TablerSpacedConfigDefaults.headerSpacing,
36 | footerSpacing: CGFloat = TablerSpacedConfigDefaults.footerSpacing,
/Users/admin/builder/spi-builder-workspace/Sources/Stack/TablerStackConfig.swift:35:69: error: type 'TablerSpacedConfigDefaults' has no member 'headerSpacing'
33 |
34 | public init(rowPadding: EdgeInsets = TablerStackConfigDefaults.rowPadding,
35 | headerSpacing: CGFloat = TablerSpacedConfigDefaults.headerSpacing,
| `- error: type 'TablerSpacedConfigDefaults' has no member 'headerSpacing'
36 | footerSpacing: CGFloat = TablerSpacedConfigDefaults.footerSpacing,
37 | rowSpacing: CGFloat = TablerSpacedConfigDefaults.rowSpacing,
/Users/admin/builder/spi-builder-workspace/Sources/Stack/TablerStackConfig.swift:36:69: error: type 'TablerSpacedConfigDefaults' has no member 'footerSpacing'
34 | public init(rowPadding: EdgeInsets = TablerStackConfigDefaults.rowPadding,
35 | headerSpacing: CGFloat = TablerSpacedConfigDefaults.headerSpacing,
36 | footerSpacing: CGFloat = TablerSpacedConfigDefaults.footerSpacing,
| `- error: type 'TablerSpacedConfigDefaults' has no member 'footerSpacing'
37 | rowSpacing: CGFloat = TablerSpacedConfigDefaults.rowSpacing,
38 | // headerFixed: Bool = TablerSpacedConfigDefaults.headerFixed,
SwiftCompile normal arm64 /Users/admin/builder/spi-builder-workspace/Sources/List/TablerListConfig.swift (in target 'Tabler' from project 'SwiftTabler')
cd /Users/admin/builder/spi-builder-workspace/.swiftpm/xcode
builtin-SwiftPerFileCompile TablerListConfig.swift
SwiftCompile normal arm64 /Users/admin/builder/spi-builder-workspace/Sources/List/TablerListM.swift (in target 'Tabler' from project 'SwiftTabler')
cd /Users/admin/builder/spi-builder-workspace/.swiftpm/xcode
builtin-SwiftPerFileCompile TablerListM.swift
SwiftCompile normal arm64 /Users/admin/builder/spi-builder-workspace/Sources/List/TablerListMB.swift (in target 'Tabler' from project 'SwiftTabler')
cd /Users/admin/builder/spi-builder-workspace/.swiftpm/xcode
builtin-SwiftPerFileCompile TablerListMB.swift
SwiftCompile normal arm64 /Users/admin/builder/spi-builder-workspace/Sources/List/TablerListMC.swift (in target 'Tabler' from project 'SwiftTabler')
cd /Users/admin/builder/spi-builder-workspace/.swiftpm/xcode
builtin-SwiftPerFileCompile TablerListMC.swift
SwiftCompile normal arm64 /Users/admin/builder/spi-builder-workspace/Sources/Stack/Internal/BaseStack.swift (in target 'Tabler' from project 'SwiftTabler')
cd /Users/admin/builder/spi-builder-workspace/.swiftpm/xcode
builtin-SwiftPerFileCompile BaseStack.swift
SwiftCompile normal arm64 /Users/admin/builder/spi-builder-workspace/Sources/Stack/Internal/StackRowMod.swift (in target 'Tabler' from project 'SwiftTabler')
cd /Users/admin/builder/spi-builder-workspace/.swiftpm/xcode
builtin-SwiftPerFileCompile StackRowMod.swift
SwiftCompile normal arm64 /Users/admin/builder/spi-builder-workspace/Sources/Stack/Internal/StackRowMod1.swift (in target 'Tabler' from project 'SwiftTabler')
cd /Users/admin/builder/spi-builder-workspace/.swiftpm/xcode
builtin-SwiftPerFileCompile StackRowMod1.swift
SwiftCompile normal arm64 Compiling\ StackRowModM.swift,\ TablerStack.swift,\ TablerStack1.swift,\ TablerStack1B.swift,\ TablerStack1C.swift,\ TablerStackB.swift,\ TablerStackC.swift /Users/admin/builder/spi-builder-workspace/Sources/Stack/Internal/StackRowModM.swift /Users/admin/builder/spi-builder-workspace/Sources/Stack/TablerStack.swift /Users/admin/builder/spi-builder-workspace/Sources/Stack/TablerStack1.swift /Users/admin/builder/spi-builder-workspace/Sources/Stack/TablerStack1B.swift /Users/admin/builder/spi-builder-workspace/Sources/Stack/TablerStack1C.swift /Users/admin/builder/spi-builder-workspace/Sources/Stack/TablerStackB.swift /Users/admin/builder/spi-builder-workspace/Sources/Stack/TablerStackC.swift (in target 'Tabler' from project 'SwiftTabler')
/Users/admin/builder/spi-builder-workspace/Sources/Stack/TablerStackConfig.swift:34:68: error: type 'TablerStackConfigDefaults' has no member 'rowPadding'
32 | public let rowPadding: EdgeInsets
33 |
34 | public init(rowPadding: EdgeInsets = TablerStackConfigDefaults.rowPadding,
| `- error: type 'TablerStackConfigDefaults' has no member 'rowPadding'
35 | headerSpacing: CGFloat = TablerSpacedConfigDefaults.headerSpacing,
36 | footerSpacing: CGFloat = TablerSpacedConfigDefaults.footerSpacing,
/Users/admin/builder/spi-builder-workspace/Sources/Stack/TablerStackConfig.swift:35:69: error: type 'TablerSpacedConfigDefaults' has no member 'headerSpacing'
33 |
34 | public init(rowPadding: EdgeInsets = TablerStackConfigDefaults.rowPadding,
35 | headerSpacing: CGFloat = TablerSpacedConfigDefaults.headerSpacing,
| `- error: type 'TablerSpacedConfigDefaults' has no member 'headerSpacing'
36 | footerSpacing: CGFloat = TablerSpacedConfigDefaults.footerSpacing,
37 | rowSpacing: CGFloat = TablerSpacedConfigDefaults.rowSpacing,
/Users/admin/builder/spi-builder-workspace/Sources/Stack/TablerStackConfig.swift:36:69: error: type 'TablerSpacedConfigDefaults' has no member 'footerSpacing'
34 | public init(rowPadding: EdgeInsets = TablerStackConfigDefaults.rowPadding,
35 | headerSpacing: CGFloat = TablerSpacedConfigDefaults.headerSpacing,
36 | footerSpacing: CGFloat = TablerSpacedConfigDefaults.footerSpacing,
| `- error: type 'TablerSpacedConfigDefaults' has no member 'footerSpacing'
37 | rowSpacing: CGFloat = TablerSpacedConfigDefaults.rowSpacing,
38 | // headerFixed: Bool = TablerSpacedConfigDefaults.headerFixed,
SwiftCompile normal arm64 /Users/admin/builder/spi-builder-workspace/Sources/Stack/Internal/StackRowModM.swift (in target 'Tabler' from project 'SwiftTabler')
cd /Users/admin/builder/spi-builder-workspace/.swiftpm/xcode
builtin-SwiftPerFileCompile StackRowModM.swift
SwiftCompile normal arm64 /Users/admin/builder/spi-builder-workspace/Sources/Stack/TablerStack.swift (in target 'Tabler' from project 'SwiftTabler')
cd /Users/admin/builder/spi-builder-workspace/.swiftpm/xcode
builtin-SwiftPerFileCompile TablerStack.swift
SwiftCompile normal arm64 /Users/admin/builder/spi-builder-workspace/Sources/Stack/TablerStack1.swift (in target 'Tabler' from project 'SwiftTabler')
cd /Users/admin/builder/spi-builder-workspace/.swiftpm/xcode
builtin-SwiftPerFileCompile TablerStack1.swift
SwiftCompile normal arm64 /Users/admin/builder/spi-builder-workspace/Sources/Stack/TablerStack1B.swift (in target 'Tabler' from project 'SwiftTabler')
cd /Users/admin/builder/spi-builder-workspace/.swiftpm/xcode
builtin-SwiftPerFileCompile TablerStack1B.swift
SwiftCompile normal arm64 /Users/admin/builder/spi-builder-workspace/Sources/Stack/TablerStack1C.swift (in target 'Tabler' from project 'SwiftTabler')
cd /Users/admin/builder/spi-builder-workspace/.swiftpm/xcode
builtin-SwiftPerFileCompile TablerStack1C.swift
SwiftCompile normal arm64 /Users/admin/builder/spi-builder-workspace/Sources/Stack/TablerStackB.swift (in target 'Tabler' from project 'SwiftTabler')
cd /Users/admin/builder/spi-builder-workspace/.swiftpm/xcode
builtin-SwiftPerFileCompile TablerStackB.swift
SwiftCompile normal arm64 /Users/admin/builder/spi-builder-workspace/Sources/Stack/TablerStackC.swift (in target 'Tabler' from project 'SwiftTabler')
cd /Users/admin/builder/spi-builder-workspace/.swiftpm/xcode
builtin-SwiftPerFileCompile TablerStackC.swift
SwiftEmitModule normal arm64_32 Emitting\ module\ for\ Tabler (in target 'Tabler' from project 'SwiftTabler')
/Users/admin/builder/spi-builder-workspace/Sources/Grid/TablerGridConfig.swift:40:68: error: type 'TablerGridConfigDefaults' has no member 'itemPadding'
38 | public init(gridItems: [GridItem] = [],
39 | alignment: HorizontalAlignment = TablerGridConfigDefaults.alignment,
40 | itemPadding: EdgeInsets = TablerGridConfigDefaults.itemPadding,
| `- error: type 'TablerGridConfigDefaults' has no member 'itemPadding'
41 | headerSpacing: CGFloat = TablerSpacedConfigDefaults.headerSpacing,
42 | footerSpacing: CGFloat = TablerSpacedConfigDefaults.footerSpacing,
/Users/admin/builder/spi-builder-workspace/Sources/Grid/TablerGridConfig.swift:41:69: error: type 'TablerSpacedConfigDefaults' has no member 'headerSpacing'
39 | alignment: HorizontalAlignment = TablerGridConfigDefaults.alignment,
40 | itemPadding: EdgeInsets = TablerGridConfigDefaults.itemPadding,
41 | headerSpacing: CGFloat = TablerSpacedConfigDefaults.headerSpacing,
| `- error: type 'TablerSpacedConfigDefaults' has no member 'headerSpacing'
42 | footerSpacing: CGFloat = TablerSpacedConfigDefaults.footerSpacing,
43 | rowSpacing: CGFloat = TablerSpacedConfigDefaults.rowSpacing,
/Users/admin/builder/spi-builder-workspace/Sources/Grid/TablerGridConfig.swift:42:69: error: type 'TablerSpacedConfigDefaults' has no member 'footerSpacing'
40 | itemPadding: EdgeInsets = TablerGridConfigDefaults.itemPadding,
41 | headerSpacing: CGFloat = TablerSpacedConfigDefaults.headerSpacing,
42 | footerSpacing: CGFloat = TablerSpacedConfigDefaults.footerSpacing,
| `- error: type 'TablerSpacedConfigDefaults' has no member 'footerSpacing'
43 | rowSpacing: CGFloat = TablerSpacedConfigDefaults.rowSpacing,
44 | // headerFixed: Bool = TablerSpacedConfigDefaults.headerFixed,
/Users/admin/builder/spi-builder-workspace/Sources/Grid/TablerGridConfig.swift:48:71: error: type 'TablerSpacedConfigDefaults' has no member 'tablePadding'
46 | filter: Filter? = nil,
47 | onHover: @escaping OnHover = { _, _ in },
48 | tablePadding: EdgeInsets = TablerSpacedConfigDefaults.tablePadding,
| `- error: type 'TablerSpacedConfigDefaults' has no member 'tablePadding'
49 | sortIndicatorForward: AnyView = TablerConfigDefaults.sortIndicatorForward,
50 | sortIndicatorReverse: AnyView = TablerConfigDefaults.sortIndicatorReverse,
/Users/admin/builder/spi-builder-workspace/Sources/Stack/TablerStackConfig.swift:34:68: error: type 'TablerStackConfigDefaults' has no member 'rowPadding'
32 | public let rowPadding: EdgeInsets
33 |
34 | public init(rowPadding: EdgeInsets = TablerStackConfigDefaults.rowPadding,
| `- error: type 'TablerStackConfigDefaults' has no member 'rowPadding'
35 | headerSpacing: CGFloat = TablerSpacedConfigDefaults.headerSpacing,
36 | footerSpacing: CGFloat = TablerSpacedConfigDefaults.footerSpacing,
/Users/admin/builder/spi-builder-workspace/Sources/Stack/TablerStackConfig.swift:35:69: error: type 'TablerSpacedConfigDefaults' has no member 'headerSpacing'
33 |
34 | public init(rowPadding: EdgeInsets = TablerStackConfigDefaults.rowPadding,
35 | headerSpacing: CGFloat = TablerSpacedConfigDefaults.headerSpacing,
| `- error: type 'TablerSpacedConfigDefaults' has no member 'headerSpacing'
36 | footerSpacing: CGFloat = TablerSpacedConfigDefaults.footerSpacing,
37 | rowSpacing: CGFloat = TablerSpacedConfigDefaults.rowSpacing,
/Users/admin/builder/spi-builder-workspace/Sources/Stack/TablerStackConfig.swift:36:69: error: type 'TablerSpacedConfigDefaults' has no member 'footerSpacing'
34 | public init(rowPadding: EdgeInsets = TablerStackConfigDefaults.rowPadding,
35 | headerSpacing: CGFloat = TablerSpacedConfigDefaults.headerSpacing,
36 | footerSpacing: CGFloat = TablerSpacedConfigDefaults.footerSpacing,
| `- error: type 'TablerSpacedConfigDefaults' has no member 'footerSpacing'
37 | rowSpacing: CGFloat = TablerSpacedConfigDefaults.rowSpacing,
38 | // headerFixed: Bool = TablerSpacedConfigDefaults.headerFixed,
/Users/admin/builder/spi-builder-workspace/Sources/Stack/TablerStackConfig.swift:42:71: error: type 'TablerSpacedConfigDefaults' has no member 'tablePadding'
40 | filter: Filter? = nil,
41 | onHover: @escaping OnHover = { _, _ in },
42 | tablePadding: EdgeInsets = TablerSpacedConfigDefaults.tablePadding,
| `- error: type 'TablerSpacedConfigDefaults' has no member 'tablePadding'
43 | sortIndicatorForward: AnyView = TablerConfigDefaults.sortIndicatorForward,
44 | sortIndicatorReverse: AnyView = TablerConfigDefaults.sortIndicatorReverse,
/Users/admin/builder/spi-builder-workspace/Sources/Internal/TablerSpacedConfig.swift:47:69: error: type 'TablerSpacedConfigDefaults' has no member 'headerSpacing'
45 | // public let footerFixed: Bool
46 |
47 | public init(headerSpacing: CGFloat = TablerSpacedConfigDefaults.headerSpacing,
| `- error: type 'TablerSpacedConfigDefaults' has no member 'headerSpacing'
48 | footerSpacing: CGFloat = TablerSpacedConfigDefaults.footerSpacing,
49 | rowSpacing: CGFloat = TablerSpacedConfigDefaults.rowSpacing,
/Users/admin/builder/spi-builder-workspace/Sources/Internal/TablerSpacedConfig.swift:48:69: error: type 'TablerSpacedConfigDefaults' has no member 'footerSpacing'
46 |
47 | public init(headerSpacing: CGFloat = TablerSpacedConfigDefaults.headerSpacing,
48 | footerSpacing: CGFloat = TablerSpacedConfigDefaults.footerSpacing,
| `- error: type 'TablerSpacedConfigDefaults' has no member 'footerSpacing'
49 | rowSpacing: CGFloat = TablerSpacedConfigDefaults.rowSpacing,
50 | // headerFixed: Bool = TablerSpacedConfigDefaults.headerFixed,
/Users/admin/builder/spi-builder-workspace/Sources/List/TablerListConfig.swift:24:30: warning: generic parameter 'Element' shadows generic parameter from outer scope with the same name; this is an error in the Swift 6 language mode
19 | import SwiftUI
20 |
21 | public class TablerListConfig<Element>: TablerConfig<Element>
| `- note: 'Element' previously declared here
22 | where Element: Identifiable
23 | {
24 | public typealias CanMove<Element> = (Element) -> Bool
| `- warning: generic parameter 'Element' shadows generic parameter from outer scope with the same name; this is an error in the Swift 6 language mode
25 | public typealias OnMove<Element> = (IndexSet, Int) -> Void
26 | public typealias CanDelete<Element> = (Element) -> Bool
/Users/admin/builder/spi-builder-workspace/Sources/List/TablerListConfig.swift:25:29: warning: generic parameter 'Element' shadows generic parameter from outer scope with the same name; this is an error in the Swift 6 language mode
19 | import SwiftUI
20 |
21 | public class TablerListConfig<Element>: TablerConfig<Element>
| `- note: 'Element' previously declared here
22 | where Element: Identifiable
23 | {
24 | public typealias CanMove<Element> = (Element) -> Bool
25 | public typealias OnMove<Element> = (IndexSet, Int) -> Void
| `- warning: generic parameter 'Element' shadows generic parameter from outer scope with the same name; this is an error in the Swift 6 language mode
26 | public typealias CanDelete<Element> = (Element) -> Bool
27 | public typealias OnDelete<Element> = (IndexSet) -> Void
/Users/admin/builder/spi-builder-workspace/Sources/List/TablerListConfig.swift:26:32: warning: generic parameter 'Element' shadows generic parameter from outer scope with the same name; this is an error in the Swift 6 language mode
19 | import SwiftUI
20 |
21 | public class TablerListConfig<Element>: TablerConfig<Element>
| `- note: 'Element' previously declared here
22 | where Element: Identifiable
23 | {
24 | public typealias CanMove<Element> = (Element) -> Bool
25 | public typealias OnMove<Element> = (IndexSet, Int) -> Void
26 | public typealias CanDelete<Element> = (Element) -> Bool
| `- warning: generic parameter 'Element' shadows generic parameter from outer scope with the same name; this is an error in the Swift 6 language mode
27 | public typealias OnDelete<Element> = (IndexSet) -> Void
28 |
SwiftCompile normal arm64_32 (in target 'Tabler' from project 'SwiftTabler')
cd /Users/admin/builder/spi-builder-workspace/.swiftpm/xcode
SwiftEmitModule normal arm64 Emitting\ module\ for\ Tabler (in target 'Tabler' from project 'SwiftTabler')
/Users/admin/builder/spi-builder-workspace/Sources/Grid/TablerGridConfig.swift:40:68: error: type 'TablerGridConfigDefaults' has no member 'itemPadding'
38 | public init(gridItems: [GridItem] = [],
39 | alignment: HorizontalAlignment = TablerGridConfigDefaults.alignment,
40 | itemPadding: EdgeInsets = TablerGridConfigDefaults.itemPadding,
| `- error: type 'TablerGridConfigDefaults' has no member 'itemPadding'
41 | headerSpacing: CGFloat = TablerSpacedConfigDefaults.headerSpacing,
42 | footerSpacing: CGFloat = TablerSpacedConfigDefaults.footerSpacing,
/Users/admin/builder/spi-builder-workspace/Sources/Grid/TablerGridConfig.swift:41:69: error: type 'TablerSpacedConfigDefaults' has no member 'headerSpacing'
39 | alignment: HorizontalAlignment = TablerGridConfigDefaults.alignment,
40 | itemPadding: EdgeInsets = TablerGridConfigDefaults.itemPadding,
41 | headerSpacing: CGFloat = TablerSpacedConfigDefaults.headerSpacing,
| `- error: type 'TablerSpacedConfigDefaults' has no member 'headerSpacing'
42 | footerSpacing: CGFloat = TablerSpacedConfigDefaults.footerSpacing,
43 | rowSpacing: CGFloat = TablerSpacedConfigDefaults.rowSpacing,
/Users/admin/builder/spi-builder-workspace/Sources/Grid/TablerGridConfig.swift:42:69: error: type 'TablerSpacedConfigDefaults' has no member 'footerSpacing'
40 | itemPadding: EdgeInsets = TablerGridConfigDefaults.itemPadding,
41 | headerSpacing: CGFloat = TablerSpacedConfigDefaults.headerSpacing,
42 | footerSpacing: CGFloat = TablerSpacedConfigDefaults.footerSpacing,
| `- error: type 'TablerSpacedConfigDefaults' has no member 'footerSpacing'
43 | rowSpacing: CGFloat = TablerSpacedConfigDefaults.rowSpacing,
44 | // headerFixed: Bool = TablerSpacedConfigDefaults.headerFixed,
/Users/admin/builder/spi-builder-workspace/Sources/Grid/TablerGridConfig.swift:48:71: error: type 'TablerSpacedConfigDefaults' has no member 'tablePadding'
46 | filter: Filter? = nil,
47 | onHover: @escaping OnHover = { _, _ in },
48 | tablePadding: EdgeInsets = TablerSpacedConfigDefaults.tablePadding,
| `- error: type 'TablerSpacedConfigDefaults' has no member 'tablePadding'
49 | sortIndicatorForward: AnyView = TablerConfigDefaults.sortIndicatorForward,
50 | sortIndicatorReverse: AnyView = TablerConfigDefaults.sortIndicatorReverse,
/Users/admin/builder/spi-builder-workspace/Sources/Stack/TablerStackConfig.swift:34:68: error: type 'TablerStackConfigDefaults' has no member 'rowPadding'
32 | public let rowPadding: EdgeInsets
33 |
34 | public init(rowPadding: EdgeInsets = TablerStackConfigDefaults.rowPadding,
| `- error: type 'TablerStackConfigDefaults' has no member 'rowPadding'
35 | headerSpacing: CGFloat = TablerSpacedConfigDefaults.headerSpacing,
36 | footerSpacing: CGFloat = TablerSpacedConfigDefaults.footerSpacing,
/Users/admin/builder/spi-builder-workspace/Sources/Stack/TablerStackConfig.swift:35:69: error: type 'TablerSpacedConfigDefaults' has no member 'headerSpacing'
33 |
34 | public init(rowPadding: EdgeInsets = TablerStackConfigDefaults.rowPadding,
35 | headerSpacing: CGFloat = TablerSpacedConfigDefaults.headerSpacing,
| `- error: type 'TablerSpacedConfigDefaults' has no member 'headerSpacing'
36 | footerSpacing: CGFloat = TablerSpacedConfigDefaults.footerSpacing,
37 | rowSpacing: CGFloat = TablerSpacedConfigDefaults.rowSpacing,
/Users/admin/builder/spi-builder-workspace/Sources/Stack/TablerStackConfig.swift:36:69: error: type 'TablerSpacedConfigDefaults' has no member 'footerSpacing'
34 | public init(rowPadding: EdgeInsets = TablerStackConfigDefaults.rowPadding,
35 | headerSpacing: CGFloat = TablerSpacedConfigDefaults.headerSpacing,
36 | footerSpacing: CGFloat = TablerSpacedConfigDefaults.footerSpacing,
| `- error: type 'TablerSpacedConfigDefaults' has no member 'footerSpacing'
37 | rowSpacing: CGFloat = TablerSpacedConfigDefaults.rowSpacing,
38 | // headerFixed: Bool = TablerSpacedConfigDefaults.headerFixed,
/Users/admin/builder/spi-builder-workspace/Sources/Stack/TablerStackConfig.swift:42:71: error: type 'TablerSpacedConfigDefaults' has no member 'tablePadding'
40 | filter: Filter? = nil,
41 | onHover: @escaping OnHover = { _, _ in },
42 | tablePadding: EdgeInsets = TablerSpacedConfigDefaults.tablePadding,
| `- error: type 'TablerSpacedConfigDefaults' has no member 'tablePadding'
43 | sortIndicatorForward: AnyView = TablerConfigDefaults.sortIndicatorForward,
44 | sortIndicatorReverse: AnyView = TablerConfigDefaults.sortIndicatorReverse,
/Users/admin/builder/spi-builder-workspace/Sources/Internal/TablerSpacedConfig.swift:47:69: error: type 'TablerSpacedConfigDefaults' has no member 'headerSpacing'
45 | // public let footerFixed: Bool
46 |
47 | public init(headerSpacing: CGFloat = TablerSpacedConfigDefaults.headerSpacing,
| `- error: type 'TablerSpacedConfigDefaults' has no member 'headerSpacing'
48 | footerSpacing: CGFloat = TablerSpacedConfigDefaults.footerSpacing,
49 | rowSpacing: CGFloat = TablerSpacedConfigDefaults.rowSpacing,
/Users/admin/builder/spi-builder-workspace/Sources/Internal/TablerSpacedConfig.swift:48:69: error: type 'TablerSpacedConfigDefaults' has no member 'footerSpacing'
46 |
47 | public init(headerSpacing: CGFloat = TablerSpacedConfigDefaults.headerSpacing,
48 | footerSpacing: CGFloat = TablerSpacedConfigDefaults.footerSpacing,
| `- error: type 'TablerSpacedConfigDefaults' has no member 'footerSpacing'
49 | rowSpacing: CGFloat = TablerSpacedConfigDefaults.rowSpacing,
50 | // headerFixed: Bool = TablerSpacedConfigDefaults.headerFixed,
/Users/admin/builder/spi-builder-workspace/Sources/List/TablerListConfig.swift:24:30: warning: generic parameter 'Element' shadows generic parameter from outer scope with the same name; this is an error in the Swift 6 language mode
19 | import SwiftUI
20 |
21 | public class TablerListConfig<Element>: TablerConfig<Element>
| `- note: 'Element' previously declared here
22 | where Element: Identifiable
23 | {
24 | public typealias CanMove<Element> = (Element) -> Bool
| `- warning: generic parameter 'Element' shadows generic parameter from outer scope with the same name; this is an error in the Swift 6 language mode
25 | public typealias OnMove<Element> = (IndexSet, Int) -> Void
26 | public typealias CanDelete<Element> = (Element) -> Bool
/Users/admin/builder/spi-builder-workspace/Sources/List/TablerListConfig.swift:25:29: warning: generic parameter 'Element' shadows generic parameter from outer scope with the same name; this is an error in the Swift 6 language mode
19 | import SwiftUI
20 |
21 | public class TablerListConfig<Element>: TablerConfig<Element>
| `- note: 'Element' previously declared here
22 | where Element: Identifiable
23 | {
24 | public typealias CanMove<Element> = (Element) -> Bool
25 | public typealias OnMove<Element> = (IndexSet, Int) -> Void
| `- warning: generic parameter 'Element' shadows generic parameter from outer scope with the same name; this is an error in the Swift 6 language mode
26 | public typealias CanDelete<Element> = (Element) -> Bool
27 | public typealias OnDelete<Element> = (IndexSet) -> Void
/Users/admin/builder/spi-builder-workspace/Sources/List/TablerListConfig.swift:26:32: warning: generic parameter 'Element' shadows generic parameter from outer scope with the same name; this is an error in the Swift 6 language mode
19 | import SwiftUI
20 |
21 | public class TablerListConfig<Element>: TablerConfig<Element>
| `- note: 'Element' previously declared here
22 | where Element: Identifiable
23 | {
24 | public typealias CanMove<Element> = (Element) -> Bool
25 | public typealias OnMove<Element> = (IndexSet, Int) -> Void
26 | public typealias CanDelete<Element> = (Element) -> Bool
| `- warning: generic parameter 'Element' shadows generic parameter from outer scope with the same name; this is an error in the Swift 6 language mode
27 | public typealias OnDelete<Element> = (IndexSet) -> Void
28 |
/Users/admin/builder/spi-builder-workspace/Sources/List/TablerListConfig.swift:27:31: warning: generic parameter 'Element' shadows generic parameter from outer scope with the same name; this is an error in the Swift 6 language mode
19 | import SwiftUI
20 |
21 | public class TablerListConfig<Element>: TablerConfig<Element>
| `- note: 'Element' previously declared here
22 | where Element: Identifiable
23 | {
:
25 | public typealias OnMove<Element> = (IndexSet, Int) -> Void
26 | public typealias CanDelete<Element> = (Element) -> Bool
27 | public typealias OnDelete<Element> = (IndexSet) -> Void
| `- warning: generic parameter 'Element' shadows generic parameter from outer scope with the same name; this is an error in the Swift 6 language mode
28 |
29 | public let canMove: CanMove<Element>
Failed frontend command:
/Applications/Xcode-27.0.0-Release.Candidate.app/Contents/Developer/Toolchains/XcodeDefault.xctoolchain/usr/bin/swift-frontend -frontend -emit-module -experimental-skip-non-inlinable-function-bodies-without-types /Users/admin/builder/spi-builder-workspace/Sources/Generated/TablerGrid+AutoInit.generated.swift /Users/admin/builder/spi-builder-workspace/Sources/Generated/TablerGrid1+AutoInit.generated.swift /Users/admin/builder/spi-builder-workspace/Sources/Generated/TablerGrid1B+AutoInit.generated.swift /Users/admin/builder/spi-builder-workspace/Sources/Generated/TablerGrid1C+AutoInit.generated.swift /Users/admin/builder/spi-builder-workspace/Sources/Generated/TablerGridB+AutoInit.generated.swift /Users/admin/builder/spi-builder-workspace/Sources/Generated/TablerGridC+AutoInit.generated.swift /Users/admin/builder/spi-builder-workspace/Sources/Generated/TablerGridM+AutoInit.generated.swift /Users/admin/builder/spi-builder-workspace/Sources/Generated/TablerGridMB+AutoInit.generated.swift /Users/admin/builder/spi-builder-workspace/Sources/Generated/TablerGridMC+AutoInit.generated.swift /Users/admin/builder/spi-builder-workspace/Sources/Generated/TablerList+AutoInit.generated.swift /Users/admin/builder/spi-builder-workspace/Sources/Generated/TablerList1+AutoInit.generated.swift /Users/admin/builder/spi-builder-workspace/Sources/Generated/TablerList1B+AutoInit.generated.swift /Users/admin/builder/spi-builder-workspace/Sources/Generated/TablerList1C+AutoInit.generated.swift /Users/admin/builder/spi-builder-workspace/Sources/Generated/TablerListB+AutoInit.generated.swift /Users/admin/builder/spi-builder-workspace/Sources/Generated/TablerListC+AutoInit.generated.swift /Users/admin/builder/spi-builder-workspace/Sources/Generated/TablerListM+AutoInit.generated.swift /Users/admin/builder/spi-builder-workspace/Sources/Generated/TablerListMB+AutoInit.generated.swift /Users/admin/builder/spi-builder-workspace/Sources/Generated/TablerListMC+AutoInit.generated.swift /Users/admin/builder/spi-builder-workspace/Sources/Generated/TablerStack+AutoInit.generated.swift /Users/admin/builder/spi-builder-workspace/Sources/Generated/TablerStack1+AutoInit.generated.swift /Users/admin/builder/spi-builder-workspace/Sources/Generated/TablerStack1B+AutoInit.generated.swift /Users/admin/builder/spi-builder-workspace/Sources/Generated/TablerStack1C+AutoInit.generated.swift /Users/admin/builder/spi-builder-workspace/Sources/Generated/TablerStackB+AutoInit.generated.swift /Users/admin/builder/spi-builder-workspace/Sources/Generated/TablerStackC+AutoInit.generated.swift /Users/admin/builder/spi-builder-workspace/Sources/Generated/TablerStackM+AutoInit.generated.swift /Users/admin/builder/spi-builder-workspace/Sources/Generated/TablerStackMB+AutoInit.generated.swift /Users/admin/builder/spi-builder-workspace/Sources/Generated/TablerStackMC+AutoInit.generated.swift /Users/admin/builder/spi-builder-workspace/Sources/Grid/Internal/BaseGrid.swift /Users/admin/builder/spi-builder-workspace/Sources/Grid/Internal/GridItemMod.swift /Users/admin/builder/spi-builder-workspace/Sources/Grid/Internal/GridItemMod1.swift /Users/admin/builder/spi-builder-workspace/Sources/Grid/Internal/GridItemModM.swift /Users/admin/builder/spi-builder-workspace/Sources/Grid/TablerGrid.swift /Users/admin/builder/spi-builder-workspace/Sources/Grid/TablerGrid1.swift /Users/admin/builder/spi-builder-workspace/Sources/Grid/TablerGrid1B.swift /Users/admin/builder/spi-builder-workspace/Sources/Grid/TablerGrid1C.swift /Users/admin/builder/spi-builder-workspace/Sources/Grid/TablerGridB.swift /Users/admin/builder/spi-builder-workspace/Sources/Grid/TablerGridC.swift /Users/admin/builder/spi-builder-workspace/Sources/Grid/TablerGridConfig.swift /Users/admin/builder/spi-builder-workspace/Sources/Grid/TablerGridM.swift /Users/admin/builder/spi-builder-workspace/Sources/Grid/TablerGridMB.swift /Users/admin/builder/spi-builder-workspace/Sources/Grid/TablerGridMC.swift /Users/admin/builder/spi-builder-workspace/Sources/Internal/BaseTable.swift /Users/admin/builder/spi-builder-workspace/Sources/Internal/ObservableHolder.swift /Users/admin/builder/spi-builder-workspace/Sources/Internal/TablerSpacedConfig.swift /Users/admin/builder/spi-builder-workspace/Sources/List/Internal/BaseList.swift /Users/admin/builder/spi-builder-workspace/Sources/List/Internal/BaseList1.swift /Users/admin/builder/spi-builder-workspace/Sources/List/Internal/BaseListM.swift /Users/admin/builder/spi-builder-workspace/Sources/List/Internal/ListRowMod.swift /Users/admin/builder/spi-builder-workspace/Sources/List/TablerList.swift /Users/admin/builder/spi-builder-workspace/Sources/List/TablerList1.swift /Users/admin/builder/spi-builder-workspace/Sources/List/TablerList1B.swift /Users/admin/builder/spi-builder-workspace/Sources/List/TablerList1C.swift /Users/admin/builder/spi-builder-workspace/Sources/List/TablerListB.swift /Users/admin/builder/spi-builder-workspace/Sources/List/TablerListC.swift /Users/admin/builder/spi-builder-workspace/Sources/List/TablerListConfig.swift /Users/admin/builder/spi-builder-workspace/Sources/List/TablerListM.swift /Users/admin/builder/spi-builder-workspace/Sources/List/TablerListMB.swift /Users/admin/builder/spi-builder-workspace/Sources/List/TablerListMC.swift /Users/admin/builder/spi-builder-workspace/Sources/Stack/Internal/BaseStack.swift /Users/admin/builder/spi-builder-workspace/Sources/Stack/Internal/StackRowMod.swift /Users/admin/builder/spi-builder-workspace/Sources/Stack/Internal/StackRowMod1.swift /Users/admin/builder/spi-builder-workspace/Sources/Stack/Internal/StackRowModM.swift /Users/admin/builder/spi-builder-workspace/Sources/Stack/TablerStack.swift /Users/admin/builder/spi-builder-workspace/Sources/Stack/TablerStack1.swift /Users/admin/builder/spi-builder-workspace/Sources/Stack/TablerStack1B.swift /Users/admin/builder/spi-builder-workspace/Sources/Stack/TablerStack1C.swift /Users/admin/builder/spi-builder-workspace/Sources/Stack/TablerStackB.swift /Users/admin/builder/spi-builder-workspace/Sources/Stack/TablerStackC.swift /Users/admin/builder/spi-builder-workspace/Sources/Stack/TablerStackConfig.swift /Users/admin/builder/spi-builder-workspace/Sources/Stack/TablerStackM.swift /Users/admin/builder/spi-builder-workspace/Sources/Stack/TablerStackMB.swift /Users/admin/builder/spi-builder-workspace/Sources/Stack/TablerStackMC.swift /Users/admin/builder/spi-builder-workspace/Sources/TablerConfig.swift /Users/admin/builder/spi-builder-workspace/Sources/TablerContext.swift /Users/admin/builder/spi-builder-workspace/Sources/TablerSort.swift -target arm64-apple-watchos9.0 -disable-cross-import-overlay-search -load-resolved-plugin /Applications/Xcode-27.0.0-Release.Candidate.app/Contents/Developer/Platforms/WatchOS.platform/Developer/usr/lib/swift/host/plugins/libFoundationMacros.dylib\#/Applications/Xcode-27.0.0-Release.Candidate.app/Contents/Developer/Platforms/WatchOS.platform/Developer/usr/bin/swift-plugin-server\#FoundationMacros -load-resolved-plugin /Applications/Xcode-27.0.0-Release.Candidate.app/Contents/Developer/Platforms/WatchOS.platform/Developer/usr/lib/swift/host/plugins/libObservationMacros.dylib\#/Applications/Xcode-27.0.0-Release.Candidate.app/Contents/Developer/Platforms/WatchOS.platform/Developer/usr/bin/swift-plugin-server\#ObservationMacros -load-resolved-plugin /Applications/Xcode-27.0.0-Release.Candidate.app/Contents/Developer/Platforms/WatchOS.platform/Developer/usr/lib/swift/host/plugins/libPreviewsMacros.dylib\#/Applications/Xcode-27.0.0-Release.Candidate.app/Contents/Developer/Platforms/WatchOS.platform/Developer/usr/bin/swift-plugin-server\#PreviewsMacros -load-resolved-plugin /Applications/Xcode-27.0.0-Release.Candidate.app/Contents/Developer/Platforms/WatchOS.platform/Developer/usr/lib/swift/host/plugins/libSwiftMacros.dylib\#/Applications/Xcode-27.0.0-Release.Candidate.app/Contents/Developer/Platforms/WatchOS.platform/Developer/usr/bin/swift-plugin-server\#SwiftMacros -load-resolved-plugin /Applications/Xcode-27.0.0-Release.Candidate.app/Contents/Developer/Platforms/WatchOS.platform/Developer/usr/lib/swift/host/plugins/libSwiftUIMacros.dylib\#/Applications/Xcode-27.0.0-Release.Candidate.app/Contents/Developer/Platforms/WatchOS.platform/Developer/usr/bin/swift-plugin-server\#SwiftUIMacros -disable-implicit-swift-modules -Xcc -fno-implicit-modules -Xcc -fno-implicit-module-maps -explicit-swift-module-map-file /Users/admin/builder/spi-builder-workspace/.derivedData/Build/Intermediates.noindex/SwiftTabler.build/Debug-watchos/Tabler-t.build/Objects-normal/arm64/Tabler-dependencies-2.json -Xllvm -aarch64-use-tbi -enable-objc-interop -stack-check -sdk /Applications/Xcode-27.0.0-Release.Candidate.app/Contents/Developer/Platforms/WatchOS.platform/Developer/SDKs/WatchOS27.0.sdk -I /Users/admin/builder/spi-builder-workspace/.derivedData/Build/Products/Debug-watchos -Isystem /Applications/Xcode-27.0.0-Release.Candidate.app/Contents/Developer/Platforms/WatchOS.platform/Developer/usr/lib -F /Users/admin/builder/spi-builder-workspace/.derivedData/Build/Products/Debug-watchos -F /Applications/Xcode-27.0.0-Release.Candidate.app/Contents/Developer/Platforms/WatchOS.platform/Developer/Library/Frameworks -F /Applications/Xcode-27.0.0-Release.Candidate.app/Contents/Developer/Platforms/WatchOS.platform/Developer/SDKs/WatchOS27.0.sdk/Developer/Library/Frameworks -module-cache-path /Users/admin/builder/spi-builder-workspace/.derivedData/Build/Intermediates.noindex/SwiftExplicitPrecompiledModules -no-color-diagnostics -Xcc -fno-color-diagnostics -enable-testing -g -debug-info-format\=dwarf -dwarf-version\=4 -swift-version 5 -Onone -D SWIFT_PACKAGE -D DEBUG -D SWIFT_MODULE_RESOURCE_BUNDLE_UNAVAILABLE -D Xcode -serialize-debugging-options -enable-experimental-feature DebugDescriptionMacro -empty-abi-descriptor -validate-clang-modules-once -clang-build-session-file /Users/admin/builder/spi-builder-workspace/.derivedData/ModuleCache.noindex/Session.modulevalidation -Xcc -working-directory -Xcc /Users/admin/builder/spi-builder-workspace/.swiftpm/xcode -enable-anonymous-context-mangled-names -file-compilation-dir /Users/admin/builder/spi-builder-workspace/.swiftpm/xcode -Xcc -D_LIBCPP_HARDENING_MODE\=_LIBCPP_HARDENING_MODE_DEBUG -Xcc -ivfsstatcache -Xcc /Users/admin/builder/spi-builder-workspace/.derivedData/SDKStatCaches.noindex/watchos27.0-24R360-e829b21a6f8c9b70876ba0858053c04477534ef55a1706bf4c1112bbb242f0a2.sdkstatcache -Xcc -fmodules-prune-interval\=86400 -Xcc -fmodules-prune-after\=345600 -Xcc -I/Users/admin/builder/spi-builder-workspace/.derivedData/Build/Products/Debug-watchos/include -Xcc -I/Users/admin/builder/spi-builder-workspace/.derivedData/Build/Intermediates.noindex/SwiftTabler.build/Debug-watchos/Tabler-t.build/DerivedSources-normal/arm64 -Xcc -I/Users/admin/builder/spi-builder-workspace/.derivedData/Build/Intermediates.noindex/SwiftTabler.build/Debug-watchos/Tabler-t.build/DerivedSources/arm64 -Xcc -I/Users/admin/builder/spi-builder-workspace/.derivedData/Build/Intermediates.noindex/SwiftTabler.build/Debug-watchos/Tabler-t.build/DerivedSources -Xcc -DSWIFT_PACKAGE -Xcc -DDEBUG\=1 -no-auto-bridging-header-chaining -module-name Tabler -const-gather-protocols-file /Users/admin/builder/spi-builder-workspace/.derivedData/Build/Intermediates.noindex/SwiftTabler.build/Debug-watchos/Tabler-t.build/Objects-normal/arm64/Tabler_const_extract_protocols.json -disable-clang-spi -clang-target arm64-apple-watchos27.0 -target-sdk-version 27.0 -target-sdk-name watchos27.0 -in-process-plugin-server-path /Applications/Xcode-27.0.0-Release.Candidate.app/Contents/Developer/Toolchains/XcodeDefault.xctoolchain/usr/lib/swift/host/libSwiftInProcPluginServer.dylib -emit-module-doc-path /Users/admin/builder/spi-builder-workspace/.derivedData/Build/Intermediates.noindex/SwiftTabler.build/Debug-watchos/Tabler-t.build/Objects-normal/arm64/Tabler.swiftdoc -emit-module-source-info-path /Users/admin/builder/spi-builder-workspace/.derivedData/Build/Intermediates.noindex/SwiftTabler.build/Debug-watchos/Tabler-t.build/Objects-normal/arm64/Tabler.swiftsourceinfo -emit-objc-header-path /Users/admin/builder/spi-builder-workspace/.derivedData/Build/Intermediates.noindex/SwiftTabler.build/Debug-watchos/Tabler-t.build/Objects-normal/arm64/Tabler-Swift.h -serialize-diagnostics-path /Users/admin/builder/spi-builder-workspace/.derivedData/Build/Intermediates.noindex/SwiftTabler.build/Debug-watchos/Tabler-t.build/Objects-normal/arm64/Tabler-primary-emit-module.dia -emit-dependencies-path /Users/admin/builder/spi-builder-workspace/.derivedData/Build/Intermediates.noindex/SwiftTabler.build/Debug-watchos/Tabler-t.build/Objects-normal/arm64/Tabler-primary-emit-module.d -parse-as-library -o /Users/admin/builder/spi-builder-workspace/.derivedData/Build/Intermediates.noindex/SwiftTabler.build/Debug-watchos/Tabler-t.build/Objects-normal/arm64/Tabler.swiftmodule -emit-abi-descriptor-path /Users/admin/builder/spi-builder-workspace/.derivedData/Build/Intermediates.noindex/SwiftTabler.build/Debug-watchos/Tabler-t.build/Objects-normal/arm64/Tabler.abi.json
SwiftCompile normal arm64 (in target 'Tabler' from project 'SwiftTabler')
cd /Users/admin/builder/spi-builder-workspace/.swiftpm/xcode
SwiftCompile normal arm64_32 Compiling\ TablerGridMC.swift,\ BaseTable.swift,\ ObservableHolder.swift,\ TablerSpacedConfig.swift,\ BaseList.swift,\ BaseList1.swift,\ BaseListM.swift /Users/admin/builder/spi-builder-workspace/Sources/Grid/TablerGridMC.swift /Users/admin/builder/spi-builder-workspace/Sources/Internal/BaseTable.swift /Users/admin/builder/spi-builder-workspace/Sources/Internal/ObservableHolder.swift /Users/admin/builder/spi-builder-workspace/Sources/Internal/TablerSpacedConfig.swift /Users/admin/builder/spi-builder-workspace/Sources/List/Internal/BaseList.swift /Users/admin/builder/spi-builder-workspace/Sources/List/Internal/BaseList1.swift /Users/admin/builder/spi-builder-workspace/Sources/List/Internal/BaseListM.swift (in target 'Tabler' from project 'SwiftTabler')
SwiftCompile normal arm64_32 /Users/admin/builder/spi-builder-workspace/Sources/Grid/TablerGridMC.swift (in target 'Tabler' from project 'SwiftTabler')
cd /Users/admin/builder/spi-builder-workspace/.swiftpm/xcode
builtin-SwiftPerFileCompile TablerGridMC.swift
SwiftCompile normal arm64_32 /Users/admin/builder/spi-builder-workspace/Sources/Internal/BaseTable.swift (in target 'Tabler' from project 'SwiftTabler')
cd /Users/admin/builder/spi-builder-workspace/.swiftpm/xcode
builtin-SwiftPerFileCompile BaseTable.swift
SwiftCompile normal arm64_32 /Users/admin/builder/spi-builder-workspace/Sources/Internal/ObservableHolder.swift (in target 'Tabler' from project 'SwiftTabler')
cd /Users/admin/builder/spi-builder-workspace/.swiftpm/xcode
builtin-SwiftPerFileCompile ObservableHolder.swift
SwiftCompile normal arm64_32 /Users/admin/builder/spi-builder-workspace/Sources/Internal/TablerSpacedConfig.swift (in target 'Tabler' from project 'SwiftTabler')
cd /Users/admin/builder/spi-builder-workspace/.swiftpm/xcode
builtin-SwiftPerFileCompile TablerSpacedConfig.swift
SwiftCompile normal arm64_32 /Users/admin/builder/spi-builder-workspace/Sources/List/Internal/BaseList.swift (in target 'Tabler' from project 'SwiftTabler')
cd /Users/admin/builder/spi-builder-workspace/.swiftpm/xcode
builtin-SwiftPerFileCompile BaseList.swift
SwiftCompile normal arm64_32 /Users/admin/builder/spi-builder-workspace/Sources/List/Internal/BaseList1.swift (in target 'Tabler' from project 'SwiftTabler')
cd /Users/admin/builder/spi-builder-workspace/.swiftpm/xcode
builtin-SwiftPerFileCompile BaseList1.swift
SwiftCompile normal arm64_32 /Users/admin/builder/spi-builder-workspace/Sources/List/Internal/BaseListM.swift (in target 'Tabler' from project 'SwiftTabler')
cd /Users/admin/builder/spi-builder-workspace/.swiftpm/xcode
builtin-SwiftPerFileCompile BaseListM.swift
PruneExplicitPrecompiledModules /Users/admin/builder/spi-builder-workspace/.derivedData/Build/Intermediates.noindex/ExplicitPrecompiledModules
PruneExplicitPrecompiledModules /Users/admin/builder/spi-builder-workspace/.derivedData/Build/Intermediates.noindex/SwiftExplicitPrecompiledModules
PruneExplicitPrecompiledModules /Users/admin/builder/spi-builder-workspace/.derivedData/SDKExplicitPrecompiledModules
2026-09-19 00:38:46.510 xcodebuild[845:4858] [MT] IDERunDestination: Supported platforms for the buildables in the current scheme is empty.
** BUILD FAILED **
The following build commands failed:
SwiftEmitModule normal arm64 Emitting\ module\ for\ Tabler (in target 'Tabler' from project 'SwiftTabler')
SwiftCompile normal arm64 (in target 'Tabler' from project 'SwiftTabler')
Building workspace SwiftTabler with scheme SwiftTabler
(3 failures)
BUILD FAILURE 6.4 watchOS