Build Information
Failed to build LNPopupController, reference master (2e20c7), with Swift 6.3 for macOS (SPM) on 27 Oct 2026 13:23:36 UTC.
Build Command
env DEVELOPER_DIR=/Applications/Xcode-26.5.0.app xcrun swift build --arch arm64Build Log
========================================
RunAll
========================================
Builder version: 5.1.3
Interrupt handler set up.
========================================
Checkout
========================================
Clone URL: https://github.com/LeoNatan/LNPopupController.git
Reference: master
Initialized empty Git repository in /Users/admin/builder/spi-builder-workspace/.git/
From https://github.com/LeoNatan/LNPopupController
* branch master -> FETCH_HEAD
* [new branch] master -> origin/master
HEAD is now at 2e20c7e Update copyright
Submodule path 'LNPopupSettings': checked out '03dcbc4cad34d2580b46f06348ba3358862647d6'
Submodule 'LNPopupSettings' (https://LeoNatan@github.com/LeoNatan/LNPopupSettings.git) registered for path 'LNPopupSettings'
Cloning into '/Users/admin/builder/spi-builder-workspace/LNPopupSettings'...
Cloned https://github.com/LeoNatan/LNPopupController.git
Revision (git rev-parse @):
2e20c7e1bc8990d58d81c74b8a17df9b5b433a1a
SUCCESS checkout https://github.com/LeoNatan/LNPopupController.git at master
========================================
Build
========================================
Selected platform: macosSpm
Swift version: 6.3
Building package at path: $PWD
https://github.com/LeoNatan/LNPopupController.git
Running build ...
env DEVELOPER_DIR=/Applications/Xcode-26.5.0.app xcrun swift build --arch arm64
Building for debugging...
In file included from /Users/admin/builder/spi-builder-workspace/LNPopupController/LNPopupController/Private/LNPopupCloseButton.mm:9:
/Users/admin/builder/spi-builder-workspace/LNPopupController/LNPopupController/Private/LNPopupControllerImpl.h:9:9: fatal error: 'UIKit/UIKit.h' file not found
9 | #import <UIKit/UIKit.h>
| ^~~~~~~~~~~~~~~
1 error generated.
[0/58] Compiling LNPopupCloseButton.mm
In file included from /Users/admin/builder/spi-builder-workspace/LNPopupController/LNPopupController/Private/Appearance/LNPopupBarAppearance.mm:9:
In file included from /Users/admin/builder/spi-builder-workspace/LNPopupController/LNPopupController/Private/Appearance/LNPopupBarAppearance+Private.h:9:
/Users/admin/builder/spi-builder-workspace/LNPopupController/include/LNPopupController/LNPopupBarAppearance.h:9:9: fatal error: 'UIKit/UIKit.h' file not found
9 | #import <UIKit/UIKit.h>
| ^~~~~~~~~~~~~~~
1 error generated.
In file included from /Users/admin/builder/spi-builder-workspace/LNPopupController/LNPopupController/Private/LNPopupContentView.mm:9:
/Users/admin/builder/spi-builder-workspace/LNPopupController/LNPopupController/Private/LNPopupControllerImpl.h:9:9: fatal error: 'UIKit/UIKit.h' file not found
9 | #import <UIKit/UIKit.h>
| ^~~~~~~~~~~~~~~
1 error generated.
[0/58] Compiling LNPopupContentView.mm
In file included from /Users/admin/builder/spi-builder-workspace/LNPopupController/LNPopupController/Private/LNPopupBarExtras.mm:9:
In file included from /Users/admin/builder/spi-builder-workspace/LNPopupController/LNPopupController/Private/LNPopupBar+Private.h:9:
/Users/admin/builder/spi-builder-workspace/LNPopupController/include/LNPopupController/LNPopupBar.h:9:9: fatal error: 'UIKit/UIKit.h' file not found
9 | #import <UIKit/UIKit.h>
| ^~~~~~~~~~~~~~~
1 error generated.
[0/58] Compiling LNPopupBarExtras.mm
[0/58] Compiling LNPopupBarAppearance.mm
In file included from /Users/admin/builder/spi-builder-workspace/LNPopupController/LNPopupController/Private/Appearance/_LNPopupUIBarAppearanceProxy.mm:12:
/Users/admin/builder/spi-builder-workspace/LNPopupController/LNPopupController/Private/Utils/_LNPopupGlassUtils.h:9:9: fatal error: 'UIKit/UIKit.h' file not found
9 | #import <UIKit/UIKit.h>
| ^~~~~~~~~~~~~~~
1 error generated.
[0/58] Compiling _LNPopupUIBarAppearanceProxy.mm
In file included from /Users/admin/builder/spi-builder-workspace/LNPopupController/LNPopupController/Private/GestureRecognizers/LNPopupLongPressGestureRecognizer.m:9:
/Users/admin/builder/spi-builder-workspace/LNPopupController/LNPopupController/Private/GestureRecognizers/LNPopupLongPressGestureRecognizer.h:9:9: fatal error: 'UIKit/UIKit.h' file not found
9 | #import <UIKit/UIKit.h>
| ^~~~~~~~~~~~~~~
[0/58] Compiling LNPopupLongPressGestureRecognizer.m
In file included from /Users/admin/builder/spi-builder-workspace/LNPopupController/LNPopupController/Private/LNPopupBar.mm:9:
In file included from /Users/admin/builder/spi-builder-workspace/LNPopupController/LNPopupController/Private/LNPopupBar+Private.h:9:
/Users/admin/builder/spi-builder-workspace/LNPopupController/include/LNPopupController/LNPopupBar.h:9:9: fatal error: 'UIKit/UIKit.h' file not found
9 | #import <UIKit/UIKit.h>
| ^~~~~~~~~~~~~~~
1 error generated.
[0/58] Compiling LNPopupBar.mm
In file included from /Users/admin/builder/spi-builder-workspace/LNPopupController/LNPopupController/Private/GestureRecognizers/LNPopupInteractionPanGestureRecognizer.m:9:
/Users/admin/builder/spi-builder-workspace/LNPopupController/LNPopupController/Private/GestureRecognizers/LNPopupInteractionPanGestureRecognizer.h:9:9: fatal error: 'UIKit/UIKit.h' file not found
9 | #import <UIKit/UIKit.h>
| ^~~~~~~~~~~~~~~
[0/58] Compiling LNPopupInteractionPanGestureRecognizer.m
In file included from /Users/admin/builder/spi-builder-workspace/LNPopupController/LNPopupController/Private/GestureRecognizers/LNPopupOpenTapGestureRecognizer.m:9:
/Users/admin/builder/spi-builder-workspace/LNPopupController/LNPopupController/Private/GestureRecognizers/LNPopupOpenTapGestureRecognizer.h:9:9: fatal error: 'UIKit/UIKit.h' file not found
9 | #import <UIKit/UIKit.h>
| ^~~~~~~~~~~~~~~
[0/58] Compiling LNPopupOpenTapGestureRecognizer.m
In file included from /Users/admin/builder/spi-builder-workspace/LNPopupController/LNPopupController/Private/Appearance/LNPopupBarAppearanceChainProxy.m:9:
/Users/admin/builder/spi-builder-workspace/LNPopupController/LNPopupController/Private/Appearance/LNPopupBarAppearanceChainProxy.h:9:9: fatal error: 'UIKit/UIKit.h' file not found
9 | #import <UIKit/UIKit.h>
| ^~~~~~~~~~~~~~~
[0/58] Compiling LNPopupBarAppearanceChainProxy.m
Fetching https://github.com/LeoNatan/LNSystemMarqueeLabel
[1/22] Fetching lnsystemmarqueelabel
Fetched https://github.com/LeoNatan/LNSystemMarqueeLabel from cache (0.67s)
Computing version for https://github.com/LeoNatan/LNSystemMarqueeLabel
Computed https://github.com/LeoNatan/LNSystemMarqueeLabel at 0.1.2 (1.28s)
Creating working copy for https://github.com/LeoNatan/LNSystemMarqueeLabel
Working copy of https://github.com/LeoNatan/LNSystemMarqueeLabel resolved at 0.1.2
BUILD FAILURE 6.3 macosSpm