The Swift Package Index logo.Swift Package Index

Build Information

Failed to build Moya-ModelMapper, reference 10.0.0 (3f0b7d), with Swift 6.4 for Linux on 16 Sep 2026 12:32:33 UTC.

Build Command

bash -c docker run --pull=always --rm -v "checkouts-54344843-0":/host -w "$PWD" -e JAVA_HOME="/root/.sdkman/candidates/java/current" -e SPI_BUILD="1" -e SPI_PROCESSING="1" registry.gitlab.com/saguaro1/spi-images:basic-6.4-latest swift build --triple x86_64-unknown-linux-gnu 2>&1

Build Log

========================================
RunAll
========================================
Builder version: 5.1.0
Interrupt handler set up.
========================================
Checkout
========================================
Clone URL: https://github.com/sunshinejr/Moya-ModelMapper.git
Reference: 10.0.0
Initialized empty Git repository in /host/spi-builder-workspace/.git/
hint: Using 'master' as the name for the initial branch. This default branch name
hint: is subject to change. To configure the initial branch name to use in all
hint: of your new repositories, which will suppress this warning, call:
hint:
hint: 	git config --global init.defaultBranch <name>
hint:
hint: Names commonly chosen instead of 'master' are 'main', 'trunk' and
hint: 'development'. The just-created branch can be renamed via this command:
hint:
hint: 	git branch -m <name>
From https://github.com/sunshinejr/Moya-ModelMapper
 * tag               10.0.0     -> FETCH_HEAD
HEAD is now at 3f0b7d9 Loosen the requirements for Moya version in Podspec (to ~> 14.0)
Cloned https://github.com/sunshinejr/Moya-ModelMapper.git
Revision (git rev-parse @):
3f0b7d953bedd2c61570bec7110fb30b720f028b
SUCCESS checkout https://github.com/sunshinejr/Moya-ModelMapper.git at 10.0.0
========================================
Build
========================================
Selected platform:         linux
Swift version:             6.4
Building package at path:  $PWD
https://github.com/sunshinejr/Moya-ModelMapper.git
Running build ...
bash -c docker run --pull=always --rm -v "checkouts-54344843-0":/host -w "$PWD" -e JAVA_HOME="/root/.sdkman/candidates/java/current" -e SPI_BUILD="1" -e SPI_PROCESSING="1" registry.gitlab.com/saguaro1/spi-images:basic-6.4-latest swift build --triple x86_64-unknown-linux-gnu 2>&1
basic-6.4-latest: Pulling from saguaro1/spi-images
Digest: sha256:c77fcce225e223ac0fafed844619173fc6de8d62dd560eeb28db3182af6a282b
Status: Image is up to date for registry.gitlab.com/saguaro1/spi-images:basic-6.4-latest
Fetching https://github.com/Moya/Moya.git
Fetching https://github.com/lyft/mapper.git
[1/25315] Fetching moya
[255/26853] Fetching moya, mapper
Fetched https://github.com/lyft/mapper.git (1.32s)
Fetched https://github.com/Moya/Moya.git (1.34s)
Computing version for https://github.com/lyft/mapper.git
Computed https://github.com/lyft/mapper.git at 10.0.1 (1.54s)
Computing version for https://github.com/Moya/Moya.git
Computed https://github.com/Moya/Moya.git at 14.0.1 (0.22s)
Fetching https://github.com/Quick/Quick.git
Fetching https://github.com/Moya/ReactiveSwift.git
Fetching https://github.com/ReactiveX/RxSwift.git
Fetching https://github.com/shibapm/Rocket
Fetching https://github.com/Quick/Nimble.git
Fetching https://github.com/AliSoftware/OHHTTPStubs.git
[1/7900] Fetching ohhttpstubs
[870/53763] Fetching ohhttpstubs, reactiveswift
[1819/108291] Fetching ohhttpstubs, reactiveswift, rxswift
[2357/109677] Fetching ohhttpstubs, reactiveswift, rxswift, rocket
Fetched https://github.com/AliSoftware/OHHTTPStubs.git (0.61s)
Fetching https://github.com/Alamofire/Alamofire.git
[21577/101777] Fetching reactiveswift, rxswift, rocket
[25594/121763] Fetching reactiveswift, rxswift, rocket, nimble
[41633/136688] Fetching reactiveswift, rxswift, rocket, nimble, quick
Fetched https://github.com/Quick/Quick.git (1.26s)
Fetched https://github.com/shibapm/Rocket (1.26s)
Fetched https://github.com/Quick/Nimble.git (1.28s)
[57234/100391] Fetching reactiveswift, rxswift
[57235/133285] Fetching reactiveswift, rxswift, alamofire
Fetched https://github.com/Moya/ReactiveSwift.git (3.81s)
Fetched https://github.com/ReactiveX/RxSwift.git (3.88s)
Fetched https://github.com/Alamofire/Alamofire.git (4.45s)
Computing version for https://github.com/Moya/ReactiveSwift.git
Computed https://github.com/Moya/ReactiveSwift.git at 6.1.0 (6.20s)
Computing version for https://github.com/AliSoftware/OHHTTPStubs.git
Computed https://github.com/AliSoftware/OHHTTPStubs.git at 9.1.0 (1.02s)
Computing version for https://github.com/Quick/Quick.git
Computed https://github.com/Quick/Quick.git at 2.2.1 (0.49s)
Computing version for https://github.com/shibapm/Rocket
Computed https://github.com/shibapm/Rocket at 1.3.0 (0.42s)
Fetching https://github.com/kareman/SwiftShell
Fetching https://github.com/jpsim/Yams
Fetching https://github.com/shibapm/Logger
Fetching https://github.com/shibapm/PackageConfig.git
[1/580] Fetching packageconfig
[581/12441] Fetching packageconfig, yams
[582/17332] Fetching packageconfig, yams, swiftshell
[9027/17448] Fetching packageconfig, yams, swiftshell, logger
Fetched https://github.com/shibapm/PackageConfig.git (0.97s)
Fetched https://github.com/shibapm/Logger (0.97s)
[8543/16752] Fetching yams, swiftshell
Fetched https://github.com/kareman/SwiftShell (1.32s)
Fetched https://github.com/jpsim/Yams (1.34s)
Computing version for https://github.com/kareman/SwiftShell
Computed https://github.com/kareman/SwiftShell at 5.1.1 (1.53s)
Computing version for https://github.com/shibapm/Logger
Computed https://github.com/shibapm/Logger at 0.2.3 (1.08s)
Computing version for https://github.com/ReactiveX/RxSwift.git
Computed https://github.com/ReactiveX/RxSwift.git at 5.1.3 (0.21s)
Computing version for https://github.com/shibapm/PackageConfig.git
Computed https://github.com/shibapm/PackageConfig.git at 1.1.3 (0.20s)
Computing version for https://github.com/Quick/Nimble.git
Computed https://github.com/Quick/Nimble.git at 8.1.2 (0.21s)
Computing version for https://github.com/jpsim/Yams
Computed https://github.com/jpsim/Yams at 5.4.0 (0.19s)
Computing version for https://github.com/Alamofire/Alamofire.git
Computed https://github.com/Alamofire/Alamofire.git at 5.12.2 (0.18s)
Creating working copy for https://github.com/ReactiveX/RxSwift.git
Working copy of https://github.com/ReactiveX/RxSwift.git resolved at 5.1.3
Creating working copy for https://github.com/lyft/mapper.git
Working copy of https://github.com/lyft/mapper.git resolved at 10.0.1
Creating working copy for https://github.com/Quick/Nimble.git
Working copy of https://github.com/Quick/Nimble.git resolved at 8.1.2
Creating working copy for https://github.com/Alamofire/Alamofire.git
Working copy of https://github.com/Alamofire/Alamofire.git resolved at 5.12.2
Creating working copy for https://github.com/kareman/SwiftShell
Working copy of https://github.com/kareman/SwiftShell resolved at 5.1.1
Creating working copy for https://github.com/Moya/Moya.git
Working copy of https://github.com/Moya/Moya.git resolved at 14.0.1
Creating working copy for https://github.com/shibapm/Logger
Working copy of https://github.com/shibapm/Logger resolved at 0.2.3
Creating working copy for https://github.com/shibapm/Rocket
Working copy of https://github.com/shibapm/Rocket resolved at 1.3.0
Creating working copy for https://github.com/shibapm/PackageConfig.git
Working copy of https://github.com/shibapm/PackageConfig.git resolved at 1.1.3
Creating working copy for https://github.com/Moya/ReactiveSwift.git
Working copy of https://github.com/Moya/ReactiveSwift.git resolved at 6.1.0
Creating working copy for https://github.com/Quick/Quick.git
Working copy of https://github.com/Quick/Quick.git resolved at 2.2.1
Creating working copy for https://github.com/AliSoftware/OHHTTPStubs.git
Working copy of https://github.com/AliSoftware/OHHTTPStubs.git resolved at 9.1.0
Creating working copy for https://github.com/jpsim/Yams
Working copy of https://github.com/jpsim/Yams resolved at 5.4.0
Building for debugging...
[Computing dependencies]
[Constructing description]
[Pre-planning 1 / 421]
[Planning deferred tasks]
[14 / 153] RxSwift
[90 / 166] Mapper
[92 / 184] Alamofire
[93 / 193] RxSwift
error: SwiftCompile normal x86_64 failed with a nonzero exit code. Command line:     cd /host

[93 / 193] ReactiveSwift
/host/spi-builder-workspace/.build/checkouts/ReactiveSwift/Sources/FoundationExtensions.swift:47:1: error: non-nominal type 'URLSession' (aka 'AnyObject') cannot be extended [#]8;;https://docs.swift.org/compiler/documentation/diagnostics/nominal-types\NominalTypes]8;;\]
 45 |                                           userInfo: nil)
 46 |
 47 | extension URLSession: ReactiveExtensionsProvider {}
    | `- error: non-nominal type 'URLSession' (aka 'AnyObject') cannot be extended [#]8;;https://docs.swift.org/compiler/documentation/diagnostics/nominal-types\NominalTypes]8;;\]
 48 |
 49 | extension Reactive where Base: URLSession {
/host/spi-builder-workspace/.build/checkouts/ReactiveSwift/Sources/FoundationExtensions.swift:63:33: error: cannot find type 'URLRequest' in scope
 61 | 	///         side error (i.e. when a response with status code other than
 62 | 	///         200...299 is received).
 63 | 	public func data(with request: URLRequest) -> SignalProducer<(Data, URLResponse), Error> {
    |                                 `- error: cannot find type 'URLRequest' in scope
 64 | 		return SignalProducer { [base = self.base] observer, lifetime in
 65 | 			let task = base.dataTask(with: request) { data, response, error in
/host/spi-builder-workspace/.build/checkouts/ReactiveSwift/Sources/FoundationExtensions.swift:63:70: error: 'URLResponse' is unavailable: This type has moved to the FoundationNetworking module. Import that module to use it.
 61 | 	///         side error (i.e. when a response with status code other than
 62 | 	///         200...299 is received).
 63 | 	public func data(with request: URLRequest) -> SignalProducer<(Data, URLResponse), Error> {
    |                                                                      `- error: 'URLResponse' is unavailable: This type has moved to the FoundationNetworking module. Import that module to use it.
 64 | 		return SignalProducer { [base = self.base] observer, lifetime in
 65 | 			let task = base.dataTask(with: request) { data, response, error in
Foundation.URLResponse:2:18: note: 'URLResponse' has been explicitly marked unavailable here
1 | @available(*, unavailable, message: "This type has moved to the FoundationNetworking module. Import that module to use it.")
2 | public typealias URLResponse = AnyObject
  |                  `- note: 'URLResponse' has been explicitly marked unavailable here
/host/spi-builder-workspace/.build/checkouts/ReactiveSwift/Sources/FoundationExtensions.swift:49:32: error: 'URLSession' is unavailable: This type has moved to the FoundationNetworking module. Import that module to use it.
 47 | extension URLSession: ReactiveExtensionsProvider {}
 48 |
 49 | extension Reactive where Base: URLSession {
    |                                `- error: 'URLSession' is unavailable: This type has moved to the FoundationNetworking module. Import that module to use it.
 50 | 	/// Returns a SignalProducer which performs the work associated with an
 51 | 	/// `NSURLSession`
Foundation.URLSession:2:18: note: 'URLSession' has been explicitly marked unavailable here
1 | @available(*, unavailable, message: "This type has moved to the FoundationNetworking module. Import that module to use it.")
2 | public typealias URLSession = AnyObject
  |                  `- note: 'URLSession' has been explicitly marked unavailable here
[#NominalTypes]: <https://docs.swift.org/compiler/documentation/diagnostics/nominal-types>
Failed frontend command:
/usr/bin/swift-frontend -frontend -emit-module -experimental-skip-non-inlinable-function-bodies-without-types /host/spi-builder-workspace/.build/checkouts/ReactiveSwift/Sources/Action.swift /host/spi-builder-workspace/.build/checkouts/ReactiveSwift/Sources/Atomic.swift /host/spi-builder-workspace/.build/checkouts/ReactiveSwift/Sources/Bag.swift /host/spi-builder-workspace/.build/checkouts/ReactiveSwift/Sources/Deprecations+Removals.swift /host/spi-builder-workspace/.build/checkouts/ReactiveSwift/Sources/Disposable.swift /host/spi-builder-workspace/.build/checkouts/ReactiveSwift/Sources/Event.swift /host/spi-builder-workspace/.build/checkouts/ReactiveSwift/Sources/EventLogger.swift /host/spi-builder-workspace/.build/checkouts/ReactiveSwift/Sources/Flatten.swift /host/spi-builder-workspace/.build/checkouts/ReactiveSwift/Sources/FoundationExtensions.swift /host/spi-builder-workspace/.build/checkouts/ReactiveSwift/Sources/Lifetime.swift /host/spi-builder-workspace/.build/checkouts/ReactiveSwift/Sources/Observer.swift /host/spi-builder-workspace/.build/checkouts/ReactiveSwift/Sources/Optional.swift /host/spi-builder-workspace/.build/checkouts/ReactiveSwift/Sources/Property.swift /host/spi-builder-workspace/.build/checkouts/ReactiveSwift/Sources/Reactive.swift /host/spi-builder-workspace/.build/checkouts/ReactiveSwift/Sources/ResultExtensions.swift /host/spi-builder-workspace/.build/checkouts/ReactiveSwift/Sources/Scheduler.swift /host/spi-builder-workspace/.build/checkouts/ReactiveSwift/Sources/Signal.swift /host/spi-builder-workspace/.build/checkouts/ReactiveSwift/Sources/SignalProducer.swift /host/spi-builder-workspace/.build/checkouts/ReactiveSwift/Sources/UnidirectionalBinding.swift /host/spi-builder-workspace/.build/checkouts/ReactiveSwift/Sources/UninhabitedTypeGuards.swift /host/spi-builder-workspace/.build/checkouts/ReactiveSwift/Sources/ValidatingProperty.swift -target x86_64-unknown-linux-gnu -disable-objc-interop -I /host/spi-builder-workspace/.build/out/Products/Debug-linux-x86_64 -module-cache-path /host/spi-builder-workspace/.build/out/ModuleCache.noindex -color-diagnostics -Xcc -fcolor-diagnostics -enable-testing -g -debug-info-format\=dwarf -dwarf-version\=4 -suppress-warnings -swift-version 5 -Onone -D SWIFT_PACKAGE -D DEBUG -D SWIFT_MODULE_RESOURCE_BUNDLE_UNAVAILABLE -D Xcode -serialize-debugging-options -enable-experimental-feature DebugDescriptionMacro -empty-abi-descriptor -external-plugin-path /usr/lib/swift/host/plugins/testing\#/usr/bin/swift-plugin-server -validate-clang-modules-once -clang-build-session-file /host/spi-builder-workspace/.build/out/ModuleCache.noindex/Session.modulevalidation -Xcc -working-directory -Xcc /host -enable-anonymous-context-mangled-names -file-compilation-dir /host -Xcc -fno-omit-frame-pointer -Xcc -D_LIBCPP_HARDENING_MODE\=_LIBCPP_HARDENING_MODE_DEBUG -Xcc -fmodules-prune-interval\=86400 -Xcc -fmodules-prune-after\=345600 -Xcc -I/host/spi-builder-workspace/.build/out/Products/Debug-linux-x86_64/include -Xcc -I/host/spi-builder-workspace/.build/out/Intermediates.noindex/ReactiveSwift.build/Debug-linux-x86_64/ReactiveSwift-t.build/DerivedSources-normal/x86_64 -Xcc -I/host/spi-builder-workspace/.build/out/Intermediates.noindex/ReactiveSwift.build/Debug-linux-x86_64/ReactiveSwift-t.build/DerivedSources/x86_64 -Xcc -I/host/spi-builder-workspace/.build/out/Intermediates.noindex/ReactiveSwift.build/Debug-linux-x86_64/ReactiveSwift-t.build/DerivedSources -Xcc -DSWIFT_PACKAGE -Xcc -DDEBUG\=1 -no-auto-bridging-header-chaining -module-name ReactiveSwift -const-gather-protocols-file /host/spi-builder-workspace/.build/out/Intermediates.noindex/ReactiveSwift.build/Debug-linux-x86_64/ReactiveSwift-t.build/Objects-normal/x86_64/ReactiveSwift_const_extract_protocols.json -in-process-plugin-server-path /usr/lib/swift/host/libSwiftInProcPluginServer.so -plugin-path /usr/lib/swift/host/plugins -plugin-path /usr/local/lib/swift/host/plugins -emit-module-doc-path /host/spi-builder-workspace/.build/out/Intermediates.noindex/ReactiveSwift.build/Debug-linux-x86_64/ReactiveSwift-t.build/Objects-normal/x86_64/Modules/ReactiveSwift.swiftdoc -emit-module-source-info-path /host/spi-builder-workspace/.build/out/Intermediates.noindex/ReactiveSwift.build/Debug-linux-x86_64/ReactiveSwift-t.build/Objects-normal/x86_64/Modules/ReactiveSwift.swiftsourceinfo -emit-objc-header-path /host/spi-builder-workspace/.build/out/Intermediates.noindex/ReactiveSwift.build/Debug-linux-x86_64/ReactiveSwift-t.build/Objects-normal/x86_64/ReactiveSwift-Swift.h -serialize-diagnostics-path /host/spi-builder-workspace/.build/out/Intermediates.noindex/ReactiveSwift.build/Debug-linux-x86_64/ReactiveSwift-t.build/Objects-normal/x86_64/ReactiveSwift-primary-emit-module.dia -emit-dependencies-path /host/spi-builder-workspace/.build/out/Intermediates.noindex/ReactiveSwift.build/Debug-linux-x86_64/ReactiveSwift-t.build/Objects-normal/x86_64/ReactiveSwift-primary-emit-module.d -parse-as-library -o /host/spi-builder-workspace/.build/out/Intermediates.noindex/ReactiveSwift.build/Debug-linux-x86_64/ReactiveSwift-t.build/Objects-normal/x86_64/Modules/ReactiveSwift.swiftmodule
error: Build failed
BUILD FAILURE 6.4 linux