Build Information
Failed to build AmplifyUIAuthenticator, reference main (e7faae), with Swift 6.1 for Wasm on 5 Jul 2026 14:06:12 UTC.
Build Command
bash -c docker run --pull=always --rm -v "checkouts-53886770-0":/host -w "$PWD" -e JAVA_HOME="/root/.sdkman/candidates/java/current" -e SPI_BUILD="1" -e SPI_PROCESSING="1" registry.gitlab.com/saguaro1/spi-images:wasm-6.1-latest swift build --swift-sdk wasm32-unknown-wasi 2>&1Build Log
========================================
RunAll
========================================
Builder version: 0e64495ecc1688c3b3e031a5ef1348b5c05091ae
Interrupt handler set up.
========================================
Checkout
========================================
Clone URL: https://github.com/aws-amplify/amplify-ui-swift-authenticator.git
Reference: main
Initialized empty Git repository in /host/spi-builder-workspace/.git/
hint: Using 'master' as the name for the initial branch. This default branch name
hint: is subject to change. To configure the initial branch name to use in all
hint: of your new repositories, which will suppress this warning, call:
hint:
hint: git config --global init.defaultBranch <name>
hint:
hint: Names commonly chosen instead of 'master' are 'main', 'trunk' and
hint: 'development'. The just-created branch can be renamed via this command:
hint:
hint: git branch -m <name>
From https://github.com/aws-amplify/amplify-ui-swift-authenticator
* branch main -> FETCH_HEAD
* [new branch] main -> origin/main
HEAD is now at e7faae5 chore(deps): bump swift-nio 2.101.0 + swift-nio-extras 1.34.1 to resolve Dependabot alerts (http2 1.44.1 unreleased) (#119)
Cloned https://github.com/aws-amplify/amplify-ui-swift-authenticator.git
Revision (git rev-parse @):
e7faae54568f60a2ffa485f8641d82579538393e
SUCCESS checkout https://github.com/aws-amplify/amplify-ui-swift-authenticator.git at main
========================================
Build
========================================
Selected platform: wasm
Swift version: 6.1
Building package at path: $PWD
https://github.com/aws-amplify/amplify-ui-swift-authenticator.git
https://github.com/aws-amplify/amplify-ui-swift-authenticator.git
WARNING: environment variable SUPPRESS_SWIFT_6_FLAGS is not set
Running build ...
bash -c docker run --pull=always --rm -v "checkouts-53886770-0":/host -w "$PWD" -e JAVA_HOME="/root/.sdkman/candidates/java/current" -e SPI_BUILD="1" -e SPI_PROCESSING="1" registry.gitlab.com/saguaro1/spi-images:wasm-6.1-latest swift build --swift-sdk wasm32-unknown-wasi -Xswiftc -Xfrontend -Xswiftc -stats-output-dir -Xswiftc -Xfrontend -Xswiftc .stats -Xswiftc -strict-concurrency=complete -Xswiftc -enable-upcoming-feature -Xswiftc StrictConcurrency -Xswiftc -enable-upcoming-feature -Xswiftc DisableOutwardActorInference -Xswiftc -enable-upcoming-feature -Xswiftc GlobalActorIsolatedTypesUsability -Xswiftc -enable-upcoming-feature -Xswiftc InferSendableFromCaptures 2>&1
wasm-6.1-latest: Pulling from saguaro1/spi-images
Digest: sha256:1ad245dad3d2ae0004e1afbc92334bd39884ed9ca587cf04d0a8d5f640fb02e9
Status: Image is up to date for registry.gitlab.com/saguaro1/spi-images:wasm-6.1-latest
Fetching https://github.com/aws-amplify/amplify-swift
[1/171497] Fetching amplify-swift
Fetched https://github.com/aws-amplify/amplify-swift from cache (5.64s)
Computing version for https://github.com/aws-amplify/amplify-swift
Computed https://github.com/aws-amplify/amplify-swift at 2.58.4 (5.94s)
Fetching https://github.com/awslabs/aws-sdk-swift
Fetching https://github.com/stephencelis/SQLite.swift.git
Fetching https://github.com/aws-amplify/amplify-swift-utils-notifications.git
[1/606] Fetching amplify-swift-utils-notifications
Fetched https://github.com/aws-amplify/amplify-swift-utils-notifications.git from cache (0.40s)
[1/11212] Fetching sqlite.swift
Fetched https://github.com/stephencelis/SQLite.swift.git from cache (0.79s)
[1/919610] Fetching aws-sdk-swift
Fetched https://github.com/awslabs/aws-sdk-swift from cache (107.38s)
Computing version for https://github.com/stephencelis/SQLite.swift.git
Computed https://github.com/stephencelis/SQLite.swift.git at 0.15.4 (107.74s)
Fetching https://github.com/swiftlang/swift-toolchain-sqlite
[1/339] Fetching swift-toolchain-sqlite
Fetched https://github.com/swiftlang/swift-toolchain-sqlite from cache (1.41s)
Computing version for https://github.com/awslabs/aws-sdk-swift
Computed https://github.com/awslabs/aws-sdk-swift at 1.7.27 (7.42s)
Fetching https://github.com/awslabs/aws-crt-swift
Fetching https://github.com/smithy-lang/smithy-swift
[1/33679] Fetching aws-crt-swift
[8421/116596] Fetching aws-crt-swift, smithy-swift
Fetched https://github.com/awslabs/aws-crt-swift from cache (1.75s)
Fetched https://github.com/smithy-lang/smithy-swift from cache (1.75s)
Computing version for https://github.com/swiftlang/swift-toolchain-sqlite
Computed https://github.com/swiftlang/swift-toolchain-sqlite at 1.0.4 (2.38s)
Computing version for https://github.com/smithy-lang/smithy-swift
Computed https://github.com/smithy-lang/smithy-swift at 0.223.0 (0.71s)
Fetching https://github.com/swift-server/async-http-client.git
Fetching https://github.com/apple/swift-argument-parser.git
Fetching https://github.com/apple/swift-log.git
[1/7622] Fetching swift-log
[6556/25577] Fetching swift-log, swift-argument-parser
[19653/41576] Fetching swift-log, swift-argument-parser, async-http-client
Fetched https://github.com/apple/swift-log.git from cache (0.92s)
Fetched https://github.com/apple/swift-argument-parser.git from cache (1.19s)
Fetched https://github.com/swift-server/async-http-client.git from cache (1.20s)
Computing version for https://github.com/aws-amplify/amplify-swift-utils-notifications.git
Computed https://github.com/aws-amplify/amplify-swift-utils-notifications.git at 1.1.1 (1.82s)
Computing version for https://github.com/awslabs/aws-crt-swift
Computed https://github.com/awslabs/aws-crt-swift at 0.63.1 (0.32s)
Computing version for https://github.com/apple/swift-argument-parser.git
Computed https://github.com/apple/swift-argument-parser.git at 1.8.2 (0.64s)
Computing version for https://github.com/swift-server/async-http-client.git
Computed https://github.com/swift-server/async-http-client.git at 1.35.0 (0.41s)
Fetching https://github.com/apple/swift-algorithms.git
Fetching https://github.com/apple/swift-atomics.git
Fetching https://github.com/apple/swift-distributed-tracing.git
Fetching https://github.com/apple/swift-nio-extras.git
Fetching https://github.com/apple/swift-nio-http2.git
Fetching https://github.com/apple/swift-nio-transport-services.git
[1/1868] Fetching swift-atomics
[599/4728] Fetching swift-atomics, swift-nio-transport-services
[3986/11317] Fetching swift-atomics, swift-nio-transport-services, swift-nio-extras
[5059/17387] Fetching swift-atomics, swift-nio-transport-services, swift-nio-extras, swift-algorithms
[5060/23246] Fetching swift-atomics, swift-nio-transport-services, swift-nio-extras, swift-algorithms, swift-distributed-tracing
[21073/35402] Fetching swift-atomics, swift-nio-transport-services, swift-nio-extras, swift-algorithms, swift-distributed-tracing, swift-nio-http2
Fetched https://github.com/apple/swift-nio-transport-services.git from cache (0.93s)
Fetching https://github.com/apple/swift-nio-ssl.git
Fetched https://github.com/apple/swift-algorithms.git from cache (0.97s)
Fetching https://github.com/apple/swift-nio.git
Fetched https://github.com/apple/swift-nio-extras.git from cache (1.01s)
Fetched https://github.com/apple/swift-atomics.git from cache (1.48s)
Fetched https://github.com/apple/swift-distributed-tracing.git from cache (1.48s)
Fetched https://github.com/apple/swift-nio-http2.git from cache (1.48s)
[1/15580] Fetching swift-nio-ssl
[936/99795] Fetching swift-nio-ssl, swift-nio
Fetched https://github.com/apple/swift-nio-ssl.git from cache (1.66s)
[58109/84215] Fetching swift-nio
Fetched https://github.com/apple/swift-nio.git from cache (3.67s)
Computing version for https://github.com/apple/swift-distributed-tracing.git
Computed https://github.com/apple/swift-distributed-tracing.git at 1.4.1 (5.22s)
Fetching https://github.com/apple/swift-service-context.git
[1/1301] Fetching swift-service-context
Fetched https://github.com/apple/swift-service-context.git from cache (0.65s)
Computing version for https://github.com/apple/swift-algorithms.git
Computed https://github.com/apple/swift-algorithms.git at 1.2.1 (1.29s)
Fetching https://github.com/apple/swift-numerics.git
[1/6441] Fetching swift-numerics
Fetched https://github.com/apple/swift-numerics.git from cache (1.28s)
Computing version for https://github.com/apple/swift-nio.git
Computed https://github.com/apple/swift-nio.git at 2.101.2 (2.07s)
Fetching https://github.com/apple/swift-collections.git
Fetching https://github.com/apple/swift-system.git
[1/25283] Fetching swift-collections
[2/31263] Fetching swift-collections, swift-system
Fetched https://github.com/apple/swift-system.git from cache (1.59s)
Fetched https://github.com/apple/swift-collections.git from cache (1.60s)
Computing version for https://github.com/apple/swift-atomics.git
Computed https://github.com/apple/swift-atomics.git at 1.3.1 (2.16s)
Computing version for https://github.com/apple/swift-service-context.git
Computed https://github.com/apple/swift-service-context.git at 1.3.0 (0.49s)
Computing version for https://github.com/apple/swift-numerics.git
Computed https://github.com/apple/swift-numerics.git at 1.1.1 (0.59s)
Computing version for https://github.com/apple/swift-nio-transport-services.git
Computed https://github.com/apple/swift-nio-transport-services.git at 1.28.0 (0.62s)
Computing version for https://github.com/apple/swift-nio-http2.git
Computed https://github.com/apple/swift-nio-http2.git at 1.44.0 (0.41s)
Computing version for https://github.com/apple/swift-nio-ssl.git
Computed https://github.com/apple/swift-nio-ssl.git at 2.37.1 (0.62s)
Computing version for https://github.com/apple/swift-log.git
Computed https://github.com/apple/swift-log.git at 1.14.0 (0.23s)
Computing version for https://github.com/apple/swift-system.git
Computed https://github.com/apple/swift-system.git at 1.7.2 (0.26s)
Computing version for https://github.com/apple/swift-collections.git
Computed https://github.com/apple/swift-collections.git at 1.6.0 (0.32s)
Computing version for https://github.com/apple/swift-nio-extras.git
Computed https://github.com/apple/swift-nio-extras.git at 1.34.2 (1.00s)
Fetching https://github.com/apple/swift-asn1.git
Fetching https://github.com/apple/swift-http-types.git
Fetching https://github.com/apple/swift-http-structured-headers.git
Fetching https://github.com/swift-server/swift-service-lifecycle.git
Fetching https://github.com/apple/swift-certificates.git
Fetching https://github.com/apple/swift-async-algorithms.git
[1/2770] Fetching swift-service-lifecycle
[666/4684] Fetching swift-service-lifecycle, swift-asn1
[3550/5903] Fetching swift-service-lifecycle, swift-asn1, swift-http-types
[3847/13278] Fetching swift-service-lifecycle, swift-asn1, swift-http-types, swift-certificates
[6126/19862] Fetching swift-service-lifecycle, swift-asn1, swift-http-types, swift-certificates, swift-async-algorithms
Fetched https://github.com/apple/swift-http-types.git from cache (0.53s)
Fetched https://github.com/apple/swift-async-algorithms.git from cache (0.53s)
[8741/12059] Fetching swift-service-lifecycle, swift-asn1, swift-certificates
[9332/13308] Fetching swift-service-lifecycle, swift-asn1, swift-certificates, swift-http-structured-headers
Fetched https://github.com/apple/swift-http-structured-headers.git from cache (0.66s)
Fetched https://github.com/apple/swift-asn1.git from cache (0.66s)
Fetched https://github.com/swift-server/swift-service-lifecycle.git from cache (0.66s)
Fetched https://github.com/apple/swift-certificates.git from cache (0.66s)
Computing version for https://github.com/swift-server/swift-service-lifecycle.git
Computed https://github.com/swift-server/swift-service-lifecycle.git at 2.11.0 (0.89s)
Computing version for https://github.com/apple/swift-async-algorithms.git
Computed https://github.com/apple/swift-async-algorithms.git at 1.1.5 (0.26s)
Computing version for https://github.com/apple/swift-http-types.git
Computed https://github.com/apple/swift-http-types.git at 1.6.0 (0.22s)
Computing version for https://github.com/apple/swift-asn1.git
Computed https://github.com/apple/swift-asn1.git at 1.7.1 (0.24s)
Computing version for https://github.com/apple/swift-http-structured-headers.git
Computed https://github.com/apple/swift-http-structured-headers.git at 1.7.0 (0.22s)
Computing version for https://github.com/apple/swift-certificates.git
Computed https://github.com/apple/swift-certificates.git at 1.19.3 (0.27s)
Fetching https://github.com/apple/swift-crypto.git
[1/17784] Fetching swift-crypto
Fetched https://github.com/apple/swift-crypto.git from cache (1.32s)
Computing version for https://github.com/apple/swift-crypto.git
Computed https://github.com/apple/swift-crypto.git at 4.5.0 (2.10s)
Creating working copy for https://github.com/apple/swift-nio-transport-services.git
Working copy of https://github.com/apple/swift-nio-transport-services.git resolved at 1.28.0
Creating working copy for https://github.com/aws-amplify/amplify-swift
Working copy of https://github.com/aws-amplify/amplify-swift resolved at 2.58.4
Creating working copy for https://github.com/apple/swift-system.git
Working copy of https://github.com/apple/swift-system.git resolved at 1.7.2
Creating working copy for https://github.com/swiftlang/swift-toolchain-sqlite
Working copy of https://github.com/swiftlang/swift-toolchain-sqlite resolved at 1.0.4
Creating working copy for https://github.com/smithy-lang/smithy-swift
Working copy of https://github.com/smithy-lang/smithy-swift resolved at 0.223.0
Creating working copy for https://github.com/apple/swift-atomics.git
Working copy of https://github.com/apple/swift-atomics.git resolved at 1.3.1
Creating working copy for https://github.com/awslabs/aws-crt-swift
Working copy of https://github.com/awslabs/aws-crt-swift resolved at 0.63.1
Creating working copy for https://github.com/apple/swift-asn1.git
Working copy of https://github.com/apple/swift-asn1.git resolved at 1.7.1
Creating working copy for https://github.com/apple/swift-http-structured-headers.git
Working copy of https://github.com/apple/swift-http-structured-headers.git resolved at 1.7.0
Creating working copy for https://github.com/apple/swift-algorithms.git
Working copy of https://github.com/apple/swift-algorithms.git resolved at 1.2.1
Creating working copy for https://github.com/apple/swift-collections.git
Working copy of https://github.com/apple/swift-collections.git resolved at 1.6.0
Creating working copy for https://github.com/aws-amplify/amplify-swift-utils-notifications.git
Working copy of https://github.com/aws-amplify/amplify-swift-utils-notifications.git resolved at 1.1.1
Creating working copy for https://github.com/awslabs/aws-sdk-swift
Working copy of https://github.com/awslabs/aws-sdk-swift resolved at 1.7.27
Creating working copy for https://github.com/apple/swift-distributed-tracing.git
Working copy of https://github.com/apple/swift-distributed-tracing.git resolved at 1.4.1
Creating working copy for https://github.com/apple/swift-async-algorithms.git
Working copy of https://github.com/apple/swift-async-algorithms.git resolved at 1.1.5
Creating working copy for https://github.com/apple/swift-nio-http2.git
Working copy of https://github.com/apple/swift-nio-http2.git resolved at 1.44.0
Creating working copy for https://github.com/apple/swift-nio-extras.git
Working copy of https://github.com/apple/swift-nio-extras.git resolved at 1.34.2
Creating working copy for https://github.com/swift-server/swift-service-lifecycle.git
Working copy of https://github.com/swift-server/swift-service-lifecycle.git resolved at 2.11.0
Creating working copy for https://github.com/apple/swift-argument-parser.git
Working copy of https://github.com/apple/swift-argument-parser.git resolved at 1.8.2
Creating working copy for https://github.com/apple/swift-crypto.git
Working copy of https://github.com/apple/swift-crypto.git resolved at 4.5.0
Creating working copy for https://github.com/apple/swift-service-context.git
Working copy of https://github.com/apple/swift-service-context.git resolved at 1.3.0
Creating working copy for https://github.com/apple/swift-log.git
Working copy of https://github.com/apple/swift-log.git resolved at 1.14.0
Creating working copy for https://github.com/apple/swift-http-types.git
Working copy of https://github.com/apple/swift-http-types.git resolved at 1.6.0
Creating working copy for https://github.com/swift-server/async-http-client.git
Working copy of https://github.com/swift-server/async-http-client.git resolved at 1.35.0
Creating working copy for https://github.com/apple/swift-numerics.git
Working copy of https://github.com/apple/swift-numerics.git resolved at 1.1.1
Creating working copy for https://github.com/apple/swift-certificates.git
Working copy of https://github.com/apple/swift-certificates.git resolved at 1.19.3
Creating working copy for https://github.com/apple/swift-nio.git
Working copy of https://github.com/apple/swift-nio.git resolved at 2.101.2
Creating working copy for https://github.com/stephencelis/SQLite.swift.git
Working copy of https://github.com/stephencelis/SQLite.swift.git resolved at 0.15.4
Creating working copy for https://github.com/apple/swift-nio-ssl.git
Working copy of https://github.com/apple/swift-nio-ssl.git resolved at 2.37.1
warning: you may be able to install libcrypto using your system-packager:
apt-get install openssl libssl-dev
[0/18] Write sources
[1/18] Copying DefaultSwiftHeader.txt
[2/18] Write sources
[8/18] Write swift-version-24593BA9C3E375BF.txt
[10/31] Compiling Logging LogEvent.swift
<unknown>:0: warning: upcoming feature 'InferSendableFromCaptures' is already enabled as of Swift version 6
<unknown>:0: warning: upcoming feature 'GlobalActorIsolatedTypesUsability' is already enabled as of Swift version 6
<unknown>:0: warning: upcoming feature 'DisableOutwardActorInference' is already enabled as of Swift version 6
[11/31] Compiling Logging LogHandler.swift
<unknown>:0: warning: upcoming feature 'InferSendableFromCaptures' is already enabled as of Swift version 6
<unknown>:0: warning: upcoming feature 'GlobalActorIsolatedTypesUsability' is already enabled as of Swift version 6
<unknown>:0: warning: upcoming feature 'DisableOutwardActorInference' is already enabled as of Swift version 6
[12/31] Compiling Logging Logger+Attributes.swift
<unknown>:0: warning: upcoming feature 'InferSendableFromCaptures' is already enabled as of Swift version 6
<unknown>:0: warning: upcoming feature 'GlobalActorIsolatedTypesUsability' is already enabled as of Swift version 6
<unknown>:0: warning: upcoming feature 'DisableOutwardActorInference' is already enabled as of Swift version 6
[13/31] Compiling Logging Logger+With.swift
unable to find node: pound
unable to find node: pound
<unknown>:0: warning: upcoming feature 'InferSendableFromCaptures' is already enabled as of Swift version 6
<unknown>:0: warning: upcoming feature 'GlobalActorIsolatedTypesUsability' is already enabled as of Swift version 6
<unknown>:0: warning: upcoming feature 'DisableOutwardActorInference' is already enabled as of Swift version 6
[14/32] Compiling ArgumentParserToolInfo ToolInfo.swift
<unknown>:0: warning: upcoming feature 'InferSendableFromCaptures' is already enabled as of Swift version 6
<unknown>:0: warning: upcoming feature 'GlobalActorIsolatedTypesUsability' is already enabled as of Swift version 6
<unknown>:0: warning: upcoming feature 'DisableOutwardActorInference' is already enabled as of Swift version 6
[15/32] Emitting module ArgumentParserToolInfo
<unknown>:0: warning: upcoming feature 'InferSendableFromCaptures' is already enabled as of Swift version 6
<unknown>:0: warning: upcoming feature 'GlobalActorIsolatedTypesUsability' is already enabled as of Swift version 6
<unknown>:0: warning: upcoming feature 'DisableOutwardActorInference' is already enabled as of Swift version 6
[16/33] Wrapping AST for ArgumentParserToolInfo for debugging
[18/80] Compiling Logging MetadataProvider.swift
<unknown>:0: warning: upcoming feature 'InferSendableFromCaptures' is already enabled as of Swift version 6
<unknown>:0: warning: upcoming feature 'GlobalActorIsolatedTypesUsability' is already enabled as of Swift version 6
<unknown>:0: warning: upcoming feature 'DisableOutwardActorInference' is already enabled as of Swift version 6
[19/80] Emitting module Logging
unable to find node: pound
unable to find node: pound
<unknown>:0: warning: upcoming feature 'InferSendableFromCaptures' is already enabled as of Swift version 6
<unknown>:0: warning: upcoming feature 'GlobalActorIsolatedTypesUsability' is already enabled as of Swift version 6
<unknown>:0: warning: upcoming feature 'DisableOutwardActorInference' is already enabled as of Swift version 6
[20/80] Compiling ArgumentParser FishCompletionsGenerator.swift
<unknown>:0: warning: upcoming feature 'InferSendableFromCaptures' is already enabled as of Swift version 6
<unknown>:0: warning: upcoming feature 'GlobalActorIsolatedTypesUsability' is already enabled as of Swift version 6
<unknown>:0: warning: upcoming feature 'DisableOutwardActorInference' is already enabled as of Swift version 6
[21/80] Compiling ArgumentParser ZshCompletionsGenerator.swift
<unknown>:0: warning: upcoming feature 'InferSendableFromCaptures' is already enabled as of Swift version 6
<unknown>:0: warning: upcoming feature 'GlobalActorIsolatedTypesUsability' is already enabled as of Swift version 6
<unknown>:0: warning: upcoming feature 'DisableOutwardActorInference' is already enabled as of Swift version 6
[22/80] Compiling ArgumentParser BashCompletionsGenerator.swift
<unknown>:0: warning: upcoming feature 'InferSendableFromCaptures' is already enabled as of Swift version 6
<unknown>:0: warning: upcoming feature 'GlobalActorIsolatedTypesUsability' is already enabled as of Swift version 6
<unknown>:0: warning: upcoming feature 'DisableOutwardActorInference' is already enabled as of Swift version 6
[23/80] Compiling ArgumentParser CompletionsGenerator.swift
<unknown>:0: warning: upcoming feature 'InferSendableFromCaptures' is already enabled as of Swift version 6
<unknown>:0: warning: upcoming feature 'GlobalActorIsolatedTypesUsability' is already enabled as of Swift version 6
<unknown>:0: warning: upcoming feature 'DisableOutwardActorInference' is already enabled as of Swift version 6
[24/80] Compiling Logging LoggingSystem.swift
<unknown>:0: warning: upcoming feature 'InferSendableFromCaptures' is already enabled as of Swift version 6
<unknown>:0: warning: upcoming feature 'GlobalActorIsolatedTypesUsability' is already enabled as of Swift version 6
<unknown>:0: warning: upcoming feature 'DisableOutwardActorInference' is already enabled as of Swift version 6
[25/80] Compiling Logging Logger.swift
<unknown>:0: warning: upcoming feature 'InferSendableFromCaptures' is already enabled as of Swift version 6
<unknown>:0: warning: upcoming feature 'GlobalActorIsolatedTypesUsability' is already enabled as of Swift version 6
<unknown>:0: warning: upcoming feature 'DisableOutwardActorInference' is already enabled as of Swift version 6
[26/81] Wrapping AST for Logging for debugging
[28/138] Emitting module ArgumentParser
<unknown>:0: warning: upcoming feature 'InferSendableFromCaptures' is already enabled as of Swift version 6
<unknown>:0: warning: upcoming feature 'GlobalActorIsolatedTypesUsability' is already enabled as of Swift version 6
<unknown>:0: warning: upcoming feature 'DisableOutwardActorInference' is already enabled as of Swift version 6
[29/144] Emitting module Smithy
[30/151] Compiling Smithy ShapeID.swift
<unknown>:0: warning: upcoming feature 'InferSendableFromCaptures' is already enabled as of Swift version 6
<unknown>:0: warning: upcoming feature 'GlobalActorIsolatedTypesUsability' is already enabled as of Swift version 6
<unknown>:0: warning: upcoming feature 'DisableOutwardActorInference' is already enabled as of Swift version 6
[31/151] Compiling Smithy ShapeType.swift
<unknown>:0: warning: upcoming feature 'InferSendableFromCaptures' is already enabled as of Swift version 6
<unknown>:0: warning: upcoming feature 'GlobalActorIsolatedTypesUsability' is already enabled as of Swift version 6
<unknown>:0: warning: upcoming feature 'DisableOutwardActorInference' is already enabled as of Swift version 6
[32/151] Compiling Smithy Stream.swift
<unknown>:0: warning: upcoming feature 'InferSendableFromCaptures' is already enabled as of Swift version 6
<unknown>:0: warning: upcoming feature 'GlobalActorIsolatedTypesUsability' is already enabled as of Swift version 6
<unknown>:0: warning: upcoming feature 'DisableOutwardActorInference' is already enabled as of Swift version 6
[33/151] Compiling Smithy Trait.swift
<unknown>:0: warning: upcoming feature 'InferSendableFromCaptures' is already enabled as of Swift version 6
<unknown>:0: warning: upcoming feature 'GlobalActorIsolatedTypesUsability' is already enabled as of Swift version 6
<unknown>:0: warning: upcoming feature 'DisableOutwardActorInference' is already enabled as of Swift version 6
[34/151] Compiling Smithy TraitCollection.swift
<unknown>:0: warning: upcoming feature 'InferSendableFromCaptures' is already enabled as of Swift version 6
<unknown>:0: warning: upcoming feature 'GlobalActorIsolatedTypesUsability' is already enabled as of Swift version 6
<unknown>:0: warning: upcoming feature 'DisableOutwardActorInference' is already enabled as of Swift version 6
[35/151] Compiling Smithy TraitError.swift
<unknown>:0: warning: upcoming feature 'InferSendableFromCaptures' is already enabled as of Swift version 6
<unknown>:0: warning: upcoming feature 'GlobalActorIsolatedTypesUsability' is already enabled as of Swift version 6
<unknown>:0: warning: upcoming feature 'DisableOutwardActorInference' is already enabled as of Swift version 6
[36/151] Compiling Smithy AWSQueryCompatibleTrait.swift
<unknown>:0: warning: upcoming feature 'InferSendableFromCaptures' is already enabled as of Swift version 6
<unknown>:0: warning: upcoming feature 'GlobalActorIsolatedTypesUsability' is already enabled as of Swift version 6
<unknown>:0: warning: upcoming feature 'DisableOutwardActorInference' is already enabled as of Swift version 6
[37/151] Compiling ArgumentParser NonsenseFlagsValidator.swift
[38/151] Compiling ArgumentParser ParsableArgumentsValidation.swift
[39/151] Compiling ArgumentParser PositionalArgumentsValidator.swift
[40/151] Compiling ArgumentParser UniqueNamesValidator.swift
[41/151] Compiling Smithy RequestMessageSerializer.swift
[42/151] Compiling Smithy ResponseMessage.swift
[43/151] Compiling Smithy ResponseMessageDeserializer.swift
[44/151] Compiling Smithy Prelude.swift
[45/151] Compiling ArgumentParser AsyncCompletionsValidator.swift
<unknown>:0: warning: upcoming feature 'InferSendableFromCaptures' is already enabled as of Swift version 6
<unknown>:0: warning: upcoming feature 'GlobalActorIsolatedTypesUsability' is already enabled as of Swift version 6
<unknown>:0: warning: upcoming feature 'DisableOutwardActorInference' is already enabled as of Swift version 6
[46/151] Compiling ArgumentParser CodingKeyValidator.swift
<unknown>:0: warning: upcoming feature 'InferSendableFromCaptures' is already enabled as of Swift version 6
<unknown>:0: warning: upcoming feature 'GlobalActorIsolatedTypesUsability' is already enabled as of Swift version 6
<unknown>:0: warning: upcoming feature 'DisableOutwardActorInference' is already enabled as of Swift version 6
<unknown>:0: warning: upcoming feature 'InferSendableFromCaptures' is already enabled as of Swift version 6
<unknown>:0: warning: upcoming feature 'GlobalActorIsolatedTypesUsability' is already enabled as of Swift version 6
<unknown>:0: warning: upcoming feature 'DisableOutwardActorInference' is already enabled as of Swift version 6
<unknown>:0: warning: upcoming feature 'InferSendableFromCaptures' is already enabled as of Swift version 6
<unknown>:0: warning: upcoming feature 'GlobalActorIsolatedTypesUsability' is already enabled as of Swift version 6
<unknown>:0: warning: upcoming feature 'DisableOutwardActorInference' is already enabled as of Swift version 6
<unknown>:0: warning: upcoming feature 'InferSendableFromCaptures' is already enabled as of Swift version 6
<unknown>:0: warning: upcoming feature 'GlobalActorIsolatedTypesUsability' is already enabled as of Swift version 6
<unknown>:0: warning: upcoming feature 'DisableOutwardActorInference' is already enabled as of Swift version 6
<unknown>:0: warning: upcoming feature 'InferSendableFromCaptures' is already enabled as of Swift version 6
<unknown>:0: warning: upcoming feature 'GlobalActorIsolatedTypesUsability' is already enabled as of Swift version 6
<unknown>:0: warning: upcoming feature 'DisableOutwardActorInference' is already enabled as of Swift version 6
[51/151] Compiling Smithy Attribute.swift
<unknown>:0: warning: upcoming feature 'InferSendableFromCaptures' is already enabled as of Swift version 6
<unknown>:0: warning: upcoming feature 'GlobalActorIsolatedTypesUsability' is already enabled as of Swift version 6
<unknown>:0: warning: upcoming feature 'DisableOutwardActorInference' is already enabled as of Swift version 6
[52/151] Compiling Smithy ByteStream.swift
<unknown>:0: warning: upcoming feature 'InferSendableFromCaptures' is already enabled as of Swift version 6
<unknown>:0: warning: upcoming feature 'GlobalActorIsolatedTypesUsability' is already enabled as of Swift version 6
<unknown>:0: warning: upcoming feature 'DisableOutwardActorInference' is already enabled as of Swift version 6
[53/151] Compiling Smithy ClientError.swift
<unknown>:0: warning: upcoming feature 'InferSendableFromCaptures' is already enabled as of Swift version 6
<unknown>:0: warning: upcoming feature 'GlobalActorIsolatedTypesUsability' is already enabled as of Swift version 6
<unknown>:0: warning: upcoming feature 'DisableOutwardActorInference' is already enabled as of Swift version 6
[54/151] Compiling Smithy Context.swift
<unknown>:0: warning: upcoming feature 'InferSendableFromCaptures' is already enabled as of Swift version 6
<unknown>:0: warning: upcoming feature 'GlobalActorIsolatedTypesUsability' is already enabled as of Swift version 6
<unknown>:0: warning: upcoming feature 'DisableOutwardActorInference' is already enabled as of Swift version 6
[55/151] Compiling Smithy DocumentError.swift
<unknown>:0: warning: upcoming feature 'InferSendableFromCaptures' is already enabled as of Swift version 6
<unknown>:0: warning: upcoming feature 'GlobalActorIsolatedTypesUsability' is already enabled as of Swift version 6
<unknown>:0: warning: upcoming feature 'DisableOutwardActorInference' is already enabled as of Swift version 6
[56/151] Compiling Smithy BigDecimalDocument.swift
<unknown>:0: warning: upcoming feature 'InferSendableFromCaptures' is already enabled as of Swift version 6
<unknown>:0: warning: upcoming feature 'GlobalActorIsolatedTypesUsability' is already enabled as of Swift version 6
<unknown>:0: warning: upcoming feature 'DisableOutwardActorInference' is already enabled as of Swift version 6
[57/151] Compiling Smithy BigIntegerDocument.swift
<unknown>:0: warning: upcoming feature 'InferSendableFromCaptures' is already enabled as of Swift version 6
<unknown>:0: warning: upcoming feature 'GlobalActorIsolatedTypesUsability' is already enabled as of Swift version 6
<unknown>:0: warning: upcoming feature 'DisableOutwardActorInference' is already enabled as of Swift version 6
[58/151] Compiling Smithy ListDocument.swift
<unknown>:0: warning: upcoming feature 'InferSendableFromCaptures' is already enabled as of Swift version 6
<unknown>:0: warning: upcoming feature 'GlobalActorIsolatedTypesUsability' is already enabled as of Swift version 6
<unknown>:0: warning: upcoming feature 'DisableOutwardActorInference' is already enabled as of Swift version 6
[59/151] Compiling Smithy LongDocument.swift
<unknown>:0: warning: upcoming feature 'InferSendableFromCaptures' is already enabled as of Swift version 6
<unknown>:0: warning: upcoming feature 'GlobalActorIsolatedTypesUsability' is already enabled as of Swift version 6
<unknown>:0: warning: upcoming feature 'DisableOutwardActorInference' is already enabled as of Swift version 6
[60/151] Compiling Smithy NullDocument.swift
<unknown>:0: warning: upcoming feature 'InferSendableFromCaptures' is already enabled as of Swift version 6
<unknown>:0: warning: upcoming feature 'GlobalActorIsolatedTypesUsability' is already enabled as of Swift version 6
<unknown>:0: warning: upcoming feature 'DisableOutwardActorInference' is already enabled as of Swift version 6
[61/151] Compiling Smithy ShortDocument.swift
<unknown>:0: warning: upcoming feature 'InferSendableFromCaptures' is already enabled as of Swift version 6
<unknown>:0: warning: upcoming feature 'GlobalActorIsolatedTypesUsability' is already enabled as of Swift version 6
<unknown>:0: warning: upcoming feature 'DisableOutwardActorInference' is already enabled as of Swift version 6
[62/151] Compiling Smithy StringDocument.swift
<unknown>:0: warning: upcoming feature 'InferSendableFromCaptures' is already enabled as of Swift version 6
<unknown>:0: warning: upcoming feature 'GlobalActorIsolatedTypesUsability' is already enabled as of Swift version 6
<unknown>:0: warning: upcoming feature 'DisableOutwardActorInference' is already enabled as of Swift version 6
[63/151] Compiling Smithy StringMapDocument.swift
<unknown>:0: warning: upcoming feature 'InferSendableFromCaptures' is already enabled as of Swift version 6
<unknown>:0: warning: upcoming feature 'GlobalActorIsolatedTypesUsability' is already enabled as of Swift version 6
<unknown>:0: warning: upcoming feature 'DisableOutwardActorInference' is already enabled as of Swift version 6
[64/151] Compiling Smithy StreamingTrait.swift
[65/151] Compiling Smithy TargetsUnitTrait.swift
[66/151] Compiling Smithy TimestampFormatTrait.swift
[67/151] Compiling Smithy UnitTypeTrait.swift
[68/151] Compiling Smithy URI.swift
[69/151] Compiling Smithy URIQueryItem.swift
[70/151] Compiling Smithy URIScheme.swift
[71/151] Compiling Smithy BooleanDocument.swift
[72/151] Compiling Smithy ByteDocument.swift
[73/151] Compiling Smithy Document.swift
[74/151] Compiling Smithy DoubleDocument.swift
[75/151] Compiling Smithy FloatDocument.swift
[76/151] Compiling Smithy IntegerDocument.swift
[86/151] Compiling Smithy BlobDocument.swift
[87/151] Compiling Smithy EventPayloadTrait.swift
[88/151] Compiling Smithy InputTrait.swift
[89/151] Compiling Smithy JSONNameTrait.swift
[90/151] Compiling Smithy OutputTrait.swift
[91/151] Compiling Smithy RequiredTrait.swift
[92/151] Compiling Smithy SensitiveTrait.swift
[95/151] Compiling Smithy Schema.swift
[103/151] Compiling Smithy AWSQueryErrorTrait.swift
[104/151] Compiling Smithy AddedDefaultTrait.swift
[105/151] Compiling Smithy AllSupportedTraits.swift
[106/151] Compiling Smithy ClientOptionalTrait.swift
[107/151] Compiling Smithy DefaultTrait.swift
[108/151] Compiling Smithy EnumValueTrait.swift
[109/151] Compiling Smithy ErrorTrait.swift
[110/151] Compiling Smithy EventHeaderTrait.swift
[115/151] Compiling Smithy TimestampDocument.swift
[116/151] Compiling Smithy SmithyDocument.swift
[117/151] Compiling Smithy LogAgent.swift
[118/151] Compiling Smithy LogAgentLevel.swift
[119/152] Wrapping AST for Smithy for debugging
<unknown>:0: warning: upcoming feature 'InferSendableFromCaptures' is already enabled as of Swift version 6
<unknown>:0: warning: upcoming feature 'GlobalActorIsolatedTypesUsability' is already enabled as of Swift version 6
<unknown>:0: warning: upcoming feature 'DisableOutwardActorInference' is already enabled as of Swift version 6
<unknown>:0: warning: upcoming feature 'InferSendableFromCaptures' is already enabled as of Swift version 6
<unknown>:0: warning: upcoming feature 'GlobalActorIsolatedTypesUsability' is already enabled as of Swift version 6
<unknown>:0: warning: upcoming feature 'DisableOutwardActorInference' is already enabled as of Swift version 6
<unknown>:0: warning: upcoming feature 'InferSendableFromCaptures' is already enabled as of Swift version 6
<unknown>:0: warning: upcoming feature 'GlobalActorIsolatedTypesUsability' is already enabled as of Swift version 6
<unknown>:0: warning: upcoming feature 'DisableOutwardActorInference' is already enabled as of Swift version 6
<unknown>:0: warning: upcoming feature 'InferSendableFromCaptures' is already enabled as of Swift version 6
<unknown>:0: warning: upcoming feature 'GlobalActorIsolatedTypesUsability' is already enabled as of Swift version 6
<unknown>:0: warning: upcoming feature 'DisableOutwardActorInference' is already enabled as of Swift version 6
<unknown>:0: warning: upcoming feature 'InferSendableFromCaptures' is already enabled as of Swift version 6
<unknown>:0: warning: upcoming feature 'GlobalActorIsolatedTypesUsability' is already enabled as of Swift version 6
<unknown>:0: warning: upcoming feature 'DisableOutwardActorInference' is already enabled as of Swift version 6
<unknown>:0: warning: upcoming feature 'InferSendableFromCaptures' is already enabled as of Swift version 6
<unknown>:0: warning: upcoming feature 'GlobalActorIsolatedTypesUsability' is already enabled as of Swift version 6
<unknown>:0: warning: upcoming feature 'DisableOutwardActorInference' is already enabled as of Swift version 6
<unknown>:0: warning: upcoming feature 'InferSendableFromCaptures' is already enabled as of Swift version 6
<unknown>:0: warning: upcoming feature 'GlobalActorIsolatedTypesUsability' is already enabled as of Swift version 6
<unknown>:0: warning: upcoming feature 'DisableOutwardActorInference' is already enabled as of Swift version 6
<unknown>:0: warning: upcoming feature 'InferSendableFromCaptures' is already enabled as of Swift version 6
<unknown>:0: warning: upcoming feature 'GlobalActorIsolatedTypesUsability' is already enabled as of Swift version 6
<unknown>:0: warning: upcoming feature 'DisableOutwardActorInference' is already enabled as of Swift version 6
<unknown>:0: warning: upcoming feature 'InferSendableFromCaptures' is already enabled as of Swift version 6
<unknown>:0: warning: upcoming feature 'GlobalActorIsolatedTypesUsability' is already enabled as of Swift version 6
<unknown>:0: warning: upcoming feature 'DisableOutwardActorInference' is already enabled as of Swift version 6
<unknown>:0: warning: upcoming feature 'InferSendableFromCaptures' is already enabled as of Swift version 6
<unknown>:0: warning: upcoming feature 'GlobalActorIsolatedTypesUsability' is already enabled as of Swift version 6
<unknown>:0: warning: upcoming feature 'DisableOutwardActorInference' is already enabled as of Swift version 6
<unknown>:0: warning: upcoming feature 'InferSendableFromCaptures' is already enabled as of Swift version 6
<unknown>:0: warning: upcoming feature 'GlobalActorIsolatedTypesUsability' is already enabled as of Swift version 6
<unknown>:0: warning: upcoming feature 'DisableOutwardActorInference' is already enabled as of Swift version 6
<unknown>:0: warning: upcoming feature 'InferSendableFromCaptures' is already enabled as of Swift version 6
<unknown>:0: warning: upcoming feature 'GlobalActorIsolatedTypesUsability' is already enabled as of Swift version 6
<unknown>:0: warning: upcoming feature 'DisableOutwardActorInference' is already enabled as of Swift version 6
<unknown>:0: warning: upcoming feature 'InferSendableFromCaptures' is already enabled as of Swift version 6
<unknown>:0: warning: upcoming feature 'GlobalActorIsolatedTypesUsability' is already enabled as of Swift version 6
<unknown>:0: warning: upcoming feature 'DisableOutwardActorInference' is already enabled as of Swift version 6
<unknown>:0: warning: upcoming feature 'InferSendableFromCaptures' is already enabled as of Swift version 6
<unknown>:0: warning: upcoming feature 'GlobalActorIsolatedTypesUsability' is already enabled as of Swift version 6
<unknown>:0: warning: upcoming feature 'DisableOutwardActorInference' is already enabled as of Swift version 6
<unknown>:0: warning: upcoming feature 'InferSendableFromCaptures' is already enabled as of Swift version 6
<unknown>:0: warning: upcoming feature 'GlobalActorIsolatedTypesUsability' is already enabled as of Swift version 6
<unknown>:0: warning: upcoming feature 'DisableOutwardActorInference' is already enabled as of Swift version 6
<unknown>:0: warning: upcoming feature 'InferSendableFromCaptures' is already enabled as of Swift version 6
<unknown>:0: warning: upcoming feature 'GlobalActorIsolatedTypesUsability' is already enabled as of Swift version 6
<unknown>:0: warning: upcoming feature 'DisableOutwardActorInference' is already enabled as of Swift version 6
<unknown>:0: warning: upcoming feature 'InferSendableFromCaptures' is already enabled as of Swift version 6
<unknown>:0: warning: upcoming feature 'GlobalActorIsolatedTypesUsability' is already enabled as of Swift version 6
<unknown>:0: warning: upcoming feature 'DisableOutwardActorInference' is already enabled as of Swift version 6
<unknown>:0: warning: upcoming feature 'InferSendableFromCaptures' is already enabled as of Swift version 6
<unknown>:0: warning: upcoming feature 'GlobalActorIsolatedTypesUsability' is already enabled as of Swift version 6
<unknown>:0: warning: upcoming feature 'DisableOutwardActorInference' is already enabled as of Swift version 6
<unknown>:0: warning: upcoming feature 'InferSendableFromCaptures' is already enabled as of Swift version 6
<unknown>:0: warning: upcoming feature 'GlobalActorIsolatedTypesUsability' is already enabled as of Swift version 6
<unknown>:0: warning: upcoming feature 'DisableOutwardActorInference' is already enabled as of Swift version 6
[140/169] Compiling SmithySerialization ClientProtocol.swift
[141/169] Compiling SmithySerialization Operation.swift
[142/169] Compiling SmithySerialization OperationProperties.swift
[143/171] Emitting module SmithySerialization
[144/171] Compiling SmithySerialization ShapeDeserializer.swift
[145/171] Compiling SmithySerialization ResponseDecodingError.swift
[146/171] Compiling SmithySerialization ShapeSerializer.swift
<unknown>:0: warning: upcoming feature 'InferSendableFromCaptures' is already enabled as of Swift version 6
<unknown>:0: warning: upcoming feature 'GlobalActorIsolatedTypesUsability' is already enabled as of Swift version 6
<unknown>:0: warning: upcoming feature 'DisableOutwardActorInference' is already enabled as of Swift version 6
[147/171] Compiling SmithySerialization WriteValueConsumer.swift
<unknown>:0: warning: upcoming feature 'InferSendableFromCaptures' is already enabled as of Swift version 6
<unknown>:0: warning: upcoming feature 'GlobalActorIsolatedTypesUsability' is already enabled as of Swift version 6
<unknown>:0: warning: upcoming feature 'DisableOutwardActorInference' is already enabled as of Swift version 6
[148/171] Compiling SmithySerialization Codec.swift
<unknown>:0: warning: upcoming feature 'InferSendableFromCaptures' is already enabled as of Swift version 6
<unknown>:0: warning: upcoming feature 'GlobalActorIsolatedTypesUsability' is already enabled as of Swift version 6
<unknown>:0: warning: upcoming feature 'DisableOutwardActorInference' is already enabled as of Swift version 6
[149/171] Compiling SmithySerialization Context+Operation.swift
<unknown>:0: warning: upcoming feature 'InferSendableFromCaptures' is already enabled as of Swift version 6
<unknown>:0: warning: upcoming feature 'GlobalActorIsolatedTypesUsability' is already enabled as of Swift version 6
<unknown>:0: warning: upcoming feature 'DisableOutwardActorInference' is already enabled as of Swift version 6
[150/171] Compiling SmithySerialization DeserializableShape.swift
<unknown>:0: warning: upcoming feature 'InferSendableFromCaptures' is already enabled as of Swift version 6
<unknown>:0: warning: upcoming feature 'GlobalActorIsolatedTypesUsability' is already enabled as of Swift version 6
<unknown>:0: warning: upcoming feature 'DisableOutwardActorInference' is already enabled as of Swift version 6
[151/171] Compiling SmithySerialization SerializableShape.swift
<unknown>:0: warning: upcoming feature 'InferSendableFromCaptures' is already enabled as of Swift version 6
<unknown>:0: warning: upcoming feature 'GlobalActorIsolatedTypesUsability' is already enabled as of Swift version 6
<unknown>:0: warning: upcoming feature 'DisableOutwardActorInference' is already enabled as of Swift version 6
[152/171] Compiling SmithySerialization SerializableStruct.swift
<unknown>:0: warning: upcoming feature 'InferSendableFromCaptures' is already enabled as of Swift version 6
<unknown>:0: warning: upcoming feature 'GlobalActorIsolatedTypesUsability' is already enabled as of Swift version 6
<unknown>:0: warning: upcoming feature 'DisableOutwardActorInference' is already enabled as of Swift version 6
[153/172] Compiling SmithySerialization TypeRegistry.swift
[154/172] Compiling SmithySerialization UnexpectedNullError.swift
[162/172] Compiling SmithySerialization DeserializableStruct.swift
[163/172] Compiling SmithySerialization ReadValueConsumer.swift
[164/172] Compiling SmithySerialization SerializerError.swift
[165/172] Compiling SmithySerialization StringSerializer.swift
[167/173] Wrapping AST for ArgumentParser for debugging
[168/173] Wrapping AST for SmithySerialization for debugging
[170/226] Emitting module SmithyCodegenCore
[171/233] Compiling SmithyCodegenCore EnumShape.swift
[172/233] Compiling SmithyCodegenCore HasMembers.swift
[173/233] Compiling SmithyCodegenCore IntEnumShape.swift
[174/233] Compiling SmithyCodegenCore IntegerShape.swift
[175/233] Compiling SmithyCodegenCore ListShape.swift
[176/233] Compiling SmithyCodegenCore MapShape.swift
[177/233] Compiling SmithyCodegenCore MemberShape.swift
[178/233] Compiling SmithyCodegenCore ASTError.swift
[179/233] Compiling SmithyCodegenCore ASTMember.swift
[180/233] Compiling SmithyCodegenCore ASTModel.swift
[181/233] Compiling SmithyCodegenCore ASTReference.swift
[182/233] Compiling SmithyCodegenCore ASTShape.swift
[183/233] Compiling SmithyCodegenCore ASTType.swift
[184/233] Compiling SmithyCodegenCore Node+AST.swift
[185/233] Compiling SmithyCodegenCore CodeGenerator.swift
[186/233] Compiling SmithyCodegenCore Model+Union.swift
[187/233] Compiling SmithyCodegenCore NullableIndex.swift
[188/233] Compiling SmithyCodegenCore OperationsCodegen.swift
[189/233] Compiling SmithyCodegenCore SchemasCodegen.swift
[190/233] Compiling SmithyCodegenCore Shape+Schema.swift
[191/233] Compiling SmithyCodegenCore SerializeCodegen.swift
[192/233] Compiling SmithyCodegenCore Shape+SerializeMethodName.swift
[193/233] Compiling SmithyCodegenCore ShapeID+AST.swift
[194/233] Compiling SmithyCodegenCore ShapeType+AST.swift
[195/233] Compiling SmithyCodegenCore Model+Box.swift
[196/233] Compiling SmithyCodegenCore Model+Deprecated.swift
[197/233] Compiling SmithyCodegenCore Model+InputOutput.swift
[198/233] Compiling SmithyCodegenCore Model+Operations.swift
[199/233] Compiling SmithyCodegenCore Model+PruneToService.swift
[200/233] Compiling SmithyCodegenCore Model+TrimReferences.swift
[201/233] Compiling SmithyCodegenCore OperationShape.swift
[202/233] Compiling SmithyCodegenCore ResourceShape.swift
[203/233] Compiling SmithyCodegenCore ServiceShape.swift
[204/233] Compiling SmithyCodegenCore Shape+Prelude.swift
[205/233] Compiling SmithyCodegenCore Shape.swift
[206/233] Compiling SmithyCodegenCore StringShape.swift
[207/233] Compiling SmithyCodegenCore StructureShape.swift
[208/233] Compiling SmithyCodegenCore UnionShape.swift
[209/233] Compiling SmithyCodegenCore Node+Rendered.swift
[210/233] Compiling SmithyCodegenCore String+Utils.swift
[211/233] Compiling SmithyCodegenCore SwiftWriter.swift
[212/233] Compiling SmithyCodegenCore SwiftSettings.swift
[213/233] Compiling SmithyCodegenCore String+ReservedWords.swift
[214/233] Compiling SmithyCodegenCore SymbolProvider.swift
[215/233] Compiling SmithyCodegenCore CodegenError.swift
[216/233] Compiling SmithyCodegenCore DeserializeCodegen.swift
[217/233] Compiling SmithyCodegenCore Shape+DeserializeMethodName.swift
[218/233] Compiling SmithyCodegenCore GenerationContext.swift
[219/233] Compiling SmithyCodegenCore HasShapeID.swift
[220/233] Compiling SmithyCodegenCore Model+AST.swift
[221/233] Compiling SmithyCodegenCore Model.swift
[222/233] Compiling SmithyCodegenCore ModelError.swift
[223/233] Compiling SmithyCodegenCore SymbolProviderError.swift
[224/233] Compiling SmithyCodegenCore DeprecatedTrait.swift
[225/233] Compiling SmithyCodegenCore EnumTrait.swift
[226/233] Compiling SmithyCodegenCore UsedAsInputTrait.swift
[227/233] Compiling SmithyCodegenCore UsedAsOutputTrait.swift
[228/233] Compiling SmithyCodegenCore TypeRegistryCodegen.swift
[229/233] Compiling SmithyCodegenCore resource_bundle_accessor.swift
[230/234] Wrapping AST for SmithyCodegenCore for debugging
[232/236] Emitting module SmithyCodegenCLI
[233/236] Compiling SmithyCodegenCLI SmithyCodegenCLI.swift
[234/237] Wrapping AST for SmithyCodegenCLI for debugging
[235/237] Write Objects.LinkFileList
[236/237] Linking SmithyCodegenCLI-tool
warning: you may be able to install libcrypto using your system-packager:
apt-get install openssl libssl-dev
warning: 'amplify-swift': found 1 file(s) which are unhandled; explicitly declare them as resources or exclude from the target
/host/spi-builder-workspace/.build/checkouts/amplify-swift/AmplifyPlugins/Core/AWSPluginsCore/WebSocket/README.md
warning: 'amplify-swift': found 1 file(s) which are unhandled; explicitly declare them as resources or exclude from the target
/host/spi-builder-workspace/.build/checkouts/amplify-swift/Amplify/AGENTS.md
[1/1] Compiling plugin SmithyCodeGeneratorPlugin
[2/2] Compiling plugin GenerateManual
[3/3] Compiling plugin GenerateDoccReference
Building for debugging...
[3/476] Write sources
[3/476] Copying Localizable.strings
[3/476] Write sources
[3/476] Copying Info.plist
[3/476] Copying PrivacyInfo.xcprivacy
[3/476] Write sources
[17/476] Copying DefaultSwiftHeader.txt
[22/476] Write sources
[29/476] Copying PrivacyInfo.xcprivacy
In file included from /host/spi-builder-workspace/.build/checkouts/amplify-swift/AmplifyPlugins/Auth/Sources/AmplifyAvailability/AmplityAvailability.c:8:
/host/spi-builder-workspace/.build/checkouts/amplify-swift/AmplifyPlugins/Auth/Sources/AmplifyAvailability/include/AmplifyAvailability.h:11:10: fatal error: 'TargetConditionals.h' file not found
11 | #include <TargetConditionals.h>
| ^~~~~~~~~~~~~~~~~~~~~~
1 error generated.
[30/476] Compiling AmplifyAvailability AmplityAvailability.c
[30/476] Compiling libtommathAmplify amplify_bn_s_mp_toom_sqr.c
[30/476] Compiling libtommathAmplify amplify_bn_s_mp_toom_mul.c
[30/476] Compiling libtommathAmplify amplify_bn_cutoffs.c
[30/476] Compiling libtommathAmplify amplify_bn_mp_init_size.c
[30/476] Compiling libtommathAmplify amplify_bn_s_mp_sub.c
[30/476] Compiling libtommathAmplify amplify_bn_mp_init_u32.c
[30/476] Write swift-version-24593BA9C3E375BF.txt
Running build ...
bash -c docker run --pull=always --rm -v "checkouts-53886770-0":/host -w "$PWD" -e JAVA_HOME="/root/.sdkman/candidates/java/current" -e SPI_BUILD="1" -e SPI_PROCESSING="1" registry.gitlab.com/saguaro1/spi-images:wasm-6.1-latest swift build --swift-sdk wasm32-unknown-wasi 2>&1
wasm-6.1-latest: Pulling from saguaro1/spi-images
Digest: sha256:1ad245dad3d2ae0004e1afbc92334bd39884ed9ca587cf04d0a8d5f640fb02e9
Status: Image is up to date for registry.gitlab.com/saguaro1/spi-images:wasm-6.1-latest
warning: you may be able to install libcrypto using your system-packager:
apt-get install openssl libssl-dev
[0/11] Copying DefaultSwiftHeader.txt
[1/11] Write swift-version-24593BA9C3E375BF.txt
[3/24] Compiling Logging LoggingSystem.swift
[4/25] Compiling Logging MetadataProvider.swift
[5/25] Compiling Logging Logger+With.swift
unable to find node: pound
unable to find node: pound
[6/25] Compiling Logging SwiftLogNoOpLogHandler.swift
[7/25] Compiling Logging Locks.swift
[8/25] Compiling Logging LogEvent.swift
[9/25] Compiling Logging LogHandler.swift
[10/25] Compiling Logging Logger+Attributes.swift
[11/25] Compiling Logging Logger.swift
[12/25] Emitting module Logging
unable to find node: pound
unable to find node: pound
[13/25] Compiling Logging MultiplexLogHandler.swift
[14/25] Compiling Logging StreamLogHandler.swift
[16/25] Compiling ArgumentParserToolInfo ToolInfo.swift
[17/25] Emitting module ArgumentParserToolInfo
[19/129] Emitting module Smithy
[20/136] Compiling ArgumentParser Name.swift
[21/136] Compiling ArgumentParser Parsed.swift
[22/136] Compiling ArgumentParser ParsedValues.swift
[23/136] Compiling ArgumentParser ParserError.swift
[24/136] Compiling ArgumentParser SplitArguments.swift
[25/136] Compiling ArgumentParser DumpHelpGenerator.swift
[26/136] Compiling Smithy ErrorTrait.swift
[27/136] Compiling Smithy EventHeaderTrait.swift
[28/136] Compiling ArgumentParser InputKey.swift
[29/136] Compiling ArgumentParser InputOrigin.swift
[30/136] Compiling ArgumentParser Mutex.swift
[31/136] Compiling ArgumentParser Platform.swift
[32/136] Compiling ArgumentParser SequenceExtensions.swift
[33/136] Compiling ArgumentParser StringExtensions.swift
[34/136] Compiling ArgumentParser SwiftExtensions.swift
[35/136] Compiling ArgumentParser Tree.swift
[36/136] Compiling Smithy Schema.swift
[37/136] Compiling Smithy ShapeID.swift
[38/136] Compiling Smithy ShapeType.swift
[39/136] Compiling Smithy Stream.swift
[40/136] Compiling Smithy Trait.swift
[41/136] Compiling Smithy TraitCollection.swift
[42/136] Compiling Smithy TraitError.swift
[43/136] Compiling Smithy AWSQueryCompatibleTrait.swift
[44/136] Compiling ArgumentParser CompletionKind.swift
[45/136] Compiling ArgumentParser Errors.swift
[46/136] Compiling ArgumentParser Flag.swift
[47/136] Compiling ArgumentParser NameSpecification.swift
[48/136] Compiling ArgumentParser Option.swift
[49/136] Compiling ArgumentParser OptionGroup.swift
[50/136] Compiling ArgumentParser ParentCommand.swift
[51/136] Compiling ArgumentParser AsyncParsableCommand.swift
[52/136] Compiling ArgumentParser BashCompletionsGenerator.swift
[53/136] Compiling ArgumentParser CompletionsGenerator.swift
[54/136] Compiling ArgumentParser FishCompletionsGenerator.swift
[55/136] Compiling ArgumentParser ZshCompletionsGenerator.swift
[56/136] Compiling ArgumentParser Argument.swift
[57/136] Compiling ArgumentParser ArgumentDiscussion.swift
[58/136] Compiling ArgumentParser ArgumentHelp.swift
[59/136] Compiling ArgumentParser ArgumentVisibility.swift
[60/136] Compiling ArgumentParser UsageGenerator.swift
[61/136] Compiling ArgumentParser CollectionExtensions.swift
[62/136] Compiling ArgumentParser Foundation.swift
[63/136] Compiling ArgumentParser ParsableCommand.swift
[64/136] Compiling ArgumentParser ArgumentDecoder.swift
[65/136] Compiling ArgumentParser ArgumentDefinition.swift
[66/136] Compiling ArgumentParser ArgumentSet.swift
[67/136] Compiling ArgumentParser CommandParser.swift
[68/136] Compiling ArgumentParser CommandConfiguration.swift
[69/136] Compiling ArgumentParser CommandGroup.swift
[70/136] Compiling ArgumentParser EnumerableFlag.swift
[71/136] Compiling ArgumentParser ExpressibleByArgument.swift
[72/136] Compiling ArgumentParser ParsableArguments.swift
[73/136] Compiling ArgumentParser HelpCommand.swift
[74/136] Compiling ArgumentParser HelpGenerator.swift
[75/136] Compiling ArgumentParser MessageInfo.swift
[76/136] Compiling Smithy StreamingTrait.swift
[77/136] Compiling Smithy TargetsUnitTrait.swift
[78/136] Compiling Smithy TimestampFormatTrait.swift
[79/136] Compiling Smithy UnitTypeTrait.swift
[80/136] Compiling Smithy URI.swift
[81/136] Compiling Smithy URIQueryItem.swift
[82/136] Compiling Smithy URIScheme.swift
[83/137] Emitting module ArgumentParser
[97/159] Compiling SmithySerialization ClientProtocol.swift
[98/159] Compiling SmithySerialization Operation.swift
[99/159] Compiling SmithySerialization OperationProperties.swift
[100/161] Emitting module SmithySerialization
[101/161] Compiling SmithySerialization SerializableShape.swift
[102/161] Compiling SmithySerialization SerializableStruct.swift
[103/161] Compiling SmithySerialization DeserializableStruct.swift
[104/161] Compiling SmithySerialization ReadValueConsumer.swift
[105/161] Compiling SmithySerialization Codec.swift
[106/161] Compiling SmithySerialization Context+Operation.swift
[107/161] Compiling SmithySerialization DeserializableShape.swift
[108/161] Compiling SmithySerialization TypeRegistry.swift
[109/161] Compiling SmithySerialization UnexpectedNullError.swift
[110/161] Compiling SmithySerialization ShapeSerializer.swift
[111/161] Compiling SmithySerialization WriteValueConsumer.swift
[112/161] Compiling SmithySerialization SerializerError.swift
[113/161] Compiling SmithySerialization StringSerializer.swift
[114/161] Compiling SmithySerialization ShapeDeserializer.swift
[115/161] Compiling SmithySerialization ResponseDecodingError.swift
[130/161] Compiling ArgumentParser AsyncCompletionsValidator.swift
[131/161] Compiling ArgumentParser CodingKeyValidator.swift
[132/161] Compiling ArgumentParser NonsenseFlagsValidator.swift
[133/161] Compiling ArgumentParser ParsableArgumentsValidation.swift
[134/161] Compiling ArgumentParser PositionalArgumentsValidator.swift
[135/161] Compiling ArgumentParser UniqueNamesValidator.swift
[136/214] Compiling SmithyCodegenCore StructureShape.swift
[137/214] Compiling SmithyCodegenCore CodegenError.swift
[138/214] Compiling SmithyCodegenCore DeserializeCodegen.swift
[139/214] Compiling SmithyCodegenCore Shape+DeserializeMethodName.swift
[140/214] Compiling SmithyCodegenCore GenerationContext.swift
[141/214] Compiling SmithyCodegenCore HasShapeID.swift
[142/214] Compiling SmithyCodegenCore Model+AST.swift
[143/214] Compiling SmithyCodegenCore ListShape.swift
[144/214] Compiling SmithyCodegenCore MapShape.swift
[145/214] Compiling SmithyCodegenCore MemberShape.swift
[146/214] Compiling SmithyCodegenCore Model+Union.swift
[147/214] Compiling SmithyCodegenCore NullableIndex.swift
[148/214] Compiling SmithyCodegenCore OperationsCodegen.swift
[149/214] Compiling SmithyCodegenCore SchemasCodegen.swift
[150/214] Compiling SmithyCodegenCore Model+TrimReferences.swift
[151/214] Compiling SmithyCodegenCore OperationShape.swift
[152/214] Compiling SmithyCodegenCore ResourceShape.swift
[153/214] Compiling SmithyCodegenCore ServiceShape.swift
[154/214] Compiling SmithyCodegenCore Shape+Prelude.swift
[155/214] Compiling SmithyCodegenCore Shape.swift
[156/214] Compiling SmithyCodegenCore StringShape.swift
[158/214] Emitting module SmithyCodegenCore
[159/221] Compiling SmithyCodegenCore EnumShape.swift
[160/221] Compiling SmithyCodegenCore HasMembers.swift
[161/221] Compiling SmithyCodegenCore IntEnumShape.swift
[162/221] Compiling SmithyCodegenCore IntegerShape.swift
[173/221] Compiling SmithyCodegenCore UnionShape.swift
[174/221] Compiling SmithyCodegenCore Node+Rendered.swift
[175/221] Compiling SmithyCodegenCore String+Utils.swift
[176/221] Compiling SmithyCodegenCore SwiftWriter.swift
[177/221] Compiling SmithyCodegenCore SwiftSettings.swift
[178/221] Compiling SmithyCodegenCore String+ReservedWords.swift
[179/221] Compiling SmithyCodegenCore SymbolProvider.swift
[180/221] Compiling SmithyCodegenCore SymbolProviderError.swift
[181/221] Compiling SmithyCodegenCore DeprecatedTrait.swift
[182/221] Compiling SmithyCodegenCore EnumTrait.swift
[183/221] Compiling SmithyCodegenCore UsedAsInputTrait.swift
[184/221] Compiling SmithyCodegenCore UsedAsOutputTrait.swift
[185/221] Compiling SmithyCodegenCore TypeRegistryCodegen.swift
[186/221] Compiling SmithyCodegenCore resource_bundle_accessor.swift
[193/221] Compiling SmithyCodegenCore Model.swift
[194/221] Compiling SmithyCodegenCore ModelError.swift
[199/221] Compiling SmithyCodegenCore Shape+Schema.swift
[200/221] Compiling SmithyCodegenCore SerializeCodegen.swift
[201/221] Compiling SmithyCodegenCore Shape+SerializeMethodName.swift
[202/221] Compiling SmithyCodegenCore ASTError.swift
[203/221] Compiling SmithyCodegenCore ASTMember.swift
[204/221] Compiling SmithyCodegenCore ASTModel.swift
[205/221] Compiling SmithyCodegenCore ASTReference.swift
[206/221] Compiling SmithyCodegenCore ASTShape.swift
[207/221] Compiling SmithyCodegenCore ASTType.swift
[208/221] Compiling SmithyCodegenCore Node+AST.swift
[209/221] Compiling SmithyCodegenCore CodeGenerator.swift
[210/221] Compiling SmithyCodegenCore ShapeID+AST.swift
[211/221] Compiling SmithyCodegenCore ShapeType+AST.swift
[212/221] Compiling SmithyCodegenCore Model+Box.swift
[213/221] Compiling SmithyCodegenCore Model+Deprecated.swift
[214/221] Compiling SmithyCodegenCore Model+InputOutput.swift
[215/221] Compiling SmithyCodegenCore Model+Operations.swift
[216/221] Compiling SmithyCodegenCore Model+PruneToService.swift
[219/223] Compiling SmithyCodegenCLI SmithyCodegenCLI.swift
[220/223] Emitting module SmithyCodegenCLI
[221/223] Write Objects.LinkFileList
[222/223] Linking SmithyCodegenCLI-tool
warning: you may be able to install libcrypto using your system-packager:
apt-get install openssl libssl-dev
warning: 'amplify-swift': found 1 file(s) which are unhandled; explicitly declare them as resources or exclude from the target
/host/spi-builder-workspace/.build/checkouts/amplify-swift/AmplifyPlugins/Core/AWSPluginsCore/WebSocket/README.md
warning: 'amplify-swift': found 1 file(s) which are unhandled; explicitly declare them as resources or exclude from the target
/host/spi-builder-workspace/.build/checkouts/amplify-swift/Amplify/AGENTS.md
[0/1] Planning build
[1/1] Compiling plugin SmithyCodeGeneratorPlugin
[2/2] Compiling plugin GenerateManual
[3/3] Compiling plugin GenerateDoccReference
Building for debugging...
[3/449] Write sources
[4/450] Compiling libtommathAmplify amplify_bn_s_mp_sqr_fast.c
[4/450] Copying DefaultSwiftHeader.txt
[6/450] Compiling libtommathAmplify amplify_bn_s_mp_sub.c
[7/450] Compiling libtommathAmplify amplify_bn_s_mp_sqr.c
[8/450] Compiling libtommathAmplify amplify_bn_s_mp_toom_sqr.c
[9/450] Compiling libtommathAmplify amplify_bn_s_mp_rand_platform.c
[10/450] Compiling libtommathAmplify amplify_bn_s_mp_rand_jenkins.c
[10/450] Compiling libtommathAmplify amplify_bn_s_mp_reverse.c
[12/450] Compiling libtommathAmplify amplify_bn_s_mp_toom_mul.c
[13/450] Compiling libtommathAmplify amplify_bn_s_mp_prime_is_divisible.c
[14/450] Compiling libtommathAmplify amplify_bn_s_mp_mul_high_digs_fast.c
[15/450] Compiling libtommathAmplify amplify_bn_s_mp_mul_high_digs.c
[16/450] Compiling libtommathAmplify amplify_bn_s_mp_mul_digs_fast.c
[17/450] Compiling libtommathAmplify amplify_bn_s_mp_montgomery_reduce_fast.c
[18/450] Compiling libtommathAmplify amplify_bn_s_mp_karatsuba_mul.c
[19/450] Compiling libtommathAmplify amplify_bn_s_mp_karatsuba_sqr.c
[20/450] Compiling libtommathAmplify amplify_bn_s_mp_mul_digs.c
[21/450] Compiling libtommathAmplify amplify_bn_s_mp_invmod_slow.c
[22/450] Compiling libtommathAmplify amplify_bn_s_mp_get_bit.c
[22/450] Compiling libtommathAmplify amplify_bn_s_mp_invmod_fast.c
[24/450] Compiling libtommathAmplify amplify_bn_s_mp_exptmod_fast.c
[25/450] Compiling libtommathAmplify amplify_bn_s_mp_exptmod.c
[26/450] Compiling libtommathAmplify amplify_bn_s_mp_balance_mul.c
[27/450] Compiling libtommathAmplify amplify_bn_prime_tab.c
[28/450] Compiling libtommathAmplify amplify_bn_s_mp_add.c
[29/450] Compiling libtommathAmplify amplify_bn_mp_zero.c
[30/450] Compiling libtommathAmplify amplify_bn_mp_xor.c
[31/450] Compiling libtommathAmplify amplify_bn_mp_unpack.c
[31/450] Compiling libtommathAmplify amplify_bn_mp_ubin_size.c
[33/450] Compiling libtommathAmplify amplify_bn_mp_to_sbin.c
[33/450] Compiling libtommathAmplify amplify_bn_mp_to_ubin.c
[35/450] Compiling libtommathAmplify amplify_bn_mp_to_radix.c
[35/450] Compiling libtommathAmplify amplify_bn_mp_submod.c
[37/450] Compiling libtommathAmplify amplify_bn_mp_sub_d.c
[38/450] Compiling libtommathAmplify amplify_bn_mp_sub.c
[39/450] Compiling libtommathAmplify amplify_bn_mp_sqrmod.c
[40/450] Compiling libtommathAmplify amplify_bn_mp_sqrt.c
[40/450] Compiling libtommathAmplify amplify_bn_mp_sqrtmod_prime.c
[40/450] Compiling libtommathAmplify amplify_bn_mp_sqr.c
[43/450] Compiling libtommathAmplify amplify_bn_mp_signed_rsh.c
[44/450] Compiling libtommathAmplify amplify_bn_mp_shrink.c
[45/450] Compiling libtommathAmplify amplify_bn_mp_set_ull.c
[46/450] Write swift-version-24593BA9C3E375BF.txt
[47/450] Compiling libtommathAmplify amplify_bn_mp_set_ul.c
[47/450] Compiling libtommathAmplify amplify_bn_mp_set_u32.c
[49/450] Compiling libtommathAmplify amplify_bn_mp_set_u64.c
[49/450] Compiling libtommathAmplify amplify_bn_mp_set_ll.c
[51/450] Compiling libtommathAmplify amplify_bn_mp_set_l.c
[52/450] Compiling libtommathAmplify amplify_bn_mp_set_i64.c
[53/450] Compiling libtommathAmplify amplify_bn_mp_set_i32.c
[54/450] Compiling libtommathAmplify amplify_bn_mp_set_double.c
[55/450] Compiling libtommathAmplify amplify_bn_mp_set.c
[56/450] Compiling libtommathAmplify amplify_bn_mp_sbin_size.c
[57/450] Compiling libtommathAmplify amplify_bn_mp_rshd.c
[58/450] Compiling libtommathAmplify amplify_bn_mp_root_u32.c
[59/450] Compiling libtommathAmplify amplify_bn_mp_reduce_setup.c
[60/450] Compiling libtommathAmplify amplify_bn_mp_reduce_is_2k_l.c
[61/450] Compiling libtommathAmplify amplify_bn_mp_reduce_is_2k.c
[62/450] Compiling libtommathAmplify amplify_bn_mp_reduce_2k_setup_l.c
[63/450] Compiling libtommathAmplify amplify_bn_mp_reduce_2k_l.c
[63/450] Compiling libtommathAmplify amplify_bn_mp_reduce_2k_setup.c
[65/452] Compiling libtommathAmplify amplify_bn_mp_reduce.c
[66/453] Compiling libtommathAmplify amplify_bn_mp_reduce_2k.c
[67/454] Compiling libtommathAmplify amplify_bn_mp_rand.c
[68/454] Compiling libtommathAmplify amplify_bn_mp_read_radix.c
[69/455] Compiling libtommathAmplify amplify_bn_mp_radix_size.c
[70/455] Compiling libtommathAmplify amplify_bn_mp_prime_rand.c
[71/455] Compiling libtommathAmplify amplify_bn_mp_radix_smap.c
[72/455] Compiling libtommathAmplify amplify_bn_mp_prime_rabin_miller_trials.c
[73/455] Compiling libtommathAmplify amplify_bn_mp_prime_strong_lucas_selfridge.c
[74/455] Compiling libtommathAmplify amplify_bn_mp_prime_next_prime.c
[75/455] Compiling libtommathAmplify amplify_bn_mp_prime_miller_rabin.c
[76/455] Compiling libtommathAmplify amplify_bn_mp_prime_fermat.c
[77/455] Compiling libtommathAmplify amplify_bn_mp_prime_is_prime.c
[78/455] Compiling libtommathAmplify amplify_bn_mp_prime_frobenius_underwood.c
[79/455] Compiling libtommathAmplify amplify_bn_mp_pack_count.c
[80/455] Compiling libtommathAmplify amplify_bn_mp_pack.c
[81/455] Compiling libtommathAmplify amplify_bn_mp_or.c
[82/455] Compiling libtommathAmplify amplify_bn_mp_neg.c
[83/455] Compiling libtommathAmplify amplify_bn_mp_mulmod.c
[85/455] Emitting module ArgumentParserToolInfo
[85/460] Compiling libtommathAmplify amplify_bn_mp_mul_2d.c
[86/462] Compiling libtommathAmplify amplify_bn_mp_mul_d.c
[87/481] Compiling libtommathAmplify amplify_bn_mp_mul_2.c
[88/523] Compiling libtommathAmplify amplify_bn_mp_mul.c
[89/529] Compiling libtommathAmplify amplify_bn_mp_montgomery_reduce.c
[90/552] Compiling libtommathAmplify amplify_bn_mp_montgomery_calc_normalization.c
[91/553] Compiling libtommathAmplify amplify_bn_mp_montgomery_setup.c
[92/558] Compiling libtommathAmplify amplify_bn_mp_mod_2d.c
[93/589] Compiling libtommathAmplify amplify_bn_mp_log_u32.c
[94/595] Compiling libtommathAmplify amplify_bn_mp_mod_d.c
[96/605] Compiling libtommathAmplify amplify_bn_mp_mod.c
[97/625] Compiling libtommathAmplify amplify_bn_mp_lshd.c
[98/625] Compiling libtommathAmplify amplify_bn_mp_lcm.c
[99/625] Compiling libtommathAmplify amplify_bn_mp_iseven.c
[100/625] Compiling libtommathAmplify amplify_bn_mp_isodd.c
[101/625] Compiling libtommathAmplify amplify_bn_mp_kronecker.c
[102/625] Compiling libtommathAmplify amplify_bn_mp_is_square.c
[103/625] Compiling libtommathAmplify amplify_bn_mp_invmod.c
[104/625] Compiling libtommathAmplify amplify_bn_mp_init_ull.c
[105/625] Compiling libtommathAmplify amplify_bn_mp_init_ul.c
[106/625] Compiling libtommathAmplify amplify_bn_mp_init_u64.c
[107/625] Compiling libtommathAmplify amplify_bn_mp_init_size.c
[108/625] Compiling libtommathAmplify amplify_bn_mp_init_u32.c
[109/625] Compiling libtommathAmplify amplify_bn_mp_init_set.c
[110/625] Wrapping AST for ArgumentParserToolInfo for debugging
[111/625] Compiling libtommathAmplify amplify_bn_mp_init_multi.c
[112/625] Compiling libtommathAmplify amplify_bn_mp_init_l.c
[113/625] Compiling libtommathAmplify amplify_bn_mp_init_i64.c
[115/625] Emitting module Logging
unable to find node: pound
unable to find node: pound
[115/626] Compiling libtommathAmplify amplify_bn_mp_init_ll.c
[116/626] Compiling libtommathAmplify amplify_bn_mp_init_copy.c
[117/626] Compiling libtommathAmplify amplify_bn_mp_init_i32.c
[118/626] Compiling libtommathAmplify amplify_bn_mp_init.c
[119/626] Compiling libtommathAmplify amplify_bn_mp_grow.c
[120/626] Compiling libtommathAmplify amplify_bn_mp_get_mag_ull.c
[121/626] Compiling libtommathAmplify amplify_bn_mp_get_mag_ul.c
[122/626] Compiling libtommathAmplify amplify_bn_mp_incr.c
[123/626] Compiling libtommathAmplify amplify_bn_mp_get_mag_u64.c
[125/626] Compiling libtommathAmplify amplify_bn_mp_get_mag_u32.c
[126/627] Compiling libtommathAmplify amplify_bn_mp_get_l.c
[127/627] Compiling libtommathAmplify amplify_bn_mp_get_ll.c
[128/627] Compiling libtommathAmplify amplify_bn_mp_get_i32.c
[129/627] Compiling libtommathAmplify amplify_bn_mp_get_i64.c
[130/627] Compiling libtommathAmplify amplify_bn_mp_fwrite.c
[131/627] Compiling libtommathAmplify amplify_bn_mp_get_double.c
[132/627] Compiling libtommathAmplify amplify_bn_mp_gcd.c
[133/627] Compiling libtommathAmplify amplify_bn_mp_from_ubin.c
[134/627] Wrapping AST for Logging for debugging
[135/627] Compiling libtommathAmplify amplify_bn_mp_from_sbin.c
[136/627] Compiling libtommathAmplify amplify_bn_mp_exptmod.c
[137/627] Compiling libtommathAmplify amplify_bn_mp_exteuclid.c
[138/627] Compiling libtommathAmplify amplify_bn_mp_expt_u32.c
[139/627] Compiling libtommathAmplify amplify_bn_mp_fread.c
[140/627] Compiling libtommathAmplify amplify_bn_mp_error_to_string.c
[141/627] Compiling libtommathAmplify amplify_bn_mp_dr_setup.c
[142/627] Compiling libtommathAmplify amplify_bn_mp_dr_reduce.c
[143/628] Compiling libtommathAmplify amplify_bn_mp_exch.c
[144/628] Compiling libtommathAmplify amplify_bn_mp_dr_is_modulus.c
[145/628] Compiling libtommathAmplify amplify_bn_mp_div_3.c
[146/628] Compiling libtommathAmplify amplify_bn_mp_div_d.c
[147/628] Compiling libtommathAmplify amplify_bn_mp_div_2d.c
[148/628] Compiling libtommathAmplify amplify_bn_mp_div_2.c
[149/628] Compiling libtommathAmplify amplify_bn_mp_decr.c
[150/628] Compiling libtommathAmplify amplify_bn_mp_div.c
[151/628] Compiling libtommathAmplify amplify_bn_mp_count_bits.c
[152/628] Compiling libtommathAmplify amplify_bn_mp_copy.c
[153/628] Compiling libtommathAmplify amplify_bn_mp_complement.c
[154/628] Compiling libtommathAmplify amplify_bn_mp_cnt_lsb.c
[155/628] Compiling libtommathAmplify amplify_bn_mp_cmp_mag.c
[156/628] Compiling libtommathAmplify amplify_bn_mp_cmp_d.c
[157/628] Compiling libtommathAmplify amplify_bn_mp_cmp.c
[158/628] Compiling libtommathAmplify amplify_bn_mp_clear_multi.c
[159/628] Compiling libtommathAmplify amplify_bn_mp_clear.c
[160/628] Compiling libtommathAmplify amplify_bn_mp_clamp.c
[161/628] Compiling libtommathAmplify amplify_bn_mp_addmod.c
[162/628] Compiling libtommathAmplify amplify_bn_mp_and.c
[163/628] Compiling libtommathAmplify amplify_bn_mp_add_d.c
[164/628] Compiling libtommathAmplify amplify_bn_mp_add.c
[165/628] Compiling libtommathAmplify amplify_bn_mp_abs.c
[166/628] Copying PrivacyInfo.xcprivacy
[168/628] Write sources
[170/628] Compiling libtommathAmplify amplify_bn_mp_2expt.c
[171/628] Write sources
[174/628] Compiling libtommathAmplify amplify_bn_deprecated.c
[175/628] Compiling libtommathAmplify amplify_bn_cutoffs.c
[176/628] Write sources
[198/637] Emitting module Smithy
[200/659] Emitting module ArgumentParser
[200/660] Write sources
In file included from /host/spi-builder-workspace/.build/checkouts/aws-crt-swift/aws-common-runtime/aws-c-mqtt/source/v5/rate_limiters.c:6:
In file included from /host/spi-builder-workspace/.build/checkouts/aws-crt-swift/aws-common-runtime/aws-c-mqtt/include/aws/mqtt/private/v5/rate_limiters.h:9:
In file included from /host/spi-builder-workspace/.build/checkouts/aws-crt-swift/aws-common-runtime/aws-c-mqtt/include/aws/mqtt/mqtt.h:10:
In file included from /host/spi-builder-workspace/.build/checkouts/aws-crt-swift/aws-common-runtime/aws-c-common/include/aws/common/logging.h:11:
/host/spi-builder-workspace/.build/checkouts/aws-crt-swift/aws-common-runtime/aws-c-common/include/aws/common/thread.h:12:14: fatal error: 'pthread.h' file not found
12 | # include <pthread.h>
| ^~~~~~~~~~~
1 error generated.
[204/660] Compiling rate_limiters.c
BUILD FAILURE 6.1 wasm