The Swift Package Index logo.Swift Package Index

Build Information

Failed to build CentralMap, reference 0.2.1 (87e0ec), with Swift 6.1 for Wasm on 10 Oct 2026 13:42:19 UTC.

Build Command

bash -c docker run --pull=always --rm -v "checkouts-54344847-0":/host -w "$PWD" -e JAVA_HOME="/root/.sdkman/candidates/java/current" -e SPI_BUILD="1" -e SPI_PROCESSING="1" registry.gitlab.com/saguaro1/spi-images:wasm-6.1-latest swift build --swift-sdk wasm32-unknown-wasi 2>&1

Build Log

========================================
RunAll
========================================
Builder version: 5.1.1
Interrupt handler set up.
========================================
Checkout
========================================
Clone URL: https://github.com/IzatIT/central-map-swift.git
Reference: 0.2.1
Initialized empty Git repository in /host/spi-builder-workspace/.git/
hint: Using 'master' as the name for the initial branch. This default branch name
hint: is subject to change. To configure the initial branch name to use in all
hint: of your new repositories, which will suppress this warning, call:
hint:
hint: 	git config --global init.defaultBranch <name>
hint:
hint: Names commonly chosen instead of 'master' are 'main', 'trunk' and
hint: 'development'. The just-created branch can be renamed via this command:
hint:
hint: 	git branch -m <name>
From https://github.com/IzatIT/central-map-swift
 * tag               0.2.1      -> FETCH_HEAD
HEAD is now at 87e0eca CentralMap 0.2.1
Cloned https://github.com/IzatIT/central-map-swift.git
Revision (git rev-parse @):
87e0eca941cb3fa6ef8c82beaa89f3bd5444fb43
SUCCESS checkout https://github.com/IzatIT/central-map-swift.git at 0.2.1
========================================
Build
========================================
Selected platform:         wasm
Swift version:             6.1
Building package at path:  $PWD
https://github.com/IzatIT/central-map-swift.git
https://github.com/IzatIT/central-map-swift.git
WARNING: environment variable SUPPRESS_SWIFT_6_FLAGS is not set
Running build ...
bash -c docker run --pull=always --rm -v "checkouts-54344847-0":/host -w "$PWD" -e JAVA_HOME="/root/.sdkman/candidates/java/current" -e SPI_BUILD="1" -e SPI_PROCESSING="1" registry.gitlab.com/saguaro1/spi-images:wasm-6.1-latest swift build --swift-sdk wasm32-unknown-wasi -Xswiftc -Xfrontend -Xswiftc -stats-output-dir -Xswiftc -Xfrontend -Xswiftc .stats -Xswiftc -strict-concurrency=complete -Xswiftc -enable-upcoming-feature -Xswiftc StrictConcurrency -Xswiftc -enable-upcoming-feature -Xswiftc DisableOutwardActorInference -Xswiftc -enable-upcoming-feature -Xswiftc GlobalActorIsolatedTypesUsability -Xswiftc -enable-upcoming-feature -Xswiftc InferSendableFromCaptures 2>&1
wasm-6.1-latest: Pulling from saguaro1/spi-images
Digest: sha256:005e294ea72e7f7733559677ac003354f37dc6afb35c5bbab6bc9a95fc174f44
Status: Image is up to date for registry.gitlab.com/saguaro1/spi-images:wasm-6.1-latest
Fetching https://github.com/maplibre/maplibre-gl-native-distribution
[1/455] Fetching maplibre-gl-native-distribution
Fetched https://github.com/maplibre/maplibre-gl-native-distribution from cache (0.41s)
Computing version for https://github.com/maplibre/maplibre-gl-native-distribution
Computed https://github.com/maplibre/maplibre-gl-native-distribution at 6.31.0 (1.34s)
Creating working copy for https://github.com/maplibre/maplibre-gl-native-distribution
Working copy of https://github.com/maplibre/maplibre-gl-native-distribution resolved at 6.31.0
Downloading binary artifact https://github.com/maplibre/maplibre-native/releases/download/ios-v6.31.0/MapLibre.dynamic.xcframework.zip
[15499/10312052] Downloading https://github.com/maplibre/maplibre-native/releases/download/ios-v6.31.0/MapLibre.dynamic.xcframework.zip
Downloaded https://github.com/maplibre/maplibre-native/releases/download/ios-v6.31.0/MapLibre.dynamic.xcframework.zip (0.62s)
Building for debugging...
[0/2] Write sources
[1/2] Write swift-version-24593BA9C3E375BF.txt
[3/8] Compiling CentralMap CentralMapView.swift
/host/spi-builder-workspace/Sources/CentralMap/CentralMapAPI.swift:1:8: error: no such module 'CoreLocation'
  1 | import CoreLocation
    |        `- error: no such module 'CoreLocation'
  2 | import Foundation
  3 |
[4/8] Compiling CentralMap CentralMapController.swift
/host/spi-builder-workspace/Sources/CentralMap/CentralMapAPI.swift:1:8: error: no such module 'CoreLocation'
  1 | import CoreLocation
    |        `- error: no such module 'CoreLocation'
  2 | import Foundation
  3 |
[5/8] Compiling CentralMap CentralMapStyle.swift
/host/spi-builder-workspace/Sources/CentralMap/CentralMapAPI.swift:1:8: error: no such module 'CoreLocation'
  1 | import CoreLocation
    |        `- error: no such module 'CoreLocation'
  2 | import Foundation
  3 |
error: emit-module command failed with exit code 1 (use -v to see invocation)
[6/8] Emitting module CentralMap
/host/spi-builder-workspace/Sources/CentralMap/CentralMapAPI.swift:1:8: error: no such module 'CoreLocation'
  1 | import CoreLocation
    |        `- error: no such module 'CoreLocation'
  2 | import Foundation
  3 |
[7/8] Compiling CentralMap CentralMapAPI.swift
/host/spi-builder-workspace/Sources/CentralMap/CentralMapAPI.swift:1:8: error: no such module 'CoreLocation'
  1 | import CoreLocation
    |        `- error: no such module 'CoreLocation'
  2 | import Foundation
  3 |
[8/8] Compiling CentralMap CentralMapConfig.swift
/host/spi-builder-workspace/Sources/CentralMap/CentralMapAPI.swift:1:8: error: no such module 'CoreLocation'
  1 | import CoreLocation
    |        `- error: no such module 'CoreLocation'
  2 | import Foundation
  3 |
Running build ...
bash -c docker run --pull=always --rm -v "checkouts-54344847-0":/host -w "$PWD" -e JAVA_HOME="/root/.sdkman/candidates/java/current" -e SPI_BUILD="1" -e SPI_PROCESSING="1" registry.gitlab.com/saguaro1/spi-images:wasm-6.1-latest swift build --swift-sdk wasm32-unknown-wasi 2>&1
wasm-6.1-latest: Pulling from saguaro1/spi-images
Digest: sha256:005e294ea72e7f7733559677ac003354f37dc6afb35c5bbab6bc9a95fc174f44
Status: Image is up to date for registry.gitlab.com/saguaro1/spi-images:wasm-6.1-latest
[0/1] Planning build
Building for debugging...
[0/1] Write swift-version-24593BA9C3E375BF.txt
[2/7] Compiling CentralMap CentralMapView.swift
/host/spi-builder-workspace/Sources/CentralMap/CentralMapAPI.swift:1:8: error: no such module 'CoreLocation'
  1 | import CoreLocation
    |        `- error: no such module 'CoreLocation'
  2 | import Foundation
  3 |
[3/7] Compiling CentralMap CentralMapController.swift
/host/spi-builder-workspace/Sources/CentralMap/CentralMapAPI.swift:1:8: error: no such module 'CoreLocation'
  1 | import CoreLocation
    |        `- error: no such module 'CoreLocation'
  2 | import Foundation
  3 |
[4/7] Compiling CentralMap CentralMapConfig.swift
/host/spi-builder-workspace/Sources/CentralMap/CentralMapAPI.swift:1:8: error: no such module 'CoreLocation'
  1 | import CoreLocation
    |        `- error: no such module 'CoreLocation'
  2 | import Foundation
  3 |
[5/7] Compiling CentralMap CentralMapStyle.swift
/host/spi-builder-workspace/Sources/CentralMap/CentralMapAPI.swift:1:8: error: no such module 'CoreLocation'
  1 | import CoreLocation
    |        `- error: no such module 'CoreLocation'
  2 | import Foundation
  3 |
error: emit-module command failed with exit code 1 (use -v to see invocation)
[6/7] Emitting module CentralMap
/host/spi-builder-workspace/Sources/CentralMap/CentralMapAPI.swift:1:8: error: no such module 'CoreLocation'
  1 | import CoreLocation
    |        `- error: no such module 'CoreLocation'
  2 | import Foundation
  3 |
[7/7] Compiling CentralMap CentralMapAPI.swift
/host/spi-builder-workspace/Sources/CentralMap/CentralMapAPI.swift:1:8: error: no such module 'CoreLocation'
  1 | import CoreLocation
    |        `- error: no such module 'CoreLocation'
  2 | import Foundation
  3 |
BUILD FAILURE 6.1 wasm