Build Information
Failed to build MultiViews, reference 3.2.0 (83b505), with Swift 6.1 for watchOS using Xcode 16.3 on 14 Aug 2026 22:01:36 UTC.
Build Command
env DEVELOPER_DIR=/Applications/Xcode-16.3.0.app xcrun xcodebuild -IDEClonedSourcePackagesDirPathOverride=$PWD/.dependencies -skipMacroValidation -skipPackagePluginValidation -derivedDataPath $PWD/.derivedData build -scheme MultiViews -destination generic/platform=watchOSBuild Log
<unknown>:0: warning: upcoming feature 'GlobalActorIsolatedTypesUsability' is already enabled as of Swift version 6
<unknown>:0: warning: upcoming feature 'DisableOutwardActorInference' is already enabled as of Swift version 6
SwiftCompile normal arm64_32 /Users/admin/builder/spi-builder-workspace/.dependencies/checkouts/CoreGraphicsExtensions/Sources/CoreGraphicsExtensions/Lerp/CGFloat+Lerp.swift (in target 'CoreGraphicsExtensions' from project 'CoreGraphicsExtensions')
cd /Users/admin/builder/spi-builder-workspace/.swiftpm/xcode
SwiftDriverJobDiscovery normal arm64 Compiling FrameReader.swift, OriginReader.swift (in target 'CoreGraphicsExtensions' from project 'CoreGraphicsExtensions')
SwiftCompile normal arm64_32 Compiling\ ReaderTiming.swift /Users/admin/builder/spi-builder-workspace/.dependencies/checkouts/CoreGraphicsExtensions/Sources/CoreGraphicsExtensions/Geometry/Timing/ReaderTiming.swift (in target 'CoreGraphicsExtensions' from project 'CoreGraphicsExtensions')
<unknown>:0: warning: upcoming feature 'InferSendableFromCaptures' is already enabled as of Swift version 6
<unknown>:0: warning: upcoming feature 'GlobalActorIsolatedTypesUsability' is already enabled as of Swift version 6
<unknown>:0: warning: upcoming feature 'DisableOutwardActorInference' is already enabled as of Swift version 6
SwiftCompile normal arm64_32 /Users/admin/builder/spi-builder-workspace/.dependencies/checkouts/CoreGraphicsExtensions/Sources/CoreGraphicsExtensions/Geometry/Timing/ReaderTiming.swift (in target 'CoreGraphicsExtensions' from project 'CoreGraphicsExtensions')
cd /Users/admin/builder/spi-builder-workspace/.swiftpm/xcode
SwiftDriverJobDiscovery normal arm64 Compiling CGVector.swift, EdgeInsets.swift (in target 'CoreGraphicsExtensions' from project 'CoreGraphicsExtensions')
SwiftCompile normal arm64_32 Compiling\ SafeArea.swift,\ SafeAreaReader.swift /Users/admin/builder/spi-builder-workspace/.dependencies/checkouts/CoreGraphicsExtensions/Sources/CoreGraphicsExtensions/Geometry/SafeArea.swift /Users/admin/builder/spi-builder-workspace/.dependencies/checkouts/CoreGraphicsExtensions/Sources/CoreGraphicsExtensions/Geometry/SafeAreaReader.swift (in target 'CoreGraphicsExtensions' from project 'CoreGraphicsExtensions')
<unknown>:0: warning: upcoming feature 'InferSendableFromCaptures' is already enabled as of Swift version 6
<unknown>:0: warning: upcoming feature 'GlobalActorIsolatedTypesUsability' is already enabled as of Swift version 6
<unknown>:0: warning: upcoming feature 'DisableOutwardActorInference' is already enabled as of Swift version 6
SwiftCompile normal arm64_32 /Users/admin/builder/spi-builder-workspace/.dependencies/checkouts/CoreGraphicsExtensions/Sources/CoreGraphicsExtensions/Geometry/SafeArea.swift (in target 'CoreGraphicsExtensions' from project 'CoreGraphicsExtensions')
cd /Users/admin/builder/spi-builder-workspace/.swiftpm/xcode
SwiftCompile normal arm64_32 /Users/admin/builder/spi-builder-workspace/.dependencies/checkouts/CoreGraphicsExtensions/Sources/CoreGraphicsExtensions/Geometry/SafeAreaReader.swift (in target 'CoreGraphicsExtensions' from project 'CoreGraphicsExtensions')
cd /Users/admin/builder/spi-builder-workspace/.swiftpm/xcode
SwiftDriverJobDiscovery normal arm64_32 Emitting module for CoreGraphicsExtensions (in target 'CoreGraphicsExtensions' from project 'CoreGraphicsExtensions')
SwiftDriver\ Compilation\ Requirements CoreGraphicsExtensions normal arm64_32 com.apple.xcode.tools.swift.compiler (in target 'CoreGraphicsExtensions' from project 'CoreGraphicsExtensions')
cd /Users/admin/builder/spi-builder-workspace/.swiftpm/xcode
builtin-Swift-Compilation-Requirements -- /Applications/Xcode-16.3.0.app/Contents/Developer/Toolchains/XcodeDefault.xctoolchain/usr/bin/swiftc -module-name CoreGraphicsExtensions -Onone -enforce-exclusivity\=checked @/Users/admin/builder/spi-builder-workspace/.derivedData/Build/Intermediates.noindex/CoreGraphicsExtensions.build/Debug-watchos/CoreGraphicsExtensions.build/Objects-normal/arm64_32/CoreGraphicsExtensions.SwiftFileList -DSWIFT_PACKAGE -DDEBUG -stats-output-dir .stats -strict-concurrency\=complete -enable-upcoming-feature StrictConcurrency -enable-upcoming-feature DisableOutwardActorInference -enable-upcoming-feature GlobalActorIsolatedTypesUsability -enable-upcoming-feature InferSendableFromCaptures -plugin-path /Applications/Xcode-16.3.0.app/Contents/Developer/Toolchains/XcodeDefault.xctoolchain/usr/lib/swift/host/plugins/testing -enable-experimental-feature DebugDescriptionMacro -sdk /Applications/Xcode-16.3.0.app/Contents/Developer/Platforms/WatchOS.platform/Developer/SDKs/WatchOS11.4.sdk -target arm64_32-apple-watchos9.0 -g -module-cache-path /Users/admin/builder/spi-builder-workspace/.derivedData/ModuleCache.noindex -Xfrontend -serialize-debugging-options -enable-testing -suppress-warnings -index-store-path /Users/admin/builder/spi-builder-workspace/.derivedData/Index.noindex/DataStore -swift-version 6 -I /Users/admin/builder/spi-builder-workspace/.derivedData/Build/Products/Debug-watchos -I /Applications/Xcode-16.3.0.app/Contents/Developer/Platforms/WatchOS.platform/Developer/usr/lib -F /Users/admin/builder/spi-builder-workspace/.derivedData/Build/Products/Debug-watchos -F /Applications/Xcode-16.3.0.app/Contents/Developer/Platforms/WatchOS.platform/Developer/Library/Frameworks -F /Applications/Xcode-16.3.0.app/Contents/Developer/Platforms/WatchOS.platform/Developer/SDKs/WatchOS11.4.sdk/Developer/Library/Frameworks -c -j10 -enable-batch-mode -incremental -Xcc -ivfsstatcache -Xcc /Users/admin/builder/spi-builder-workspace/.derivedData/SDKStatCaches.noindex/watchos11.4-22T246-43efb940ff07ba2497b70ec94253f576.sdkstatcache -output-file-map /Users/admin/builder/spi-builder-workspace/.derivedData/Build/Intermediates.noindex/CoreGraphicsExtensions.build/Debug-watchos/CoreGraphicsExtensions.build/Objects-normal/arm64_32/CoreGraphicsExtensions-OutputFileMap.json -use-frontend-parseable-output -save-temps -no-color-diagnostics -serialize-diagnostics -emit-dependencies -emit-module -emit-module-path /Users/admin/builder/spi-builder-workspace/.derivedData/Build/Intermediates.noindex/CoreGraphicsExtensions.build/Debug-watchos/CoreGraphicsExtensions.build/Objects-normal/arm64_32/CoreGraphicsExtensions.swiftmodule -user-module-version 2.1.0 -validate-clang-modules-once -clang-build-session-file /Users/admin/builder/spi-builder-workspace/.derivedData/ModuleCache.noindex/Session.modulevalidation -package-name coregraphicsextensions -Xcc -I/Users/admin/builder/spi-builder-workspace/.derivedData/Build/Intermediates.noindex/CoreGraphicsExtensions.build/Debug-watchos/CoreGraphicsExtensions.build/swift-overrides.hmap -emit-const-values -Xfrontend -const-gather-protocols-file -Xfrontend /Users/admin/builder/spi-builder-workspace/.derivedData/Build/Intermediates.noindex/CoreGraphicsExtensions.build/Debug-watchos/CoreGraphicsExtensions.build/Objects-normal/arm64_32/CoreGraphicsExtensions_const_extract_protocols.json -Xcc -I/Users/admin/builder/spi-builder-workspace/.derivedData/Build/Products/Debug-watchos/include -Xcc -I/Users/admin/builder/spi-builder-workspace/.derivedData/Build/Intermediates.noindex/CoreGraphicsExtensions.build/Debug-watchos/CoreGraphicsExtensions.build/DerivedSources-normal/arm64_32 -Xcc -I/Users/admin/builder/spi-builder-workspace/.derivedData/Build/Intermediates.noindex/CoreGraphicsExtensions.build/Debug-watchos/CoreGraphicsExtensions.build/DerivedSources/arm64_32 -Xcc -I/Users/admin/builder/spi-builder-workspace/.derivedData/Build/Intermediates.noindex/CoreGraphicsExtensions.build/Debug-watchos/CoreGraphicsExtensions.build/DerivedSources -Xcc -DSWIFT_PACKAGE -Xcc -DDEBUG\=1 -emit-objc-header -emit-objc-header-path /Users/admin/builder/spi-builder-workspace/.derivedData/Build/Intermediates.noindex/CoreGraphicsExtensions.build/Debug-watchos/CoreGraphicsExtensions.build/Objects-normal/arm64_32/CoreGraphicsExtensions-Swift.h -working-directory /Users/admin/builder/spi-builder-workspace/.swiftpm/xcode -experimental-emit-module-separately -disable-cmo
SwiftDriverJobDiscovery normal arm64_32 Compiling ReaderTiming.swift (in target 'CoreGraphicsExtensions' from project 'CoreGraphicsExtensions')
SwiftCompile normal arm64 Compiling\ ReaderTiming.swift /Users/admin/builder/spi-builder-workspace/.dependencies/checkouts/CoreGraphicsExtensions/Sources/CoreGraphicsExtensions/Geometry/Timing/ReaderTiming.swift (in target 'CoreGraphicsExtensions' from project 'CoreGraphicsExtensions')
<unknown>:0: warning: upcoming feature 'InferSendableFromCaptures' is already enabled as of Swift version 6
<unknown>:0: warning: upcoming feature 'GlobalActorIsolatedTypesUsability' is already enabled as of Swift version 6
<unknown>:0: warning: upcoming feature 'DisableOutwardActorInference' is already enabled as of Swift version 6
SwiftCompile normal arm64 /Users/admin/builder/spi-builder-workspace/.dependencies/checkouts/CoreGraphicsExtensions/Sources/CoreGraphicsExtensions/Geometry/Timing/ReaderTiming.swift (in target 'CoreGraphicsExtensions' from project 'CoreGraphicsExtensions')
cd /Users/admin/builder/spi-builder-workspace/.swiftpm/xcode
SwiftMergeGeneratedHeaders /Users/admin/builder/spi-builder-workspace/.derivedData/Build/Intermediates.noindex/GeneratedModuleMaps-watchos/CoreGraphicsExtensions-Swift.h /Users/admin/builder/spi-builder-workspace/.derivedData/Build/Intermediates.noindex/CoreGraphicsExtensions.build/Debug-watchos/CoreGraphicsExtensions.build/Objects-normal/arm64/CoreGraphicsExtensions-Swift.h /Users/admin/builder/spi-builder-workspace/.derivedData/Build/Intermediates.noindex/CoreGraphicsExtensions.build/Debug-watchos/CoreGraphicsExtensions.build/Objects-normal/arm64_32/CoreGraphicsExtensions-Swift.h (in target 'CoreGraphicsExtensions' from project 'CoreGraphicsExtensions')
cd /Users/admin/builder/spi-builder-workspace/.dependencies/checkouts/CoreGraphicsExtensions
builtin-swiftHeaderTool -arch arm64 /Users/admin/builder/spi-builder-workspace/.derivedData/Build/Intermediates.noindex/CoreGraphicsExtensions.build/Debug-watchos/CoreGraphicsExtensions.build/Objects-normal/arm64/CoreGraphicsExtensions-Swift.h -arch arm64_32 /Users/admin/builder/spi-builder-workspace/.derivedData/Build/Intermediates.noindex/CoreGraphicsExtensions.build/Debug-watchos/CoreGraphicsExtensions.build/Objects-normal/arm64_32/CoreGraphicsExtensions-Swift.h -o /Users/admin/builder/spi-builder-workspace/.derivedData/Build/Intermediates.noindex/GeneratedModuleMaps-watchos/CoreGraphicsExtensions-Swift.h
SwiftDriverJobDiscovery normal arm64_32 Compiling CGPoint+Lerp.swift (in target 'CoreGraphicsExtensions' from project 'CoreGraphicsExtensions')
Copy /Users/admin/builder/spi-builder-workspace/.derivedData/Build/Products/Debug-watchos/CoreGraphicsExtensions.swiftmodule/arm64_32-apple-watchos.swiftmodule /Users/admin/builder/spi-builder-workspace/.derivedData/Build/Intermediates.noindex/CoreGraphicsExtensions.build/Debug-watchos/CoreGraphicsExtensions.build/Objects-normal/arm64_32/CoreGraphicsExtensions.swiftmodule (in target 'CoreGraphicsExtensions' from project 'CoreGraphicsExtensions')
cd /Users/admin/builder/spi-builder-workspace/.dependencies/checkouts/CoreGraphicsExtensions
builtin-copy -exclude .DS_Store -exclude CVS -exclude .svn -exclude .git -exclude .hg -resolve-src-symlinks -rename /Users/admin/builder/spi-builder-workspace/.derivedData/Build/Intermediates.noindex/CoreGraphicsExtensions.build/Debug-watchos/CoreGraphicsExtensions.build/Objects-normal/arm64_32/CoreGraphicsExtensions.swiftmodule /Users/admin/builder/spi-builder-workspace/.derivedData/Build/Products/Debug-watchos/CoreGraphicsExtensions.swiftmodule/arm64_32-apple-watchos.swiftmodule
Copy /Users/admin/builder/spi-builder-workspace/.derivedData/Build/Products/Debug-watchos/CoreGraphicsExtensions.swiftmodule/arm64_32-apple-watchos.swiftdoc /Users/admin/builder/spi-builder-workspace/.derivedData/Build/Intermediates.noindex/CoreGraphicsExtensions.build/Debug-watchos/CoreGraphicsExtensions.build/Objects-normal/arm64_32/CoreGraphicsExtensions.swiftdoc (in target 'CoreGraphicsExtensions' from project 'CoreGraphicsExtensions')
cd /Users/admin/builder/spi-builder-workspace/.dependencies/checkouts/CoreGraphicsExtensions
builtin-copy -exclude .DS_Store -exclude CVS -exclude .svn -exclude .git -exclude .hg -resolve-src-symlinks -rename /Users/admin/builder/spi-builder-workspace/.derivedData/Build/Intermediates.noindex/CoreGraphicsExtensions.build/Debug-watchos/CoreGraphicsExtensions.build/Objects-normal/arm64_32/CoreGraphicsExtensions.swiftdoc /Users/admin/builder/spi-builder-workspace/.derivedData/Build/Products/Debug-watchos/CoreGraphicsExtensions.swiftmodule/arm64_32-apple-watchos.swiftdoc
SwiftDriverJobDiscovery normal arm64_32 Compiling CGFloat+Lerp.swift (in target 'CoreGraphicsExtensions' from project 'CoreGraphicsExtensions')
Copy /Users/admin/builder/spi-builder-workspace/.derivedData/Build/Products/Debug-watchos/CoreGraphicsExtensions.swiftmodule/arm64_32-apple-watchos.abi.json /Users/admin/builder/spi-builder-workspace/.derivedData/Build/Intermediates.noindex/CoreGraphicsExtensions.build/Debug-watchos/CoreGraphicsExtensions.build/Objects-normal/arm64_32/CoreGraphicsExtensions.abi.json (in target 'CoreGraphicsExtensions' from project 'CoreGraphicsExtensions')
cd /Users/admin/builder/spi-builder-workspace/.dependencies/checkouts/CoreGraphicsExtensions
builtin-copy -exclude .DS_Store -exclude CVS -exclude .svn -exclude .git -exclude .hg -resolve-src-symlinks -rename /Users/admin/builder/spi-builder-workspace/.derivedData/Build/Intermediates.noindex/CoreGraphicsExtensions.build/Debug-watchos/CoreGraphicsExtensions.build/Objects-normal/arm64_32/CoreGraphicsExtensions.abi.json /Users/admin/builder/spi-builder-workspace/.derivedData/Build/Products/Debug-watchos/CoreGraphicsExtensions.swiftmodule/arm64_32-apple-watchos.abi.json
Copy /Users/admin/builder/spi-builder-workspace/.derivedData/Build/Products/Debug-watchos/CoreGraphicsExtensions.swiftmodule/Project/arm64_32-apple-watchos.swiftsourceinfo /Users/admin/builder/spi-builder-workspace/.derivedData/Build/Intermediates.noindex/CoreGraphicsExtensions.build/Debug-watchos/CoreGraphicsExtensions.build/Objects-normal/arm64_32/CoreGraphicsExtensions.swiftsourceinfo (in target 'CoreGraphicsExtensions' from project 'CoreGraphicsExtensions')
cd /Users/admin/builder/spi-builder-workspace/.dependencies/checkouts/CoreGraphicsExtensions
builtin-copy -exclude .DS_Store -exclude CVS -exclude .svn -exclude .git -exclude .hg -resolve-src-symlinks -rename /Users/admin/builder/spi-builder-workspace/.derivedData/Build/Intermediates.noindex/CoreGraphicsExtensions.build/Debug-watchos/CoreGraphicsExtensions.build/Objects-normal/arm64_32/CoreGraphicsExtensions.swiftsourceinfo /Users/admin/builder/spi-builder-workspace/.derivedData/Build/Products/Debug-watchos/CoreGraphicsExtensions.swiftmodule/Project/arm64_32-apple-watchos.swiftsourceinfo
SwiftDriver MultiViews normal arm64 com.apple.xcode.tools.swift.compiler (in target 'MultiViews' from project 'MultiViews')
cd /Users/admin/builder/spi-builder-workspace/.swiftpm/xcode
builtin-SwiftDriver -- /Applications/Xcode-16.3.0.app/Contents/Developer/Toolchains/XcodeDefault.xctoolchain/usr/bin/swiftc -module-name MultiViews -Onone -enforce-exclusivity\=checked @/Users/admin/builder/spi-builder-workspace/.derivedData/Build/Intermediates.noindex/MultiViews.build/Debug-watchos/MultiViews.build/Objects-normal/arm64/MultiViews.SwiftFileList -DSWIFT_PACKAGE -DDEBUG -stats-output-dir .stats -strict-concurrency\=complete -enable-upcoming-feature StrictConcurrency -enable-upcoming-feature DisableOutwardActorInference -enable-upcoming-feature GlobalActorIsolatedTypesUsability -enable-upcoming-feature InferSendableFromCaptures -plugin-path /Applications/Xcode-16.3.0.app/Contents/Developer/Toolchains/XcodeDefault.xctoolchain/usr/lib/swift/host/plugins/testing -enable-experimental-feature DebugDescriptionMacro -sdk /Applications/Xcode-16.3.0.app/Contents/Developer/Platforms/WatchOS.platform/Developer/SDKs/WatchOS11.4.sdk -target arm64-apple-watchos10.0 -g -module-cache-path /Users/admin/builder/spi-builder-workspace/.derivedData/ModuleCache.noindex -Xfrontend -serialize-debugging-options -enable-testing -index-store-path /Users/admin/builder/spi-builder-workspace/.derivedData/Index.noindex/DataStore -swift-version 5 -I /Users/admin/builder/spi-builder-workspace/.derivedData/Build/Products/Debug-watchos -I /Applications/Xcode-16.3.0.app/Contents/Developer/Platforms/WatchOS.platform/Developer/usr/lib -F /Users/admin/builder/spi-builder-workspace/.derivedData/Build/Products/Debug-watchos/PackageFrameworks -F /Users/admin/builder/spi-builder-workspace/.derivedData/Build/Products/Debug-watchos -F /Applications/Xcode-16.3.0.app/Contents/Developer/Platforms/WatchOS.platform/Developer/Library/Frameworks -F /Applications/Xcode-16.3.0.app/Contents/Developer/Platforms/WatchOS.platform/Developer/SDKs/WatchOS11.4.sdk/Developer/Library/Frameworks -c -j10 -enable-batch-mode -incremental -Xcc -ivfsstatcache -Xcc /Users/admin/builder/spi-builder-workspace/.derivedData/SDKStatCaches.noindex/watchos11.4-22T246-43efb940ff07ba2497b70ec94253f576.sdkstatcache -output-file-map /Users/admin/builder/spi-builder-workspace/.derivedData/Build/Intermediates.noindex/MultiViews.build/Debug-watchos/MultiViews.build/Objects-normal/arm64/MultiViews-OutputFileMap.json -use-frontend-parseable-output -save-temps -no-color-diagnostics -serialize-diagnostics -emit-dependencies -emit-module -emit-module-path /Users/admin/builder/spi-builder-workspace/.derivedData/Build/Intermediates.noindex/MultiViews.build/Debug-watchos/MultiViews.build/Objects-normal/arm64/MultiViews.swiftmodule -validate-clang-modules-once -clang-build-session-file /Users/admin/builder/spi-builder-workspace/.derivedData/ModuleCache.noindex/Session.modulevalidation -package-name spi_builder_workspace -Xcc -I/Users/admin/builder/spi-builder-workspace/.derivedData/Build/Intermediates.noindex/MultiViews.build/Debug-watchos/MultiViews.build/swift-overrides.hmap -emit-const-values -Xfrontend -const-gather-protocols-file -Xfrontend /Users/admin/builder/spi-builder-workspace/.derivedData/Build/Intermediates.noindex/MultiViews.build/Debug-watchos/MultiViews.build/Objects-normal/arm64/MultiViews_const_extract_protocols.json -Xcc -I/Users/admin/builder/spi-builder-workspace/.derivedData/Build/Products/Debug-watchos/include -Xcc -I/Users/admin/builder/spi-builder-workspace/.derivedData/Build/Intermediates.noindex/MultiViews.build/Debug-watchos/MultiViews.build/DerivedSources-normal/arm64 -Xcc -I/Users/admin/builder/spi-builder-workspace/.derivedData/Build/Intermediates.noindex/MultiViews.build/Debug-watchos/MultiViews.build/DerivedSources/arm64 -Xcc -I/Users/admin/builder/spi-builder-workspace/.derivedData/Build/Intermediates.noindex/MultiViews.build/Debug-watchos/MultiViews.build/DerivedSources -Xcc -DSWIFT_PACKAGE -Xcc -DDEBUG\=1 -emit-objc-header -emit-objc-header-path /Users/admin/builder/spi-builder-workspace/.derivedData/Build/Intermediates.noindex/MultiViews.build/Debug-watchos/MultiViews.build/Objects-normal/arm64/MultiViews-Swift.h -working-directory /Users/admin/builder/spi-builder-workspace/.swiftpm/xcode -experimental-emit-module-separately -disable-cmo
SwiftDriver MultiViews normal arm64_32 com.apple.xcode.tools.swift.compiler (in target 'MultiViews' from project 'MultiViews')
cd /Users/admin/builder/spi-builder-workspace/.swiftpm/xcode
builtin-SwiftDriver -- /Applications/Xcode-16.3.0.app/Contents/Developer/Toolchains/XcodeDefault.xctoolchain/usr/bin/swiftc -module-name MultiViews -Onone -enforce-exclusivity\=checked @/Users/admin/builder/spi-builder-workspace/.derivedData/Build/Intermediates.noindex/MultiViews.build/Debug-watchos/MultiViews.build/Objects-normal/arm64_32/MultiViews.SwiftFileList -DSWIFT_PACKAGE -DDEBUG -stats-output-dir .stats -strict-concurrency\=complete -enable-upcoming-feature StrictConcurrency -enable-upcoming-feature DisableOutwardActorInference -enable-upcoming-feature GlobalActorIsolatedTypesUsability -enable-upcoming-feature InferSendableFromCaptures -plugin-path /Applications/Xcode-16.3.0.app/Contents/Developer/Toolchains/XcodeDefault.xctoolchain/usr/lib/swift/host/plugins/testing -enable-experimental-feature DebugDescriptionMacro -sdk /Applications/Xcode-16.3.0.app/Contents/Developer/Platforms/WatchOS.platform/Developer/SDKs/WatchOS11.4.sdk -target arm64_32-apple-watchos10.0 -g -module-cache-path /Users/admin/builder/spi-builder-workspace/.derivedData/ModuleCache.noindex -Xfrontend -serialize-debugging-options -enable-testing -index-store-path /Users/admin/builder/spi-builder-workspace/.derivedData/Index.noindex/DataStore -swift-version 5 -I /Users/admin/builder/spi-builder-workspace/.derivedData/Build/Products/Debug-watchos -I /Applications/Xcode-16.3.0.app/Contents/Developer/Platforms/WatchOS.platform/Developer/usr/lib -F /Users/admin/builder/spi-builder-workspace/.derivedData/Build/Products/Debug-watchos/PackageFrameworks -F /Users/admin/builder/spi-builder-workspace/.derivedData/Build/Products/Debug-watchos -F /Applications/Xcode-16.3.0.app/Contents/Developer/Platforms/WatchOS.platform/Developer/Library/Frameworks -F /Applications/Xcode-16.3.0.app/Contents/Developer/Platforms/WatchOS.platform/Developer/SDKs/WatchOS11.4.sdk/Developer/Library/Frameworks -c -j10 -enable-batch-mode -incremental -Xcc -ivfsstatcache -Xcc /Users/admin/builder/spi-builder-workspace/.derivedData/SDKStatCaches.noindex/watchos11.4-22T246-43efb940ff07ba2497b70ec94253f576.sdkstatcache -output-file-map /Users/admin/builder/spi-builder-workspace/.derivedData/Build/Intermediates.noindex/MultiViews.build/Debug-watchos/MultiViews.build/Objects-normal/arm64_32/MultiViews-OutputFileMap.json -use-frontend-parseable-output -save-temps -no-color-diagnostics -serialize-diagnostics -emit-dependencies -emit-module -emit-module-path /Users/admin/builder/spi-builder-workspace/.derivedData/Build/Intermediates.noindex/MultiViews.build/Debug-watchos/MultiViews.build/Objects-normal/arm64_32/MultiViews.swiftmodule -validate-clang-modules-once -clang-build-session-file /Users/admin/builder/spi-builder-workspace/.derivedData/ModuleCache.noindex/Session.modulevalidation -package-name spi_builder_workspace -Xcc -I/Users/admin/builder/spi-builder-workspace/.derivedData/Build/Intermediates.noindex/MultiViews.build/Debug-watchos/MultiViews.build/swift-overrides.hmap -emit-const-values -Xfrontend -const-gather-protocols-file -Xfrontend /Users/admin/builder/spi-builder-workspace/.derivedData/Build/Intermediates.noindex/MultiViews.build/Debug-watchos/MultiViews.build/Objects-normal/arm64_32/MultiViews_const_extract_protocols.json -Xcc -I/Users/admin/builder/spi-builder-workspace/.derivedData/Build/Products/Debug-watchos/include -Xcc -I/Users/admin/builder/spi-builder-workspace/.derivedData/Build/Intermediates.noindex/MultiViews.build/Debug-watchos/MultiViews.build/DerivedSources-normal/arm64_32 -Xcc -I/Users/admin/builder/spi-builder-workspace/.derivedData/Build/Intermediates.noindex/MultiViews.build/Debug-watchos/MultiViews.build/DerivedSources/arm64_32 -Xcc -I/Users/admin/builder/spi-builder-workspace/.derivedData/Build/Intermediates.noindex/MultiViews.build/Debug-watchos/MultiViews.build/DerivedSources -Xcc -DSWIFT_PACKAGE -Xcc -DDEBUG\=1 -emit-objc-header -emit-objc-header-path /Users/admin/builder/spi-builder-workspace/.derivedData/Build/Intermediates.noindex/MultiViews.build/Debug-watchos/MultiViews.build/Objects-normal/arm64_32/MultiViews-Swift.h -working-directory /Users/admin/builder/spi-builder-workspace/.swiftpm/xcode -experimental-emit-module-separately -disable-cmo
SwiftEmitModule normal arm64_32 Emitting\ module\ for\ MultiViews (in target 'MultiViews' from project 'MultiViews')
EmitSwiftModule normal arm64_32 (in target 'MultiViews' from project 'MultiViews')
cd /Users/admin/builder/spi-builder-workspace/.swiftpm/xcode
/Users/admin/builder/spi-builder-workspace/Sources/MultiViews/ApplicationDelegate.swift:17:40: error: cannot find type 'UIApplicationDelegate' in scope
public typealias ApplicationDelegate = UIApplicationDelegate
^~~~~~~~~~~~~~~~~~~~~
/Users/admin/builder/spi-builder-workspace/Sources/MultiViews/Image/MPImage.swift:18:32: error: cannot find type 'UIImageView' in scope
public typealias MPImageView = UIImageView
^~~~~~~~~~~
/Users/admin/builder/spi-builder-workspace/Sources/MultiViews/Image/ViewImage.swift:23:18: error: cannot find type 'UIView' in scope
public extension UIView {
^~~~~~
/Applications/Xcode-16.3.0.app/Contents/Developer/Platforms/WatchOS.platform/Developer/SDKs/WatchOS11.4.sdk/System/Library/Frameworks/UIKit.framework/Headers/NSTextAttachment.h:23:1: note: interface 'UIView' forward declared here
@class UIView;
^
/Users/admin/builder/spi-builder-workspace/Sources/MultiViews/Views/Buttons/AsyncButton.swift:20:23: warning: static property 'default' is not concurrency-safe because non-'Sendable' type 'AsyncButtonStyle' may have shared mutable state; this is an error in the Swift 6 language mode
public static let `default`: AsyncButtonStyle = .plain
^
/Users/admin/builder/spi-builder-workspace/Sources/MultiViews/Views/Buttons/AsyncButton.swift:10:13: note: consider making enum 'AsyncButtonStyle' conform to the 'Sendable' protocol
public enum AsyncButtonStyle {
^
: Sendable
/Users/admin/builder/spi-builder-workspace/Sources/MultiViews/Views/Buttons/AsyncButton.swift:20:23: note: add '@MainActor' to make static property 'default' part of global actor 'MainActor'
public static let `default`: AsyncButtonStyle = .plain
^
@MainActor
/Users/admin/builder/spi-builder-workspace/Sources/MultiViews/Views/Buttons/AsyncButton.swift:20:23: note: disable concurrency-safety checks if accesses are protected by an external synchronization mechanism
public static let `default`: AsyncButtonStyle = .plain
^
nonisolated(unsafe)
/Users/admin/builder/spi-builder-workspace/Sources/MultiViews/Views/Content/Checker.swift:22:35: error: cannot find type 'Context' in scope
public func makeView(context: Context) -> CheckerView {
^~~~~~~
/Users/admin/builder/spi-builder-workspace/Sources/MultiViews/Views/Content/Checker.swift:26:58: error: cannot find type 'Context' in scope
public func updateView(_ view: CheckerView, context: Context) {
^~~~~~~
/Users/admin/builder/spi-builder-workspace/Sources/MultiViews/Views/ViewTypes.swift:16:40: error: cannot find type 'UIViewRepresentable' in scope
public typealias MPViewRepresentable = UIViewRepresentable
^~~~~~~~~~~~~~~~~~~
/Users/admin/builder/spi-builder-workspace/Sources/MultiViews/Views/MPView.swift:10:27: error: cannot find type 'UIView' in scope
public typealias MPView = UIView
^~~~~~
/Applications/Xcode-16.3.0.app/Contents/Developer/Platforms/WatchOS.platform/Developer/SDKs/WatchOS11.4.sdk/System/Library/Frameworks/UIKit.framework/Headers/NSTextAttachment.h:23:1: note: interface 'UIView' forward declared here
@class UIView;
^
/Users/admin/builder/spi-builder-workspace/Sources/MultiViews/Views/ViewRepresentable.swift:11:33: error: 'Context' is not a member type of type 'Self'
func makeView(context: Self.Context) -> V
~~~~ ^
/Users/admin/builder/spi-builder-workspace/Sources/MultiViews/Views/ViewRepresentable.swift:12:46: error: 'Context' is not a member type of type 'Self'
func updateView(_ view: V, context: Self.Context)
~~~~ ^
/Users/admin/builder/spi-builder-workspace/Sources/MultiViews/Views/Content/Checker.swift:14:15: error: type 'Checker' does not conform to protocol 'ViewRepresentable'
public struct Checker: ViewRepresentable {
^
/Users/admin/builder/spi-builder-workspace/Sources/MultiViews/Views/Content/Checker.swift:14:15: note: add stubs for conformance
public struct Checker: ViewRepresentable {
^
/Users/admin/builder/spi-builder-workspace/Sources/MultiViews/Views/ViewRepresentable.swift:10:20: note: protocol requires nested type 'V'
associatedtype V: MPView
^
/Users/admin/builder/spi-builder-workspace/Sources/MultiViews/Views/Content/Checker.swift:33:25: error: property does not override any property from its superclass
public override var frame: CGRect {
~~~~~~~~ ^
/Users/admin/builder/spi-builder-workspace/Sources/MultiViews/Views/Content/Checker.swift:102:26: error: method does not override any method from its superclass
public override func draw(_ rect: CGRect) {
~~~~~~~~ ^
/Users/admin/builder/spi-builder-workspace/Sources/MultiViews/Views/Content/MVBlurView.swift:15:32: error: cannot find type 'UIVisualEffectView' in scope
typealias MPVisualEffectView = UIVisualEffectView
^~~~~~~~~~~~~~~~~~
/Users/admin/builder/spi-builder-workspace/Sources/MultiViews/Views/Content/MVBlurView.swift:25:23: error: cannot find type 'UIBlurEffect' in scope
public var style: UIBlurEffect.Style { colorScheme == .light ? .light : .dark }
^~~~~~~~~~~~
/Users/admin/builder/spi-builder-workspace/Sources/MultiViews/Views/Content/MVBlurView.swift:26:24: error: cannot find type 'UIVisualEffect' in scope
public var effect: UIVisualEffect { UIBlurEffect(style: style) }
^~~~~~~~~~~~~~
/Users/admin/builder/spi-builder-workspace/Sources/MultiViews/Views/Content/MVBlurView.swift:29:40: error: 'Context' is not a member type of struct 'MultiViews.MVBlurView'
public func makeView(context: Self.Context) -> MPView {
~~~~ ^
/Users/admin/builder/spi-builder-workspace/Sources/MultiViews/Views/Content/MVBlurView.swift:18:15: note: 'MVBlurView' declared here
public struct MVBlurView: ViewRepresentable {
^
/Users/admin/builder/spi-builder-workspace/Sources/MultiViews/Views/Content/MVBlurView.swift:37:58: error: 'Context' is not a member type of struct 'MultiViews.MVBlurView'
public func updateView(_ view: MPView, context: Self.Context) {
~~~~ ^
/Users/admin/builder/spi-builder-workspace/Sources/MultiViews/Views/Content/MVBlurView.swift:18:15: note: 'MVBlurView' declared here
public struct MVBlurView: ViewRepresentable {
^
/Users/admin/builder/spi-builder-workspace/Sources/MultiViews/Views/Content/MVBlurView.swift:18:15: error: type 'MVBlurView' does not conform to protocol 'ViewRepresentable'
public struct MVBlurView: ViewRepresentable {
^
/Users/admin/builder/spi-builder-workspace/Sources/MultiViews/Views/Content/MVBlurView.swift:18:15: note: add stubs for conformance
public struct MVBlurView: ViewRepresentable {
^
/Users/admin/builder/spi-builder-workspace/Sources/MultiViews/Views/ViewRepresentable.swift:10:20: note: protocol requires nested type 'V'
associatedtype V: MPView
^
/Users/admin/builder/spi-builder-workspace/Sources/MultiViews/Views/Gestures/AxisPanGestureRecognizer.swift:18:54: error: cannot find type 'UITouch' in scope
public override func touchesMoved(_ touches: Set<UITouch>, with event: UIEvent) {
^~~~~~~
/Users/admin/builder/spi-builder-workspace/Sources/MultiViews/Views/Gestures/AxisPanGestureRecognizer.swift:18:76: error: cannot find type 'UIEvent' in scope
public override func touchesMoved(_ touches: Set<UITouch>, with event: UIEvent) {
^~~~~~~
/Users/admin/builder/spi-builder-workspace/Sources/MultiViews/Views/Gestures/AxisPanGestureRecognizer.swift:4:46: error: cannot find type 'UIPanGestureRecognizer' in scope
public final class AxisPanGestureRecognizer: UIPanGestureRecognizer {
^~~~~~~~~~~~~~~~~~~~~~
/Users/admin/builder/spi-builder-workspace/Sources/MultiViews/Views/Gestures/AxisPanGestureView.swift:12:28: error: cannot find type 'UIPanGestureRecognizer' in scope
public let onChanged: (UIPanGestureRecognizer) -> Void
^~~~~~~~~~~~~~~~~~~~~~
/Users/admin/builder/spi-builder-workspace/Sources/MultiViews/Views/Gestures/AxisPanGestureView.swift:13:26: error: cannot find type 'UIPanGestureRecognizer' in scope
public let onEnded: (UIPanGestureRecognizer) -> Void
^~~~~~~~~~~~~~~~~~~~~~
/Users/admin/builder/spi-builder-workspace/Sources/MultiViews/Views/Gestures/AxisPanGestureView.swift:21:31: error: cannot find type 'UIPanGestureRecognizer' in scope
onChanged: @escaping (UIPanGestureRecognizer) -> Void,
^~~~~~~~~~~~~~~~~~~~~~
/Users/admin/builder/spi-builder-workspace/Sources/MultiViews/Views/Gestures/AxisPanGestureView.swift:22:29: error: cannot find type 'UIPanGestureRecognizer' in scope
onEnded: @escaping (UIPanGestureRecognizer) -> Void = { _ in }
^~~~~~~~~~~~~~~~~~~~~~
/Users/admin/builder/spi-builder-workspace/Sources/MultiViews/Views/Gestures/AxisPanGestureView.swift:33:49: error: cannot find type 'UIView' in scope
public func makeUIView(context: Context) -> UIView {
^~~~~~
/Applications/Xcode-16.3.0.app/Contents/Developer/Platforms/WatchOS.platform/Developer/SDKs/WatchOS11.4.sdk/System/Library/Frameworks/UIKit.framework/Headers/NSTextAttachment.h:23:1: note: interface 'UIView' forward declared here
@class UIView;
^
/Users/admin/builder/spi-builder-workspace/Sources/MultiViews/Views/Gestures/AxisPanGestureView.swift:33:37: error: cannot find type 'Context' in scope
public func makeUIView(context: Context) -> UIView {
^~~~~~~
/Users/admin/builder/spi-builder-workspace/Sources/MultiViews/Views/Gestures/AxisPanGestureView.swift:53:40: error: cannot find type 'UIView' in scope
public func updateUIView(_ uiView: UIView, context: Context) {
^~~~~~
/Applications/Xcode-16.3.0.app/Contents/Developer/Platforms/WatchOS.platform/Developer/SDKs/WatchOS11.4.sdk/System/Library/Frameworks/UIKit.framework/Headers/NSTextAttachment.h:23:1: note: interface 'UIView' forward declared here
@class UIView;
^
/Users/admin/builder/spi-builder-workspace/Sources/MultiViews/Views/Gestures/AxisPanGestureView.swift:53:57: error: cannot find type 'Context' in scope
public func updateUIView(_ uiView: UIView, context: Context) {
^~~~~~~
/Users/admin/builder/spi-builder-workspace/Sources/MultiViews/Views/Gestures/AxisPanGestureView.swift:72:47: error: cannot find type 'UIView' in scope
private func connectScrollView(from view: UIView, context: Context) {
^~~~~~
/Applications/Xcode-16.3.0.app/Contents/Developer/Platforms/WatchOS.platform/Developer/SDKs/WatchOS11.4.sdk/System/Library/Frameworks/UIKit.framework/Headers/NSTextAttachment.h:23:1: note: interface 'UIView' forward declared here
@class UIView;
^
/Users/admin/builder/spi-builder-workspace/Sources/MultiViews/Views/Gestures/AxisPanGestureView.swift:72:64: error: cannot find type 'Context' in scope
private func connectScrollView(from view: UIView, context: Context) {
^~~~~~~
/Users/admin/builder/spi-builder-workspace/Sources/MultiViews/Views/Gestures/AxisPanGestureView.swift:97:35: error: cannot find type 'UIPanGestureRecognizer' in scope
onChanged: @escaping (UIPanGestureRecognizer) -> Void,
^~~~~~~~~~~~~~~~~~~~~~
/Users/admin/builder/spi-builder-workspace/Sources/MultiViews/Views/Gestures/AxisPanGestureView.swift:98:33: error: cannot find type 'UIPanGestureRecognizer' in scope
onEnded: @escaping (UIPanGestureRecognizer) -> Void
^~~~~~~~~~~~~~~~~~~~~~
/Users/admin/builder/spi-builder-workspace/Sources/MultiViews/Views/Gestures/AxisPanGestureView.swift:89:39: error: cannot find type 'UIScrollView' in scope
weak var connectedScrollView: UIScrollView?
^~~~~~~~~~~~
/Users/admin/builder/spi-builder-workspace/Sources/MultiViews/Views/Gestures/AxisPanGestureView.swift:92:25: error: cannot find type 'UIPanGestureRecognizer' in scope
var onChanged: (UIPanGestureRecognizer) -> Void
^~~~~~~~~~~~~~~~~~~~~~
/Users/admin/builder/spi-builder-workspace/Sources/MultiViews/Views/Gestures/AxisPanGestureView.swift:93:23: error: cannot find type 'UIPanGestureRecognizer' in scope
var onEnded: (UIPanGestureRecognizer) -> Void
^~~~~~~~~~~~~~~~~~~~~~
/Users/admin/builder/spi-builder-workspace/Sources/MultiViews/Views/Gestures/AxisPanGestureView.swift:106:29: error: cannot find type 'UIPanGestureRecognizer' in scope
func pan(_ gesture: UIPanGestureRecognizer) {
^~~~~~~~~~~~~~~~~~~~~~
/Users/admin/builder/spi-builder-workspace/Sources/MultiViews/Views/Gestures/AxisPanGestureView.swift:5:35: error: cannot find type 'UIViewRepresentable' in scope
public struct AxisPanGestureView: UIViewRepresentable {
^~~~~~~~~~~~~~~~~~~
/Users/admin/builder/spi-builder-workspace/Sources/MultiViews/Views/Gestures/AxisPanGestureView.swift:119:19: error: cannot find type 'UIView' in scope
private extension UIView {
^~~~~~
/Applications/Xcode-16.3.0.app/Contents/Developer/Platforms/WatchOS.platform/Developer/SDKs/WatchOS11.4.sdk/System/Library/Frameworks/UIKit.framework/Headers/NSTextAttachment.h:23:1: note: interface 'UIView' forward declared here
@class UIView;
^
/Users/admin/builder/spi-builder-workspace/Sources/MultiViews/Views/Gestures/Hover.swift:18:28: error: cannot find type 'Context' in scope
func makeView(context: Context) -> HoverView {
^~~~~~~
/Users/admin/builder/spi-builder-workspace/Sources/MultiViews/Views/Gestures/Hover.swift:23:49: error: cannot find type 'Context' in scope
func updateView(_ view: HoverView, context: Context) {}
^~~~~~~
/Users/admin/builder/spi-builder-workspace/Sources/MultiViews/Views/Gestures/Hover.swift:13:8: error: type 'HoverViewRepresentable' does not conform to protocol 'ViewRepresentable'
struct HoverViewRepresentable: ViewRepresentable {
^
/Users/admin/builder/spi-builder-workspace/Sources/MultiViews/Views/Gestures/Hover.swift:13:8: note: add stubs for conformance
struct HoverViewRepresentable: ViewRepresentable {
^
/Users/admin/builder/spi-builder-workspace/Sources/MultiViews/Views/ViewRepresentable.swift:10:20: note: protocol requires nested type 'V'
associatedtype V: MPView
^
/Users/admin/builder/spi-builder-workspace/Sources/MultiViews/Views/Gestures/MVInteractView.swift:38:35: error: cannot find type 'Context' in scope
public func makeView(context: Context) -> MPView {
^~~~~~~
/Users/admin/builder/spi-builder-workspace/Sources/MultiViews/Views/Gestures/MVInteractView.swift:41:53: error: cannot find type 'Context' in scope
public func updateView(_ view: MPView, context: Context) {}
^~~~~~~
/Users/admin/builder/spi-builder-workspace/Sources/MultiViews/Views/Gestures/MVInteractView.swift:24:15: error: type 'MVInteractView' does not conform to protocol 'ViewRepresentable'
public struct MVInteractView: ViewRepresentable {
^
/Users/admin/builder/spi-builder-workspace/Sources/MultiViews/Views/Gestures/MVInteractView.swift:24:15: note: add stubs for conformance
public struct MVInteractView: ViewRepresentable {
^
/Users/admin/builder/spi-builder-workspace/Sources/MultiViews/Views/ViewRepresentable.swift:10:20: note: protocol requires nested type 'V'
associatedtype V: MPView
^
/Users/admin/builder/spi-builder-workspace/Sources/MultiViews/Views/Gestures/MVMultiInteractView.swift:34:35: error: cannot find type 'Context' in scope
public func makeView(context: Context) -> MPView {
^~~~~~~
/Users/admin/builder/spi-builder-workspace/Sources/MultiViews/Views/Gestures/MVMultiInteractView.swift:37:53: error: cannot find type 'Context' in scope
public func updateView(_ view: MPView, context: Context) {}
^~~~~~~
/Users/admin/builder/spi-builder-workspace/Sources/MultiViews/Views/Gestures/MVMultiInteractView.swift:23:15: error: type 'MVMultiInteractView' does not conform to protocol 'ViewRepresentable'
public struct MVMultiInteractView: ViewRepresentable {
^
/Users/admin/builder/spi-builder-workspace/Sources/MultiViews/Views/Gestures/MVMultiInteractView.swift:23:15: note: add stubs for conformance
public struct MVMultiInteractView: ViewRepresentable {
^
/Users/admin/builder/spi-builder-workspace/Sources/MultiViews/Views/ViewRepresentable.swift:10:20: note: protocol requires nested type 'V'
associatedtype V: MPView
^
/Users/admin/builder/spi-builder-workspace/Sources/MultiViews/Views/Gestures/SpatialLongPress.swift:38:28: error: cannot find type 'Context' in scope
func makeView(context: Context) -> MVSpatialLongPressView<Content> {
^~~~~~~
/Users/admin/builder/spi-builder-workspace/Sources/MultiViews/Views/Gestures/SpatialLongPress.swift:47:71: error: cannot find type 'Context' in scope
func updateView(_ view: MVSpatialLongPressView<Content>, context: Context) {
^~~~~~~
/Users/admin/builder/spi-builder-workspace/Sources/MultiViews/Views/Gestures/SpatialLongPress.swift:31:8: error: type 'SpatialLongPressView<Content>' does not conform to protocol 'ViewRepresentable'
struct SpatialLongPressView<Content: View>: ViewRepresentable {
^
/Users/admin/builder/spi-builder-workspace/Sources/MultiViews/Views/Gestures/SpatialLongPress.swift:31:8: note: add stubs for conformance
struct SpatialLongPressView<Content: View>: ViewRepresentable {
^
/Users/admin/builder/spi-builder-workspace/Sources/MultiViews/Views/ViewRepresentable.swift:10:20: note: protocol requires nested type 'V'
associatedtype V: MPView
^
/Users/admin/builder/spi-builder-workspace/Sources/MultiViews/Views/Gestures/SpatialLongPress.swift:143:46: error: cannot find type 'UIView' in scope
class MVSpatialLongPressView<Content: View>: UIView {
^~~~~~
/Applications/Xcode-16.3.0.app/Contents/Developer/Platforms/WatchOS.platform/Developer/SDKs/WatchOS11.4.sdk/System/Library/Frameworks/UIKit.framework/Headers/NSTextAttachment.h:23:1: note: interface 'UIView' forward declared here
@class UIView;
^
/Users/admin/builder/spi-builder-workspace/Sources/MultiViews/Views/ViewTypes.swift:15:40: error: cannot find type 'UIHostingController' in scope
public typealias MPHostingController = UIHostingController
^~~~~~~~~~~~~~~~~~~
/Users/admin/builder/spi-builder-workspace/Sources/MultiViews/Views/Gestures/SpatialLongPress.swift:200:37: error: cannot find type 'UILongPressGestureRecognizer' in scope
private func longPress(gesture: UILongPressGestureRecognizer) {
^~~~~~~~~~~~~~~~~~~~~~~~~~~~
/Users/admin/builder/spi-builder-workspace/Sources/MultiViews/Views/Keyboard/View+onGlobalKeyPress.swift:39:28: error: cannot find type 'Context' in scope
func makeView(context: Context) -> MVKeyboardView<Content> {
^~~~~~~
/Users/admin/builder/spi-builder-workspace/Sources/MultiViews/Views/Keyboard/View+onGlobalKeyPress.swift:43:63: error: cannot find type 'Context' in scope
func updateView(_ view: MVKeyboardView<Content>, context: Context) {
^~~~~~~
/Users/admin/builder/spi-builder-workspace/Sources/MultiViews/Views/Keyboard/View+onGlobalKeyPress.swift:34:8: error: type 'MVKeyboardViewRepresentable<Content>' does not conform to protocol 'ViewRepresentable'
struct MVKeyboardViewRepresentable<Content: View>: ViewRepresentable {
^
/Users/admin/builder/spi-builder-workspace/Sources/MultiViews/Views/Keyboard/View+onGlobalKeyPress.swift:34:8: note: add stubs for conformance
struct MVKeyboardViewRepresentable<Content: View>: ViewRepresentable {
^
/Users/admin/builder/spi-builder-workspace/Sources/MultiViews/Views/ViewRepresentable.swift:10:20: note: protocol requires nested type 'V'
associatedtype V: MPView
^
/Users/admin/builder/spi-builder-workspace/Sources/MultiViews/Views/Keyboard/View+onGlobalKeyPress.swift:94:18: error: property does not override any property from its superclass
override var canBecomeFirstResponder: Bool { true }
~~~~~~~~ ^
/Users/admin/builder/spi-builder-workspace/Sources/MultiViews/Views/Keyboard/View+onGlobalKeyPress.swift:95:47: error: cannot find type 'UIPress' in scope
override func pressesBegan(_ presses: Set<UIPress>, with event: UIPressesEvent?) {
^~~~~~~
/Users/admin/builder/spi-builder-workspace/Sources/MultiViews/Views/Keyboard/View+onGlobalKeyPress.swift:95:69: error: cannot find type 'UIPressesEvent' in scope
override func pressesBegan(_ presses: Set<UIPress>, with event: UIPressesEvent?) {
^~~~~~~~~~~~~~
/Users/admin/builder/spi-builder-workspace/Sources/MultiViews/Views/Scroll/MVScrollView.swift:19:33: error: cannot find type 'UIScrollView' in scope
public typealias MPScrollView = UIScrollView
^~~~~~~~~~~~
/Users/admin/builder/spi-builder-workspace/Sources/MultiViews/Views/Scroll/MVScrollView.swift:126:35: error: cannot find type 'Context' in scope
public func makeView(context: Context) -> MPView {
^~~~~~~
/Users/admin/builder/spi-builder-workspace/Sources/MultiViews/Views/Scroll/MVScrollView.swift:219:53: error: cannot find type 'Context' in scope
public func updateView(_ view: MPView, context: Context) {
^~~~~~~
/Users/admin/builder/spi-builder-workspace/Sources/MultiViews/Views/Scroll/MVScrollView.swift:319:72: error: cannot find type 'Context' in scope
private func setPadding(to scrollView: MPScrollView, with context: Context) {
^~~~~~~
/Users/admin/builder/spi-builder-workspace/Sources/MultiViews/Views/Scroll/MVScrollView.swift:39:15: error: type 'MVScrollView<Content>' does not conform to protocol 'ViewRepresentable'
public struct MVScrollView<Content: View>: ViewRepresentable {
^
/Users/admin/builder/spi-builder-workspace/Sources/MultiViews/Views/Scroll/MVScrollView.swift:39:15: note: add stubs for conformance
public struct MVScrollView<Content: View>: ViewRepresentable {
^
/Users/admin/builder/spi-builder-workspace/Sources/MultiViews/Views/ViewRepresentable.swift:10:20: note: protocol requires nested type 'V'
associatedtype V: MPView
^
/Users/admin/builder/spi-builder-workspace/Sources/MultiViews/Views/Scroll/MVScrollView.swift:414:36: error: cannot find type 'UIScrollViewDelegate' in scope
extension MPScrollViewCoordinator: UIScrollViewDelegate {
^~~~~~~~~~~~~~~~~~~~
/Users/admin/builder/spi-builder-workspace/Sources/MultiViews/Views/Scroll/MVScrollView.swift:418:59: error: cannot find type 'UIScrollView' in scope
public func scrollViewWillBeginDragging(_ scrollView: UIScrollView) {
^~~~~~~~~~~~
/Users/admin/builder/spi-builder-workspace/Sources/MultiViews/Views/Scroll/MVScrollView.swift:423:51: error: cannot find type 'UIScrollView' in scope
public func scrollViewDidScroll(_ scrollView: UIScrollView) {
^~~~~~~~~~~~
/Users/admin/builder/spi-builder-workspace/Sources/MultiViews/Views/Scroll/MVScrollView.swift:430:42: error: cannot find type 'UIScrollView' in scope
private func didScroll(_ scrollView: UIScrollView) {
^~~~~~~~~~~~
/Users/admin/builder/spi-builder-workspace/Sources/MultiViews/Views/Scroll/MVScrollView.swift:438:57: error: cannot find type 'UIScrollView' in scope
public func scrollViewWillEndDragging(_ scrollView: UIScrollView, withVelocity velocity: CGPoint, targetContentOffset: UnsafeMutablePointer<CGPoint>) {
^~~~~~~~~~~~
/Users/admin/builder/spi-builder-workspace/Sources/MultiViews/Views/Scroll/MVScrollView.swift:458:56: error: cannot find type 'UIScrollView' in scope
public func scrollViewDidEndDragging(_ scrollView: UIScrollView, willDecelerate decelerate: Bool) {
^~~~~~~~~~~~
/Users/admin/builder/spi-builder-workspace/Sources/MultiViews/Views/Scroll/MVScrollView.swift:464:60: error: cannot find type 'UIScrollView' in scope
public func scrollViewDidEndDecelerating(_ scrollView: UIScrollView) {
^~~~~~~~~~~~
/Users/admin/builder/spi-builder-workspace/Sources/MultiViews/Views/Scroll/MVScrollView.swift:473:64: error: cannot find type 'UIView' in scope
public func viewForZooming(in scrollView: UIScrollView) -> UIView? {
^~~~~~
/Applications/Xcode-16.3.0.app/Contents/Developer/Platforms/WatchOS.platform/Developer/SDKs/WatchOS11.4.sdk/System/Library/Frameworks/UIKit.framework/Headers/NSTextAttachment.h:23:1: note: interface 'UIView' forward declared here
@class UIView;
^
/Users/admin/builder/spi-builder-workspace/Sources/MultiViews/Views/Scroll/MVScrollView.swift:473:47: error: cannot find type 'UIScrollView' in scope
public func viewForZooming(in scrollView: UIScrollView) -> UIView? {
^~~~~~~~~~~~
/Users/admin/builder/spi-builder-workspace/Sources/MultiViews/Views/Scroll/MVScrollView.swift:477:58: error: cannot find type 'UIScrollView' in scope
public func scrollViewWillBeginZooming(_ scrollView: UIScrollView, with view: UIView?) {
^~~~~~~~~~~~
/Users/admin/builder/spi-builder-workspace/Sources/MultiViews/Views/Scroll/MVScrollView.swift:477:83: error: cannot find type 'UIView' in scope
public func scrollViewWillBeginZooming(_ scrollView: UIScrollView, with view: UIView?) {
^~~~~~
/Applications/Xcode-16.3.0.app/Contents/Developer/Platforms/WatchOS.platform/Developer/SDKs/WatchOS11.4.sdk/System/Library/Frameworks/UIKit.framework/Headers/NSTextAttachment.h:23:1: note: interface 'UIView' forward declared here
@class UIView;
^
/Users/admin/builder/spi-builder-workspace/Sources/MultiViews/Views/Scroll/MVScrollView.swift:481:49: error: cannot find type 'UIScrollView' in scope
public func scrollViewDidZoom(_ scrollView: UIScrollView) {
^~~~~~~~~~~~
/Users/admin/builder/spi-builder-workspace/Sources/MultiViews/Views/Scroll/MVScrollView.swift:488:55: error: cannot find type 'UIScrollView' in scope
public func scrollViewDidEndZooming(_ scrollView: UIScrollView, with view: UIView?, atScale scale: CGFloat) {
^~~~~~~~~~~~
/Users/admin/builder/spi-builder-workspace/Sources/MultiViews/Views/Scroll/MVScrollView.swift:488:80: error: cannot find type 'UIView' in scope
public func scrollViewDidEndZooming(_ scrollView: UIScrollView, with view: UIView?, atScale scale: CGFloat) {
^~~~~~
/Applications/Xcode-16.3.0.app/Contents/Developer/Platforms/WatchOS.platform/Developer/SDKs/WatchOS11.4.sdk/System/Library/Frameworks/UIKit.framework/Headers/NSTextAttachment.h:23:1: note: interface 'UIView' forward declared here
@class UIView;
^
/Users/admin/builder/spi-builder-workspace/Sources/MultiViews/Views/ViewTypes.swift:17:50: error: cannot find type 'UIViewControllerRepresentable' in scope
public typealias MPViewControllerRepresentable = UIViewControllerRepresentable
^~~~~~~~~~~~~~~~~~~~~~~~~~~~~
/Users/admin/builder/spi-builder-workspace/Sources/MultiViews/Views/ViewTypes.swift:14:37: error: cannot find type 'UIViewController' in scope
public typealias MPViewController = UIViewController
^~~~~~~~~~~~~~~~
/Users/admin/builder/spi-builder-workspace/Sources/MultiViews/Views/ViewControllerRepresentable.swift:11:43: error: 'Context' is not a member type of type 'Self'
func makeViewController(context: Self.Context) -> VC
~~~~ ^
/Users/admin/builder/spi-builder-workspace/Sources/MultiViews/Views/ViewControllerRepresentable.swift:12:67: error: 'Context' is not a member type of type 'Self'
func updateViewController(_ viewController: VC, context: Self.Context)
~~~~ ^
/Users/admin/builder/spi-builder-workspace/Sources/MultiViews/Views/ViewControllerRepresentable.swift:26:52: error: 'Context' is not a member type of type 'Self'
public func makeUIViewController(context: Self.Context) -> VC {
~~~~ ^
/Users/admin/builder/spi-builder-workspace/Sources/MultiViews/Views/ViewControllerRepresentable.swift:29:78: error: 'Context' is not a member type of type 'Self'
public func updateUIViewController(_ uiViewController: VC, context: Self.Context) {
~~~~ ^
/Users/admin/builder/spi-builder-workspace/Sources/MultiViews/Views/ViewRep.swift:15:35: error: cannot find type 'Context' in scope
public func makeView(context: Context) -> MPView {
^~~~~~~
/Users/admin/builder/spi-builder-workspace/Sources/MultiViews/Views/ViewRep.swift:19:53: error: cannot find type 'Context' in scope
public func updateView(_ view: MPView, context: Context) {}
^~~~~~~
/Users/admin/builder/spi-builder-workspace/Sources/MultiViews/Views/ViewRep.swift:7:15: error: type 'ViewRep' does not conform to protocol 'ViewRepresentable'
public struct ViewRep: ViewRepresentable {
^
/Users/admin/builder/spi-builder-workspace/Sources/MultiViews/Views/ViewRep.swift:7:15: note: add stubs for conformance
public struct ViewRep: ViewRepresentable {
^
/Users/admin/builder/spi-builder-workspace/Sources/MultiViews/Views/ViewRepresentable.swift:10:20: note: protocol requires nested type 'V'
associatedtype V: MPView
^
/Users/admin/builder/spi-builder-workspace/Sources/MultiViews/Views/ViewRepresentable.swift:26:42: error: 'Context' is not a member type of type 'Self'
public func makeUIView(context: Self.Context) -> V {
~~~~ ^
/Users/admin/builder/spi-builder-workspace/Sources/MultiViews/Views/ViewRepresentable.swift:29:57: error: 'Context' is not a member type of type 'Self'
public func updateUIView(_ uiView: V, context: Self.Context) {
~~~~ ^
Failed frontend command:
/Applications/Xcode-16.3.0.app/Contents/Developer/Toolchains/XcodeDefault.xctoolchain/usr/bin/swift-frontend -frontend -emit-module -experimental-skip-non-inlinable-function-bodies-without-types /Users/admin/builder/spi-builder-workspace/Sources/MultiViews/ApplicationDelegate.swift /Users/admin/builder/spi-builder-workspace/Sources/MultiViews/Color/Constants.swift /Users/admin/builder/spi-builder-workspace/Sources/MultiViews/Color/MPColor+Codable.swift /Users/admin/builder/spi-builder-workspace/Sources/MultiViews/Color/MPColor.swift /Users/admin/builder/spi-builder-workspace/Sources/MultiViews/Image/MPImage.swift /Users/admin/builder/spi-builder-workspace/Sources/MultiViews/Image/MPSquareImageView.swift /Users/admin/builder/spi-builder-workspace/Sources/MultiViews/Image/MPView+Image.swift /Users/admin/builder/spi-builder-workspace/Sources/MultiViews/Image/SnapshotView.swift /Users/admin/builder/spi-builder-workspace/Sources/MultiViews/Image/ViewImage.swift /Users/admin/builder/spi-builder-workspace/Sources/MultiViews/Keyboard.swift /Users/admin/builder/spi-builder-workspace/Sources/MultiViews/String/Cases.swift /Users/admin/builder/spi-builder-workspace/Sources/MultiViews/Tasks/NamedViewTask.swift /Users/admin/builder/spi-builder-workspace/Sources/MultiViews/Util/Bind.swift /Users/admin/builder/spi-builder-workspace/Sources/MultiViews/Util/CornerRadius.swift /Users/admin/builder/spi-builder-workspace/Sources/MultiViews/Util/Device.swift /Users/admin/builder/spi-builder-workspace/Sources/MultiViews/Util/If.swift /Users/admin/builder/spi-builder-workspace/Sources/MultiViews/Util/Is.swift /Users/admin/builder/spi-builder-workspace/Sources/MultiViews/Util/OS.swift /Users/admin/builder/spi-builder-workspace/Sources/MultiViews/Util/Previews.swift /Users/admin/builder/spi-builder-workspace/Sources/MultiViews/Views/Buttons/AsyncButton.swift /Users/admin/builder/spi-builder-workspace/Sources/MultiViews/Views/Buttons/Glass/GlassButton.swift /Users/admin/builder/spi-builder-workspace/Sources/MultiViews/Views/Buttons/Glass/GlassMenu.swift /Users/admin/builder/spi-builder-workspace/Sources/MultiViews/Views/Buttons/Glass/GlassPicker.swift /Users/admin/builder/spi-builder-workspace/Sources/MultiViews/Views/Buttons/Glass/GlassShape.swift /Users/admin/builder/spi-builder-workspace/Sources/MultiViews/Views/Content/Checker.swift /Users/admin/builder/spi-builder-workspace/Sources/MultiViews/Views/Content/MVBlurView.swift /Users/admin/builder/spi-builder-workspace/Sources/MultiViews/Views/Gestures/AxisPanGestureRecognizer.swift /Users/admin/builder/spi-builder-workspace/Sources/MultiViews/Views/Gestures/AxisPanGestureView.swift /Users/admin/builder/spi-builder-workspace/Sources/MultiViews/Views/Gestures/Drag.swift /Users/admin/builder/spi-builder-workspace/Sources/MultiViews/Views/Gestures/Hover.swift /Users/admin/builder/spi-builder-workspace/Sources/MultiViews/Views/Gestures/MVInteractView.swift /Users/admin/builder/spi-builder-workspace/Sources/MultiViews/Views/Gestures/MVMultiInteractView.swift /Users/admin/builder/spi-builder-workspace/Sources/MultiViews/Views/Gestures/SpatialLongPress.swift /Users/admin/builder/spi-builder-workspace/Sources/MultiViews/Views/Gestures/Swipe.swift /Users/admin/builder/spi-builder-workspace/Sources/MultiViews/Views/Keyboard/View+onGlobalKeyPress.swift /Users/admin/builder/spi-builder-workspace/Sources/MultiViews/Views/Layout/EqualHeightVStack.swift /Users/admin/builder/spi-builder-workspace/Sources/MultiViews/Views/Layout/EqualWidthHStack.swift /Users/admin/builder/spi-builder-workspace/Sources/MultiViews/Views/Layout/FillView.swift /Users/admin/builder/spi-builder-workspace/Sources/MultiViews/Views/Layout/FlexView.swift /Users/admin/builder/spi-builder-workspace/Sources/MultiViews/Views/MPView.swift /Users/admin/builder/spi-builder-workspace/Sources/MultiViews/Views/Progress/SmallProgressView.swift /Users/admin/builder/spi-builder-workspace/Sources/MultiViews/Views/Readers/FrameReader.swift /Users/admin/builder/spi-builder-workspace/Sources/MultiViews/Views/Readers/OriginReader.swift /Users/admin/builder/spi-builder-workspace/Sources/MultiViews/Views/Readers/SizeReader.swift /Users/admin/builder/spi-builder-workspace/Sources/MultiViews/Views/Scroll/BindableScrollView.swift /Users/admin/builder/spi-builder-workspace/Sources/MultiViews/Views/Scroll/MVScrollView.swift /Users/admin/builder/spi-builder-workspace/Sources/MultiViews/Views/Scroll/StateScrollView.swift /Users/admin/builder/spi-builder-workspace/Sources/MultiViews/Views/Secondary/SecondaryView.swift /Users/admin/builder/spi-builder-workspace/Sources/MultiViews/Views/Shortcuts/ModifierFlags.swift /Users/admin/builder/spi-builder-workspace/Sources/MultiViews/Views/State/GestureStateView.swift /Users/admin/builder/spi-builder-workspace/Sources/MultiViews/Views/State/StateView.swift /Users/admin/builder/spi-builder-workspace/Sources/MultiViews/Views/Tooltip/Tooltip.swift /Users/admin/builder/spi-builder-workspace/Sources/MultiViews/Views/Tooltip/TooltipView.swift /Users/admin/builder/spi-builder-workspace/Sources/MultiViews/Views/ViewControllerRepresentable.swift /Users/admin/builder/spi-builder-workspace/Sources/MultiViews/Views/ViewRep.swift /Users/admin/builder/spi-builder-workspace/Sources/MultiViews/Views/ViewRepresentable.swift /Users/admin/builder/spi-builder-workspace/Sources/MultiViews/Views/ViewTypes.swift -target arm64_32-apple-watchos10.0 -enable-objc-interop -sdk /Applications/Xcode-16.3.0.app/Contents/Developer/Platforms/WatchOS.platform/Developer/SDKs/WatchOS11.4.sdk -I /Users/admin/builder/spi-builder-workspace/.derivedData/Build/Products/Debug-watchos -I /Applications/Xcode-16.3.0.app/Contents/Developer/Platforms/WatchOS.platform/Developer/usr/lib -F /Users/admin/builder/spi-builder-workspace/.derivedData/Build/Products/Debug-watchos/PackageFrameworks -F /Users/admin/builder/spi-builder-workspace/.derivedData/Build/Products/Debug-watchos -F /Applications/Xcode-16.3.0.app/Contents/Developer/Platforms/WatchOS.platform/Developer/Library/Frameworks -F /Applications/Xcode-16.3.0.app/Contents/Developer/Platforms/WatchOS.platform/Developer/SDKs/WatchOS11.4.sdk/Developer/Library/Frameworks -no-color-diagnostics -enable-testing -g -debug-info-format\=dwarf -dwarf-version\=4 -module-cache-path /Users/admin/builder/spi-builder-workspace/.derivedData/ModuleCache.noindex -swift-version 5 -enforce-exclusivity\=checked -stats-output-dir /Users/admin/builder/spi-builder-workspace/.swiftpm/xcode/.stats -Onone -D SWIFT_PACKAGE -D DEBUG -serialize-debugging-options -const-gather-protocols-file /Users/admin/builder/spi-builder-workspace/.derivedData/Build/Intermediates.noindex/MultiViews.build/Debug-watchos/MultiViews.build/Objects-normal/arm64_32/MultiViews_const_extract_protocols.json -enable-upcoming-feature StrictConcurrency -enable-upcoming-feature DisableOutwardActorInference -enable-upcoming-feature GlobalActorIsolatedTypesUsability -enable-upcoming-feature InferSendableFromCaptures -enable-experimental-feature DebugDescriptionMacro -strict-concurrency\=complete -empty-abi-descriptor -plugin-path /Applications/Xcode-16.3.0.app/Contents/Developer/Toolchains/XcodeDefault.xctoolchain/usr/lib/swift/host/plugins/testing -validate-clang-modules-once -clang-build-session-file /Users/admin/builder/spi-builder-workspace/.derivedData/ModuleCache.noindex/Session.modulevalidation -Xcc -working-directory -Xcc /Users/admin/builder/spi-builder-workspace/.swiftpm/xcode -resource-dir /Applications/Xcode-16.3.0.app/Contents/Developer/Toolchains/XcodeDefault.xctoolchain/usr/lib/swift -enable-anonymous-context-mangled-names -file-compilation-dir /Users/admin/builder/spi-builder-workspace/.swiftpm/xcode -Xcc -ivfsstatcache -Xcc /Users/admin/builder/spi-builder-workspace/.derivedData/SDKStatCaches.noindex/watchos11.4-22T246-43efb940ff07ba2497b70ec94253f576.sdkstatcache -Xcc -I/Users/admin/builder/spi-builder-workspace/.derivedData/Build/Intermediates.noindex/MultiViews.build/Debug-watchos/MultiViews.build/swift-overrides.hmap -Xcc -I/Users/admin/builder/spi-builder-workspace/.derivedData/Build/Products/Debug-watchos/include -Xcc -I/Users/admin/builder/spi-builder-workspace/.derivedData/Build/Intermediates.noindex/MultiViews.build/Debug-watchos/MultiViews.build/DerivedSources-normal/arm64_32 -Xcc -I/Users/admin/builder/spi-builder-workspace/.derivedData/Build/Intermediates.noindex/MultiViews.build/Debug-watchos/MultiViews.build/DerivedSources/arm64_32 -Xcc -I/Users/admin/builder/spi-builder-workspace/.derivedData/Build/Intermediates.noindex/MultiViews.build/Debug-watchos/MultiViews.build/DerivedSources -Xcc -DSWIFT_PACKAGE -Xcc -DDEBUG\=1 -module-name MultiViews -package-name spi_builder_workspace -frontend-parseable-output -disable-clang-spi -target-sdk-version 11.4 -target-sdk-name watchos11.4 -external-plugin-path /Applications/Xcode-16.3.0.app/Contents/Developer/Platforms/WatchOS.platform/Developer/usr/lib/swift/host/plugins\#/Applications/Xcode-16.3.0.app/Contents/Developer/Platforms/WatchOS.platform/Developer/usr/bin/swift-plugin-server -external-plugin-path /Applications/Xcode-16.3.0.app/Contents/Developer/Platforms/WatchOS.platform/Developer/usr/local/lib/swift/host/plugins\#/Applications/Xcode-16.3.0.app/Contents/Developer/Platforms/WatchOS.platform/Developer/usr/bin/swift-plugin-server -in-process-plugin-server-path /Applications/Xcode-16.3.0.app/Contents/Developer/Toolchains/XcodeDefault.xctoolchain/usr/lib/swift/host/libSwiftInProcPluginServer.dylib -plugin-path /Applications/Xcode-16.3.0.app/Contents/Developer/Toolchains/XcodeDefault.xctoolchain/usr/lib/swift/host/plugins -plugin-path /Applications/Xcode-16.3.0.app/Contents/Developer/Toolchains/XcodeDefault.xctoolchain/usr/local/lib/swift/host/plugins -emit-module-doc-path /Users/admin/builder/spi-builder-workspace/.derivedData/Build/Intermediates.noindex/MultiViews.build/Debug-watchos/MultiViews.build/Objects-normal/arm64_32/MultiViews.swiftdoc -emit-module-source-info-path /Users/admin/builder/spi-builder-workspace/.derivedData/Build/Intermediates.noindex/MultiViews.build/Debug-watchos/MultiViews.build/Objects-normal/arm64_32/MultiViews.swiftsourceinfo -emit-objc-header-path /Users/admin/builder/spi-builder-workspace/.derivedData/Build/Intermediates.noindex/MultiViews.build/Debug-watchos/MultiViews.build/Objects-normal/arm64_32/MultiViews-Swift.h -serialize-diagnostics-path /Users/admin/builder/spi-builder-workspace/.derivedData/Build/Intermediates.noindex/MultiViews.build/Debug-watchos/MultiViews.build/Objects-normal/arm64_32/MultiViews-master-emit-module.dia -emit-dependencies-path /Users/admin/builder/spi-builder-workspace/.derivedData/Build/Intermediates.noindex/MultiViews.build/Debug-watchos/MultiViews.build/Objects-normal/arm64_32/MultiViews-master-emit-module.d -o /Users/admin/builder/spi-builder-workspace/.derivedData/Build/Intermediates.noindex/MultiViews.build/Debug-watchos/MultiViews.build/Objects-normal/arm64_32/MultiViews.swiftmodule -emit-abi-descriptor-path /Users/admin/builder/spi-builder-workspace/.derivedData/Build/Intermediates.noindex/MultiViews.build/Debug-watchos/MultiViews.build/Objects-normal/arm64_32/MultiViews.abi.json
SwiftEmitModule normal arm64 Emitting\ module\ for\ MultiViews (in target 'MultiViews' from project 'MultiViews')
EmitSwiftModule normal arm64 (in target 'MultiViews' from project 'MultiViews')
cd /Users/admin/builder/spi-builder-workspace/.swiftpm/xcode
SwiftCompile normal arm64_32 Compiling\ Checker.swift,\ MVBlurView.swift,\ AxisPanGestureRecognizer.swift,\ AxisPanGestureView.swift,\ Drag.swift,\ Hover.swift /Users/admin/builder/spi-builder-workspace/Sources/MultiViews/Views/Content/Checker.swift /Users/admin/builder/spi-builder-workspace/Sources/MultiViews/Views/Content/MVBlurView.swift /Users/admin/builder/spi-builder-workspace/Sources/MultiViews/Views/Gestures/AxisPanGestureRecognizer.swift /Users/admin/builder/spi-builder-workspace/Sources/MultiViews/Views/Gestures/AxisPanGestureView.swift /Users/admin/builder/spi-builder-workspace/Sources/MultiViews/Views/Gestures/Drag.swift /Users/admin/builder/spi-builder-workspace/Sources/MultiViews/Views/Gestures/Hover.swift (in target 'MultiViews' from project 'MultiViews')
SwiftCompile normal arm64_32 /Users/admin/builder/spi-builder-workspace/Sources/MultiViews/Views/Content/Checker.swift (in target 'MultiViews' from project 'MultiViews')
cd /Users/admin/builder/spi-builder-workspace/.swiftpm/xcode
SwiftCompile normal arm64_32 /Users/admin/builder/spi-builder-workspace/Sources/MultiViews/Views/Content/MVBlurView.swift (in target 'MultiViews' from project 'MultiViews')
cd /Users/admin/builder/spi-builder-workspace/.swiftpm/xcode
SwiftCompile normal arm64_32 /Users/admin/builder/spi-builder-workspace/Sources/MultiViews/Views/Gestures/AxisPanGestureRecognizer.swift (in target 'MultiViews' from project 'MultiViews')
cd /Users/admin/builder/spi-builder-workspace/.swiftpm/xcode
SwiftCompile normal arm64_32 /Users/admin/builder/spi-builder-workspace/Sources/MultiViews/Views/Gestures/AxisPanGestureView.swift (in target 'MultiViews' from project 'MultiViews')
cd /Users/admin/builder/spi-builder-workspace/.swiftpm/xcode
SwiftCompile normal arm64_32 /Users/admin/builder/spi-builder-workspace/Sources/MultiViews/Views/Gestures/Drag.swift (in target 'MultiViews' from project 'MultiViews')
cd /Users/admin/builder/spi-builder-workspace/.swiftpm/xcode
SwiftCompile normal arm64_32 /Users/admin/builder/spi-builder-workspace/Sources/MultiViews/Views/Gestures/Hover.swift (in target 'MultiViews' from project 'MultiViews')
cd /Users/admin/builder/spi-builder-workspace/.swiftpm/xcode
SwiftDriverJobDiscovery normal arm64_32 Compiling CGSize+Resolution.swift, CGSize.swift (in target 'CoreGraphicsExtensions' from project 'CoreGraphicsExtensions')
SwiftCompile normal arm64_32 Compiling\ MPView+Image.swift,\ SnapshotView.swift,\ ViewImage.swift,\ Keyboard.swift,\ Cases.swift,\ NamedViewTask.swift /Users/admin/builder/spi-builder-workspace/Sources/MultiViews/Image/MPView+Image.swift /Users/admin/builder/spi-builder-workspace/Sources/MultiViews/Image/SnapshotView.swift /Users/admin/builder/spi-builder-workspace/Sources/MultiViews/Image/ViewImage.swift /Users/admin/builder/spi-builder-workspace/Sources/MultiViews/Keyboard.swift /Users/admin/builder/spi-builder-workspace/Sources/MultiViews/String/Cases.swift /Users/admin/builder/spi-builder-workspace/Sources/MultiViews/Tasks/NamedViewTask.swift (in target 'MultiViews' from project 'MultiViews')
SwiftCompile normal arm64_32 /Users/admin/builder/spi-builder-workspace/Sources/MultiViews/Image/MPView+Image.swift (in target 'MultiViews' from project 'MultiViews')
cd /Users/admin/builder/spi-builder-workspace/.swiftpm/xcode
SwiftCompile normal arm64_32 /Users/admin/builder/spi-builder-workspace/Sources/MultiViews/Image/SnapshotView.swift (in target 'MultiViews' from project 'MultiViews')
cd /Users/admin/builder/spi-builder-workspace/.swiftpm/xcode
SwiftCompile normal arm64_32 /Users/admin/builder/spi-builder-workspace/Sources/MultiViews/Image/ViewImage.swift (in target 'MultiViews' from project 'MultiViews')
cd /Users/admin/builder/spi-builder-workspace/.swiftpm/xcode
SwiftCompile normal arm64_32 /Users/admin/builder/spi-builder-workspace/Sources/MultiViews/Keyboard.swift (in target 'MultiViews' from project 'MultiViews')
cd /Users/admin/builder/spi-builder-workspace/.swiftpm/xcode
SwiftCompile normal arm64_32 /Users/admin/builder/spi-builder-workspace/Sources/MultiViews/String/Cases.swift (in target 'MultiViews' from project 'MultiViews')
cd /Users/admin/builder/spi-builder-workspace/.swiftpm/xcode
SwiftCompile normal arm64_32 /Users/admin/builder/spi-builder-workspace/Sources/MultiViews/Tasks/NamedViewTask.swift (in target 'MultiViews' from project 'MultiViews')
cd /Users/admin/builder/spi-builder-workspace/.swiftpm/xcode
SwiftDriverJobDiscovery normal arm64_32 Compiling CGRect.swift, CGSize+Place.swift (in target 'CoreGraphicsExtensions' from project 'CoreGraphicsExtensions')
SwiftCompile normal arm64_32 Compiling\ SecondaryView.swift,\ ModifierFlags.swift,\ GestureStateView.swift,\ StateView.swift,\ Tooltip.swift /Users/admin/builder/spi-builder-workspace/Sources/MultiViews/Views/Secondary/SecondaryView.swift /Users/admin/builder/spi-builder-workspace/Sources/MultiViews/Views/Shortcuts/ModifierFlags.swift /Users/admin/builder/spi-builder-workspace/Sources/MultiViews/Views/State/GestureStateView.swift /Users/admin/builder/spi-builder-workspace/Sources/MultiViews/Views/State/StateView.swift /Users/admin/builder/spi-builder-workspace/Sources/MultiViews/Views/Tooltip/Tooltip.swift (in target 'MultiViews' from project 'MultiViews')
SwiftCompile normal arm64_32 /Users/admin/builder/spi-builder-workspace/Sources/MultiViews/Views/Secondary/SecondaryView.swift (in target 'MultiViews' from project 'MultiViews')
cd /Users/admin/builder/spi-builder-workspace/.swiftpm/xcode
SwiftCompile normal arm64_32 /Users/admin/builder/spi-builder-workspace/Sources/MultiViews/Views/Shortcuts/ModifierFlags.swift (in target 'MultiViews' from project 'MultiViews')
cd /Users/admin/builder/spi-builder-workspace/.swiftpm/xcode
SwiftCompile normal arm64_32 /Users/admin/builder/spi-builder-workspace/Sources/MultiViews/Views/State/GestureStateView.swift (in target 'MultiViews' from project 'MultiViews')
cd /Users/admin/builder/spi-builder-workspace/.swiftpm/xcode
SwiftCompile normal arm64_32 /Users/admin/builder/spi-builder-workspace/Sources/MultiViews/Views/State/StateView.swift (in target 'MultiViews' from project 'MultiViews')
cd /Users/admin/builder/spi-builder-workspace/.swiftpm/xcode
SwiftCompile normal arm64_32 /Users/admin/builder/spi-builder-workspace/Sources/MultiViews/Views/Tooltip/Tooltip.swift (in target 'MultiViews' from project 'MultiViews')
cd /Users/admin/builder/spi-builder-workspace/.swiftpm/xcode
SwiftDriverJobDiscovery normal arm64_32 Compiling CGFloat+Scale.swift, CGPoint.swift (in target 'CoreGraphicsExtensions' from project 'CoreGraphicsExtensions')
SwiftCompile normal arm64 Compiling\ Previews.swift,\ AsyncButton.swift,\ GlassButton.swift,\ GlassMenu.swift,\ GlassPicker.swift,\ GlassShape.swift /Users/admin/builder/spi-builder-workspace/Sources/MultiViews/Util/Previews.swift /Users/admin/builder/spi-builder-workspace/Sources/MultiViews/Views/Buttons/AsyncButton.swift /Users/admin/builder/spi-builder-workspace/Sources/MultiViews/Views/Buttons/Glass/GlassButton.swift /Users/admin/builder/spi-builder-workspace/Sources/MultiViews/Views/Buttons/Glass/GlassMenu.swift /Users/admin/builder/spi-builder-workspace/Sources/MultiViews/Views/Buttons/Glass/GlassPicker.swift /Users/admin/builder/spi-builder-workspace/Sources/MultiViews/Views/Buttons/Glass/GlassShape.swift (in target 'MultiViews' from project 'MultiViews')
SwiftCompile normal arm64 /Users/admin/builder/spi-builder-workspace/Sources/MultiViews/Util/Previews.swift (in target 'MultiViews' from project 'MultiViews')
cd /Users/admin/builder/spi-builder-workspace/.swiftpm/xcode
SwiftCompile normal arm64 /Users/admin/builder/spi-builder-workspace/Sources/MultiViews/Views/Buttons/AsyncButton.swift (in target 'MultiViews' from project 'MultiViews')
cd /Users/admin/builder/spi-builder-workspace/.swiftpm/xcode
SwiftCompile normal arm64 /Users/admin/builder/spi-builder-workspace/Sources/MultiViews/Views/Buttons/Glass/GlassButton.swift (in target 'MultiViews' from project 'MultiViews')
cd /Users/admin/builder/spi-builder-workspace/.swiftpm/xcode
SwiftCompile normal arm64 /Users/admin/builder/spi-builder-workspace/Sources/MultiViews/Views/Buttons/Glass/GlassMenu.swift (in target 'MultiViews' from project 'MultiViews')
cd /Users/admin/builder/spi-builder-workspace/.swiftpm/xcode
SwiftCompile normal arm64 /Users/admin/builder/spi-builder-workspace/Sources/MultiViews/Views/Buttons/Glass/GlassPicker.swift (in target 'MultiViews' from project 'MultiViews')
cd /Users/admin/builder/spi-builder-workspace/.swiftpm/xcode
SwiftCompile normal arm64 /Users/admin/builder/spi-builder-workspace/Sources/MultiViews/Views/Buttons/Glass/GlassShape.swift (in target 'MultiViews' from project 'MultiViews')
cd /Users/admin/builder/spi-builder-workspace/.swiftpm/xcode
SwiftDriverJobDiscovery normal arm64 Compiling ReaderTiming.swift (in target 'CoreGraphicsExtensions' from project 'CoreGraphicsExtensions')
SwiftCompile normal arm64 Compiling\ TooltipView.swift,\ ViewControllerRepresentable.swift,\ ViewRep.swift,\ ViewRepresentable.swift,\ ViewTypes.swift /Users/admin/builder/spi-builder-workspace/Sources/MultiViews/Views/Tooltip/TooltipView.swift /Users/admin/builder/spi-builder-workspace/Sources/MultiViews/Views/ViewControllerRepresentable.swift /Users/admin/builder/spi-builder-workspace/Sources/MultiViews/Views/ViewRep.swift /Users/admin/builder/spi-builder-workspace/Sources/MultiViews/Views/ViewRepresentable.swift /Users/admin/builder/spi-builder-workspace/Sources/MultiViews/Views/ViewTypes.swift (in target 'MultiViews' from project 'MultiViews')
SwiftCompile normal arm64 /Users/admin/builder/spi-builder-workspace/Sources/MultiViews/Views/Tooltip/TooltipView.swift (in target 'MultiViews' from project 'MultiViews')
cd /Users/admin/builder/spi-builder-workspace/.swiftpm/xcode
SwiftCompile normal arm64 /Users/admin/builder/spi-builder-workspace/Sources/MultiViews/Views/ViewControllerRepresentable.swift (in target 'MultiViews' from project 'MultiViews')
cd /Users/admin/builder/spi-builder-workspace/.swiftpm/xcode
SwiftCompile normal arm64 /Users/admin/builder/spi-builder-workspace/Sources/MultiViews/Views/ViewRep.swift (in target 'MultiViews' from project 'MultiViews')
cd /Users/admin/builder/spi-builder-workspace/.swiftpm/xcode
SwiftCompile normal arm64 /Users/admin/builder/spi-builder-workspace/Sources/MultiViews/Views/ViewRepresentable.swift (in target 'MultiViews' from project 'MultiViews')
cd /Users/admin/builder/spi-builder-workspace/.swiftpm/xcode
SwiftCompile normal arm64 /Users/admin/builder/spi-builder-workspace/Sources/MultiViews/Views/ViewTypes.swift (in target 'MultiViews' from project 'MultiViews')
cd /Users/admin/builder/spi-builder-workspace/.swiftpm/xcode
SwiftDriverJobDiscovery normal arm64_32 Compiling SafeArea.swift, SafeAreaReader.swift (in target 'CoreGraphicsExtensions' from project 'CoreGraphicsExtensions')
SwiftCompile normal arm64 Compiling\ OriginReader.swift,\ SizeReader.swift,\ BindableScrollView.swift,\ MVScrollView.swift,\ StateScrollView.swift /Users/admin/builder/spi-builder-workspace/Sources/MultiViews/Views/Readers/OriginReader.swift /Users/admin/builder/spi-builder-workspace/Sources/MultiViews/Views/Readers/SizeReader.swift /Users/admin/builder/spi-builder-workspace/Sources/MultiViews/Views/Scroll/BindableScrollView.swift /Users/admin/builder/spi-builder-workspace/Sources/MultiViews/Views/Scroll/MVScrollView.swift /Users/admin/builder/spi-builder-workspace/Sources/MultiViews/Views/Scroll/StateScrollView.swift (in target 'MultiViews' from project 'MultiViews')
SwiftCompile normal arm64 /Users/admin/builder/spi-builder-workspace/Sources/MultiViews/Views/Readers/OriginReader.swift (in target 'MultiViews' from project 'MultiViews')
cd /Users/admin/builder/spi-builder-workspace/.swiftpm/xcode
SwiftCompile normal arm64 /Users/admin/builder/spi-builder-workspace/Sources/MultiViews/Views/Readers/SizeReader.swift (in target 'MultiViews' from project 'MultiViews')
cd /Users/admin/builder/spi-builder-workspace/.swiftpm/xcode
SwiftCompile normal arm64 /Users/admin/builder/spi-builder-workspace/Sources/MultiViews/Views/Scroll/BindableScrollView.swift (in target 'MultiViews' from project 'MultiViews')
cd /Users/admin/builder/spi-builder-workspace/.swiftpm/xcode
SwiftCompile normal arm64 /Users/admin/builder/spi-builder-workspace/Sources/MultiViews/Views/Scroll/MVScrollView.swift (in target 'MultiViews' from project 'MultiViews')
cd /Users/admin/builder/spi-builder-workspace/.swiftpm/xcode
SwiftCompile normal arm64 /Users/admin/builder/spi-builder-workspace/Sources/MultiViews/Views/Scroll/StateScrollView.swift (in target 'MultiViews' from project 'MultiViews')
cd /Users/admin/builder/spi-builder-workspace/.swiftpm/xcode
SwiftDriverJobDiscovery normal arm64_32 Compiling SizeReader.swift (in target 'CoreGraphicsExtensions' from project 'CoreGraphicsExtensions')
SwiftCompile normal arm64_32 Compiling\ OriginReader.swift,\ SizeReader.swift,\ BindableScrollView.swift,\ MVScrollView.swift,\ StateScrollView.swift /Users/admin/builder/spi-builder-workspace/Sources/MultiViews/Views/Readers/OriginReader.swift /Users/admin/builder/spi-builder-workspace/Sources/MultiViews/Views/Readers/SizeReader.swift /Users/admin/builder/spi-builder-workspace/Sources/MultiViews/Views/Scroll/BindableScrollView.swift /Users/admin/builder/spi-builder-workspace/Sources/MultiViews/Views/Scroll/MVScrollView.swift /Users/admin/builder/spi-builder-workspace/Sources/MultiViews/Views/Scroll/StateScrollView.swift (in target 'MultiViews' from project 'MultiViews')
SwiftCompile normal arm64_32 /Users/admin/builder/spi-builder-workspace/Sources/MultiViews/Views/Readers/OriginReader.swift (in target 'MultiViews' from project 'MultiViews')
cd /Users/admin/builder/spi-builder-workspace/.swiftpm/xcode
SwiftCompile normal arm64_32 /Users/admin/builder/spi-builder-workspace/Sources/MultiViews/Views/Readers/SizeReader.swift (in target 'MultiViews' from project 'MultiViews')
cd /Users/admin/builder/spi-builder-workspace/.swiftpm/xcode
SwiftCompile normal arm64_32 /Users/admin/builder/spi-builder-workspace/Sources/MultiViews/Views/Scroll/BindableScrollView.swift (in target 'MultiViews' from project 'MultiViews')
cd /Users/admin/builder/spi-builder-workspace/.swiftpm/xcode
SwiftCompile normal arm64_32 /Users/admin/builder/spi-builder-workspace/Sources/MultiViews/Views/Scroll/MVScrollView.swift (in target 'MultiViews' from project 'MultiViews')
cd /Users/admin/builder/spi-builder-workspace/.swiftpm/xcode
SwiftCompile normal arm64_32 /Users/admin/builder/spi-builder-workspace/Sources/MultiViews/Views/Scroll/StateScrollView.swift (in target 'MultiViews' from project 'MultiViews')
cd /Users/admin/builder/spi-builder-workspace/.swiftpm/xcode
SwiftDriverJobDiscovery normal arm64_32 Compiling FrameReader.swift, OriginReader.swift (in target 'CoreGraphicsExtensions' from project 'CoreGraphicsExtensions')
SwiftCompile normal arm64 Compiling\ EqualWidthHStack.swift,\ FillView.swift,\ FlexView.swift,\ MPView.swift,\ SmallProgressView.swift,\ FrameReader.swift /Users/admin/builder/spi-builder-workspace/Sources/MultiViews/Views/Layout/EqualWidthHStack.swift /Users/admin/builder/spi-builder-workspace/Sources/MultiViews/Views/Layout/FillView.swift /Users/admin/builder/spi-builder-workspace/Sources/MultiViews/Views/Layout/FlexView.swift /Users/admin/builder/spi-builder-workspace/Sources/MultiViews/Views/MPView.swift /Users/admin/builder/spi-builder-workspace/Sources/MultiViews/Views/Progress/SmallProgressView.swift /Users/admin/builder/spi-builder-workspace/Sources/MultiViews/Views/Readers/FrameReader.swift (in target 'MultiViews' from project 'MultiViews')
SwiftCompile normal arm64 /Users/admin/builder/spi-builder-workspace/Sources/MultiViews/Views/Layout/EqualWidthHStack.swift (in target 'MultiViews' from project 'MultiViews')
cd /Users/admin/builder/spi-builder-workspace/.swiftpm/xcode
SwiftCompile normal arm64 /Users/admin/builder/spi-builder-workspace/Sources/MultiViews/Views/Layout/FillView.swift (in target 'MultiViews' from project 'MultiViews')
cd /Users/admin/builder/spi-builder-workspace/.swiftpm/xcode
SwiftCompile normal arm64 /Users/admin/builder/spi-builder-workspace/Sources/MultiViews/Views/Layout/FlexView.swift (in target 'MultiViews' from project 'MultiViews')
cd /Users/admin/builder/spi-builder-workspace/.swiftpm/xcode
SwiftCompile normal arm64 /Users/admin/builder/spi-builder-workspace/Sources/MultiViews/Views/MPView.swift (in target 'MultiViews' from project 'MultiViews')
cd /Users/admin/builder/spi-builder-workspace/.swiftpm/xcode
SwiftCompile normal arm64 /Users/admin/builder/spi-builder-workspace/Sources/MultiViews/Views/Progress/SmallProgressView.swift (in target 'MultiViews' from project 'MultiViews')
cd /Users/admin/builder/spi-builder-workspace/.swiftpm/xcode
SwiftCompile normal arm64 /Users/admin/builder/spi-builder-workspace/Sources/MultiViews/Views/Readers/FrameReader.swift (in target 'MultiViews' from project 'MultiViews')
cd /Users/admin/builder/spi-builder-workspace/.swiftpm/xcode
SwiftDriverJobDiscovery normal arm64_32 Compiling CGVector.swift, EdgeInsets.swift (in target 'CoreGraphicsExtensions' from project 'CoreGraphicsExtensions')
SwiftCompile normal arm64_32 Compiling\ MVInteractView.swift,\ MVMultiInteractView.swift,\ SpatialLongPress.swift,\ Swipe.swift,\ View+onGlobalKeyPress.swift,\ EqualHeightVStack.swift /Users/admin/builder/spi-builder-workspace/Sources/MultiViews/Views/Gestures/MVInteractView.swift /Users/admin/builder/spi-builder-workspace/Sources/MultiViews/Views/Gestures/MVMultiInteractView.swift /Users/admin/builder/spi-builder-workspace/Sources/MultiViews/Views/Gestures/SpatialLongPress.swift /Users/admin/builder/spi-builder-workspace/Sources/MultiViews/Views/Gestures/Swipe.swift /Users/admin/builder/spi-builder-workspace/Sources/MultiViews/Views/Keyboard/View+onGlobalKeyPress.swift /Users/admin/builder/spi-builder-workspace/Sources/MultiViews/Views/Layout/EqualHeightVStack.swift (in target 'MultiViews' from project 'MultiViews')
Command SwiftCompile failed with a nonzero exit code
** BUILD FAILED **
The following build commands failed:
EmitSwiftModule normal arm64_32 (in target 'MultiViews' from project 'MultiViews')
SwiftEmitModule normal arm64_32 Emitting\ module\ for\ MultiViews (in target 'MultiViews' from project 'MultiViews')
SwiftCompile normal arm64_32 Compiling\ MVInteractView.swift,\ MVMultiInteractView.swift,\ SpatialLongPress.swift,\ Swipe.swift,\ View+onGlobalKeyPress.swift,\ EqualHeightVStack.swift /Users/admin/builder/spi-builder-workspace/Sources/MultiViews/Views/Gestures/MVInteractView.swift /Users/admin/builder/spi-builder-workspace/Sources/MultiViews/Views/Gestures/MVMultiInteractView.swift /Users/admin/builder/spi-builder-workspace/Sources/MultiViews/Views/Gestures/SpatialLongPress.swift /Users/admin/builder/spi-builder-workspace/Sources/MultiViews/Views/Gestures/Swipe.swift /Users/admin/builder/spi-builder-workspace/Sources/MultiViews/Views/Keyboard/View+onGlobalKeyPress.swift /Users/admin/builder/spi-builder-workspace/Sources/MultiViews/Views/Layout/EqualHeightVStack.swift (in target 'MultiViews' from project 'MultiViews')
Building workspace spi-builder-workspace with scheme MultiViews
(4 failures)
Command line invocation:
/Applications/Xcode-16.3.0.app/Contents/Developer/usr/bin/xcodebuild -IDEClonedSourcePackagesDirPathOverride=/Users/admin/builder/spi-builder-workspace/.dependencies -resolvePackageDependencies
Resolve Package Graph
Resolved source packages:
CoreGraphicsExtensions: https://github.com/heestand-xyz/CoreGraphicsExtensions @ 2.1.0
MultiViews: /Users/admin/builder/spi-builder-workspace
resolved source packages: CoreGraphicsExtensions, MultiViews
{
"dependencies" : [
{
"identity" : "coregraphicsextensions",
"requirement" : {
"range" : [
{
"lower_bound" : "2.0.1",
"upper_bound" : "3.0.0"
}
]
},
"type" : "sourceControl",
"url" : "https://github.com/heestand-xyz/CoreGraphicsExtensions"
}
],
"manifest_display_name" : "MultiViews",
"name" : "MultiViews",
"path" : "/Users/admin/builder/spi-builder-workspace",
"platforms" : [
{
"name" : "ios",
"version" : "17.0"
},
{
"name" : "tvos",
"version" : "17.0"
},
{
"name" : "macos",
"version" : "14.0"
},
{
"name" : "visionos",
"version" : "1.0"
}
],
"products" : [
{
"name" : "MultiViews",
"targets" : [
"MultiViews"
],
"type" : {
"library" : [
"automatic"
]
}
}
],
"targets" : [
{
"c99name" : "MultiViews",
"module_type" : "SwiftTarget",
"name" : "MultiViews",
"path" : "Sources/MultiViews",
"product_dependencies" : [
"CoreGraphicsExtensions"
],
"product_memberships" : [
"MultiViews"
],
"sources" : [
"ApplicationDelegate.swift",
"Color/Constants.swift",
"Color/MPColor+Codable.swift",
"Color/MPColor.swift",
"Image/MPImage.swift",
"Image/MPSquareImageView.swift",
"Image/MPView+Image.swift",
"Image/SnapshotView.swift",
"Image/ViewImage.swift",
"Keyboard.swift",
"String/Cases.swift",
"Tasks/NamedViewTask.swift",
"Util/Bind.swift",
"Util/CornerRadius.swift",
"Util/Device.swift",
"Util/If.swift",
"Util/Is.swift",
"Util/OS.swift",
"Util/Previews.swift",
"Views/Buttons/AsyncButton.swift",
"Views/Buttons/Glass/GlassButton.swift",
"Views/Buttons/Glass/GlassMenu.swift",
"Views/Buttons/Glass/GlassPicker.swift",
"Views/Buttons/Glass/GlassShape.swift",
"Views/Content/Checker.swift",
"Views/Content/MVBlurView.swift",
"Views/Gestures/AxisPanGestureRecognizer.swift",
"Views/Gestures/AxisPanGestureView.swift",
"Views/Gestures/Drag.swift",
"Views/Gestures/Hover.swift",
"Views/Gestures/MVInteractView.swift",
"Views/Gestures/MVMultiInteractView.swift",
"Views/Gestures/SpatialLongPress.swift",
"Views/Gestures/Swipe.swift",
"Views/Keyboard/View+onGlobalKeyPress.swift",
"Views/Layout/EqualHeightVStack.swift",
"Views/Layout/EqualWidthHStack.swift",
"Views/Layout/FillView.swift",
"Views/Layout/FlexView.swift",
"Views/MPView.swift",
"Views/Progress/SmallProgressView.swift",
"Views/Readers/FrameReader.swift",
"Views/Readers/OriginReader.swift",
"Views/Readers/SizeReader.swift",
"Views/Scroll/BindableScrollView.swift",
"Views/Scroll/MVScrollView.swift",
"Views/Scroll/StateScrollView.swift",
"Views/Secondary/SecondaryView.swift",
"Views/Shortcuts/ModifierFlags.swift",
"Views/State/GestureStateView.swift",
"Views/State/StateView.swift",
"Views/Tooltip/Tooltip.swift",
"Views/Tooltip/TooltipView.swift",
"Views/ViewControllerRepresentable.swift",
"Views/ViewRep.swift",
"Views/ViewRepresentable.swift",
"Views/ViewTypes.swift"
],
"type" : "library"
}
],
"tools_version" : "5.9"
}
{
"workspace" : {
"name" : "spi-builder-workspace",
"schemes" : [
"MultiViews"
]
}
}
Running build ...
env DEVELOPER_DIR=/Applications/Xcode-16.3.0.app xcrun xcodebuild -IDEClonedSourcePackagesDirPathOverride=$PWD/.dependencies -skipMacroValidation -skipPackagePluginValidation -derivedDataPath $PWD/.derivedData build -scheme MultiViews -destination generic/platform=watchOS
Command line invocation:
/Applications/Xcode-16.3.0.app/Contents/Developer/usr/bin/xcodebuild -IDEClonedSourcePackagesDirPathOverride=/Users/admin/builder/spi-builder-workspace/.dependencies -skipMacroValidation -skipPackagePluginValidation -derivedDataPath /Users/admin/builder/spi-builder-workspace/.derivedData build -scheme MultiViews -destination generic/platform=watchOS
Resolve Package Graph
Resolved source packages:
MultiViews: /Users/admin/builder/spi-builder-workspace
CoreGraphicsExtensions: https://github.com/heestand-xyz/CoreGraphicsExtensions @ 2.1.0
ComputePackagePrebuildTargetDependencyGraph
Prepare packages
CreateBuildRequest
SendProjectDescription
CreateBuildOperation
ComputeTargetDependencyGraph
note: Building targets in dependency order
note: Target dependency graph (4 targets)
Target 'MultiViews' in project 'MultiViews'
➜ Explicit dependency on target 'MultiViews' in project 'MultiViews'
➜ Explicit dependency on target 'CoreGraphicsExtensions' in project 'CoreGraphicsExtensions'
Target 'MultiViews' in project 'MultiViews'
➜ Explicit dependency on target 'CoreGraphicsExtensions' in project 'CoreGraphicsExtensions'
Target 'CoreGraphicsExtensions' in project 'CoreGraphicsExtensions'
➜ Explicit dependency on target 'CoreGraphicsExtensions' in project 'CoreGraphicsExtensions'
Target 'CoreGraphicsExtensions' in project 'CoreGraphicsExtensions' (no dependencies)
GatherProvisioningInputs
CreateBuildDescription
ExecuteExternalTool /Applications/Xcode-16.3.0.app/Contents/Developer/Toolchains/XcodeDefault.xctoolchain/usr/bin/clang -v -E -dM -isysroot /Applications/Xcode-16.3.0.app/Contents/Developer/Platforms/WatchOS.platform/Developer/SDKs/WatchOS11.4.sdk -x c -c /dev/null
ExecuteExternalTool /Applications/Xcode-16.3.0.app/Contents/Developer/Toolchains/XcodeDefault.xctoolchain/usr/bin/swiftc --version
ExecuteExternalTool /Applications/Xcode-16.3.0.app/Contents/Developer/Toolchains/XcodeDefault.xctoolchain/usr/bin/ld -version_details
Build description signature: c38169e9b6859bf4f7804d140ff8b93d
Build description path: /Users/admin/builder/spi-builder-workspace/.derivedData/Build/Intermediates.noindex/XCBuildData/c38169e9b6859bf4f7804d140ff8b93d.xcbuilddata
ClangStatCache /Applications/Xcode-16.3.0.app/Contents/Developer/Toolchains/XcodeDefault.xctoolchain/usr/bin/clang-stat-cache /Applications/Xcode-16.3.0.app/Contents/Developer/Platforms/WatchOS.platform/Developer/SDKs/WatchOS11.4.sdk /Users/admin/builder/spi-builder-workspace/.derivedData/SDKStatCaches.noindex/watchos11.4-22T246-43efb940ff07ba2497b70ec94253f576.sdkstatcache
cd /Users/admin/builder/spi-builder-workspace/.swiftpm/xcode
/Applications/Xcode-16.3.0.app/Contents/Developer/Toolchains/XcodeDefault.xctoolchain/usr/bin/clang-stat-cache /Applications/Xcode-16.3.0.app/Contents/Developer/Platforms/WatchOS.platform/Developer/SDKs/WatchOS11.4.sdk -o /Users/admin/builder/spi-builder-workspace/.derivedData/SDKStatCaches.noindex/watchos11.4-22T246-43efb940ff07ba2497b70ec94253f576.sdkstatcache
SwiftDriver CoreGraphicsExtensions normal arm64 com.apple.xcode.tools.swift.compiler (in target 'CoreGraphicsExtensions' from project 'CoreGraphicsExtensions')
cd /Users/admin/builder/spi-builder-workspace/.swiftpm/xcode
builtin-SwiftDriver -- /Applications/Xcode-16.3.0.app/Contents/Developer/Toolchains/XcodeDefault.xctoolchain/usr/bin/swiftc -module-name CoreGraphicsExtensions -Onone -enforce-exclusivity\=checked @/Users/admin/builder/spi-builder-workspace/.derivedData/Build/Intermediates.noindex/CoreGraphicsExtensions.build/Debug-watchos/CoreGraphicsExtensions.build/Objects-normal/arm64/CoreGraphicsExtensions.SwiftFileList -DSWIFT_PACKAGE -DDEBUG -DXcode -plugin-path /Applications/Xcode-16.3.0.app/Contents/Developer/Toolchains/XcodeDefault.xctoolchain/usr/lib/swift/host/plugins/testing -enable-experimental-feature DebugDescriptionMacro -sdk /Applications/Xcode-16.3.0.app/Contents/Developer/Platforms/WatchOS.platform/Developer/SDKs/WatchOS11.4.sdk -target arm64-apple-watchos9.0 -g -module-cache-path /Users/admin/builder/spi-builder-workspace/.derivedData/ModuleCache.noindex -Xfrontend -serialize-debugging-options -enable-testing -suppress-warnings -index-store-path /Users/admin/builder/spi-builder-workspace/.derivedData/Index.noindex/DataStore -swift-version 6 -I /Users/admin/builder/spi-builder-workspace/.derivedData/Build/Products/Debug-watchos -I /Applications/Xcode-16.3.0.app/Contents/Developer/Platforms/WatchOS.platform/Developer/usr/lib -F /Users/admin/builder/spi-builder-workspace/.derivedData/Build/Products/Debug-watchos -F /Applications/Xcode-16.3.0.app/Contents/Developer/Platforms/WatchOS.platform/Developer/Library/Frameworks -F /Applications/Xcode-16.3.0.app/Contents/Developer/Platforms/WatchOS.platform/Developer/SDKs/WatchOS11.4.sdk/Developer/Library/Frameworks -c -j10 -enable-batch-mode -incremental -Xcc -ivfsstatcache -Xcc /Users/admin/builder/spi-builder-workspace/.derivedData/SDKStatCaches.noindex/watchos11.4-22T246-43efb940ff07ba2497b70ec94253f576.sdkstatcache -output-file-map /Users/admin/builder/spi-builder-workspace/.derivedData/Build/Intermediates.noindex/CoreGraphicsExtensions.build/Debug-watchos/CoreGraphicsExtensions.build/Objects-normal/arm64/CoreGraphicsExtensions-OutputFileMap.json -use-frontend-parseable-output -save-temps -no-color-diagnostics -serialize-diagnostics -emit-dependencies -emit-module -emit-module-path /Users/admin/builder/spi-builder-workspace/.derivedData/Build/Intermediates.noindex/CoreGraphicsExtensions.build/Debug-watchos/CoreGraphicsExtensions.build/Objects-normal/arm64/CoreGraphicsExtensions.swiftmodule -user-module-version 2.1.0 -validate-clang-modules-once -clang-build-session-file /Users/admin/builder/spi-builder-workspace/.derivedData/ModuleCache.noindex/Session.modulevalidation -package-name coregraphicsextensions -Xcc -I/Users/admin/builder/spi-builder-workspace/.derivedData/Build/Intermediates.noindex/CoreGraphicsExtensions.build/Debug-watchos/CoreGraphicsExtensions.build/swift-overrides.hmap -emit-const-values -Xfrontend -const-gather-protocols-file -Xfrontend /Users/admin/builder/spi-builder-workspace/.derivedData/Build/Intermediates.noindex/CoreGraphicsExtensions.build/Debug-watchos/CoreGraphicsExtensions.build/Objects-normal/arm64/CoreGraphicsExtensions_const_extract_protocols.json -Xcc -I/Users/admin/builder/spi-builder-workspace/.derivedData/Build/Products/Debug-watchos/include -Xcc -I/Users/admin/builder/spi-builder-workspace/.derivedData/Build/Intermediates.noindex/CoreGraphicsExtensions.build/Debug-watchos/CoreGraphicsExtensions.build/DerivedSources-normal/arm64 -Xcc -I/Users/admin/builder/spi-builder-workspace/.derivedData/Build/Intermediates.noindex/CoreGraphicsExtensions.build/Debug-watchos/CoreGraphicsExtensions.build/DerivedSources/arm64 -Xcc -I/Users/admin/builder/spi-builder-workspace/.derivedData/Build/Intermediates.noindex/CoreGraphicsExtensions.build/Debug-watchos/CoreGraphicsExtensions.build/DerivedSources -Xcc -DSWIFT_PACKAGE -Xcc -DDEBUG\=1 -emit-objc-header -emit-objc-header-path /Users/admin/builder/spi-builder-workspace/.derivedData/Build/Intermediates.noindex/CoreGraphicsExtensions.build/Debug-watchos/CoreGraphicsExtensions.build/Objects-normal/arm64/CoreGraphicsExtensions-Swift.h -working-directory /Users/admin/builder/spi-builder-workspace/.swiftpm/xcode -experimental-emit-module-separately -disable-cmo
SwiftDriver CoreGraphicsExtensions normal arm64_32 com.apple.xcode.tools.swift.compiler (in target 'CoreGraphicsExtensions' from project 'CoreGraphicsExtensions')
cd /Users/admin/builder/spi-builder-workspace/.swiftpm/xcode
builtin-SwiftDriver -- /Applications/Xcode-16.3.0.app/Contents/Developer/Toolchains/XcodeDefault.xctoolchain/usr/bin/swiftc -module-name CoreGraphicsExtensions -Onone -enforce-exclusivity\=checked @/Users/admin/builder/spi-builder-workspace/.derivedData/Build/Intermediates.noindex/CoreGraphicsExtensions.build/Debug-watchos/CoreGraphicsExtensions.build/Objects-normal/arm64_32/CoreGraphicsExtensions.SwiftFileList -DSWIFT_PACKAGE -DDEBUG -DXcode -plugin-path /Applications/Xcode-16.3.0.app/Contents/Developer/Toolchains/XcodeDefault.xctoolchain/usr/lib/swift/host/plugins/testing -enable-experimental-feature DebugDescriptionMacro -sdk /Applications/Xcode-16.3.0.app/Contents/Developer/Platforms/WatchOS.platform/Developer/SDKs/WatchOS11.4.sdk -target arm64_32-apple-watchos9.0 -g -module-cache-path /Users/admin/builder/spi-builder-workspace/.derivedData/ModuleCache.noindex -Xfrontend -serialize-debugging-options -enable-testing -suppress-warnings -index-store-path /Users/admin/builder/spi-builder-workspace/.derivedData/Index.noindex/DataStore -swift-version 6 -I /Users/admin/builder/spi-builder-workspace/.derivedData/Build/Products/Debug-watchos -I /Applications/Xcode-16.3.0.app/Contents/Developer/Platforms/WatchOS.platform/Developer/usr/lib -F /Users/admin/builder/spi-builder-workspace/.derivedData/Build/Products/Debug-watchos -F /Applications/Xcode-16.3.0.app/Contents/Developer/Platforms/WatchOS.platform/Developer/Library/Frameworks -F /Applications/Xcode-16.3.0.app/Contents/Developer/Platforms/WatchOS.platform/Developer/SDKs/WatchOS11.4.sdk/Developer/Library/Frameworks -c -j10 -enable-batch-mode -incremental -Xcc -ivfsstatcache -Xcc /Users/admin/builder/spi-builder-workspace/.derivedData/SDKStatCaches.noindex/watchos11.4-22T246-43efb940ff07ba2497b70ec94253f576.sdkstatcache -output-file-map /Users/admin/builder/spi-builder-workspace/.derivedData/Build/Intermediates.noindex/CoreGraphicsExtensions.build/Debug-watchos/CoreGraphicsExtensions.build/Objects-normal/arm64_32/CoreGraphicsExtensions-OutputFileMap.json -use-frontend-parseable-output -save-temps -no-color-diagnostics -serialize-diagnostics -emit-dependencies -emit-module -emit-module-path /Users/admin/builder/spi-builder-workspace/.derivedData/Build/Intermediates.noindex/CoreGraphicsExtensions.build/Debug-watchos/CoreGraphicsExtensions.build/Objects-normal/arm64_32/CoreGraphicsExtensions.swiftmodule -user-module-version 2.1.0 -validate-clang-modules-once -clang-build-session-file /Users/admin/builder/spi-builder-workspace/.derivedData/ModuleCache.noindex/Session.modulevalidation -package-name coregraphicsextensions -Xcc -I/Users/admin/builder/spi-builder-workspace/.derivedData/Build/Intermediates.noindex/CoreGraphicsExtensions.build/Debug-watchos/CoreGraphicsExtensions.build/swift-overrides.hmap -emit-const-values -Xfrontend -const-gather-protocols-file -Xfrontend /Users/admin/builder/spi-builder-workspace/.derivedData/Build/Intermediates.noindex/CoreGraphicsExtensions.build/Debug-watchos/CoreGraphicsExtensions.build/Objects-normal/arm64_32/CoreGraphicsExtensions_const_extract_protocols.json -Xcc -I/Users/admin/builder/spi-builder-workspace/.derivedData/Build/Products/Debug-watchos/include -Xcc -I/Users/admin/builder/spi-builder-workspace/.derivedData/Build/Intermediates.noindex/CoreGraphicsExtensions.build/Debug-watchos/CoreGraphicsExtensions.build/DerivedSources-normal/arm64_32 -Xcc -I/Users/admin/builder/spi-builder-workspace/.derivedData/Build/Intermediates.noindex/CoreGraphicsExtensions.build/Debug-watchos/CoreGraphicsExtensions.build/DerivedSources/arm64_32 -Xcc -I/Users/admin/builder/spi-builder-workspace/.derivedData/Build/Intermediates.noindex/CoreGraphicsExtensions.build/Debug-watchos/CoreGraphicsExtensions.build/DerivedSources -Xcc -DSWIFT_PACKAGE -Xcc -DDEBUG\=1 -emit-objc-header -emit-objc-header-path /Users/admin/builder/spi-builder-workspace/.derivedData/Build/Intermediates.noindex/CoreGraphicsExtensions.build/Debug-watchos/CoreGraphicsExtensions.build/Objects-normal/arm64_32/CoreGraphicsExtensions-Swift.h -working-directory /Users/admin/builder/spi-builder-workspace/.swiftpm/xcode -experimental-emit-module-separately -disable-cmo
SwiftEmitModule normal arm64 Emitting\ module\ for\ CoreGraphicsExtensions (in target 'CoreGraphicsExtensions' from project 'CoreGraphicsExtensions')
EmitSwiftModule normal arm64 (in target 'CoreGraphicsExtensions' from project 'CoreGraphicsExtensions')
cd /Users/admin/builder/spi-builder-workspace/.swiftpm/xcode
SwiftCompile normal arm64_32 Compiling\ SafeArea.swift,\ SafeAreaReader.swift /Users/admin/builder/spi-builder-workspace/.dependencies/checkouts/CoreGraphicsExtensions/Sources/CoreGraphicsExtensions/Geometry/SafeArea.swift /Users/admin/builder/spi-builder-workspace/.dependencies/checkouts/CoreGraphicsExtensions/Sources/CoreGraphicsExtensions/Geometry/SafeAreaReader.swift (in target 'CoreGraphicsExtensions' from project 'CoreGraphicsExtensions')
SwiftCompile normal arm64_32 /Users/admin/builder/spi-builder-workspace/.dependencies/checkouts/CoreGraphicsExtensions/Sources/CoreGraphicsExtensions/Geometry/SafeArea.swift (in target 'CoreGraphicsExtensions' from project 'CoreGraphicsExtensions')
cd /Users/admin/builder/spi-builder-workspace/.swiftpm/xcode
SwiftCompile normal arm64_32 /Users/admin/builder/spi-builder-workspace/.dependencies/checkouts/CoreGraphicsExtensions/Sources/CoreGraphicsExtensions/Geometry/SafeAreaReader.swift (in target 'CoreGraphicsExtensions' from project 'CoreGraphicsExtensions')
cd /Users/admin/builder/spi-builder-workspace/.swiftpm/xcode
SwiftCompile normal arm64 Compiling\ SafeArea.swift,\ SafeAreaReader.swift /Users/admin/builder/spi-builder-workspace/.dependencies/checkouts/CoreGraphicsExtensions/Sources/CoreGraphicsExtensions/Geometry/SafeArea.swift /Users/admin/builder/spi-builder-workspace/.dependencies/checkouts/CoreGraphicsExtensions/Sources/CoreGraphicsExtensions/Geometry/SafeAreaReader.swift (in target 'CoreGraphicsExtensions' from project 'CoreGraphicsExtensions')
SwiftCompile normal arm64 /Users/admin/builder/spi-builder-workspace/.dependencies/checkouts/CoreGraphicsExtensions/Sources/CoreGraphicsExtensions/Geometry/SafeArea.swift (in target 'CoreGraphicsExtensions' from project 'CoreGraphicsExtensions')
cd /Users/admin/builder/spi-builder-workspace/.swiftpm/xcode
SwiftCompile normal arm64 /Users/admin/builder/spi-builder-workspace/.dependencies/checkouts/CoreGraphicsExtensions/Sources/CoreGraphicsExtensions/Geometry/SafeAreaReader.swift (in target 'CoreGraphicsExtensions' from project 'CoreGraphicsExtensions')
cd /Users/admin/builder/spi-builder-workspace/.swiftpm/xcode
SwiftEmitModule normal arm64_32 Emitting\ module\ for\ CoreGraphicsExtensions (in target 'CoreGraphicsExtensions' from project 'CoreGraphicsExtensions')
EmitSwiftModule normal arm64_32 (in target 'CoreGraphicsExtensions' from project 'CoreGraphicsExtensions')
cd /Users/admin/builder/spi-builder-workspace/.swiftpm/xcode
SwiftCompile normal arm64_32 Compiling\ CGRect.swift,\ CGSize+Place.swift /Users/admin/builder/spi-builder-workspace/.dependencies/checkouts/CoreGraphicsExtensions/Sources/CoreGraphicsExtensions/CGRect.swift /Users/admin/builder/spi-builder-workspace/.dependencies/checkouts/CoreGraphicsExtensions/Sources/CoreGraphicsExtensions/CGSize+Place.swift (in target 'CoreGraphicsExtensions' from project 'CoreGraphicsExtensions')
SwiftCompile normal arm64_32 /Users/admin/builder/spi-builder-workspace/.dependencies/checkouts/CoreGraphicsExtensions/Sources/CoreGraphicsExtensions/CGRect.swift (in target 'CoreGraphicsExtensions' from project 'CoreGraphicsExtensions')
cd /Users/admin/builder/spi-builder-workspace/.swiftpm/xcode
SwiftCompile normal arm64_32 /Users/admin/builder/spi-builder-workspace/.dependencies/checkouts/CoreGraphicsExtensions/Sources/CoreGraphicsExtensions/CGSize+Place.swift (in target 'CoreGraphicsExtensions' from project 'CoreGraphicsExtensions')
cd /Users/admin/builder/spi-builder-workspace/.swiftpm/xcode
SwiftCompile normal arm64 Compiling\ CGFloat+Lerp.swift /Users/admin/builder/spi-builder-workspace/.dependencies/checkouts/CoreGraphicsExtensions/Sources/CoreGraphicsExtensions/Lerp/CGFloat+Lerp.swift (in target 'CoreGraphicsExtensions' from project 'CoreGraphicsExtensions')
SwiftCompile normal arm64 /Users/admin/builder/spi-builder-workspace/.dependencies/checkouts/CoreGraphicsExtensions/Sources/CoreGraphicsExtensions/Lerp/CGFloat+Lerp.swift (in target 'CoreGraphicsExtensions' from project 'CoreGraphicsExtensions')
cd /Users/admin/builder/spi-builder-workspace/.swiftpm/xcode
SwiftCompile normal arm64 Compiling\ SizeReader.swift /Users/admin/builder/spi-builder-workspace/.dependencies/checkouts/CoreGraphicsExtensions/Sources/CoreGraphicsExtensions/Geometry/SizeReader.swift (in target 'CoreGraphicsExtensions' from project 'CoreGraphicsExtensions')
SwiftCompile normal arm64 /Users/admin/builder/spi-builder-workspace/.dependencies/checkouts/CoreGraphicsExtensions/Sources/CoreGraphicsExtensions/Geometry/SizeReader.swift (in target 'CoreGraphicsExtensions' from project 'CoreGraphicsExtensions')
cd /Users/admin/builder/spi-builder-workspace/.swiftpm/xcode
SwiftCompile normal arm64_32 Compiling\ SizeReader.swift /Users/admin/builder/spi-builder-workspace/.dependencies/checkouts/CoreGraphicsExtensions/Sources/CoreGraphicsExtensions/Geometry/SizeReader.swift (in target 'CoreGraphicsExtensions' from project 'CoreGraphicsExtensions')
SwiftCompile normal arm64_32 /Users/admin/builder/spi-builder-workspace/.dependencies/checkouts/CoreGraphicsExtensions/Sources/CoreGraphicsExtensions/Geometry/SizeReader.swift (in target 'CoreGraphicsExtensions' from project 'CoreGraphicsExtensions')
cd /Users/admin/builder/spi-builder-workspace/.swiftpm/xcode
SwiftCompile normal arm64_32 Compiling\ ReaderTiming.swift /Users/admin/builder/spi-builder-workspace/.dependencies/checkouts/CoreGraphicsExtensions/Sources/CoreGraphicsExtensions/Geometry/Timing/ReaderTiming.swift (in target 'CoreGraphicsExtensions' from project 'CoreGraphicsExtensions')
SwiftCompile normal arm64_32 /Users/admin/builder/spi-builder-workspace/.dependencies/checkouts/CoreGraphicsExtensions/Sources/CoreGraphicsExtensions/Geometry/Timing/ReaderTiming.swift (in target 'CoreGraphicsExtensions' from project 'CoreGraphicsExtensions')
cd /Users/admin/builder/spi-builder-workspace/.swiftpm/xcode
SwiftCompile normal arm64_32 Compiling\ CGSize+Resolution.swift,\ CGSize.swift /Users/admin/builder/spi-builder-workspace/.dependencies/checkouts/CoreGraphicsExtensions/Sources/CoreGraphicsExtensions/CGSize+Resolution.swift /Users/admin/builder/spi-builder-workspace/.dependencies/checkouts/CoreGraphicsExtensions/Sources/CoreGraphicsExtensions/CGSize.swift (in target 'CoreGraphicsExtensions' from project 'CoreGraphicsExtensions')
SwiftCompile normal arm64_32 /Users/admin/builder/spi-builder-workspace/.dependencies/checkouts/CoreGraphicsExtensions/Sources/CoreGraphicsExtensions/CGSize+Resolution.swift (in target 'CoreGraphicsExtensions' from project 'CoreGraphicsExtensions')
cd /Users/admin/builder/spi-builder-workspace/.swiftpm/xcode
SwiftCompile normal arm64_32 /Users/admin/builder/spi-builder-workspace/.dependencies/checkouts/CoreGraphicsExtensions/Sources/CoreGraphicsExtensions/CGSize.swift (in target 'CoreGraphicsExtensions' from project 'CoreGraphicsExtensions')
cd /Users/admin/builder/spi-builder-workspace/.swiftpm/xcode
SwiftCompile normal arm64_32 Compiling\ CGVector.swift,\ EdgeInsets.swift /Users/admin/builder/spi-builder-workspace/.dependencies/checkouts/CoreGraphicsExtensions/Sources/CoreGraphicsExtensions/CGVector.swift /Users/admin/builder/spi-builder-workspace/.dependencies/checkouts/CoreGraphicsExtensions/Sources/CoreGraphicsExtensions/Geometry/EdgeInsets.swift (in target 'CoreGraphicsExtensions' from project 'CoreGraphicsExtensions')
SwiftCompile normal arm64_32 /Users/admin/builder/spi-builder-workspace/.dependencies/checkouts/CoreGraphicsExtensions/Sources/CoreGraphicsExtensions/CGVector.swift (in target 'CoreGraphicsExtensions' from project 'CoreGraphicsExtensions')
cd /Users/admin/builder/spi-builder-workspace/.swiftpm/xcode
SwiftCompile normal arm64_32 /Users/admin/builder/spi-builder-workspace/.dependencies/checkouts/CoreGraphicsExtensions/Sources/CoreGraphicsExtensions/Geometry/EdgeInsets.swift (in target 'CoreGraphicsExtensions' from project 'CoreGraphicsExtensions')
cd /Users/admin/builder/spi-builder-workspace/.swiftpm/xcode
SwiftDriverJobDiscovery normal arm64 Compiling CGFloat+Lerp.swift (in target 'CoreGraphicsExtensions' from project 'CoreGraphicsExtensions')
SwiftCompile normal arm64 Compiling\ ReaderTiming.swift /Users/admin/builder/spi-builder-workspace/.dependencies/checkouts/CoreGraphicsExtensions/Sources/CoreGraphicsExtensions/Geometry/Timing/ReaderTiming.swift (in target 'CoreGraphicsExtensions' from project 'CoreGraphicsExtensions')
SwiftCompile normal arm64 /Users/admin/builder/spi-builder-workspace/.dependencies/checkouts/CoreGraphicsExtensions/Sources/CoreGraphicsExtensions/Geometry/Timing/ReaderTiming.swift (in target 'CoreGraphicsExtensions' from project 'CoreGraphicsExtensions')
cd /Users/admin/builder/spi-builder-workspace/.swiftpm/xcode
SwiftDriverJobDiscovery normal arm64 Compiling SafeArea.swift, SafeAreaReader.swift (in target 'CoreGraphicsExtensions' from project 'CoreGraphicsExtensions')
SwiftCompile normal arm64_32 Compiling\ FrameReader.swift,\ OriginReader.swift /Users/admin/builder/spi-builder-workspace/.dependencies/checkouts/CoreGraphicsExtensions/Sources/CoreGraphicsExtensions/Geometry/FrameReader.swift /Users/admin/builder/spi-builder-workspace/.dependencies/checkouts/CoreGraphicsExtensions/Sources/CoreGraphicsExtensions/Geometry/OriginReader.swift (in target 'CoreGraphicsExtensions' from project 'CoreGraphicsExtensions')
SwiftCompile normal arm64_32 /Users/admin/builder/spi-builder-workspace/.dependencies/checkouts/CoreGraphicsExtensions/Sources/CoreGraphicsExtensions/Geometry/FrameReader.swift (in target 'CoreGraphicsExtensions' from project 'CoreGraphicsExtensions')
cd /Users/admin/builder/spi-builder-workspace/.swiftpm/xcode
SwiftCompile normal arm64_32 /Users/admin/builder/spi-builder-workspace/.dependencies/checkouts/CoreGraphicsExtensions/Sources/CoreGraphicsExtensions/Geometry/OriginReader.swift (in target 'CoreGraphicsExtensions' from project 'CoreGraphicsExtensions')
cd /Users/admin/builder/spi-builder-workspace/.swiftpm/xcode
SwiftDriverJobDiscovery normal arm64 Emitting module for CoreGraphicsExtensions (in target 'CoreGraphicsExtensions' from project 'CoreGraphicsExtensions')
SwiftDriver\ Compilation\ Requirements CoreGraphicsExtensions normal arm64 com.apple.xcode.tools.swift.compiler (in target 'CoreGraphicsExtensions' from project 'CoreGraphicsExtensions')
cd /Users/admin/builder/spi-builder-workspace/.swiftpm/xcode
builtin-Swift-Compilation-Requirements -- /Applications/Xcode-16.3.0.app/Contents/Developer/Toolchains/XcodeDefault.xctoolchain/usr/bin/swiftc -module-name CoreGraphicsExtensions -Onone -enforce-exclusivity\=checked @/Users/admin/builder/spi-builder-workspace/.derivedData/Build/Intermediates.noindex/CoreGraphicsExtensions.build/Debug-watchos/CoreGraphicsExtensions.build/Objects-normal/arm64/CoreGraphicsExtensions.SwiftFileList -DSWIFT_PACKAGE -DDEBUG -DXcode -plugin-path /Applications/Xcode-16.3.0.app/Contents/Developer/Toolchains/XcodeDefault.xctoolchain/usr/lib/swift/host/plugins/testing -enable-experimental-feature DebugDescriptionMacro -sdk /Applications/Xcode-16.3.0.app/Contents/Developer/Platforms/WatchOS.platform/Developer/SDKs/WatchOS11.4.sdk -target arm64-apple-watchos9.0 -g -module-cache-path /Users/admin/builder/spi-builder-workspace/.derivedData/ModuleCache.noindex -Xfrontend -serialize-debugging-options -enable-testing -suppress-warnings -index-store-path /Users/admin/builder/spi-builder-workspace/.derivedData/Index.noindex/DataStore -swift-version 6 -I /Users/admin/builder/spi-builder-workspace/.derivedData/Build/Products/Debug-watchos -I /Applications/Xcode-16.3.0.app/Contents/Developer/Platforms/WatchOS.platform/Developer/usr/lib -F /Users/admin/builder/spi-builder-workspace/.derivedData/Build/Products/Debug-watchos -F /Applications/Xcode-16.3.0.app/Contents/Developer/Platforms/WatchOS.platform/Developer/Library/Frameworks -F /Applications/Xcode-16.3.0.app/Contents/Developer/Platforms/WatchOS.platform/Developer/SDKs/WatchOS11.4.sdk/Developer/Library/Frameworks -c -j10 -enable-batch-mode -incremental -Xcc -ivfsstatcache -Xcc /Users/admin/builder/spi-builder-workspace/.derivedData/SDKStatCaches.noindex/watchos11.4-22T246-43efb940ff07ba2497b70ec94253f576.sdkstatcache -output-file-map /Users/admin/builder/spi-builder-workspace/.derivedData/Build/Intermediates.noindex/CoreGraphicsExtensions.build/Debug-watchos/CoreGraphicsExtensions.build/Objects-normal/arm64/CoreGraphicsExtensions-OutputFileMap.json -use-frontend-parseable-output -save-temps -no-color-diagnostics -serialize-diagnostics -emit-dependencies -emit-module -emit-module-path /Users/admin/builder/spi-builder-workspace/.derivedData/Build/Intermediates.noindex/CoreGraphicsExtensions.build/Debug-watchos/CoreGraphicsExtensions.build/Objects-normal/arm64/CoreGraphicsExtensions.swiftmodule -user-module-version 2.1.0 -validate-clang-modules-once -clang-build-session-file /Users/admin/builder/spi-builder-workspace/.derivedData/ModuleCache.noindex/Session.modulevalidation -package-name coregraphicsextensions -Xcc -I/Users/admin/builder/spi-builder-workspace/.derivedData/Build/Intermediates.noindex/CoreGraphicsExtensions.build/Debug-watchos/CoreGraphicsExtensions.build/swift-overrides.hmap -emit-const-values -Xfrontend -const-gather-protocols-file -Xfrontend /Users/admin/builder/spi-builder-workspace/.derivedData/Build/Intermediates.noindex/CoreGraphicsExtensions.build/Debug-watchos/CoreGraphicsExtensions.build/Objects-normal/arm64/CoreGraphicsExtensions_const_extract_protocols.json -Xcc -I/Users/admin/builder/spi-builder-workspace/.derivedData/Build/Products/Debug-watchos/include -Xcc -I/Users/admin/builder/spi-builder-workspace/.derivedData/Build/Intermediates.noindex/CoreGraphicsExtensions.build/Debug-watchos/CoreGraphicsExtensions.build/DerivedSources-normal/arm64 -Xcc -I/Users/admin/builder/spi-builder-workspace/.derivedData/Build/Intermediates.noindex/CoreGraphicsExtensions.build/Debug-watchos/CoreGraphicsExtensions.build/DerivedSources/arm64 -Xcc -I/Users/admin/builder/spi-builder-workspace/.derivedData/Build/Intermediates.noindex/CoreGraphicsExtensions.build/Debug-watchos/CoreGraphicsExtensions.build/DerivedSources -Xcc -DSWIFT_PACKAGE -Xcc -DDEBUG\=1 -emit-objc-header -emit-objc-header-path /Users/admin/builder/spi-builder-workspace/.derivedData/Build/Intermediates.noindex/CoreGraphicsExtensions.build/Debug-watchos/CoreGraphicsExtensions.build/Objects-normal/arm64/CoreGraphicsExtensions-Swift.h -working-directory /Users/admin/builder/spi-builder-workspace/.swiftpm/xcode -experimental-emit-module-separately -disable-cmo
SwiftDriverJobDiscovery normal arm64_32 Compiling ReaderTiming.swift (in target 'CoreGraphicsExtensions' from project 'CoreGraphicsExtensions')
SwiftCompile normal arm64_32 Compiling\ CGPoint+Lerp.swift /Users/admin/builder/spi-builder-workspace/.dependencies/checkouts/CoreGraphicsExtensions/Sources/CoreGraphicsExtensions/Lerp/CGPoint+Lerp.swift (in target 'CoreGraphicsExtensions' from project 'CoreGraphicsExtensions')
SwiftCompile normal arm64_32 /Users/admin/builder/spi-builder-workspace/.dependencies/checkouts/CoreGraphicsExtensions/Sources/CoreGraphicsExtensions/Lerp/CGPoint+Lerp.swift (in target 'CoreGraphicsExtensions' from project 'CoreGraphicsExtensions')
cd /Users/admin/builder/spi-builder-workspace/.swiftpm/xcode
Copy /Users/admin/builder/spi-builder-workspace/.derivedData/Build/Products/Debug-watchos/CoreGraphicsExtensions.swiftmodule/arm64-apple-watchos.abi.json /Users/admin/builder/spi-builder-workspace/.derivedData/Build/Intermediates.noindex/CoreGraphicsExtensions.build/Debug-watchos/CoreGraphicsExtensions.build/Objects-normal/arm64/CoreGraphicsExtensions.abi.json (in target 'CoreGraphicsExtensions' from project 'CoreGraphicsExtensions')
cd /Users/admin/builder/spi-builder-workspace/.dependencies/checkouts/CoreGraphicsExtensions
builtin-copy -exclude .DS_Store -exclude CVS -exclude .svn -exclude .git -exclude .hg -resolve-src-symlinks -rename /Users/admin/builder/spi-builder-workspace/.derivedData/Build/Intermediates.noindex/CoreGraphicsExtensions.build/Debug-watchos/CoreGraphicsExtensions.build/Objects-normal/arm64/CoreGraphicsExtensions.abi.json /Users/admin/builder/spi-builder-workspace/.derivedData/Build/Products/Debug-watchos/CoreGraphicsExtensions.swiftmodule/arm64-apple-watchos.abi.json
SwiftDriverJobDiscovery normal arm64 Compiling SizeReader.swift (in target 'CoreGraphicsExtensions' from project 'CoreGraphicsExtensions')
SwiftCompile normal arm64 Compiling\ CGSize+Resolution.swift,\ CGSize.swift /Users/admin/builder/spi-builder-workspace/.dependencies/checkouts/CoreGraphicsExtensions/Sources/CoreGraphicsExtensions/CGSize+Resolution.swift /Users/admin/builder/spi-builder-workspace/.dependencies/checkouts/CoreGraphicsExtensions/Sources/CoreGraphicsExtensions/CGSize.swift (in target 'CoreGraphicsExtensions' from project 'CoreGraphicsExtensions')
SwiftCompile normal arm64 /Users/admin/builder/spi-builder-workspace/.dependencies/checkouts/CoreGraphicsExtensions/Sources/CoreGraphicsExtensions/CGSize+Resolution.swift (in target 'CoreGraphicsExtensions' from project 'CoreGraphicsExtensions')
cd /Users/admin/builder/spi-builder-workspace/.swiftpm/xcode
SwiftCompile normal arm64 /Users/admin/builder/spi-builder-workspace/.dependencies/checkouts/CoreGraphicsExtensions/Sources/CoreGraphicsExtensions/CGSize.swift (in target 'CoreGraphicsExtensions' from project 'CoreGraphicsExtensions')
cd /Users/admin/builder/spi-builder-workspace/.swiftpm/xcode
SwiftCompile normal arm64 Compiling\ CGVector.swift,\ EdgeInsets.swift /Users/admin/builder/spi-builder-workspace/.dependencies/checkouts/CoreGraphicsExtensions/Sources/CoreGraphicsExtensions/CGVector.swift /Users/admin/builder/spi-builder-workspace/.dependencies/checkouts/CoreGraphicsExtensions/Sources/CoreGraphicsExtensions/Geometry/EdgeInsets.swift (in target 'CoreGraphicsExtensions' from project 'CoreGraphicsExtensions')
SwiftCompile normal arm64 /Users/admin/builder/spi-builder-workspace/.dependencies/checkouts/CoreGraphicsExtensions/Sources/CoreGraphicsExtensions/CGVector.swift (in target 'CoreGraphicsExtensions' from project 'CoreGraphicsExtensions')
cd /Users/admin/builder/spi-builder-workspace/.swiftpm/xcode
SwiftCompile normal arm64 /Users/admin/builder/spi-builder-workspace/.dependencies/checkouts/CoreGraphicsExtensions/Sources/CoreGraphicsExtensions/Geometry/EdgeInsets.swift (in target 'CoreGraphicsExtensions' from project 'CoreGraphicsExtensions')
cd /Users/admin/builder/spi-builder-workspace/.swiftpm/xcode
SwiftDriverJobDiscovery normal arm64_32 Compiling SizeReader.swift (in target 'CoreGraphicsExtensions' from project 'CoreGraphicsExtensions')
SwiftCompile normal arm64 Compiling\ CGPoint+Lerp.swift /Users/admin/builder/spi-builder-workspace/.dependencies/checkouts/CoreGraphicsExtensions/Sources/CoreGraphicsExtensions/Lerp/CGPoint+Lerp.swift (in target 'CoreGraphicsExtensions' from project 'CoreGraphicsExtensions')
SwiftCompile normal arm64 /Users/admin/builder/spi-builder-workspace/.dependencies/checkouts/CoreGraphicsExtensions/Sources/CoreGraphicsExtensions/Lerp/CGPoint+Lerp.swift (in target 'CoreGraphicsExtensions' from project 'CoreGraphicsExtensions')
cd /Users/admin/builder/spi-builder-workspace/.swiftpm/xcode
SwiftDriverJobDiscovery normal arm64_32 Emitting module for CoreGraphicsExtensions (in target 'CoreGraphicsExtensions' from project 'CoreGraphicsExtensions')
SwiftDriver\ Compilation\ Requirements CoreGraphicsExtensions normal arm64_32 com.apple.xcode.tools.swift.compiler (in target 'CoreGraphicsExtensions' from project 'CoreGraphicsExtensions')
cd /Users/admin/builder/spi-builder-workspace/.swiftpm/xcode
builtin-Swift-Compilation-Requirements -- /Applications/Xcode-16.3.0.app/Contents/Developer/Toolchains/XcodeDefault.xctoolchain/usr/bin/swiftc -module-name CoreGraphicsExtensions -Onone -enforce-exclusivity\=checked @/Users/admin/builder/spi-builder-workspace/.derivedData/Build/Intermediates.noindex/CoreGraphicsExtensions.build/Debug-watchos/CoreGraphicsExtensions.build/Objects-normal/arm64_32/CoreGraphicsExtensions.SwiftFileList -DSWIFT_PACKAGE -DDEBUG -DXcode -plugin-path /Applications/Xcode-16.3.0.app/Contents/Developer/Toolchains/XcodeDefault.xctoolchain/usr/lib/swift/host/plugins/testing -enable-experimental-feature DebugDescriptionMacro -sdk /Applications/Xcode-16.3.0.app/Contents/Developer/Platforms/WatchOS.platform/Developer/SDKs/WatchOS11.4.sdk -target arm64_32-apple-watchos9.0 -g -module-cache-path /Users/admin/builder/spi-builder-workspace/.derivedData/ModuleCache.noindex -Xfrontend -serialize-debugging-options -enable-testing -suppress-warnings -index-store-path /Users/admin/builder/spi-builder-workspace/.derivedData/Index.noindex/DataStore -swift-version 6 -I /Users/admin/builder/spi-builder-workspace/.derivedData/Build/Products/Debug-watchos -I /Applications/Xcode-16.3.0.app/Contents/Developer/Platforms/WatchOS.platform/Developer/usr/lib -F /Users/admin/builder/spi-builder-workspace/.derivedData/Build/Products/Debug-watchos -F /Applications/Xcode-16.3.0.app/Contents/Developer/Platforms/WatchOS.platform/Developer/Library/Frameworks -F /Applications/Xcode-16.3.0.app/Contents/Developer/Platforms/WatchOS.platform/Developer/SDKs/WatchOS11.4.sdk/Developer/Library/Frameworks -c -j10 -enable-batch-mode -incremental -Xcc -ivfsstatcache -Xcc /Users/admin/builder/spi-builder-workspace/.derivedData/SDKStatCaches.noindex/watchos11.4-22T246-43efb940ff07ba2497b70ec94253f576.sdkstatcache -output-file-map /Users/admin/builder/spi-builder-workspace/.derivedData/Build/Intermediates.noindex/CoreGraphicsExtensions.build/Debug-watchos/CoreGraphicsExtensions.build/Objects-normal/arm64_32/CoreGraphicsExtensions-OutputFileMap.json -use-frontend-parseable-output -save-temps -no-color-diagnostics -serialize-diagnostics -emit-dependencies -emit-module -emit-module-path /Users/admin/builder/spi-builder-workspace/.derivedData/Build/Intermediates.noindex/CoreGraphicsExtensions.build/Debug-watchos/CoreGraphicsExtensions.build/Objects-normal/arm64_32/CoreGraphicsExtensions.swiftmodule -user-module-version 2.1.0 -validate-clang-modules-once -clang-build-session-file /Users/admin/builder/spi-builder-workspace/.derivedData/ModuleCache.noindex/Session.modulevalidation -package-name coregraphicsextensions -Xcc -I/Users/admin/builder/spi-builder-workspace/.derivedData/Build/Intermediates.noindex/CoreGraphicsExtensions.build/Debug-watchos/CoreGraphicsExtensions.build/swift-overrides.hmap -emit-const-values -Xfrontend -const-gather-protocols-file -Xfrontend /Users/admin/builder/spi-builder-workspace/.derivedData/Build/Intermediates.noindex/CoreGraphicsExtensions.build/Debug-watchos/CoreGraphicsExtensions.build/Objects-normal/arm64_32/CoreGraphicsExtensions_const_extract_protocols.json -Xcc -I/Users/admin/builder/spi-builder-workspace/.derivedData/Build/Products/Debug-watchos/include -Xcc -I/Users/admin/builder/spi-builder-workspace/.derivedData/Build/Intermediates.noindex/CoreGraphicsExtensions.build/Debug-watchos/CoreGraphicsExtensions.build/DerivedSources-normal/arm64_32 -Xcc -I/Users/admin/builder/spi-builder-workspace/.derivedData/Build/Intermediates.noindex/CoreGraphicsExtensions.build/Debug-watchos/CoreGraphicsExtensions.build/DerivedSources/arm64_32 -Xcc -I/Users/admin/builder/spi-builder-workspace/.derivedData/Build/Intermediates.noindex/CoreGraphicsExtensions.build/Debug-watchos/CoreGraphicsExtensions.build/DerivedSources -Xcc -DSWIFT_PACKAGE -Xcc -DDEBUG\=1 -emit-objc-header -emit-objc-header-path /Users/admin/builder/spi-builder-workspace/.derivedData/Build/Intermediates.noindex/CoreGraphicsExtensions.build/Debug-watchos/CoreGraphicsExtensions.build/Objects-normal/arm64_32/CoreGraphicsExtensions-Swift.h -working-directory /Users/admin/builder/spi-builder-workspace/.swiftpm/xcode -experimental-emit-module-separately -disable-cmo
SwiftDriverJobDiscovery normal arm64_32 Compiling SafeArea.swift, SafeAreaReader.swift (in target 'CoreGraphicsExtensions' from project 'CoreGraphicsExtensions')
SwiftCompile normal arm64 Compiling\ FrameReader.swift,\ OriginReader.swift /Users/admin/builder/spi-builder-workspace/.dependencies/checkouts/CoreGraphicsExtensions/Sources/CoreGraphicsExtensions/Geometry/FrameReader.swift /Users/admin/builder/spi-builder-workspace/.dependencies/checkouts/CoreGraphicsExtensions/Sources/CoreGraphicsExtensions/Geometry/OriginReader.swift (in target 'CoreGraphicsExtensions' from project 'CoreGraphicsExtensions')
SwiftCompile normal arm64 /Users/admin/builder/spi-builder-workspace/.dependencies/checkouts/CoreGraphicsExtensions/Sources/CoreGraphicsExtensions/Geometry/FrameReader.swift (in target 'CoreGraphicsExtensions' from project 'CoreGraphicsExtensions')
cd /Users/admin/builder/spi-builder-workspace/.swiftpm/xcode
SwiftCompile normal arm64 /Users/admin/builder/spi-builder-workspace/.dependencies/checkouts/CoreGraphicsExtensions/Sources/CoreGraphicsExtensions/Geometry/OriginReader.swift (in target 'CoreGraphicsExtensions' from project 'CoreGraphicsExtensions')
cd /Users/admin/builder/spi-builder-workspace/.swiftpm/xcode
Copy /Users/admin/builder/spi-builder-workspace/.derivedData/Build/Products/Debug-watchos/CoreGraphicsExtensions.swiftmodule/arm64_32-apple-watchos.abi.json /Users/admin/builder/spi-builder-workspace/.derivedData/Build/Intermediates.noindex/CoreGraphicsExtensions.build/Debug-watchos/CoreGraphicsExtensions.build/Objects-normal/arm64_32/CoreGraphicsExtensions.abi.json (in target 'CoreGraphicsExtensions' from project 'CoreGraphicsExtensions')
cd /Users/admin/builder/spi-builder-workspace/.dependencies/checkouts/CoreGraphicsExtensions
builtin-copy -exclude .DS_Store -exclude CVS -exclude .svn -exclude .git -exclude .hg -resolve-src-symlinks -rename /Users/admin/builder/spi-builder-workspace/.derivedData/Build/Intermediates.noindex/CoreGraphicsExtensions.build/Debug-watchos/CoreGraphicsExtensions.build/Objects-normal/arm64_32/CoreGraphicsExtensions.abi.json /Users/admin/builder/spi-builder-workspace/.derivedData/Build/Products/Debug-watchos/CoreGraphicsExtensions.swiftmodule/arm64_32-apple-watchos.abi.json
SwiftDriverJobDiscovery normal arm64_32 Compiling CGSize+Resolution.swift, CGSize.swift (in target 'CoreGraphicsExtensions' from project 'CoreGraphicsExtensions')
SwiftCompile normal arm64 Compiling\ CGFloat+Scale.swift,\ CGPoint.swift /Users/admin/builder/spi-builder-workspace/.dependencies/checkouts/CoreGraphicsExtensions/Sources/CoreGraphicsExtensions/CGFloat+Scale.swift /Users/admin/builder/spi-builder-workspace/.dependencies/checkouts/CoreGraphicsExtensions/Sources/CoreGraphicsExtensions/CGPoint.swift (in target 'CoreGraphicsExtensions' from project 'CoreGraphicsExtensions')
SwiftCompile normal arm64 /Users/admin/builder/spi-builder-workspace/.dependencies/checkouts/CoreGraphicsExtensions/Sources/CoreGraphicsExtensions/CGFloat+Scale.swift (in target 'CoreGraphicsExtensions' from project 'CoreGraphicsExtensions')
cd /Users/admin/builder/spi-builder-workspace/.swiftpm/xcode
SwiftCompile normal arm64 /Users/admin/builder/spi-builder-workspace/.dependencies/checkouts/CoreGraphicsExtensions/Sources/CoreGraphicsExtensions/CGPoint.swift (in target 'CoreGraphicsExtensions' from project 'CoreGraphicsExtensions')
cd /Users/admin/builder/spi-builder-workspace/.swiftpm/xcode
SwiftCompile normal arm64_32 Compiling\ CGFloat+Lerp.swift /Users/admin/builder/spi-builder-workspace/.dependencies/checkouts/CoreGraphicsExtensions/Sources/CoreGraphicsExtensions/Lerp/CGFloat+Lerp.swift (in target 'CoreGraphicsExtensions' from project 'CoreGraphicsExtensions')
SwiftCompile normal arm64_32 /Users/admin/builder/spi-builder-workspace/.dependencies/checkouts/CoreGraphicsExtensions/Sources/CoreGraphicsExtensions/Lerp/CGFloat+Lerp.swift (in target 'CoreGraphicsExtensions' from project 'CoreGraphicsExtensions')
cd /Users/admin/builder/spi-builder-workspace/.swiftpm/xcode
SwiftDriverJobDiscovery normal arm64_32 Compiling CGRect.swift, CGSize+Place.swift (in target 'CoreGraphicsExtensions' from project 'CoreGraphicsExtensions')
SwiftDriver MultiViews normal arm64 com.apple.xcode.tools.swift.compiler (in target 'MultiViews' from project 'MultiViews')
cd /Users/admin/builder/spi-builder-workspace/.swiftpm/xcode
builtin-SwiftDriver -- /Applications/Xcode-16.3.0.app/Contents/Developer/Toolchains/XcodeDefault.xctoolchain/usr/bin/swiftc -module-name MultiViews -Onone -enforce-exclusivity\=checked @/Users/admin/builder/spi-builder-workspace/.derivedData/Build/Intermediates.noindex/MultiViews.build/Debug-watchos/MultiViews.build/Objects-normal/arm64/MultiViews.SwiftFileList -DSWIFT_PACKAGE -DDEBUG -DXcode -plugin-path /Applications/Xcode-16.3.0.app/Contents/Developer/Toolchains/XcodeDefault.xctoolchain/usr/lib/swift/host/plugins/testing -enable-experimental-feature DebugDescriptionMacro -sdk /Applications/Xcode-16.3.0.app/Contents/Developer/Platforms/WatchOS.platform/Developer/SDKs/WatchOS11.4.sdk -target arm64-apple-watchos10.0 -g -module-cache-path /Users/admin/builder/spi-builder-workspace/.derivedData/ModuleCache.noindex -Xfrontend -serialize-debugging-options -enable-testing -index-store-path /Users/admin/builder/spi-builder-workspace/.derivedData/Index.noindex/DataStore -swift-version 5 -I /Users/admin/builder/spi-builder-workspace/.derivedData/Build/Products/Debug-watchos -I /Applications/Xcode-16.3.0.app/Contents/Developer/Platforms/WatchOS.platform/Developer/usr/lib -F /Users/admin/builder/spi-builder-workspace/.derivedData/Build/Products/Debug-watchos/PackageFrameworks -F /Users/admin/builder/spi-builder-workspace/.derivedData/Build/Products/Debug-watchos -F /Applications/Xcode-16.3.0.app/Contents/Developer/Platforms/WatchOS.platform/Developer/Library/Frameworks -F /Applications/Xcode-16.3.0.app/Contents/Developer/Platforms/WatchOS.platform/Developer/SDKs/WatchOS11.4.sdk/Developer/Library/Frameworks -c -j10 -enable-batch-mode -incremental -Xcc -ivfsstatcache -Xcc /Users/admin/builder/spi-builder-workspace/.derivedData/SDKStatCaches.noindex/watchos11.4-22T246-43efb940ff07ba2497b70ec94253f576.sdkstatcache -output-file-map /Users/admin/builder/spi-builder-workspace/.derivedData/Build/Intermediates.noindex/MultiViews.build/Debug-watchos/MultiViews.build/Objects-normal/arm64/MultiViews-OutputFileMap.json -use-frontend-parseable-output -save-temps -no-color-diagnostics -serialize-diagnostics -emit-dependencies -emit-module -emit-module-path /Users/admin/builder/spi-builder-workspace/.derivedData/Build/Intermediates.noindex/MultiViews.build/Debug-watchos/MultiViews.build/Objects-normal/arm64/MultiViews.swiftmodule -validate-clang-modules-once -clang-build-session-file /Users/admin/builder/spi-builder-workspace/.derivedData/ModuleCache.noindex/Session.modulevalidation -package-name spi_builder_workspace -Xcc -I/Users/admin/builder/spi-builder-workspace/.derivedData/Build/Intermediates.noindex/MultiViews.build/Debug-watchos/MultiViews.build/swift-overrides.hmap -emit-const-values -Xfrontend -const-gather-protocols-file -Xfrontend /Users/admin/builder/spi-builder-workspace/.derivedData/Build/Intermediates.noindex/MultiViews.build/Debug-watchos/MultiViews.build/Objects-normal/arm64/MultiViews_const_extract_protocols.json -Xcc -I/Users/admin/builder/spi-builder-workspace/.derivedData/Build/Products/Debug-watchos/include -Xcc -I/Users/admin/builder/spi-builder-workspace/.derivedData/Build/Intermediates.noindex/MultiViews.build/Debug-watchos/MultiViews.build/DerivedSources-normal/arm64 -Xcc -I/Users/admin/builder/spi-builder-workspace/.derivedData/Build/Intermediates.noindex/MultiViews.build/Debug-watchos/MultiViews.build/DerivedSources/arm64 -Xcc -I/Users/admin/builder/spi-builder-workspace/.derivedData/Build/Intermediates.noindex/MultiViews.build/Debug-watchos/MultiViews.build/DerivedSources -Xcc -DSWIFT_PACKAGE -Xcc -DDEBUG\=1 -emit-objc-header -emit-objc-header-path /Users/admin/builder/spi-builder-workspace/.derivedData/Build/Intermediates.noindex/MultiViews.build/Debug-watchos/MultiViews.build/Objects-normal/arm64/MultiViews-Swift.h -working-directory /Users/admin/builder/spi-builder-workspace/.swiftpm/xcode -experimental-emit-module-separately -disable-cmo
SwiftDriverJobDiscovery normal arm64_32 Compiling CGPoint+Lerp.swift (in target 'CoreGraphicsExtensions' from project 'CoreGraphicsExtensions')
SwiftDriver MultiViews normal arm64_32 com.apple.xcode.tools.swift.compiler (in target 'MultiViews' from project 'MultiViews')
cd /Users/admin/builder/spi-builder-workspace/.swiftpm/xcode
builtin-SwiftDriver -- /Applications/Xcode-16.3.0.app/Contents/Developer/Toolchains/XcodeDefault.xctoolchain/usr/bin/swiftc -module-name MultiViews -Onone -enforce-exclusivity\=checked @/Users/admin/builder/spi-builder-workspace/.derivedData/Build/Intermediates.noindex/MultiViews.build/Debug-watchos/MultiViews.build/Objects-normal/arm64_32/MultiViews.SwiftFileList -DSWIFT_PACKAGE -DDEBUG -DXcode -plugin-path /Applications/Xcode-16.3.0.app/Contents/Developer/Toolchains/XcodeDefault.xctoolchain/usr/lib/swift/host/plugins/testing -enable-experimental-feature DebugDescriptionMacro -sdk /Applications/Xcode-16.3.0.app/Contents/Developer/Platforms/WatchOS.platform/Developer/SDKs/WatchOS11.4.sdk -target arm64_32-apple-watchos10.0 -g -module-cache-path /Users/admin/builder/spi-builder-workspace/.derivedData/ModuleCache.noindex -Xfrontend -serialize-debugging-options -enable-testing -index-store-path /Users/admin/builder/spi-builder-workspace/.derivedData/Index.noindex/DataStore -swift-version 5 -I /Users/admin/builder/spi-builder-workspace/.derivedData/Build/Products/Debug-watchos -I /Applications/Xcode-16.3.0.app/Contents/Developer/Platforms/WatchOS.platform/Developer/usr/lib -F /Users/admin/builder/spi-builder-workspace/.derivedData/Build/Products/Debug-watchos/PackageFrameworks -F /Users/admin/builder/spi-builder-workspace/.derivedData/Build/Products/Debug-watchos -F /Applications/Xcode-16.3.0.app/Contents/Developer/Platforms/WatchOS.platform/Developer/Library/Frameworks -F /Applications/Xcode-16.3.0.app/Contents/Developer/Platforms/WatchOS.platform/Developer/SDKs/WatchOS11.4.sdk/Developer/Library/Frameworks -c -j10 -enable-batch-mode -incremental -Xcc -ivfsstatcache -Xcc /Users/admin/builder/spi-builder-workspace/.derivedData/SDKStatCaches.noindex/watchos11.4-22T246-43efb940ff07ba2497b70ec94253f576.sdkstatcache -output-file-map /Users/admin/builder/spi-builder-workspace/.derivedData/Build/Intermediates.noindex/MultiViews.build/Debug-watchos/MultiViews.build/Objects-normal/arm64_32/MultiViews-OutputFileMap.json -use-frontend-parseable-output -save-temps -no-color-diagnostics -serialize-diagnostics -emit-dependencies -emit-module -emit-module-path /Users/admin/builder/spi-builder-workspace/.derivedData/Build/Intermediates.noindex/MultiViews.build/Debug-watchos/MultiViews.build/Objects-normal/arm64_32/MultiViews.swiftmodule -validate-clang-modules-once -clang-build-session-file /Users/admin/builder/spi-builder-workspace/.derivedData/ModuleCache.noindex/Session.modulevalidation -package-name spi_builder_workspace -Xcc -I/Users/admin/builder/spi-builder-workspace/.derivedData/Build/Intermediates.noindex/MultiViews.build/Debug-watchos/MultiViews.build/swift-overrides.hmap -emit-const-values -Xfrontend -const-gather-protocols-file -Xfrontend /Users/admin/builder/spi-builder-workspace/.derivedData/Build/Intermediates.noindex/MultiViews.build/Debug-watchos/MultiViews.build/Objects-normal/arm64_32/MultiViews_const_extract_protocols.json -Xcc -I/Users/admin/builder/spi-builder-workspace/.derivedData/Build/Products/Debug-watchos/include -Xcc -I/Users/admin/builder/spi-builder-workspace/.derivedData/Build/Intermediates.noindex/MultiViews.build/Debug-watchos/MultiViews.build/DerivedSources-normal/arm64_32 -Xcc -I/Users/admin/builder/spi-builder-workspace/.derivedData/Build/Intermediates.noindex/MultiViews.build/Debug-watchos/MultiViews.build/DerivedSources/arm64_32 -Xcc -I/Users/admin/builder/spi-builder-workspace/.derivedData/Build/Intermediates.noindex/MultiViews.build/Debug-watchos/MultiViews.build/DerivedSources -Xcc -DSWIFT_PACKAGE -Xcc -DDEBUG\=1 -emit-objc-header -emit-objc-header-path /Users/admin/builder/spi-builder-workspace/.derivedData/Build/Intermediates.noindex/MultiViews.build/Debug-watchos/MultiViews.build/Objects-normal/arm64_32/MultiViews-Swift.h -working-directory /Users/admin/builder/spi-builder-workspace/.swiftpm/xcode -experimental-emit-module-separately -disable-cmo
SwiftDriverJobDiscovery normal arm64 Compiling ReaderTiming.swift (in target 'CoreGraphicsExtensions' from project 'CoreGraphicsExtensions')
SwiftCompile normal arm64 Compiling\ CGRect.swift,\ CGSize+Place.swift /Users/admin/builder/spi-builder-workspace/.dependencies/checkouts/CoreGraphicsExtensions/Sources/CoreGraphicsExtensions/CGRect.swift /Users/admin/builder/spi-builder-workspace/.dependencies/checkouts/CoreGraphicsExtensions/Sources/CoreGraphicsExtensions/CGSize+Place.swift (in target 'CoreGraphicsExtensions' from project 'CoreGraphicsExtensions')
SwiftCompile normal arm64 /Users/admin/builder/spi-builder-workspace/.dependencies/checkouts/CoreGraphicsExtensions/Sources/CoreGraphicsExtensions/CGRect.swift (in target 'CoreGraphicsExtensions' from project 'CoreGraphicsExtensions')
cd /Users/admin/builder/spi-builder-workspace/.swiftpm/xcode
SwiftCompile normal arm64 /Users/admin/builder/spi-builder-workspace/.dependencies/checkouts/CoreGraphicsExtensions/Sources/CoreGraphicsExtensions/CGSize+Place.swift (in target 'CoreGraphicsExtensions' from project 'CoreGraphicsExtensions')
cd /Users/admin/builder/spi-builder-workspace/.swiftpm/xcode
SwiftDriverJobDiscovery normal arm64 Compiling CGPoint+Lerp.swift (in target 'CoreGraphicsExtensions' from project 'CoreGraphicsExtensions')
SwiftCompile normal arm64_32 Compiling\ CGFloat+Scale.swift,\ CGPoint.swift /Users/admin/builder/spi-builder-workspace/.dependencies/checkouts/CoreGraphicsExtensions/Sources/CoreGraphicsExtensions/CGFloat+Scale.swift /Users/admin/builder/spi-builder-workspace/.dependencies/checkouts/CoreGraphicsExtensions/Sources/CoreGraphicsExtensions/CGPoint.swift (in target 'CoreGraphicsExtensions' from project 'CoreGraphicsExtensions')
SwiftCompile normal arm64_32 /Users/admin/builder/spi-builder-workspace/.dependencies/checkouts/CoreGraphicsExtensions/Sources/CoreGraphicsExtensions/CGFloat+Scale.swift (in target 'CoreGraphicsExtensions' from project 'CoreGraphicsExtensions')
cd /Users/admin/builder/spi-builder-workspace/.swiftpm/xcode
SwiftCompile normal arm64_32 /Users/admin/builder/spi-builder-workspace/.dependencies/checkouts/CoreGraphicsExtensions/Sources/CoreGraphicsExtensions/CGPoint.swift (in target 'CoreGraphicsExtensions' from project 'CoreGraphicsExtensions')
cd /Users/admin/builder/spi-builder-workspace/.swiftpm/xcode
SwiftDriverJobDiscovery normal arm64_32 Compiling CGVector.swift, EdgeInsets.swift (in target 'CoreGraphicsExtensions' from project 'CoreGraphicsExtensions')
SwiftEmitModule normal arm64 Emitting\ module\ for\ MultiViews (in target 'MultiViews' from project 'MultiViews')
Failed frontend command:
/Applications/Xcode-16.3.0.app/Contents/Developer/Toolchains/XcodeDefault.xctoolchain/usr/bin/swift-frontend -frontend -emit-module -experimental-skip-non-inlinable-function-bodies-without-types /Users/admin/builder/spi-builder-workspace/Sources/MultiViews/ApplicationDelegate.swift /Users/admin/builder/spi-builder-workspace/Sources/MultiViews/Color/Constants.swift /Users/admin/builder/spi-builder-workspace/Sources/MultiViews/Color/MPColor+Codable.swift /Users/admin/builder/spi-builder-workspace/Sources/MultiViews/Color/MPColor.swift /Users/admin/builder/spi-builder-workspace/Sources/MultiViews/Image/MPImage.swift /Users/admin/builder/spi-builder-workspace/Sources/MultiViews/Image/MPSquareImageView.swift /Users/admin/builder/spi-builder-workspace/Sources/MultiViews/Image/MPView+Image.swift /Users/admin/builder/spi-builder-workspace/Sources/MultiViews/Image/SnapshotView.swift /Users/admin/builder/spi-builder-workspace/Sources/MultiViews/Image/ViewImage.swift /Users/admin/builder/spi-builder-workspace/Sources/MultiViews/Keyboard.swift /Users/admin/builder/spi-builder-workspace/Sources/MultiViews/String/Cases.swift /Users/admin/builder/spi-builder-workspace/Sources/MultiViews/Tasks/NamedViewTask.swift /Users/admin/builder/spi-builder-workspace/Sources/MultiViews/Util/Bind.swift /Users/admin/builder/spi-builder-workspace/Sources/MultiViews/Util/CornerRadius.swift /Users/admin/builder/spi-builder-workspace/Sources/MultiViews/Util/Device.swift /Users/admin/builder/spi-builder-workspace/Sources/MultiViews/Util/If.swift /Users/admin/builder/spi-builder-workspace/Sources/MultiViews/Util/Is.swift /Users/admin/builder/spi-builder-workspace/Sources/MultiViews/Util/OS.swift /Users/admin/builder/spi-builder-workspace/Sources/MultiViews/Util/Previews.swift /Users/admin/builder/spi-builder-workspace/Sources/MultiViews/Views/Buttons/AsyncButton.swift /Users/admin/builder/spi-builder-workspace/Sources/MultiViews/Views/Buttons/Glass/GlassButton.swift /Users/admin/builder/spi-builder-workspace/Sources/MultiViews/Views/Buttons/Glass/GlassMenu.swift /Users/admin/builder/spi-builder-workspace/Sources/MultiViews/Views/Buttons/Glass/GlassPicker.swift /Users/admin/builder/spi-builder-workspace/Sources/MultiViews/Views/Buttons/Glass/GlassShape.swift /Users/admin/builder/spi-builder-workspace/Sources/MultiViews/Views/Content/Checker.swift /Users/admin/builder/spi-builder-workspace/Sources/MultiViews/Views/Content/MVBlurView.swift /Users/admin/builder/spi-builder-workspace/Sources/MultiViews/Views/Gestures/AxisPanGestureRecognizer.swift /Users/admin/builder/spi-builder-workspace/Sources/MultiViews/Views/Gestures/AxisPanGestureView.swift /Users/admin/builder/spi-builder-workspace/Sources/MultiViews/Views/Gestures/Drag.swift /Users/admin/builder/spi-builder-workspace/Sources/MultiViews/Views/Gestures/Hover.swift /Users/admin/builder/spi-builder-workspace/Sources/MultiViews/Views/Gestures/MVInteractView.swift /Users/admin/builder/spi-builder-workspace/Sources/MultiViews/Views/Gestures/MVMultiInteractView.swift /Users/admin/builder/spi-builder-workspace/Sources/MultiViews/Views/Gestures/SpatialLongPress.swift /Users/admin/builder/spi-builder-workspace/Sources/MultiViews/Views/Gestures/Swipe.swift /Users/admin/builder/spi-builder-workspace/Sources/MultiViews/Views/Keyboard/View+onGlobalKeyPress.swift /Users/admin/builder/spi-builder-workspace/Sources/MultiViews/Views/Layout/EqualHeightVStack.swift /Users/admin/builder/spi-builder-workspace/Sources/MultiViews/Views/Layout/EqualWidthHStack.swift /Users/admin/builder/spi-builder-workspace/Sources/MultiViews/Views/Layout/FillView.swift /Users/admin/builder/spi-builder-workspace/Sources/MultiViews/Views/Layout/FlexView.swift /Users/admin/builder/spi-builder-workspace/Sources/MultiViews/Views/MPView.swift /Users/admin/builder/spi-builder-workspace/Sources/MultiViews/Views/Progress/SmallProgressView.swift /Users/admin/builder/spi-builder-workspace/Sources/MultiViews/Views/Readers/FrameReader.swift /Users/admin/builder/spi-builder-workspace/Sources/MultiViews/Views/Readers/OriginReader.swift /Users/admin/builder/spi-builder-workspace/Sources/MultiViews/Views/Readers/SizeReader.swift /Users/admin/builder/spi-builder-workspace/Sources/MultiViews/Views/Scroll/BindableScrollView.swift /Users/admin/builder/spi-builder-workspace/Sources/MultiViews/Views/Scroll/MVScrollView.swift /Users/admin/builder/spi-builder-workspace/Sources/MultiViews/Views/Scroll/StateScrollView.swift /Users/admin/builder/spi-builder-workspace/Sources/MultiViews/Views/Secondary/SecondaryView.swift /Users/admin/builder/spi-builder-workspace/Sources/MultiViews/Views/Shortcuts/ModifierFlags.swift /Users/admin/builder/spi-builder-workspace/Sources/MultiViews/Views/State/GestureStateView.swift /Users/admin/builder/spi-builder-workspace/Sources/MultiViews/Views/State/StateView.swift /Users/admin/builder/spi-builder-workspace/Sources/MultiViews/Views/Tooltip/Tooltip.swift /Users/admin/builder/spi-builder-workspace/Sources/MultiViews/Views/Tooltip/TooltipView.swift /Users/admin/builder/spi-builder-workspace/Sources/MultiViews/Views/ViewControllerRepresentable.swift /Users/admin/builder/spi-builder-workspace/Sources/MultiViews/Views/ViewRep.swift /Users/admin/builder/spi-builder-workspace/Sources/MultiViews/Views/ViewRepresentable.swift /Users/admin/builder/spi-builder-workspace/Sources/MultiViews/Views/ViewTypes.swift -target arm64-apple-watchos10.0 -Xllvm -aarch64-use-tbi -enable-objc-interop -stack-check -sdk /Applications/Xcode-16.3.0.app/Contents/Developer/Platforms/WatchOS.platform/Developer/SDKs/WatchOS11.4.sdk -I /Users/admin/builder/spi-builder-workspace/.derivedData/Build/Products/Debug-watchos -I /Applications/Xcode-16.3.0.app/Contents/Developer/Platforms/WatchOS.platform/Developer/usr/lib -F /Users/admin/builder/spi-builder-workspace/.derivedData/Build/Products/Debug-watchos/PackageFrameworks -F /Users/admin/builder/spi-builder-workspace/.derivedData/Build/Products/Debug-watchos -F /Applications/Xcode-16.3.0.app/Contents/Developer/Platforms/WatchOS.platform/Developer/Library/Frameworks -F /Applications/Xcode-16.3.0.app/Contents/Developer/Platforms/WatchOS.platform/Developer/SDKs/WatchOS11.4.sdk/Developer/Library/Frameworks -no-color-diagnostics -enable-testing -g -debug-info-format\=dwarf -dwarf-version\=4 -module-cache-path /Users/admin/builder/spi-builder-workspace/.derivedData/ModuleCache.noindex -swift-version 5 -enforce-exclusivity\=checked -Onone -D SWIFT_PACKAGE -D DEBUG -D Xcode -serialize-debugging-options -const-gather-protocols-file /Users/admin/builder/spi-builder-workspace/.derivedData/Build/Intermediates.noindex/MultiViews.build/Debug-watchos/MultiViews.build/Objects-normal/arm64/MultiViews_const_extract_protocols.json -enable-experimental-feature DebugDescriptionMacro -empty-abi-descriptor -plugin-path /Applications/Xcode-16.3.0.app/Contents/Developer/Toolchains/XcodeDefault.xctoolchain/usr/lib/swift/host/plugins/testing -validate-clang-modules-once -clang-build-session-file /Users/admin/builder/spi-builder-workspace/.derivedData/ModuleCache.noindex/Session.modulevalidation -Xcc -working-directory -Xcc /Users/admin/builder/spi-builder-workspace/.swiftpm/xcode -resource-dir /Applications/Xcode-16.3.0.app/Contents/Developer/Toolchains/XcodeDefault.xctoolchain/usr/lib/swift -enable-anonymous-context-mangled-names -file-compilation-dir /Users/admin/builder/spi-builder-workspace/.swiftpm/xcode -Xcc -ivfsstatcache -Xcc /Users/admin/builder/spi-builder-workspace/.derivedData/SDKStatCaches.noindex/watchos11.4-22T246-43efb940ff07ba2497b70ec94253f576.sdkstatcache -Xcc -I/Users/admin/builder/spi-builder-workspace/.derivedData/Build/Intermediates.noindex/MultiViews.build/Debug-watchos/MultiViews.build/swift-overrides.hmap -Xcc -I/Users/admin/builder/spi-builder-workspace/.derivedData/Build/Products/Debug-watchos/include -Xcc -I/Users/admin/builder/spi-builder-workspace/.derivedData/Build/Intermediates.noindex/MultiViews.build/Debug-watchos/MultiViews.build/DerivedSources-normal/arm64 -Xcc -I/Users/admin/builder/spi-builder-workspace/.derivedData/Build/Intermediates.noindex/MultiViews.build/Debug-watchos/MultiViews.build/DerivedSources/arm64 -Xcc -I/Users/admin/builder/spi-builder-workspace/.derivedData/Build/Intermediates.noindex/MultiViews.build/Debug-watchos/MultiViews.build/DerivedSources -Xcc -DSWIFT_PACKAGE -Xcc -DDEBUG\=1 -module-name MultiViews -package-name spi_builder_workspace -frontend-parseable-output -disable-clang-spi -target-sdk-version 11.4 -target-sdk-name watchos11.4 -external-plugin-path /Applications/Xcode-16.3.0.app/Contents/Developer/Platforms/WatchOS.platform/Developer/usr/lib/swift/host/plugins\#/Applications/Xcode-16.3.0.app/Contents/Developer/Platforms/WatchOS.platform/Developer/usr/bin/swift-plugin-server -external-plugin-path /Applications/Xcode-16.3.0.app/Contents/Developer/Platforms/WatchOS.platform/Developer/usr/local/lib/swift/host/plugins\#/Applications/Xcode-16.3.0.app/Contents/Developer/Platforms/WatchOS.platform/Developer/usr/bin/swift-plugin-server -in-process-plugin-server-path /Applications/Xcode-16.3.0.app/Contents/Developer/Toolchains/XcodeDefault.xctoolchain/usr/lib/swift/host/libSwiftInProcPluginServer.dylib -plugin-path /Applications/Xcode-16.3.0.app/Contents/Developer/Toolchains/XcodeDefault.xctoolchain/usr/lib/swift/host/plugins -plugin-path /Applications/Xcode-16.3.0.app/Contents/Developer/Toolchains/XcodeDefault.xctoolchain/usr/local/lib/swift/host/plugins -emit-module-doc-path /Users/admin/builder/spi-builder-workspace/.derivedData/Build/Intermediates.noindex/MultiViews.build/Debug-watchos/MultiViews.build/Objects-normal/arm64/MultiViews.swiftdoc -emit-module-source-info-path /Users/admin/builder/spi-builder-workspace/.derivedData/Build/Intermediates.noindex/MultiViews.build/Debug-watchos/MultiViews.build/Objects-normal/arm64/MultiViews.swiftsourceinfo -emit-objc-header-path /Users/admin/builder/spi-builder-workspace/.derivedData/Build/Intermediates.noindex/MultiViews.build/Debug-watchos/MultiViews.build/Objects-normal/arm64/MultiViews-Swift.h -serialize-diagnostics-path /Users/admin/builder/spi-builder-workspace/.derivedData/Build/Intermediates.noindex/MultiViews.build/Debug-watchos/MultiViews.build/Objects-normal/arm64/MultiViews-master-emit-module.dia -emit-dependencies-path /Users/admin/builder/spi-builder-workspace/.derivedData/Build/Intermediates.noindex/MultiViews.build/Debug-watchos/MultiViews.build/Objects-normal/arm64/MultiViews-master-emit-module.d -o /Users/admin/builder/spi-builder-workspace/.derivedData/Build/Intermediates.noindex/MultiViews.build/Debug-watchos/MultiViews.build/Objects-normal/arm64/MultiViews.swiftmodule -emit-abi-descriptor-path /Users/admin/builder/spi-builder-workspace/.derivedData/Build/Intermediates.noindex/MultiViews.build/Debug-watchos/MultiViews.build/Objects-normal/arm64/MultiViews.abi.json
EmitSwiftModule normal arm64 (in target 'MultiViews' from project 'MultiViews')
cd /Users/admin/builder/spi-builder-workspace/.swiftpm/xcode
/Users/admin/builder/spi-builder-workspace/Sources/MultiViews/ApplicationDelegate.swift:17:40: error: cannot find type 'UIApplicationDelegate' in scope
public typealias ApplicationDelegate = UIApplicationDelegate
^~~~~~~~~~~~~~~~~~~~~
/Users/admin/builder/spi-builder-workspace/Sources/MultiViews/Image/MPImage.swift:18:32: error: cannot find type 'UIImageView' in scope
public typealias MPImageView = UIImageView
^~~~~~~~~~~
/Users/admin/builder/spi-builder-workspace/Sources/MultiViews/Image/ViewImage.swift:23:18: error: cannot find type 'UIView' in scope
public extension UIView {
^~~~~~
/Applications/Xcode-16.3.0.app/Contents/Developer/Platforms/WatchOS.platform/Developer/SDKs/WatchOS11.4.sdk/System/Library/Frameworks/UIKit.framework/Headers/NSTextAttachment.h:23:1: note: interface 'UIView' forward declared here
@class UIView;
^
/Users/admin/builder/spi-builder-workspace/Sources/MultiViews/Views/Content/Checker.swift:22:35: error: cannot find type 'Context' in scope
public func makeView(context: Context) -> CheckerView {
^~~~~~~
/Users/admin/builder/spi-builder-workspace/Sources/MultiViews/Views/Content/Checker.swift:26:58: error: cannot find type 'Context' in scope
public func updateView(_ view: CheckerView, context: Context) {
^~~~~~~
/Users/admin/builder/spi-builder-workspace/Sources/MultiViews/Views/ViewTypes.swift:16:40: error: cannot find type 'UIViewRepresentable' in scope
public typealias MPViewRepresentable = UIViewRepresentable
^~~~~~~~~~~~~~~~~~~
/Users/admin/builder/spi-builder-workspace/Sources/MultiViews/Views/MPView.swift:10:27: error: cannot find type 'UIView' in scope
public typealias MPView = UIView
^~~~~~
/Applications/Xcode-16.3.0.app/Contents/Developer/Platforms/WatchOS.platform/Developer/SDKs/WatchOS11.4.sdk/System/Library/Frameworks/UIKit.framework/Headers/NSTextAttachment.h:23:1: note: interface 'UIView' forward declared here
@class UIView;
^
/Users/admin/builder/spi-builder-workspace/Sources/MultiViews/Views/ViewRepresentable.swift:11:33: error: 'Context' is not a member type of type 'Self'
func makeView(context: Self.Context) -> V
~~~~ ^
/Users/admin/builder/spi-builder-workspace/Sources/MultiViews/Views/ViewRepresentable.swift:12:46: error: 'Context' is not a member type of type 'Self'
func updateView(_ view: V, context: Self.Context)
~~~~ ^
/Users/admin/builder/spi-builder-workspace/Sources/MultiViews/Views/Content/Checker.swift:14:15: error: type 'Checker' does not conform to protocol 'ViewRepresentable'
public struct Checker: ViewRepresentable {
^
/Users/admin/builder/spi-builder-workspace/Sources/MultiViews/Views/Content/Checker.swift:14:15: note: add stubs for conformance
public struct Checker: ViewRepresentable {
^
/Users/admin/builder/spi-builder-workspace/Sources/MultiViews/Views/ViewRepresentable.swift:10:20: note: protocol requires nested type 'V'
associatedtype V: MPView
^
/Users/admin/builder/spi-builder-workspace/Sources/MultiViews/Views/Content/Checker.swift:33:25: error: property does not override any property from its superclass
public override var frame: CGRect {
~~~~~~~~ ^
/Users/admin/builder/spi-builder-workspace/Sources/MultiViews/Views/Content/Checker.swift:102:26: error: method does not override any method from its superclass
public override func draw(_ rect: CGRect) {
~~~~~~~~ ^
/Users/admin/builder/spi-builder-workspace/Sources/MultiViews/Views/Content/MVBlurView.swift:15:32: error: cannot find type 'UIVisualEffectView' in scope
typealias MPVisualEffectView = UIVisualEffectView
^~~~~~~~~~~~~~~~~~
/Users/admin/builder/spi-builder-workspace/Sources/MultiViews/Views/Content/MVBlurView.swift:25:23: error: cannot find type 'UIBlurEffect' in scope
public var style: UIBlurEffect.Style { colorScheme == .light ? .light : .dark }
^~~~~~~~~~~~
/Users/admin/builder/spi-builder-workspace/Sources/MultiViews/Views/Content/MVBlurView.swift:26:24: error: cannot find type 'UIVisualEffect' in scope
public var effect: UIVisualEffect { UIBlurEffect(style: style) }
^~~~~~~~~~~~~~
/Users/admin/builder/spi-builder-workspace/Sources/MultiViews/Views/Content/MVBlurView.swift:29:40: error: 'Context' is not a member type of struct 'MultiViews.MVBlurView'
public func makeView(context: Self.Context) -> MPView {
~~~~ ^
/Users/admin/builder/spi-builder-workspace/Sources/MultiViews/Views/Content/MVBlurView.swift:18:15: note: 'MVBlurView' declared here
public struct MVBlurView: ViewRepresentable {
^
/Users/admin/builder/spi-builder-workspace/Sources/MultiViews/Views/Content/MVBlurView.swift:37:58: error: 'Context' is not a member type of struct 'MultiViews.MVBlurView'
public func updateView(_ view: MPView, context: Self.Context) {
~~~~ ^
/Users/admin/builder/spi-builder-workspace/Sources/MultiViews/Views/Content/MVBlurView.swift:18:15: note: 'MVBlurView' declared here
public struct MVBlurView: ViewRepresentable {
^
/Users/admin/builder/spi-builder-workspace/Sources/MultiViews/Views/Content/MVBlurView.swift:18:15: error: type 'MVBlurView' does not conform to protocol 'ViewRepresentable'
public struct MVBlurView: ViewRepresentable {
^
/Users/admin/builder/spi-builder-workspace/Sources/MultiViews/Views/Content/MVBlurView.swift:18:15: note: add stubs for conformance
public struct MVBlurView: ViewRepresentable {
^
/Users/admin/builder/spi-builder-workspace/Sources/MultiViews/Views/ViewRepresentable.swift:10:20: note: protocol requires nested type 'V'
associatedtype V: MPView
^
/Users/admin/builder/spi-builder-workspace/Sources/MultiViews/Views/Gestures/AxisPanGestureRecognizer.swift:18:54: error: cannot find type 'UITouch' in scope
public override func touchesMoved(_ touches: Set<UITouch>, with event: UIEvent) {
^~~~~~~
/Users/admin/builder/spi-builder-workspace/Sources/MultiViews/Views/Gestures/AxisPanGestureRecognizer.swift:18:76: error: cannot find type 'UIEvent' in scope
public override func touchesMoved(_ touches: Set<UITouch>, with event: UIEvent) {
^~~~~~~
/Users/admin/builder/spi-builder-workspace/Sources/MultiViews/Views/Gestures/AxisPanGestureRecognizer.swift:4:46: error: cannot find type 'UIPanGestureRecognizer' in scope
public final class AxisPanGestureRecognizer: UIPanGestureRecognizer {
^~~~~~~~~~~~~~~~~~~~~~
/Users/admin/builder/spi-builder-workspace/Sources/MultiViews/Views/Gestures/AxisPanGestureView.swift:12:28: error: cannot find type 'UIPanGestureRecognizer' in scope
public let onChanged: (UIPanGestureRecognizer) -> Void
^~~~~~~~~~~~~~~~~~~~~~
/Users/admin/builder/spi-builder-workspace/Sources/MultiViews/Views/Gestures/AxisPanGestureView.swift:13:26: error: cannot find type 'UIPanGestureRecognizer' in scope
public let onEnded: (UIPanGestureRecognizer) -> Void
^~~~~~~~~~~~~~~~~~~~~~
/Users/admin/builder/spi-builder-workspace/Sources/MultiViews/Views/Gestures/AxisPanGestureView.swift:21:31: error: cannot find type 'UIPanGestureRecognizer' in scope
onChanged: @escaping (UIPanGestureRecognizer) -> Void,
^~~~~~~~~~~~~~~~~~~~~~
/Users/admin/builder/spi-builder-workspace/Sources/MultiViews/Views/Gestures/AxisPanGestureView.swift:22:29: error: cannot find type 'UIPanGestureRecognizer' in scope
onEnded: @escaping (UIPanGestureRecognizer) -> Void = { _ in }
^~~~~~~~~~~~~~~~~~~~~~
/Users/admin/builder/spi-builder-workspace/Sources/MultiViews/Views/Gestures/AxisPanGestureView.swift:33:49: error: cannot find type 'UIView' in scope
public func makeUIView(context: Context) -> UIView {
^~~~~~
/Applications/Xcode-16.3.0.app/Contents/Developer/Platforms/WatchOS.platform/Developer/SDKs/WatchOS11.4.sdk/System/Library/Frameworks/UIKit.framework/Headers/NSTextAttachment.h:23:1: note: interface 'UIView' forward declared here
@class UIView;
^
/Users/admin/builder/spi-builder-workspace/Sources/MultiViews/Views/Gestures/AxisPanGestureView.swift:33:37: error: cannot find type 'Context' in scope
public func makeUIView(context: Context) -> UIView {
^~~~~~~
/Users/admin/builder/spi-builder-workspace/Sources/MultiViews/Views/Gestures/AxisPanGestureView.swift:53:40: error: cannot find type 'UIView' in scope
public func updateUIView(_ uiView: UIView, context: Context) {
^~~~~~
/Applications/Xcode-16.3.0.app/Contents/Developer/Platforms/WatchOS.platform/Developer/SDKs/WatchOS11.4.sdk/System/Library/Frameworks/UIKit.framework/Headers/NSTextAttachment.h:23:1: note: interface 'UIView' forward declared here
@class UIView;
^
/Users/admin/builder/spi-builder-workspace/Sources/MultiViews/Views/Gestures/AxisPanGestureView.swift:53:57: error: cannot find type 'Context' in scope
public func updateUIView(_ uiView: UIView, context: Context) {
^~~~~~~
/Users/admin/builder/spi-builder-workspace/Sources/MultiViews/Views/Gestures/AxisPanGestureView.swift:72:47: error: cannot find type 'UIView' in scope
private func connectScrollView(from view: UIView, context: Context) {
^~~~~~
/Applications/Xcode-16.3.0.app/Contents/Developer/Platforms/WatchOS.platform/Developer/SDKs/WatchOS11.4.sdk/System/Library/Frameworks/UIKit.framework/Headers/NSTextAttachment.h:23:1: note: interface 'UIView' forward declared here
@class UIView;
^
/Users/admin/builder/spi-builder-workspace/Sources/MultiViews/Views/Gestures/AxisPanGestureView.swift:72:64: error: cannot find type 'Context' in scope
private func connectScrollView(from view: UIView, context: Context) {
^~~~~~~
/Users/admin/builder/spi-builder-workspace/Sources/MultiViews/Views/Gestures/AxisPanGestureView.swift:97:35: error: cannot find type 'UIPanGestureRecognizer' in scope
onChanged: @escaping (UIPanGestureRecognizer) -> Void,
^~~~~~~~~~~~~~~~~~~~~~
/Users/admin/builder/spi-builder-workspace/Sources/MultiViews/Views/Gestures/AxisPanGestureView.swift:98:33: error: cannot find type 'UIPanGestureRecognizer' in scope
onEnded: @escaping (UIPanGestureRecognizer) -> Void
^~~~~~~~~~~~~~~~~~~~~~
/Users/admin/builder/spi-builder-workspace/Sources/MultiViews/Views/Gestures/AxisPanGestureView.swift:89:39: error: cannot find type 'UIScrollView' in scope
weak var connectedScrollView: UIScrollView?
^~~~~~~~~~~~
/Users/admin/builder/spi-builder-workspace/Sources/MultiViews/Views/Gestures/AxisPanGestureView.swift:92:25: error: cannot find type 'UIPanGestureRecognizer' in scope
var onChanged: (UIPanGestureRecognizer) -> Void
^~~~~~~~~~~~~~~~~~~~~~
/Users/admin/builder/spi-builder-workspace/Sources/MultiViews/Views/Gestures/AxisPanGestureView.swift:93:23: error: cannot find type 'UIPanGestureRecognizer' in scope
var onEnded: (UIPanGestureRecognizer) -> Void
^~~~~~~~~~~~~~~~~~~~~~
/Users/admin/builder/spi-builder-workspace/Sources/MultiViews/Views/Gestures/AxisPanGestureView.swift:106:29: error: cannot find type 'UIPanGestureRecognizer' in scope
func pan(_ gesture: UIPanGestureRecognizer) {
^~~~~~~~~~~~~~~~~~~~~~
/Users/admin/builder/spi-builder-workspace/Sources/MultiViews/Views/Gestures/AxisPanGestureView.swift:5:35: error: cannot find type 'UIViewRepresentable' in scope
public struct AxisPanGestureView: UIViewRepresentable {
^~~~~~~~~~~~~~~~~~~
/Users/admin/builder/spi-builder-workspace/Sources/MultiViews/Views/Gestures/AxisPanGestureView.swift:119:19: error: cannot find type 'UIView' in scope
private extension UIView {
^~~~~~
/Applications/Xcode-16.3.0.app/Contents/Developer/Platforms/WatchOS.platform/Developer/SDKs/WatchOS11.4.sdk/System/Library/Frameworks/UIKit.framework/Headers/NSTextAttachment.h:23:1: note: interface 'UIView' forward declared here
@class UIView;
^
/Users/admin/builder/spi-builder-workspace/Sources/MultiViews/Views/Gestures/Hover.swift:18:28: error: cannot find type 'Context' in scope
func makeView(context: Context) -> HoverView {
^~~~~~~
/Users/admin/builder/spi-builder-workspace/Sources/MultiViews/Views/Gestures/Hover.swift:23:49: error: cannot find type 'Context' in scope
func updateView(_ view: HoverView, context: Context) {}
^~~~~~~
/Users/admin/builder/spi-builder-workspace/Sources/MultiViews/Views/Gestures/Hover.swift:13:8: error: type 'HoverViewRepresentable' does not conform to protocol 'ViewRepresentable'
struct HoverViewRepresentable: ViewRepresentable {
^
/Users/admin/builder/spi-builder-workspace/Sources/MultiViews/Views/Gestures/Hover.swift:13:8: note: add stubs for conformance
struct HoverViewRepresentable: ViewRepresentable {
^
/Users/admin/builder/spi-builder-workspace/Sources/MultiViews/Views/ViewRepresentable.swift:10:20: note: protocol requires nested type 'V'
associatedtype V: MPView
^
/Users/admin/builder/spi-builder-workspace/Sources/MultiViews/Views/Gestures/MVInteractView.swift:38:35: error: cannot find type 'Context' in scope
public func makeView(context: Context) -> MPView {
^~~~~~~
/Users/admin/builder/spi-builder-workspace/Sources/MultiViews/Views/Gestures/MVInteractView.swift:41:53: error: cannot find type 'Context' in scope
public func updateView(_ view: MPView, context: Context) {}
^~~~~~~
/Users/admin/builder/spi-builder-workspace/Sources/MultiViews/Views/Gestures/MVInteractView.swift:24:15: error: type 'MVInteractView' does not conform to protocol 'ViewRepresentable'
public struct MVInteractView: ViewRepresentable {
^
/Users/admin/builder/spi-builder-workspace/Sources/MultiViews/Views/Gestures/MVInteractView.swift:24:15: note: add stubs for conformance
public struct MVInteractView: ViewRepresentable {
^
/Users/admin/builder/spi-builder-workspace/Sources/MultiViews/Views/ViewRepresentable.swift:10:20: note: protocol requires nested type 'V'
associatedtype V: MPView
^
/Users/admin/builder/spi-builder-workspace/Sources/MultiViews/Views/Gestures/MVMultiInteractView.swift:34:35: error: cannot find type 'Context' in scope
public func makeView(context: Context) -> MPView {
^~~~~~~
/Users/admin/builder/spi-builder-workspace/Sources/MultiViews/Views/Gestures/MVMultiInteractView.swift:37:53: error: cannot find type 'Context' in scope
public func updateView(_ view: MPView, context: Context) {}
^~~~~~~
/Users/admin/builder/spi-builder-workspace/Sources/MultiViews/Views/Gestures/MVMultiInteractView.swift:23:15: error: type 'MVMultiInteractView' does not conform to protocol 'ViewRepresentable'
public struct MVMultiInteractView: ViewRepresentable {
^
/Users/admin/builder/spi-builder-workspace/Sources/MultiViews/Views/Gestures/MVMultiInteractView.swift:23:15: note: add stubs for conformance
public struct MVMultiInteractView: ViewRepresentable {
^
/Users/admin/builder/spi-builder-workspace/Sources/MultiViews/Views/ViewRepresentable.swift:10:20: note: protocol requires nested type 'V'
associatedtype V: MPView
^
/Users/admin/builder/spi-builder-workspace/Sources/MultiViews/Views/Gestures/SpatialLongPress.swift:38:28: error: cannot find type 'Context' in scope
func makeView(context: Context) -> MVSpatialLongPressView<Content> {
^~~~~~~
/Users/admin/builder/spi-builder-workspace/Sources/MultiViews/Views/Gestures/SpatialLongPress.swift:47:71: error: cannot find type 'Context' in scope
func updateView(_ view: MVSpatialLongPressView<Content>, context: Context) {
^~~~~~~
/Users/admin/builder/spi-builder-workspace/Sources/MultiViews/Views/Gestures/SpatialLongPress.swift:31:8: error: type 'SpatialLongPressView<Content>' does not conform to protocol 'ViewRepresentable'
struct SpatialLongPressView<Content: View>: ViewRepresentable {
^
/Users/admin/builder/spi-builder-workspace/Sources/MultiViews/Views/Gestures/SpatialLongPress.swift:31:8: note: add stubs for conformance
struct SpatialLongPressView<Content: View>: ViewRepresentable {
^
/Users/admin/builder/spi-builder-workspace/Sources/MultiViews/Views/ViewRepresentable.swift:10:20: note: protocol requires nested type 'V'
associatedtype V: MPView
^
/Users/admin/builder/spi-builder-workspace/Sources/MultiViews/Views/Gestures/SpatialLongPress.swift:143:46: error: cannot find type 'UIView' in scope
class MVSpatialLongPressView<Content: View>: UIView {
^~~~~~
/Applications/Xcode-16.3.0.app/Contents/Developer/Platforms/WatchOS.platform/Developer/SDKs/WatchOS11.4.sdk/System/Library/Frameworks/UIKit.framework/Headers/NSTextAttachment.h:23:1: note: interface 'UIView' forward declared here
@class UIView;
^
/Users/admin/builder/spi-builder-workspace/Sources/MultiViews/Views/ViewTypes.swift:15:40: error: cannot find type 'UIHostingController' in scope
public typealias MPHostingController = UIHostingController
^~~~~~~~~~~~~~~~~~~
/Users/admin/builder/spi-builder-workspace/Sources/MultiViews/Views/Gestures/SpatialLongPress.swift:200:37: error: cannot find type 'UILongPressGestureRecognizer' in scope
private func longPress(gesture: UILongPressGestureRecognizer) {
^~~~~~~~~~~~~~~~~~~~~~~~~~~~
/Users/admin/builder/spi-builder-workspace/Sources/MultiViews/Views/Keyboard/View+onGlobalKeyPress.swift:39:28: error: cannot find type 'Context' in scope
func makeView(context: Context) -> MVKeyboardView<Content> {
^~~~~~~
/Users/admin/builder/spi-builder-workspace/Sources/MultiViews/Views/Keyboard/View+onGlobalKeyPress.swift:43:63: error: cannot find type 'Context' in scope
func updateView(_ view: MVKeyboardView<Content>, context: Context) {
^~~~~~~
/Users/admin/builder/spi-builder-workspace/Sources/MultiViews/Views/Keyboard/View+onGlobalKeyPress.swift:34:8: error: type 'MVKeyboardViewRepresentable<Content>' does not conform to protocol 'ViewRepresentable'
struct MVKeyboardViewRepresentable<Content: View>: ViewRepresentable {
^
/Users/admin/builder/spi-builder-workspace/Sources/MultiViews/Views/Keyboard/View+onGlobalKeyPress.swift:34:8: note: add stubs for conformance
struct MVKeyboardViewRepresentable<Content: View>: ViewRepresentable {
^
/Users/admin/builder/spi-builder-workspace/Sources/MultiViews/Views/ViewRepresentable.swift:10:20: note: protocol requires nested type 'V'
associatedtype V: MPView
^
/Users/admin/builder/spi-builder-workspace/Sources/MultiViews/Views/Keyboard/View+onGlobalKeyPress.swift:94:18: error: property does not override any property from its superclass
override var canBecomeFirstResponder: Bool { true }
~~~~~~~~ ^
/Users/admin/builder/spi-builder-workspace/Sources/MultiViews/Views/Keyboard/View+onGlobalKeyPress.swift:95:47: error: cannot find type 'UIPress' in scope
override func pressesBegan(_ presses: Set<UIPress>, with event: UIPressesEvent?) {
^~~~~~~
/Users/admin/builder/spi-builder-workspace/Sources/MultiViews/Views/Keyboard/View+onGlobalKeyPress.swift:95:69: error: cannot find type 'UIPressesEvent' in scope
override func pressesBegan(_ presses: Set<UIPress>, with event: UIPressesEvent?) {
^~~~~~~~~~~~~~
/Users/admin/builder/spi-builder-workspace/Sources/MultiViews/Views/Scroll/MVScrollView.swift:19:33: error: cannot find type 'UIScrollView' in scope
public typealias MPScrollView = UIScrollView
^~~~~~~~~~~~
/Users/admin/builder/spi-builder-workspace/Sources/MultiViews/Views/Scroll/MVScrollView.swift:126:35: error: cannot find type 'Context' in scope
public func makeView(context: Context) -> MPView {
^~~~~~~
/Users/admin/builder/spi-builder-workspace/Sources/MultiViews/Views/Scroll/MVScrollView.swift:219:53: error: cannot find type 'Context' in scope
public func updateView(_ view: MPView, context: Context) {
^~~~~~~
/Users/admin/builder/spi-builder-workspace/Sources/MultiViews/Views/Scroll/MVScrollView.swift:319:72: error: cannot find type 'Context' in scope
private func setPadding(to scrollView: MPScrollView, with context: Context) {
^~~~~~~
/Users/admin/builder/spi-builder-workspace/Sources/MultiViews/Views/Scroll/MVScrollView.swift:39:15: error: type 'MVScrollView<Content>' does not conform to protocol 'ViewRepresentable'
public struct MVScrollView<Content: View>: ViewRepresentable {
^
/Users/admin/builder/spi-builder-workspace/Sources/MultiViews/Views/Scroll/MVScrollView.swift:39:15: note: add stubs for conformance
public struct MVScrollView<Content: View>: ViewRepresentable {
^
/Users/admin/builder/spi-builder-workspace/Sources/MultiViews/Views/ViewRepresentable.swift:10:20: note: protocol requires nested type 'V'
associatedtype V: MPView
^
/Users/admin/builder/spi-builder-workspace/Sources/MultiViews/Views/Scroll/MVScrollView.swift:414:36: error: cannot find type 'UIScrollViewDelegate' in scope
extension MPScrollViewCoordinator: UIScrollViewDelegate {
^~~~~~~~~~~~~~~~~~~~
/Users/admin/builder/spi-builder-workspace/Sources/MultiViews/Views/Scroll/MVScrollView.swift:418:59: error: cannot find type 'UIScrollView' in scope
public func scrollViewWillBeginDragging(_ scrollView: UIScrollView) {
^~~~~~~~~~~~
/Users/admin/builder/spi-builder-workspace/Sources/MultiViews/Views/Scroll/MVScrollView.swift:423:51: error: cannot find type 'UIScrollView' in scope
public func scrollViewDidScroll(_ scrollView: UIScrollView) {
^~~~~~~~~~~~
/Users/admin/builder/spi-builder-workspace/Sources/MultiViews/Views/Scroll/MVScrollView.swift:430:42: error: cannot find type 'UIScrollView' in scope
private func didScroll(_ scrollView: UIScrollView) {
^~~~~~~~~~~~
/Users/admin/builder/spi-builder-workspace/Sources/MultiViews/Views/Scroll/MVScrollView.swift:438:57: error: cannot find type 'UIScrollView' in scope
public func scrollViewWillEndDragging(_ scrollView: UIScrollView, withVelocity velocity: CGPoint, targetContentOffset: UnsafeMutablePointer<CGPoint>) {
^~~~~~~~~~~~
/Users/admin/builder/spi-builder-workspace/Sources/MultiViews/Views/Scroll/MVScrollView.swift:458:56: error: cannot find type 'UIScrollView' in scope
public func scrollViewDidEndDragging(_ scrollView: UIScrollView, willDecelerate decelerate: Bool) {
^~~~~~~~~~~~
/Users/admin/builder/spi-builder-workspace/Sources/MultiViews/Views/Scroll/MVScrollView.swift:464:60: error: cannot find type 'UIScrollView' in scope
public func scrollViewDidEndDecelerating(_ scrollView: UIScrollView) {
^~~~~~~~~~~~
/Users/admin/builder/spi-builder-workspace/Sources/MultiViews/Views/Scroll/MVScrollView.swift:473:64: error: cannot find type 'UIView' in scope
public func viewForZooming(in scrollView: UIScrollView) -> UIView? {
^~~~~~
/Applications/Xcode-16.3.0.app/Contents/Developer/Platforms/WatchOS.platform/Developer/SDKs/WatchOS11.4.sdk/System/Library/Frameworks/UIKit.framework/Headers/NSTextAttachment.h:23:1: note: interface 'UIView' forward declared here
@class UIView;
^
/Users/admin/builder/spi-builder-workspace/Sources/MultiViews/Views/Scroll/MVScrollView.swift:473:47: error: cannot find type 'UIScrollView' in scope
public func viewForZooming(in scrollView: UIScrollView) -> UIView? {
^~~~~~~~~~~~
/Users/admin/builder/spi-builder-workspace/Sources/MultiViews/Views/Scroll/MVScrollView.swift:477:58: error: cannot find type 'UIScrollView' in scope
public func scrollViewWillBeginZooming(_ scrollView: UIScrollView, with view: UIView?) {
^~~~~~~~~~~~
/Users/admin/builder/spi-builder-workspace/Sources/MultiViews/Views/Scroll/MVScrollView.swift:477:83: error: cannot find type 'UIView' in scope
public func scrollViewWillBeginZooming(_ scrollView: UIScrollView, with view: UIView?) {
^~~~~~
/Applications/Xcode-16.3.0.app/Contents/Developer/Platforms/WatchOS.platform/Developer/SDKs/WatchOS11.4.sdk/System/Library/Frameworks/UIKit.framework/Headers/NSTextAttachment.h:23:1: note: interface 'UIView' forward declared here
@class UIView;
^
/Users/admin/builder/spi-builder-workspace/Sources/MultiViews/Views/Scroll/MVScrollView.swift:481:49: error: cannot find type 'UIScrollView' in scope
public func scrollViewDidZoom(_ scrollView: UIScrollView) {
^~~~~~~~~~~~
/Users/admin/builder/spi-builder-workspace/Sources/MultiViews/Views/Scroll/MVScrollView.swift:488:55: error: cannot find type 'UIScrollView' in scope
public func scrollViewDidEndZooming(_ scrollView: UIScrollView, with view: UIView?, atScale scale: CGFloat) {
^~~~~~~~~~~~
/Users/admin/builder/spi-builder-workspace/Sources/MultiViews/Views/Scroll/MVScrollView.swift:488:80: error: cannot find type 'UIView' in scope
public func scrollViewDidEndZooming(_ scrollView: UIScrollView, with view: UIView?, atScale scale: CGFloat) {
^~~~~~
/Applications/Xcode-16.3.0.app/Contents/Developer/Platforms/WatchOS.platform/Developer/SDKs/WatchOS11.4.sdk/System/Library/Frameworks/UIKit.framework/Headers/NSTextAttachment.h:23:1: note: interface 'UIView' forward declared here
@class UIView;
^
/Users/admin/builder/spi-builder-workspace/Sources/MultiViews/Views/ViewTypes.swift:17:50: error: cannot find type 'UIViewControllerRepresentable' in scope
public typealias MPViewControllerRepresentable = UIViewControllerRepresentable
^~~~~~~~~~~~~~~~~~~~~~~~~~~~~
/Users/admin/builder/spi-builder-workspace/Sources/MultiViews/Views/ViewTypes.swift:14:37: error: cannot find type 'UIViewController' in scope
public typealias MPViewController = UIViewController
^~~~~~~~~~~~~~~~
/Users/admin/builder/spi-builder-workspace/Sources/MultiViews/Views/ViewControllerRepresentable.swift:11:43: error: 'Context' is not a member type of type 'Self'
func makeViewController(context: Self.Context) -> VC
~~~~ ^
/Users/admin/builder/spi-builder-workspace/Sources/MultiViews/Views/ViewControllerRepresentable.swift:12:67: error: 'Context' is not a member type of type 'Self'
func updateViewController(_ viewController: VC, context: Self.Context)
~~~~ ^
/Users/admin/builder/spi-builder-workspace/Sources/MultiViews/Views/ViewControllerRepresentable.swift:26:52: error: 'Context' is not a member type of type 'Self'
public func makeUIViewController(context: Self.Context) -> VC {
~~~~ ^
/Users/admin/builder/spi-builder-workspace/Sources/MultiViews/Views/ViewControllerRepresentable.swift:29:78: error: 'Context' is not a member type of type 'Self'
public func updateUIViewController(_ uiViewController: VC, context: Self.Context) {
~~~~ ^
/Users/admin/builder/spi-builder-workspace/Sources/MultiViews/Views/ViewRep.swift:15:35: error: cannot find type 'Context' in scope
public func makeView(context: Context) -> MPView {
^~~~~~~
/Users/admin/builder/spi-builder-workspace/Sources/MultiViews/Views/ViewRep.swift:19:53: error: cannot find type 'Context' in scope
public func updateView(_ view: MPView, context: Context) {}
^~~~~~~
/Users/admin/builder/spi-builder-workspace/Sources/MultiViews/Views/ViewRep.swift:7:15: error: type 'ViewRep' does not conform to protocol 'ViewRepresentable'
public struct ViewRep: ViewRepresentable {
^
/Users/admin/builder/spi-builder-workspace/Sources/MultiViews/Views/ViewRep.swift:7:15: note: add stubs for conformance
public struct ViewRep: ViewRepresentable {
^
/Users/admin/builder/spi-builder-workspace/Sources/MultiViews/Views/ViewRepresentable.swift:10:20: note: protocol requires nested type 'V'
associatedtype V: MPView
^
/Users/admin/builder/spi-builder-workspace/Sources/MultiViews/Views/ViewRepresentable.swift:26:42: error: 'Context' is not a member type of type 'Self'
public func makeUIView(context: Self.Context) -> V {
~~~~ ^
/Users/admin/builder/spi-builder-workspace/Sources/MultiViews/Views/ViewRepresentable.swift:29:57: error: 'Context' is not a member type of type 'Self'
public func updateUIView(_ uiView: V, context: Self.Context) {
~~~~ ^
SwiftCompile normal arm64 Compiling\ MPView+Image.swift,\ SnapshotView.swift,\ ViewImage.swift,\ Keyboard.swift,\ Cases.swift,\ NamedViewTask.swift /Users/admin/builder/spi-builder-workspace/Sources/MultiViews/Image/MPView+Image.swift /Users/admin/builder/spi-builder-workspace/Sources/MultiViews/Image/SnapshotView.swift /Users/admin/builder/spi-builder-workspace/Sources/MultiViews/Image/ViewImage.swift /Users/admin/builder/spi-builder-workspace/Sources/MultiViews/Keyboard.swift /Users/admin/builder/spi-builder-workspace/Sources/MultiViews/String/Cases.swift /Users/admin/builder/spi-builder-workspace/Sources/MultiViews/Tasks/NamedViewTask.swift (in target 'MultiViews' from project 'MultiViews')
SwiftCompile normal arm64 /Users/admin/builder/spi-builder-workspace/Sources/MultiViews/Image/MPView+Image.swift (in target 'MultiViews' from project 'MultiViews')
cd /Users/admin/builder/spi-builder-workspace/.swiftpm/xcode
SwiftCompile normal arm64 /Users/admin/builder/spi-builder-workspace/Sources/MultiViews/Image/SnapshotView.swift (in target 'MultiViews' from project 'MultiViews')
cd /Users/admin/builder/spi-builder-workspace/.swiftpm/xcode
SwiftCompile normal arm64 /Users/admin/builder/spi-builder-workspace/Sources/MultiViews/Image/ViewImage.swift (in target 'MultiViews' from project 'MultiViews')
cd /Users/admin/builder/spi-builder-workspace/.swiftpm/xcode
SwiftCompile normal arm64 /Users/admin/builder/spi-builder-workspace/Sources/MultiViews/Keyboard.swift (in target 'MultiViews' from project 'MultiViews')
cd /Users/admin/builder/spi-builder-workspace/.swiftpm/xcode
SwiftCompile normal arm64 /Users/admin/builder/spi-builder-workspace/Sources/MultiViews/String/Cases.swift (in target 'MultiViews' from project 'MultiViews')
cd /Users/admin/builder/spi-builder-workspace/.swiftpm/xcode
SwiftCompile normal arm64 /Users/admin/builder/spi-builder-workspace/Sources/MultiViews/Tasks/NamedViewTask.swift (in target 'MultiViews' from project 'MultiViews')
cd /Users/admin/builder/spi-builder-workspace/.swiftpm/xcode
SwiftEmitModule normal arm64_32 Emitting\ module\ for\ MultiViews (in target 'MultiViews' from project 'MultiViews')
EmitSwiftModule normal arm64_32 (in target 'MultiViews' from project 'MultiViews')
cd /Users/admin/builder/spi-builder-workspace/.swiftpm/xcode
SwiftDriverJobDiscovery normal arm64_32 Compiling FrameReader.swift, OriginReader.swift (in target 'CoreGraphicsExtensions' from project 'CoreGraphicsExtensions')
SwiftCompile normal arm64_32 Compiling\ Bind.swift,\ CornerRadius.swift,\ Device.swift,\ If.swift,\ Is.swift,\ OS.swift /Users/admin/builder/spi-builder-workspace/Sources/MultiViews/Util/Bind.swift /Users/admin/builder/spi-builder-workspace/Sources/MultiViews/Util/CornerRadius.swift /Users/admin/builder/spi-builder-workspace/Sources/MultiViews/Util/Device.swift /Users/admin/builder/spi-builder-workspace/Sources/MultiViews/Util/If.swift /Users/admin/builder/spi-builder-workspace/Sources/MultiViews/Util/Is.swift /Users/admin/builder/spi-builder-workspace/Sources/MultiViews/Util/OS.swift (in target 'MultiViews' from project 'MultiViews')
SwiftCompile normal arm64_32 /Users/admin/builder/spi-builder-workspace/Sources/MultiViews/Util/Bind.swift (in target 'MultiViews' from project 'MultiViews')
cd /Users/admin/builder/spi-builder-workspace/.swiftpm/xcode
SwiftCompile normal arm64_32 /Users/admin/builder/spi-builder-workspace/Sources/MultiViews/Util/CornerRadius.swift (in target 'MultiViews' from project 'MultiViews')
cd /Users/admin/builder/spi-builder-workspace/.swiftpm/xcode
SwiftCompile normal arm64_32 /Users/admin/builder/spi-builder-workspace/Sources/MultiViews/Util/Device.swift (in target 'MultiViews' from project 'MultiViews')
cd /Users/admin/builder/spi-builder-workspace/.swiftpm/xcode
SwiftCompile normal arm64_32 /Users/admin/builder/spi-builder-workspace/Sources/MultiViews/Util/If.swift (in target 'MultiViews' from project 'MultiViews')
cd /Users/admin/builder/spi-builder-workspace/.swiftpm/xcode
SwiftCompile normal arm64_32 /Users/admin/builder/spi-builder-workspace/Sources/MultiViews/Util/Is.swift (in target 'MultiViews' from project 'MultiViews')
cd /Users/admin/builder/spi-builder-workspace/.swiftpm/xcode
SwiftCompile normal arm64_32 /Users/admin/builder/spi-builder-workspace/Sources/MultiViews/Util/OS.swift (in target 'MultiViews' from project 'MultiViews')
cd /Users/admin/builder/spi-builder-workspace/.swiftpm/xcode
SwiftDriverJobDiscovery normal arm64_32 Compiling CGFloat+Lerp.swift (in target 'CoreGraphicsExtensions' from project 'CoreGraphicsExtensions')
SwiftCompile normal arm64_32 Compiling\ OriginReader.swift,\ SizeReader.swift,\ BindableScrollView.swift,\ MVScrollView.swift,\ StateScrollView.swift /Users/admin/builder/spi-builder-workspace/Sources/MultiViews/Views/Readers/OriginReader.swift /Users/admin/builder/spi-builder-workspace/Sources/MultiViews/Views/Readers/SizeReader.swift /Users/admin/builder/spi-builder-workspace/Sources/MultiViews/Views/Scroll/BindableScrollView.swift /Users/admin/builder/spi-builder-workspace/Sources/MultiViews/Views/Scroll/MVScrollView.swift /Users/admin/builder/spi-builder-workspace/Sources/MultiViews/Views/Scroll/StateScrollView.swift (in target 'MultiViews' from project 'MultiViews')
SwiftCompile normal arm64_32 /Users/admin/builder/spi-builder-workspace/Sources/MultiViews/Views/Readers/OriginReader.swift (in target 'MultiViews' from project 'MultiViews')
cd /Users/admin/builder/spi-builder-workspace/.swiftpm/xcode
SwiftCompile normal arm64_32 /Users/admin/builder/spi-builder-workspace/Sources/MultiViews/Views/Readers/SizeReader.swift (in target 'MultiViews' from project 'MultiViews')
cd /Users/admin/builder/spi-builder-workspace/.swiftpm/xcode
SwiftCompile normal arm64_32 /Users/admin/builder/spi-builder-workspace/Sources/MultiViews/Views/Scroll/BindableScrollView.swift (in target 'MultiViews' from project 'MultiViews')
cd /Users/admin/builder/spi-builder-workspace/.swiftpm/xcode
SwiftCompile normal arm64_32 /Users/admin/builder/spi-builder-workspace/Sources/MultiViews/Views/Scroll/MVScrollView.swift (in target 'MultiViews' from project 'MultiViews')
cd /Users/admin/builder/spi-builder-workspace/.swiftpm/xcode
SwiftCompile normal arm64_32 /Users/admin/builder/spi-builder-workspace/Sources/MultiViews/Views/Scroll/StateScrollView.swift (in target 'MultiViews' from project 'MultiViews')
cd /Users/admin/builder/spi-builder-workspace/.swiftpm/xcode
SwiftDriverJobDiscovery normal arm64 Compiling CGSize+Resolution.swift, CGSize.swift (in target 'CoreGraphicsExtensions' from project 'CoreGraphicsExtensions')
SwiftCompile normal arm64 Compiling\ Previews.swift,\ AsyncButton.swift,\ GlassButton.swift,\ GlassMenu.swift,\ GlassPicker.swift,\ GlassShape.swift /Users/admin/builder/spi-builder-workspace/Sources/MultiViews/Util/Previews.swift /Users/admin/builder/spi-builder-workspace/Sources/MultiViews/Views/Buttons/AsyncButton.swift /Users/admin/builder/spi-builder-workspace/Sources/MultiViews/Views/Buttons/Glass/GlassButton.swift /Users/admin/builder/spi-builder-workspace/Sources/MultiViews/Views/Buttons/Glass/GlassMenu.swift /Users/admin/builder/spi-builder-workspace/Sources/MultiViews/Views/Buttons/Glass/GlassPicker.swift /Users/admin/builder/spi-builder-workspace/Sources/MultiViews/Views/Buttons/Glass/GlassShape.swift (in target 'MultiViews' from project 'MultiViews')
SwiftCompile normal arm64 /Users/admin/builder/spi-builder-workspace/Sources/MultiViews/Util/Previews.swift (in target 'MultiViews' from project 'MultiViews')
cd /Users/admin/builder/spi-builder-workspace/.swiftpm/xcode
SwiftCompile normal arm64 /Users/admin/builder/spi-builder-workspace/Sources/MultiViews/Views/Buttons/AsyncButton.swift (in target 'MultiViews' from project 'MultiViews')
cd /Users/admin/builder/spi-builder-workspace/.swiftpm/xcode
SwiftCompile normal arm64 /Users/admin/builder/spi-builder-workspace/Sources/MultiViews/Views/Buttons/Glass/GlassButton.swift (in target 'MultiViews' from project 'MultiViews')
cd /Users/admin/builder/spi-builder-workspace/.swiftpm/xcode
SwiftCompile normal arm64 /Users/admin/builder/spi-builder-workspace/Sources/MultiViews/Views/Buttons/Glass/GlassMenu.swift (in target 'MultiViews' from project 'MultiViews')
cd /Users/admin/builder/spi-builder-workspace/.swiftpm/xcode
SwiftCompile normal arm64 /Users/admin/builder/spi-builder-workspace/Sources/MultiViews/Views/Buttons/Glass/GlassPicker.swift (in target 'MultiViews' from project 'MultiViews')
cd /Users/admin/builder/spi-builder-workspace/.swiftpm/xcode
SwiftCompile normal arm64 /Users/admin/builder/spi-builder-workspace/Sources/MultiViews/Views/Buttons/Glass/GlassShape.swift (in target 'MultiViews' from project 'MultiViews')
cd /Users/admin/builder/spi-builder-workspace/.swiftpm/xcode
SwiftDriverJobDiscovery normal arm64 Compiling CGVector.swift, EdgeInsets.swift (in target 'CoreGraphicsExtensions' from project 'CoreGraphicsExtensions')
SwiftCompile normal arm64_32 Compiling\ SecondaryView.swift,\ ModifierFlags.swift,\ GestureStateView.swift,\ StateView.swift,\ Tooltip.swift /Users/admin/builder/spi-builder-workspace/Sources/MultiViews/Views/Secondary/SecondaryView.swift /Users/admin/builder/spi-builder-workspace/Sources/MultiViews/Views/Shortcuts/ModifierFlags.swift /Users/admin/builder/spi-builder-workspace/Sources/MultiViews/Views/State/GestureStateView.swift /Users/admin/builder/spi-builder-workspace/Sources/MultiViews/Views/State/StateView.swift /Users/admin/builder/spi-builder-workspace/Sources/MultiViews/Views/Tooltip/Tooltip.swift (in target 'MultiViews' from project 'MultiViews')
SwiftCompile normal arm64_32 /Users/admin/builder/spi-builder-workspace/Sources/MultiViews/Views/Secondary/SecondaryView.swift (in target 'MultiViews' from project 'MultiViews')
cd /Users/admin/builder/spi-builder-workspace/.swiftpm/xcode
SwiftCompile normal arm64_32 /Users/admin/builder/spi-builder-workspace/Sources/MultiViews/Views/Shortcuts/ModifierFlags.swift (in target 'MultiViews' from project 'MultiViews')
cd /Users/admin/builder/spi-builder-workspace/.swiftpm/xcode
SwiftCompile normal arm64_32 /Users/admin/builder/spi-builder-workspace/Sources/MultiViews/Views/State/GestureStateView.swift (in target 'MultiViews' from project 'MultiViews')
cd /Users/admin/builder/spi-builder-workspace/.swiftpm/xcode
SwiftCompile normal arm64_32 /Users/admin/builder/spi-builder-workspace/Sources/MultiViews/Views/State/StateView.swift (in target 'MultiViews' from project 'MultiViews')
cd /Users/admin/builder/spi-builder-workspace/.swiftpm/xcode
SwiftCompile normal arm64_32 /Users/admin/builder/spi-builder-workspace/Sources/MultiViews/Views/Tooltip/Tooltip.swift (in target 'MultiViews' from project 'MultiViews')
cd /Users/admin/builder/spi-builder-workspace/.swiftpm/xcode
SwiftDriverJobDiscovery normal arm64 Compiling FrameReader.swift, OriginReader.swift (in target 'CoreGraphicsExtensions' from project 'CoreGraphicsExtensions')
SwiftCompile normal arm64_32 Compiling\ Previews.swift,\ AsyncButton.swift,\ GlassButton.swift,\ GlassMenu.swift,\ GlassPicker.swift,\ GlassShape.swift /Users/admin/builder/spi-builder-workspace/Sources/MultiViews/Util/Previews.swift /Users/admin/builder/spi-builder-workspace/Sources/MultiViews/Views/Buttons/AsyncButton.swift /Users/admin/builder/spi-builder-workspace/Sources/MultiViews/Views/Buttons/Glass/GlassButton.swift /Users/admin/builder/spi-builder-workspace/Sources/MultiViews/Views/Buttons/Glass/GlassMenu.swift /Users/admin/builder/spi-builder-workspace/Sources/MultiViews/Views/Buttons/Glass/GlassPicker.swift /Users/admin/builder/spi-builder-workspace/Sources/MultiViews/Views/Buttons/Glass/GlassShape.swift (in target 'MultiViews' from project 'MultiViews')
SwiftCompile normal arm64_32 /Users/admin/builder/spi-builder-workspace/Sources/MultiViews/Util/Previews.swift (in target 'MultiViews' from project 'MultiViews')
cd /Users/admin/builder/spi-builder-workspace/.swiftpm/xcode
SwiftCompile normal arm64_32 /Users/admin/builder/spi-builder-workspace/Sources/MultiViews/Views/Buttons/AsyncButton.swift (in target 'MultiViews' from project 'MultiViews')
cd /Users/admin/builder/spi-builder-workspace/.swiftpm/xcode
SwiftCompile normal arm64_32 /Users/admin/builder/spi-builder-workspace/Sources/MultiViews/Views/Buttons/Glass/GlassButton.swift (in target 'MultiViews' from project 'MultiViews')
cd /Users/admin/builder/spi-builder-workspace/.swiftpm/xcode
SwiftCompile normal arm64_32 /Users/admin/builder/spi-builder-workspace/Sources/MultiViews/Views/Buttons/Glass/GlassMenu.swift (in target 'MultiViews' from project 'MultiViews')
cd /Users/admin/builder/spi-builder-workspace/.swiftpm/xcode
SwiftCompile normal arm64_32 /Users/admin/builder/spi-builder-workspace/Sources/MultiViews/Views/Buttons/Glass/GlassPicker.swift (in target 'MultiViews' from project 'MultiViews')
cd /Users/admin/builder/spi-builder-workspace/.swiftpm/xcode
SwiftCompile normal arm64_32 /Users/admin/builder/spi-builder-workspace/Sources/MultiViews/Views/Buttons/Glass/GlassShape.swift (in target 'MultiViews' from project 'MultiViews')
cd /Users/admin/builder/spi-builder-workspace/.swiftpm/xcode
SwiftDriverJobDiscovery normal arm64 Compiling CGFloat+Scale.swift, CGPoint.swift (in target 'CoreGraphicsExtensions' from project 'CoreGraphicsExtensions')
SwiftCompile normal arm64_32 Compiling\ MPView+Image.swift,\ SnapshotView.swift,\ ViewImage.swift,\ Keyboard.swift,\ Cases.swift,\ NamedViewTask.swift /Users/admin/builder/spi-builder-workspace/Sources/MultiViews/Image/MPView+Image.swift /Users/admin/builder/spi-builder-workspace/Sources/MultiViews/Image/SnapshotView.swift /Users/admin/builder/spi-builder-workspace/Sources/MultiViews/Image/ViewImage.swift /Users/admin/builder/spi-builder-workspace/Sources/MultiViews/Keyboard.swift /Users/admin/builder/spi-builder-workspace/Sources/MultiViews/String/Cases.swift /Users/admin/builder/spi-builder-workspace/Sources/MultiViews/Tasks/NamedViewTask.swift (in target 'MultiViews' from project 'MultiViews')
Command SwiftCompile failed with a nonzero exit code
** BUILD FAILED **
The following build commands failed:
SwiftEmitModule normal arm64 Emitting\ module\ for\ MultiViews (in target 'MultiViews' from project 'MultiViews')
EmitSwiftModule normal arm64 (in target 'MultiViews' from project 'MultiViews')
SwiftCompile normal arm64_32 Compiling\ MPView+Image.swift,\ SnapshotView.swift,\ ViewImage.swift,\ Keyboard.swift,\ Cases.swift,\ NamedViewTask.swift /Users/admin/builder/spi-builder-workspace/Sources/MultiViews/Image/MPView+Image.swift /Users/admin/builder/spi-builder-workspace/Sources/MultiViews/Image/SnapshotView.swift /Users/admin/builder/spi-builder-workspace/Sources/MultiViews/Image/ViewImage.swift /Users/admin/builder/spi-builder-workspace/Sources/MultiViews/Keyboard.swift /Users/admin/builder/spi-builder-workspace/Sources/MultiViews/String/Cases.swift /Users/admin/builder/spi-builder-workspace/Sources/MultiViews/Tasks/NamedViewTask.swift (in target 'MultiViews' from project 'MultiViews')
Building workspace spi-builder-workspace with scheme MultiViews
(4 failures)
BUILD FAILURE 6.1 watchOS