The Swift Package Index logo.Swift Package Index

Build Information

Failed to build swift-weak-self-check, reference main (1bbad2), with Swift 6.4 for Wasm on 22 Sep 2026 23:21:39 UTC.

Build Command

bash -c docker run --pull=always --rm -v "checkouts-53886770-0":/host -w "$PWD" -e JAVA_HOME="/root/.sdkman/candidates/java/current" -e SPI_BUILD="1" -e SPI_PROCESSING="1" registry.gitlab.com/saguaro1/spi-images:wasm-6.4-latest swift build --swift-sdk swift-6.4.x-DEVELOPMENT-SNAPSHOT-2026-09-04-a_wasm 2>&1

Build Log

========================================
RunAll
========================================
Builder version: 5.1.0
Interrupt handler set up.
========================================
Checkout
========================================
Clone URL: https://github.com/p-x9/swift-weak-self-check.git
Reference: main
Initialized empty Git repository in /host/spi-builder-workspace/.git/
hint: Using 'master' as the name for the initial branch. This default branch name
hint: is subject to change. To configure the initial branch name to use in all
hint: of your new repositories, which will suppress this warning, call:
hint:
hint: 	git config --global init.defaultBranch <name>
hint:
hint: Names commonly chosen instead of 'master' are 'main', 'trunk' and
hint: 'development'. The just-created branch can be renamed via this command:
hint:
hint: 	git branch -m <name>
From https://github.com/p-x9/swift-weak-self-check
 * branch            main       -> FETCH_HEAD
 * [new branch]      main       -> origin/main
HEAD is now at 1bbad28 Merge pull request #22 from p-x9/feature/migrate-deprecated-api
Cloned https://github.com/p-x9/swift-weak-self-check.git
Revision (git rev-parse @):
1bbad286af0a19f7a90d16003551d04d3f2f14b3
SUCCESS checkout https://github.com/p-x9/swift-weak-self-check.git at main
========================================
Build
========================================
Selected platform:         wasm
Swift version:             6.4
Building package at path:  $PWD
https://github.com/p-x9/swift-weak-self-check.git
Running build ...
bash -c docker run --pull=always --rm -v "checkouts-53886770-0":/host -w "$PWD" -e JAVA_HOME="/root/.sdkman/candidates/java/current" -e SPI_BUILD="1" -e SPI_PROCESSING="1" registry.gitlab.com/saguaro1/spi-images:wasm-6.4-latest swift build --swift-sdk swift-6.4.x-DEVELOPMENT-SNAPSHOT-2026-09-04-a_wasm 2>&1
wasm-6.4-latest: Pulling from saguaro1/spi-images
Digest: sha256:4328fdb43c680d205c1d6761b1e3267aa38277eefdda9ddfb17b6a0f1a77857a
Status: Image is up to date for registry.gitlab.com/saguaro1/spi-images:wasm-6.4-latest
Fetching https://github.com/apple/swift-argument-parser.git
Fetching https://github.com/p-x9/swift-source-reporter.git
Fetching https://github.com/swiftlang/swift-syntax.git
Fetching https://github.com/jpsim/Yams.git
Fetching https://github.com/kateinoigakukun/swift-indexstore.git
[1/47] Fetching swift-source-reporter
[48/11908] Fetching swift-source-reporter, yams
[1590/30826] Fetching swift-source-reporter, yams, swift-argument-parser
[29286/31156] Fetching swift-source-reporter, yams, swift-argument-parser, swift-indexstore
Fetched https://github.com/apple/swift-argument-parser.git (1.03s)
[1/80010] Fetching swift-syntax
Fetched https://github.com/jpsim/Yams.git (1.09s)
Fetched https://github.com/p-x9/swift-source-reporter.git (2.90s)
Fetched https://github.com/kateinoigakukun/swift-indexstore.git (2.90s)
Fetched https://github.com/swiftlang/swift-syntax.git (2.92s)
Computing version for https://github.com/p-x9/swift-source-reporter.git
Computed https://github.com/p-x9/swift-source-reporter.git at 0.2.0 (3.08s)
Computing version for https://github.com/kateinoigakukun/swift-indexstore.git
Computed https://github.com/kateinoigakukun/swift-indexstore.git at 0.5.0 (0.16s)
Computing version for https://github.com/swiftlang/swift-syntax.git
Computed https://github.com/swiftlang/swift-syntax.git at 601.0.1 (1.15s)
Computing version for https://github.com/jpsim/Yams.git
Computed https://github.com/jpsim/Yams.git at 5.4.0 (0.18s)
Computing version for https://github.com/apple/swift-argument-parser.git
Computed https://github.com/apple/swift-argument-parser.git at 1.8.2 (0.17s)
Creating working copy for https://github.com/p-x9/swift-source-reporter.git
Working copy of https://github.com/p-x9/swift-source-reporter.git resolved at 0.2.0
Creating working copy for https://github.com/jpsim/Yams.git
Working copy of https://github.com/jpsim/Yams.git resolved at 5.4.0
Creating working copy for https://github.com/apple/swift-argument-parser.git
Working copy of https://github.com/apple/swift-argument-parser.git resolved at 1.8.2
Creating working copy for https://github.com/kateinoigakukun/swift-indexstore.git
Working copy of https://github.com/kateinoigakukun/swift-indexstore.git resolved at 0.5.0
Creating working copy for https://github.com/swiftlang/swift-syntax.git
Working copy of https://github.com/swiftlang/swift-syntax.git resolved at 601.0.1
Building for debugging...
[Computing dependencies]
[Pre-planning 1 / 598]
[Planning deferred tasks]
[51 / 224] SwiftSyntax510
[120 / 256] SwiftSyntax509
error: SwiftCompile normal wasm32 failed with a nonzero exit code. Command line:     cd /host

/host/spi-builder-workspace/.build/checkouts/swift-indexstore/Sources/SwiftIndexStore/LibIndexStore.swift:24:21: error: cannot find 'RTLD_LAZY' in scope
 22 |         typealias Dylib = UnsafeMutableRawPointer
 23 |
 24 |         var flags = RTLD_LAZY | RTLD_LOCAL
    |                     `- error: cannot find 'RTLD_LAZY' in scope
 25 |
 26 |         #if os(macOS)
/host/spi-builder-workspace/.build/checkouts/swift-indexstore/Sources/SwiftIndexStore/LibIndexStore.swift:24:33: error: cannot find 'RTLD_LOCAL' in scope
 22 |         typealias Dylib = UnsafeMutableRawPointer
 23 |
 24 |         var flags = RTLD_LAZY | RTLD_LOCAL
    |                                 `- error: cannot find 'RTLD_LOCAL' in scope
 25 |
 26 |         #if os(macOS)
/host/spi-builder-workspace/.build/checkouts/swift-indexstore/Sources/SwiftIndexStore/LibIndexStore.swift:30:21: error: cannot find 'dlopen' in scope
 28 |         #endif
 29 |
 30 |         let dylib = dlopen(url.path, flags)!
    |                     `- error: cannot find 'dlopen' in scope
 31 |         var api = indexstore_functions_t()
 32 |         func requireSym<T>(_ dylib: Dylib, _ symbol: String) throws -> T {
/host/spi-builder-workspace/.build/checkouts/swift-indexstore/Sources/SwiftIndexStore/Process+Extension.swift:3:11: error: cannot find type 'Process' in scope
 1 | import Foundation
 2 |
 3 | extension Process {
   |           `- error: cannot find type 'Process' in scope
 4 |     enum ProcessError: Error {
 5 |         case nonZeroExit(
Failed frontend command:
/usr/bin/swift-frontend -frontend -emit-module -experimental-skip-non-inlinable-function-bodies-without-types /host/spi-builder-workspace/.build/checkouts/swift-indexstore/Sources/SwiftIndexStore/IndexStoreError.swift /host/spi-builder-workspace/.build/checkouts/swift-indexstore/Sources/SwiftIndexStore/IndexStoreOccurrence.swift /host/spi-builder-workspace/.build/checkouts/swift-indexstore/Sources/SwiftIndexStore/IndexStoreRelation.swift /host/spi-builder-workspace/.build/checkouts/swift-indexstore/Sources/SwiftIndexStore/IndexStoreSymbol.swift /host/spi-builder-workspace/.build/checkouts/swift-indexstore/Sources/SwiftIndexStore/IndexStoreUnit.swift /host/spi-builder-workspace/.build/checkouts/swift-indexstore/Sources/SwiftIndexStore/LibIndexStore.swift /host/spi-builder-workspace/.build/checkouts/swift-indexstore/Sources/SwiftIndexStore/OptionSetDisplayable.swift /host/spi-builder-workspace/.build/checkouts/swift-indexstore/Sources/SwiftIndexStore/Process+Extension.swift /host/spi-builder-workspace/.build/checkouts/swift-indexstore/Sources/SwiftIndexStore/SwiftIndexStore.swift /host/spi-builder-workspace/.build/checkouts/swift-indexstore/Sources/SwiftIndexStore/UnfairLock.swift -target wasm32-unknown-wasip1 -disable-objc-interop -sdk /root/.swiftpm/swift-sdks/swift-6.4.x-DEVELOPMENT-SNAPSHOT-2026-09-04-a_wasm.artifactbundle/swift-6.4.x-DEVELOPMENT-SNAPSHOT-2026-09-04-a_wasm/wasm32-unknown-wasip1/WASI.sdk -sysroot /root/.swiftpm/swift-sdks/swift-6.4.x-DEVELOPMENT-SNAPSHOT-2026-09-04-a_wasm.artifactbundle/swift-6.4.x-DEVELOPMENT-SNAPSHOT-2026-09-04-a_wasm/wasm32-unknown-wasip1/WASI.sdk -I /host/spi-builder-workspace/.build/out/Products/Debug-webassembly-wasm32 -module-cache-path /host/spi-builder-workspace/.build/out/ModuleCache.noindex -color-diagnostics -Xcc -fcolor-diagnostics -enable-testing -g -debug-info-format\=dwarf -dwarf-version\=4 -suppress-warnings -swift-version 5 -Onone -D SWIFT_PACKAGE -D DEBUG -D SWIFT_MODULE_RESOURCE_BUNDLE_UNAVAILABLE -D Xcode -serialize-debugging-options -enable-experimental-feature DebugDescriptionMacro -empty-abi-descriptor -external-plugin-path /usr/lib/swift/host/plugins/testing\#/usr/bin/swift-plugin-server -validate-clang-modules-once -clang-build-session-file /host/spi-builder-workspace/.build/out/ModuleCache.noindex/Session.modulevalidation -Xcc -working-directory -Xcc /host -resource-dir /root/.swiftpm/swift-sdks/swift-6.4.x-DEVELOPMENT-SNAPSHOT-2026-09-04-a_wasm.artifactbundle/swift-6.4.x-DEVELOPMENT-SNAPSHOT-2026-09-04-a_wasm/wasm32-unknown-wasip1/swift.xctoolchain/usr/lib/swift_static -use-static-resource-dir -enable-anonymous-context-mangled-names -file-compilation-dir /host -Xcc -resource-dir -Xcc /root/.swiftpm/swift-sdks/swift-6.4.x-DEVELOPMENT-SNAPSHOT-2026-09-04-a_wasm.artifactbundle/swift-6.4.x-DEVELOPMENT-SNAPSHOT-2026-09-04-a_wasm/wasm32-unknown-wasip1/swift.xctoolchain/usr/lib/swift_static/clang -Xcc -fmodule-map-file\=/host/spi-builder-workspace/.build/checkouts/swift-indexstore/Sources/_CIndexStore/include/module.modulemap -Xcc -D_LIBCPP_HARDENING_MODE\=_LIBCPP_HARDENING_MODE_DEBUG -Xcc -fmodules-prune-interval\=86400 -Xcc -fmodules-prune-after\=345600 -Xcc -I/host/spi-builder-workspace/.build/checkouts/swift-indexstore/Sources/_CIndexStore/include -Xcc -I/host/spi-builder-workspace/.build/out/Products/Debug-webassembly-wasm32/include -Xcc -I/host/spi-builder-workspace/.build/out/Intermediates.noindex/SwiftIndexStore.build/Debug-webassembly-wasm32/SwiftIndexStore-t.build/DerivedSources-normal/wasm32 -Xcc -I/host/spi-builder-workspace/.build/out/Intermediates.noindex/SwiftIndexStore.build/Debug-webassembly-wasm32/SwiftIndexStore-t.build/DerivedSources/wasm32 -Xcc -I/host/spi-builder-workspace/.build/out/Intermediates.noindex/SwiftIndexStore.build/Debug-webassembly-wasm32/SwiftIndexStore-t.build/DerivedSources -Xcc -DSWIFT_PACKAGE -Xcc -DDEBUG\=1 -no-auto-bridging-header-chaining -module-name SwiftIndexStore -const-gather-protocols-file /host/spi-builder-workspace/.build/out/Intermediates.noindex/SwiftIndexStore.build/Debug-webassembly-wasm32/SwiftIndexStore-t.build/Objects-normal/wasm32/SwiftIndexStore_const_extract_protocols.json -in-process-plugin-server-path /usr/lib/swift/host/libSwiftInProcPluginServer.so -plugin-path /usr/lib/swift/host/plugins -plugin-path /usr/local/lib/swift/host/plugins -emit-module-doc-path /host/spi-builder-workspace/.build/out/Intermediates.noindex/SwiftIndexStore.build/Debug-webassembly-wasm32/SwiftIndexStore-t.build/Objects-normal/wasm32/Modules/SwiftIndexStore.swiftdoc -emit-module-source-info-path /host/spi-builder-workspace/.build/out/Intermediates.noindex/SwiftIndexStore.build/Debug-webassembly-wasm32/SwiftIndexStore-t.build/Objects-normal/wasm32/Modules/SwiftIndexStore.swiftsourceinfo -emit-objc-header-path /host/spi-builder-workspace/.build/out/Intermediates.noindex/SwiftIndexStore.build/Debug-webassembly-wasm32/SwiftIndexStore-t.build/Objects-normal/wasm32/SwiftIndexStore-Swift.h -serialize-diagnostics-path /host/spi-builder-workspace/.build/out/Intermediates.noindex/SwiftIndexStore.build/Debug-webassembly-wasm32/SwiftIndexStore-t.build/Objects-normal/wasm32/SwiftIndexStore-primary-emit-module.dia -emit-dependencies-path /host/spi-builder-workspace/.build/out/Intermediates.noindex/SwiftIndexStore.build/Debug-webassembly-wasm32/SwiftIndexStore-t.build/Objects-normal/wasm32/SwiftIndexStore-primary-emit-module.d -parse-as-library -o /host/spi-builder-workspace/.build/out/Intermediates.noindex/SwiftIndexStore.build/Debug-webassembly-wasm32/SwiftIndexStore-t.build/Objects-normal/wasm32/Modules/SwiftIndexStore.swiftmodule
error: Build failed
BUILD FAILURE 6.4 wasm