Build Information
Failed to build NetworkDebugger, reference 1.0.2 (eea202), with Swift 6.4 for watchOS using Xcode 27.0 on 19 Sep 2026 08:30:28 UTC.
Build Command
env DEVELOPER_DIR=/Applications/Xcode-27.0.0-Release.Candidate.app xcrun xcodebuild -IDEClonedSourcePackagesDirPathOverride=$PWD/.dependencies -skipMacroValidation -skipPackagePluginValidation -derivedDataPath $PWD/.derivedData build -scheme NetworkDebugger -destination generic/platform=watchOSBuild Log
========================================
RunAll
========================================
Builder version: 5.1.0
Interrupt handler set up.
========================================
Checkout
========================================
Clone URL: https://github.com/SchwarzIT/swift-network-debugger.git
Reference: 1.0.2
Initialized empty Git repository in /Users/admin/builder/spi-builder-workspace/.git/
From https://github.com/SchwarzIT/swift-network-debugger
* tag 1.0.2 -> FETCH_HEAD
HEAD is now at eea2027 Merge pull request #4 from SchwarzIT/remove-resources-bundle
Cloned https://github.com/SchwarzIT/swift-network-debugger.git
Revision (git rev-parse @):
eea2027ebc8a86682c0fecfe69e3baa10063f9bc
SUCCESS checkout https://github.com/SchwarzIT/swift-network-debugger.git at 1.0.2
========================================
Build
========================================
Selected platform: watchOS
Swift version: 6.4
Building package at path: $PWD
https://github.com/SchwarzIT/swift-network-debugger.git
Command line invocation:
/Applications/Xcode-27.0.0-Release.Candidate.app/Contents/Developer/usr/bin/xcodebuild -IDEClonedSourcePackagesDirPathOverride=/Users/admin/builder/spi-builder-workspace/.dependencies -resolvePackageDependencies
Resolve Package Graph
Resolve Package Graph
Resolved source packages:
NetworkDebugger: /Users/admin/builder/spi-builder-workspace
resolved source packages: NetworkDebugger
2026-09-19 04:29:39.747 xcodebuild[529:3044] [MT] IDERunDestination: Supported platforms for the buildables in the current scheme is empty.
{
"dependencies" : [
],
"manifest_display_name" : "NetworkDebugger",
"name" : "NetworkDebugger",
"path" : "/Users/admin/builder/spi-builder-workspace",
"platforms" : [
{
"name" : "ios",
"version" : "14.0"
}
],
"products" : [
{
"name" : "NetworkDebugger",
"targets" : [
"NetworkDebugger"
],
"type" : {
"library" : [
"automatic"
]
}
}
],
"swift_languages_versions" : [
"5"
],
"targets" : [
{
"c99name" : "NetworkDebuggerTests",
"module_type" : "SwiftTarget",
"name" : "NetworkDebuggerTests",
"path" : "Tests/NetworkDebuggerTests",
"sources" : [
"Network/NetworkDebuggerURLProtocolTests.swift",
"NetworkDebuggerTests.swift",
"Services/ModelsServiceTests.swift"
],
"target_dependencies" : [
"NetworkDebugger"
],
"type" : "test"
},
{
"c99name" : "NetworkDebugger",
"module_type" : "SwiftTarget",
"name" : "NetworkDebugger",
"path" : "Sources/NetworkDebugger",
"product_memberships" : [
"NetworkDebugger"
],
"sources" : [
"Extensions/Array+NetworkDebugger.swift",
"Extensions/Date+NetworkDebugger.swift",
"Extensions/Float+NetworkDebugger.swift",
"Extensions/UIApplication+NetworkDebugger.swift",
"Extensions/UIScene+NetworkDebugger.swift",
"Extensions/UIView+NetworkDebugger.swift",
"Extensions/UIViewController+NetworkDebugger.swift",
"Extensions/URL+NetworkDebugger.swift",
"Extensions/URLSession+NetworkDebugger.swift",
"Extensions/URLSessionConfiguration+NetworkDebugger.swift",
"Extensions/View+NavigationBarVisible.swift",
"Extensions/View+Searchable.swift",
"Models/NetworkDebuggerModel.swift",
"Models/RequestModel.swift",
"Models/ResponseModel.swift",
"Network/NetworkDebuggerAuthenticationChallengeSender.swift",
"Network/NetworkDebuggerURLProtocol+URLSession.swift",
"Network/NetworkDebuggerURLProtocol.swift",
"NetworkDebugger.swift",
"Services/ModelsService.swift",
"Services/SettingsService.swift",
"Services/StatisticsService.swift",
"UI/Components/KeyValue.swift",
"UI/Components/NavigationStack.swift",
"UI/Components/ToggleCallbackView.swift",
"UI/Components/WebView.swift",
"UI/Views/Models/DataView/DataView.html.swift",
"UI/Views/Models/DataView/DataView.js.swift",
"UI/Views/Models/DataView/DataView.swift",
"UI/Views/Models/DataView/Highlightjs/Highlightjs.css.swift",
"UI/Views/Models/DataView/Highlightjs/Hightlightjs.js.swift",
"UI/Views/Models/ModelRowView.swift",
"UI/Views/Models/ModelView.swift",
"UI/Views/Models/ModelsView.swift",
"UI/Views/Models/OverviewView.swift",
"UI/Views/Models/RequestView.swift",
"UI/Views/Models/ResponseView.swift",
"UI/Views/NetworkDebuggerView.swift",
"UI/Views/Settings/SettingsView.swift",
"UI/Views/Statistics/ChartView.swift",
"UI/Views/Statistics/StatisticsView.swift"
],
"type" : "library"
}
],
"tools_version" : "5.7"
}
{
"workspace" : {
"name" : "NetworkDebugger",
"schemes" : [
"NetworkDebugger"
]
}
}
2026-09-19 04:30:20.928 xcodebuild[649:4151] [MT] IDERunDestination: Supported platforms for the buildables in the current scheme is empty.
Running build ...
env DEVELOPER_DIR=/Applications/Xcode-27.0.0-Release.Candidate.app xcrun xcodebuild -IDEClonedSourcePackagesDirPathOverride=$PWD/.dependencies -skipMacroValidation -skipPackagePluginValidation -derivedDataPath $PWD/.derivedData build -scheme NetworkDebugger -destination generic/platform=watchOS
Command line invocation:
/Applications/Xcode-27.0.0-Release.Candidate.app/Contents/Developer/usr/bin/xcodebuild -IDEClonedSourcePackagesDirPathOverride=/Users/admin/builder/spi-builder-workspace/.dependencies -skipMacroValidation -skipPackagePluginValidation -derivedDataPath /Users/admin/builder/spi-builder-workspace/.derivedData build -scheme NetworkDebugger -destination generic/platform=watchOS
Resolve Package Graph
Resolved source packages:
NetworkDebugger: /Users/admin/builder/spi-builder-workspace
ComputePackagePrebuildTargetDependencyGraph
Prepare packages
CreateBuildRequest
SendProjectDescription
CreateBuildOperation
ComputeTargetDependencyGraph
note: Building targets in dependency order
note: Target dependency graph (2 targets)
Target 'NetworkDebugger-product' in project 'NetworkDebugger'
➜ Explicit dependency on target 'NetworkDebugger' in project 'NetworkDebugger'
Target 'NetworkDebugger' in project 'NetworkDebugger' (no dependencies)
GatherProvisioningInputs
CreateBuildDescription
ExecuteExternalTool /Applications/Xcode-27.0.0-Release.Candidate.app/Contents/Developer/Toolchains/XcodeDefault.xctoolchain/usr/bin/clang -v -E -dM -isysroot /Applications/Xcode-27.0.0-Release.Candidate.app/Contents/Developer/Platforms/WatchOS.platform/Developer/SDKs/WatchOS27.0.sdk -x c -c /dev/null
ExecuteExternalTool /Applications/Xcode-27.0.0-Release.Candidate.app/Contents/Developer/Toolchains/XcodeDefault.xctoolchain/usr/bin/swiftc --version
ExecuteExternalTool /Applications/Xcode-27.0.0-Release.Candidate.app/Contents/Developer/Toolchains/XcodeDefault.xctoolchain/usr/bin/ld -version_details
Build description signature: f947c8b2a7ff31be67be1c9a844b2708
Build description path: /Users/admin/builder/spi-builder-workspace/.derivedData/Build/Intermediates.noindex/XCBuildData/f947c8b2a7ff31be67be1c9a844b2708.xcbuilddata
CreateBuildDirectory /Users/admin/builder/spi-builder-workspace/.derivedData/ModuleCache.noindex
cd /Users/admin/builder/spi-builder-workspace/.swiftpm/xcode
builtin-create-build-directory /Users/admin/builder/spi-builder-workspace/.derivedData/ModuleCache.noindex
CreateBuildDirectory /Users/admin/builder/spi-builder-workspace/.derivedData/CompilationCache.noindex
cd /Users/admin/builder/spi-builder-workspace/.swiftpm/xcode
builtin-create-build-directory /Users/admin/builder/spi-builder-workspace/.derivedData/CompilationCache.noindex
CreateBuildDirectory /Users/admin/builder/spi-builder-workspace/.derivedData/SDKExplicitPrecompiledModules
cd /Users/admin/builder/spi-builder-workspace/.swiftpm/xcode
builtin-create-build-directory /Users/admin/builder/spi-builder-workspace/.derivedData/SDKExplicitPrecompiledModules
CreateBuildDirectory /Users/admin/builder/spi-builder-workspace/.derivedData/Build/Products
cd /Users/admin/builder/spi-builder-workspace/.swiftpm/xcode
builtin-create-build-directory /Users/admin/builder/spi-builder-workspace/.derivedData/Build/Products
CreateBuildDirectory /Users/admin/builder/spi-builder-workspace/.derivedData/Build/Intermediates.noindex
cd /Users/admin/builder/spi-builder-workspace/.swiftpm/xcode
builtin-create-build-directory /Users/admin/builder/spi-builder-workspace/.derivedData/Build/Intermediates.noindex
ClangStatCache /Applications/Xcode-27.0.0-Release.Candidate.app/Contents/Developer/Toolchains/XcodeDefault.xctoolchain/usr/bin/clang-stat-cache /Applications/Xcode-27.0.0-Release.Candidate.app/Contents/Developer/Platforms/WatchOS.platform/Developer/SDKs/WatchOS27.0.sdk /Users/admin/builder/spi-builder-workspace/.derivedData/SDKStatCaches.noindex/watchos27.0-24R360-e829b21a6f8c9b70876ba0858053c04477534ef55a1706bf4c1112bbb242f0a2.sdkstatcache
cd /Users/admin/builder/spi-builder-workspace/.swiftpm/xcode
/Applications/Xcode-27.0.0-Release.Candidate.app/Contents/Developer/Toolchains/XcodeDefault.xctoolchain/usr/bin/clang-stat-cache /Applications/Xcode-27.0.0-Release.Candidate.app/Contents/Developer/Platforms/WatchOS.platform/Developer/SDKs/WatchOS27.0.sdk -o /Users/admin/builder/spi-builder-workspace/.derivedData/SDKStatCaches.noindex/watchos27.0-24R360-e829b21a6f8c9b70876ba0858053c04477534ef55a1706bf4c1112bbb242f0a2.sdkstatcache
CreateBuildDirectory /Users/admin/builder/spi-builder-workspace/.derivedData/Build/Intermediates.noindex/PrecompiledHeaders
cd /Users/admin/builder/spi-builder-workspace/.swiftpm/xcode
builtin-create-build-directory /Users/admin/builder/spi-builder-workspace/.derivedData/Build/Intermediates.noindex/PrecompiledHeaders
CreateBuildDirectory /Users/admin/builder/spi-builder-workspace/.derivedData/Build/Intermediates.noindex/SwiftExplicitPrecompiledModules
cd /Users/admin/builder/spi-builder-workspace/.swiftpm/xcode
builtin-create-build-directory /Users/admin/builder/spi-builder-workspace/.derivedData/Build/Intermediates.noindex/SwiftExplicitPrecompiledModules
CreateBuildDirectory /Users/admin/builder/spi-builder-workspace/.derivedData/Build/Intermediates.noindex/ExplicitPrecompiledModules
cd /Users/admin/builder/spi-builder-workspace/.swiftpm/xcode
builtin-create-build-directory /Users/admin/builder/spi-builder-workspace/.derivedData/Build/Intermediates.noindex/ExplicitPrecompiledModules
CreateBuildDirectory /Users/admin/builder/spi-builder-workspace/.derivedData/Build/Intermediates.noindex/EagerLinkingTBDs/Debug-watchos
cd /Users/admin/builder/spi-builder-workspace/.swiftpm/xcode
builtin-create-build-directory /Users/admin/builder/spi-builder-workspace/.derivedData/Build/Intermediates.noindex/EagerLinkingTBDs/Debug-watchos
CreateBuildDirectory /Users/admin/builder/spi-builder-workspace/.derivedData/Build/Products/Debug-watchos
cd /Users/admin/builder/spi-builder-workspace/.swiftpm/xcode
builtin-create-build-directory /Users/admin/builder/spi-builder-workspace/.derivedData/Build/Products/Debug-watchos
CreateBuildDirectory /Users/admin/builder/spi-builder-workspace/.derivedData/Build/Products/Debug-watchos/PackageFrameworks
cd /Users/admin/builder/spi-builder-workspace/.swiftpm/xcode
builtin-create-build-directory /Users/admin/builder/spi-builder-workspace/.derivedData/Build/Products/Debug-watchos/PackageFrameworks
WriteAuxiliaryFile /Users/admin/builder/spi-builder-workspace/.derivedData/Build/Intermediates.noindex/NetworkDebugger.build/Debug-watchos/NetworkDebugger-t.build/Objects-normal/arm64_32/NetworkDebugger.SwiftFileList (in target 'NetworkDebugger' from project 'NetworkDebugger')
cd /Users/admin/builder/spi-builder-workspace
write-file /Users/admin/builder/spi-builder-workspace/.derivedData/Build/Intermediates.noindex/NetworkDebugger.build/Debug-watchos/NetworkDebugger-t.build/Objects-normal/arm64_32/NetworkDebugger.SwiftFileList
WriteAuxiliaryFile /Users/admin/builder/spi-builder-workspace/.derivedData/Build/Intermediates.noindex/NetworkDebugger.build/Debug-watchos/NetworkDebugger-t.build/Objects-normal/arm64/NetworkDebugger.LinkFileList (in target 'NetworkDebugger' from project 'NetworkDebugger')
cd /Users/admin/builder/spi-builder-workspace
write-file /Users/admin/builder/spi-builder-workspace/.derivedData/Build/Intermediates.noindex/NetworkDebugger.build/Debug-watchos/NetworkDebugger-t.build/Objects-normal/arm64/NetworkDebugger.LinkFileList
WriteAuxiliaryFile /Users/admin/builder/spi-builder-workspace/.derivedData/Build/Intermediates.noindex/NetworkDebugger.build/Debug-watchos/NetworkDebugger-t.build/Objects-normal/arm64_32/NetworkDebugger.LinkFileList (in target 'NetworkDebugger' from project 'NetworkDebugger')
cd /Users/admin/builder/spi-builder-workspace
write-file /Users/admin/builder/spi-builder-workspace/.derivedData/Build/Intermediates.noindex/NetworkDebugger.build/Debug-watchos/NetworkDebugger-t.build/Objects-normal/arm64_32/NetworkDebugger.LinkFileList
WriteAuxiliaryFile /Users/admin/builder/spi-builder-workspace/.derivedData/Build/Intermediates.noindex/NetworkDebugger.build/Debug-watchos/NetworkDebugger-t.build/Objects-normal/arm64_32/NetworkDebugger-OutputFileMap.json (in target 'NetworkDebugger' from project 'NetworkDebugger')
cd /Users/admin/builder/spi-builder-workspace
write-file /Users/admin/builder/spi-builder-workspace/.derivedData/Build/Intermediates.noindex/NetworkDebugger.build/Debug-watchos/NetworkDebugger-t.build/Objects-normal/arm64_32/NetworkDebugger-OutputFileMap.json
WriteAuxiliaryFile /Users/admin/builder/spi-builder-workspace/.derivedData/Build/Intermediates.noindex/NetworkDebugger.build/Debug-watchos/NetworkDebugger-t.build/Objects-normal/arm64/NetworkDebugger.SwiftConstValuesFileList (in target 'NetworkDebugger' from project 'NetworkDebugger')
cd /Users/admin/builder/spi-builder-workspace
write-file /Users/admin/builder/spi-builder-workspace/.derivedData/Build/Intermediates.noindex/NetworkDebugger.build/Debug-watchos/NetworkDebugger-t.build/Objects-normal/arm64/NetworkDebugger.SwiftConstValuesFileList
WriteAuxiliaryFile /Users/admin/builder/spi-builder-workspace/.derivedData/Build/Intermediates.noindex/NetworkDebugger.build/Debug-watchos/NetworkDebugger-t.build/Objects-normal/arm64/NetworkDebugger.SwiftFileList (in target 'NetworkDebugger' from project 'NetworkDebugger')
cd /Users/admin/builder/spi-builder-workspace
write-file /Users/admin/builder/spi-builder-workspace/.derivedData/Build/Intermediates.noindex/NetworkDebugger.build/Debug-watchos/NetworkDebugger-t.build/Objects-normal/arm64/NetworkDebugger.SwiftFileList
WriteAuxiliaryFile /Users/admin/builder/spi-builder-workspace/.derivedData/Build/Intermediates.noindex/NetworkDebugger.build/Debug-watchos/NetworkDebugger-t.build/Objects-normal/arm64_32/NetworkDebugger_const_extract_protocols.json (in target 'NetworkDebugger' from project 'NetworkDebugger')
cd /Users/admin/builder/spi-builder-workspace
write-file /Users/admin/builder/spi-builder-workspace/.derivedData/Build/Intermediates.noindex/NetworkDebugger.build/Debug-watchos/NetworkDebugger-t.build/Objects-normal/arm64_32/NetworkDebugger_const_extract_protocols.json
WriteAuxiliaryFile /Users/admin/builder/spi-builder-workspace/.derivedData/Build/Intermediates.noindex/NetworkDebugger.build/Debug-watchos/NetworkDebugger-t.build/Objects-normal/arm64/NetworkDebugger_const_extract_protocols.json (in target 'NetworkDebugger' from project 'NetworkDebugger')
cd /Users/admin/builder/spi-builder-workspace
write-file /Users/admin/builder/spi-builder-workspace/.derivedData/Build/Intermediates.noindex/NetworkDebugger.build/Debug-watchos/NetworkDebugger-t.build/Objects-normal/arm64/NetworkDebugger_const_extract_protocols.json
WriteAuxiliaryFile /Users/admin/builder/spi-builder-workspace/.derivedData/Build/Intermediates.noindex/NetworkDebugger.build/Debug-watchos/NetworkDebugger-t.build/Objects-normal/arm64_32/NetworkDebugger.SwiftConstValuesFileList (in target 'NetworkDebugger' from project 'NetworkDebugger')
cd /Users/admin/builder/spi-builder-workspace
write-file /Users/admin/builder/spi-builder-workspace/.derivedData/Build/Intermediates.noindex/NetworkDebugger.build/Debug-watchos/NetworkDebugger-t.build/Objects-normal/arm64_32/NetworkDebugger.SwiftConstValuesFileList
WriteAuxiliaryFile /Users/admin/builder/spi-builder-workspace/.derivedData/Build/Intermediates.noindex/NetworkDebugger.build/Debug-watchos/NetworkDebugger-t.build/Objects-normal/arm64/NetworkDebugger-OutputFileMap.json (in target 'NetworkDebugger' from project 'NetworkDebugger')
cd /Users/admin/builder/spi-builder-workspace
write-file /Users/admin/builder/spi-builder-workspace/.derivedData/Build/Intermediates.noindex/NetworkDebugger.build/Debug-watchos/NetworkDebugger-t.build/Objects-normal/arm64/NetworkDebugger-OutputFileMap.json
WriteAuxiliaryFile /Users/admin/builder/spi-builder-workspace/.derivedData/Build/Intermediates.noindex/NetworkDebugger.build/Debug-watchos/NetworkDebugger-t.build/NetworkDebugger.modulemap (in target 'NetworkDebugger' from project 'NetworkDebugger')
cd /Users/admin/builder/spi-builder-workspace
write-file /Users/admin/builder/spi-builder-workspace/.derivedData/Build/Intermediates.noindex/NetworkDebugger.build/Debug-watchos/NetworkDebugger-t.build/NetworkDebugger.modulemap
WriteAuxiliaryFile /Users/admin/builder/spi-builder-workspace/.derivedData/Build/Intermediates.noindex/NetworkDebugger.build/Debug-watchos/NetworkDebugger-t.build/NetworkDebugger.DependencyStaticMetadataFileList (in target 'NetworkDebugger' from project 'NetworkDebugger')
cd /Users/admin/builder/spi-builder-workspace
write-file /Users/admin/builder/spi-builder-workspace/.derivedData/Build/Intermediates.noindex/NetworkDebugger.build/Debug-watchos/NetworkDebugger-t.build/NetworkDebugger.DependencyStaticMetadataFileList
WriteAuxiliaryFile /Users/admin/builder/spi-builder-workspace/.derivedData/Build/Intermediates.noindex/NetworkDebugger.build/Debug-watchos/NetworkDebugger-t.build/NetworkDebugger.DependencyMetadataFileList (in target 'NetworkDebugger' from project 'NetworkDebugger')
cd /Users/admin/builder/spi-builder-workspace
write-file /Users/admin/builder/spi-builder-workspace/.derivedData/Build/Intermediates.noindex/NetworkDebugger.build/Debug-watchos/NetworkDebugger-t.build/NetworkDebugger.DependencyMetadataFileList
Copy /Users/admin/builder/spi-builder-workspace/.derivedData/Build/Intermediates.noindex/GeneratedModuleMaps-watchos/NetworkDebugger.modulemap /Users/admin/builder/spi-builder-workspace/.derivedData/Build/Intermediates.noindex/NetworkDebugger.build/Debug-watchos/NetworkDebugger-t.build/NetworkDebugger.modulemap (in target 'NetworkDebugger' from project 'NetworkDebugger')
cd /Users/admin/builder/spi-builder-workspace
builtin-copy -exclude .DS_Store -exclude CVS -exclude .svn -exclude .git -exclude .hg -resolve-src-symlinks /Users/admin/builder/spi-builder-workspace/.derivedData/Build/Intermediates.noindex/NetworkDebugger.build/Debug-watchos/NetworkDebugger-t.build/NetworkDebugger.modulemap /Users/admin/builder/spi-builder-workspace/.derivedData/Build/Intermediates.noindex/GeneratedModuleMaps-watchos
SwiftDriver NetworkDebugger normal arm64 com.apple.xcode.tools.swift.compiler (in target 'NetworkDebugger' from project 'NetworkDebugger')
cd /Users/admin/builder/spi-builder-workspace/.swiftpm/xcode
builtin-SwiftDriver -- /Applications/Xcode-27.0.0-Release.Candidate.app/Contents/Developer/Toolchains/XcodeDefault.xctoolchain/usr/bin/swiftc -parse-as-library -module-name NetworkDebugger -Onone @/Users/admin/builder/spi-builder-workspace/.derivedData/Build/Intermediates.noindex/NetworkDebugger.build/Debug-watchos/NetworkDebugger-t.build/Objects-normal/arm64/NetworkDebugger.SwiftFileList -DSWIFT_PACKAGE -DDEBUG -DSWIFT_MODULE_RESOURCE_BUNDLE_UNAVAILABLE -DXcode -plugin-path /Applications/Xcode-27.0.0-Release.Candidate.app/Contents/Developer/Toolchains/XcodeDefault.xctoolchain/usr/lib/swift/host/plugins/testing -enable-experimental-feature DebugDescriptionMacro -sdk /Applications/Xcode-27.0.0-Release.Candidate.app/Contents/Developer/Platforms/WatchOS.platform/Developer/SDKs/WatchOS27.0.sdk -target arm64-apple-watchos9.0 -g -module-cache-path /Users/admin/builder/spi-builder-workspace/.derivedData/ModuleCache.noindex -Xfrontend -serialize-debugging-options -profile-coverage-mapping -profile-generate -enable-testing -index-store-path /Users/admin/builder/spi-builder-workspace/.derivedData/Index.noindex/DataStore -Xcc -D_LIBCPP_HARDENING_MODE\=_LIBCPP_HARDENING_MODE_DEBUG -swift-version 5 -I /Users/admin/builder/spi-builder-workspace/.derivedData/Build/Products/Debug-watchos -Isystem /Applications/Xcode-27.0.0-Release.Candidate.app/Contents/Developer/Platforms/WatchOS.platform/Developer/usr/lib -F /Users/admin/builder/spi-builder-workspace/.derivedData/Build/Products/Debug-watchos -F /Applications/Xcode-27.0.0-Release.Candidate.app/Contents/Developer/Platforms/WatchOS.platform/Developer/Library/Frameworks -F /Applications/Xcode-27.0.0-Release.Candidate.app/Contents/Developer/Platforms/WatchOS.platform/Developer/SDKs/WatchOS27.0.sdk/Developer/Library/Frameworks -c -j10 -enable-batch-mode -incremental -Xcc -ivfsstatcache -Xcc /Users/admin/builder/spi-builder-workspace/.derivedData/SDKStatCaches.noindex/watchos27.0-24R360-e829b21a6f8c9b70876ba0858053c04477534ef55a1706bf4c1112bbb242f0a2.sdkstatcache -output-file-map /Users/admin/builder/spi-builder-workspace/.derivedData/Build/Intermediates.noindex/NetworkDebugger.build/Debug-watchos/NetworkDebugger-t.build/Objects-normal/arm64/NetworkDebugger-OutputFileMap.json -save-temps -no-color-diagnostics -explicit-module-build -module-cache-path /Users/admin/builder/spi-builder-workspace/.derivedData/Build/Intermediates.noindex/SwiftExplicitPrecompiledModules -clang-scanner-module-cache-path /Users/admin/builder/spi-builder-workspace/.derivedData/ModuleCache.noindex -sdk-module-cache-path /Users/admin/builder/spi-builder-workspace/.derivedData/SDKExplicitPrecompiledModules -emit-dependencies -emit-module -emit-module-path /Users/admin/builder/spi-builder-workspace/.derivedData/Build/Intermediates.noindex/NetworkDebugger.build/Debug-watchos/NetworkDebugger-t.build/Objects-normal/arm64/NetworkDebugger.swiftmodule -serialize-diagnostics -dependency-scan-serialize-diagnostics-path /Users/admin/builder/spi-builder-workspace/.derivedData/Build/Intermediates.noindex/NetworkDebugger.build/Debug-watchos/NetworkDebugger-t.build/Objects-normal/arm64/NetworkDebugger-dependency-scan.dia -validate-clang-modules-once -clang-build-session-file /Users/admin/builder/spi-builder-workspace/.derivedData/ModuleCache.noindex/Session.modulevalidation -Xcc -fmodules-prune-interval\=86400 -Xcc -fmodules-prune-after\=345600 -emit-const-values -const-gather-protocols-list /Users/admin/builder/spi-builder-workspace/.derivedData/Build/Intermediates.noindex/NetworkDebugger.build/Debug-watchos/NetworkDebugger-t.build/Objects-normal/arm64/NetworkDebugger_const_extract_protocols.json -Xcc -I/Users/admin/builder/spi-builder-workspace/.derivedData/Build/Products/Debug-watchos/include -Xcc -I/Users/admin/builder/spi-builder-workspace/.derivedData/Build/Intermediates.noindex/NetworkDebugger.build/Debug-watchos/NetworkDebugger-t.build/DerivedSources-normal/arm64 -Xcc -I/Users/admin/builder/spi-builder-workspace/.derivedData/Build/Intermediates.noindex/NetworkDebugger.build/Debug-watchos/NetworkDebugger-t.build/DerivedSources/arm64 -Xcc -I/Users/admin/builder/spi-builder-workspace/.derivedData/Build/Intermediates.noindex/NetworkDebugger.build/Debug-watchos/NetworkDebugger-t.build/DerivedSources -Xcc -DSWIFT_PACKAGE -Xcc -DDEBUG\=1 -emit-objc-header -emit-objc-header-path /Users/admin/builder/spi-builder-workspace/.derivedData/Build/Intermediates.noindex/NetworkDebugger.build/Debug-watchos/NetworkDebugger-t.build/Objects-normal/arm64/NetworkDebugger-Swift.h -working-directory /Users/admin/builder/spi-builder-workspace/.swiftpm/xcode -experimental-emit-module-separately -disable-cmo
/Users/admin/builder/spi-builder-workspace/Sources/NetworkDebugger/UI/Components/WebView.swift:22:8: error: Unable to resolve module dependency: 'WebKit' (in target 'NetworkDebugger' from project 'NetworkDebugger')
note: A dependency of main module 'NetworkDebugger'
/Users/admin/builder/spi-builder-workspace/Sources/NetworkDebugger/UI/Components/WebView.swift:22:8: note: A dependency of main module 'NetworkDebugger'
import WebKit
^ (in target 'NetworkDebugger' from project 'NetworkDebugger')
SwiftDriver NetworkDebugger normal arm64_32 com.apple.xcode.tools.swift.compiler (in target 'NetworkDebugger' from project 'NetworkDebugger')
cd /Users/admin/builder/spi-builder-workspace/.swiftpm/xcode
builtin-SwiftDriver -- /Applications/Xcode-27.0.0-Release.Candidate.app/Contents/Developer/Toolchains/XcodeDefault.xctoolchain/usr/bin/swiftc -parse-as-library -module-name NetworkDebugger -Onone @/Users/admin/builder/spi-builder-workspace/.derivedData/Build/Intermediates.noindex/NetworkDebugger.build/Debug-watchos/NetworkDebugger-t.build/Objects-normal/arm64_32/NetworkDebugger.SwiftFileList -DSWIFT_PACKAGE -DDEBUG -DSWIFT_MODULE_RESOURCE_BUNDLE_UNAVAILABLE -DXcode -plugin-path /Applications/Xcode-27.0.0-Release.Candidate.app/Contents/Developer/Toolchains/XcodeDefault.xctoolchain/usr/lib/swift/host/plugins/testing -enable-experimental-feature DebugDescriptionMacro -sdk /Applications/Xcode-27.0.0-Release.Candidate.app/Contents/Developer/Platforms/WatchOS.platform/Developer/SDKs/WatchOS27.0.sdk -target arm64_32-apple-watchos9.0 -g -module-cache-path /Users/admin/builder/spi-builder-workspace/.derivedData/ModuleCache.noindex -Xfrontend -serialize-debugging-options -profile-coverage-mapping -profile-generate -enable-testing -index-store-path /Users/admin/builder/spi-builder-workspace/.derivedData/Index.noindex/DataStore -Xcc -D_LIBCPP_HARDENING_MODE\=_LIBCPP_HARDENING_MODE_DEBUG -swift-version 5 -I /Users/admin/builder/spi-builder-workspace/.derivedData/Build/Products/Debug-watchos -Isystem /Applications/Xcode-27.0.0-Release.Candidate.app/Contents/Developer/Platforms/WatchOS.platform/Developer/usr/lib -F /Users/admin/builder/spi-builder-workspace/.derivedData/Build/Products/Debug-watchos -F /Applications/Xcode-27.0.0-Release.Candidate.app/Contents/Developer/Platforms/WatchOS.platform/Developer/Library/Frameworks -F /Applications/Xcode-27.0.0-Release.Candidate.app/Contents/Developer/Platforms/WatchOS.platform/Developer/SDKs/WatchOS27.0.sdk/Developer/Library/Frameworks -c -j10 -enable-batch-mode -incremental -Xcc -ivfsstatcache -Xcc /Users/admin/builder/spi-builder-workspace/.derivedData/SDKStatCaches.noindex/watchos27.0-24R360-e829b21a6f8c9b70876ba0858053c04477534ef55a1706bf4c1112bbb242f0a2.sdkstatcache -output-file-map /Users/admin/builder/spi-builder-workspace/.derivedData/Build/Intermediates.noindex/NetworkDebugger.build/Debug-watchos/NetworkDebugger-t.build/Objects-normal/arm64_32/NetworkDebugger-OutputFileMap.json -save-temps -no-color-diagnostics -explicit-module-build -module-cache-path /Users/admin/builder/spi-builder-workspace/.derivedData/Build/Intermediates.noindex/SwiftExplicitPrecompiledModules -clang-scanner-module-cache-path /Users/admin/builder/spi-builder-workspace/.derivedData/ModuleCache.noindex -sdk-module-cache-path /Users/admin/builder/spi-builder-workspace/.derivedData/SDKExplicitPrecompiledModules -emit-dependencies -emit-module -emit-module-path /Users/admin/builder/spi-builder-workspace/.derivedData/Build/Intermediates.noindex/NetworkDebugger.build/Debug-watchos/NetworkDebugger-t.build/Objects-normal/arm64_32/NetworkDebugger.swiftmodule -serialize-diagnostics -dependency-scan-serialize-diagnostics-path /Users/admin/builder/spi-builder-workspace/.derivedData/Build/Intermediates.noindex/NetworkDebugger.build/Debug-watchos/NetworkDebugger-t.build/Objects-normal/arm64_32/NetworkDebugger-dependency-scan.dia -validate-clang-modules-once -clang-build-session-file /Users/admin/builder/spi-builder-workspace/.derivedData/ModuleCache.noindex/Session.modulevalidation -Xcc -fmodules-prune-interval\=86400 -Xcc -fmodules-prune-after\=345600 -emit-const-values -const-gather-protocols-list /Users/admin/builder/spi-builder-workspace/.derivedData/Build/Intermediates.noindex/NetworkDebugger.build/Debug-watchos/NetworkDebugger-t.build/Objects-normal/arm64_32/NetworkDebugger_const_extract_protocols.json -Xcc -I/Users/admin/builder/spi-builder-workspace/.derivedData/Build/Products/Debug-watchos/include -Xcc -I/Users/admin/builder/spi-builder-workspace/.derivedData/Build/Intermediates.noindex/NetworkDebugger.build/Debug-watchos/NetworkDebugger-t.build/DerivedSources-normal/arm64_32 -Xcc -I/Users/admin/builder/spi-builder-workspace/.derivedData/Build/Intermediates.noindex/NetworkDebugger.build/Debug-watchos/NetworkDebugger-t.build/DerivedSources/arm64_32 -Xcc -I/Users/admin/builder/spi-builder-workspace/.derivedData/Build/Intermediates.noindex/NetworkDebugger.build/Debug-watchos/NetworkDebugger-t.build/DerivedSources -Xcc -DSWIFT_PACKAGE -Xcc -DDEBUG\=1 -emit-objc-header -emit-objc-header-path /Users/admin/builder/spi-builder-workspace/.derivedData/Build/Intermediates.noindex/NetworkDebugger.build/Debug-watchos/NetworkDebugger-t.build/Objects-normal/arm64_32/NetworkDebugger-Swift.h -working-directory /Users/admin/builder/spi-builder-workspace/.swiftpm/xcode -experimental-emit-module-separately -disable-cmo
/Users/admin/builder/spi-builder-workspace/Sources/NetworkDebugger/UI/Components/WebView.swift:22:8: error: Unable to resolve module dependency: 'WebKit' (in target 'NetworkDebugger' from project 'NetworkDebugger')
note: A dependency of main module 'NetworkDebugger'
/Users/admin/builder/spi-builder-workspace/Sources/NetworkDebugger/UI/Components/WebView.swift:22:8: note: A dependency of main module 'NetworkDebugger'
import WebKit
^ (in target 'NetworkDebugger' from project 'NetworkDebugger')
PruneExplicitPrecompiledModules /Users/admin/builder/spi-builder-workspace/.derivedData/Build/Intermediates.noindex/ExplicitPrecompiledModules
PruneExplicitPrecompiledModules /Users/admin/builder/spi-builder-workspace/.derivedData/Build/Intermediates.noindex/SwiftExplicitPrecompiledModules
PruneExplicitPrecompiledModules /Users/admin/builder/spi-builder-workspace/.derivedData/SDKExplicitPrecompiledModules
2026-09-19 04:30:22.489 xcodebuild[650:4197] [MT] IDERunDestination: Supported platforms for the buildables in the current scheme is empty.
** BUILD FAILED **
The following build commands failed:
SwiftDriver NetworkDebugger normal arm64 com.apple.xcode.tools.swift.compiler (in target 'NetworkDebugger' from project 'NetworkDebugger')
SwiftDriver NetworkDebugger normal arm64_32 com.apple.xcode.tools.swift.compiler (in target 'NetworkDebugger' from project 'NetworkDebugger')
Building workspace NetworkDebugger with scheme NetworkDebugger
(3 failures)
Command line invocation:
/Applications/Xcode-27.0.0-Release.Candidate.app/Contents/Developer/usr/bin/xcodebuild -IDEClonedSourcePackagesDirPathOverride=/Users/admin/builder/spi-builder-workspace/.dependencies -resolvePackageDependencies
Resolve Package Graph
Resolved source packages:
NetworkDebugger: /Users/admin/builder/spi-builder-workspace
resolved source packages: NetworkDebugger
2026-09-19 04:30:25.835 xcodebuild[665:4455] [MT] IDERunDestination: Supported platforms for the buildables in the current scheme is empty.
{
"dependencies" : [
],
"manifest_display_name" : "NetworkDebugger",
"name" : "NetworkDebugger",
"path" : "/Users/admin/builder/spi-builder-workspace",
"platforms" : [
{
"name" : "ios",
"version" : "14.0"
}
],
"products" : [
{
"name" : "NetworkDebugger",
"targets" : [
"NetworkDebugger"
],
"type" : {
"library" : [
"automatic"
]
}
}
],
"swift_languages_versions" : [
"5"
],
"targets" : [
{
"c99name" : "NetworkDebuggerTests",
"module_type" : "SwiftTarget",
"name" : "NetworkDebuggerTests",
"path" : "Tests/NetworkDebuggerTests",
"sources" : [
"Network/NetworkDebuggerURLProtocolTests.swift",
"NetworkDebuggerTests.swift",
"Services/ModelsServiceTests.swift"
],
"target_dependencies" : [
"NetworkDebugger"
],
"type" : "test"
},
{
"c99name" : "NetworkDebugger",
"module_type" : "SwiftTarget",
"name" : "NetworkDebugger",
"path" : "Sources/NetworkDebugger",
"product_memberships" : [
"NetworkDebugger"
],
"sources" : [
"Extensions/Array+NetworkDebugger.swift",
"Extensions/Date+NetworkDebugger.swift",
"Extensions/Float+NetworkDebugger.swift",
"Extensions/UIApplication+NetworkDebugger.swift",
"Extensions/UIScene+NetworkDebugger.swift",
"Extensions/UIView+NetworkDebugger.swift",
"Extensions/UIViewController+NetworkDebugger.swift",
"Extensions/URL+NetworkDebugger.swift",
"Extensions/URLSession+NetworkDebugger.swift",
"Extensions/URLSessionConfiguration+NetworkDebugger.swift",
"Extensions/View+NavigationBarVisible.swift",
"Extensions/View+Searchable.swift",
"Models/NetworkDebuggerModel.swift",
"Models/RequestModel.swift",
"Models/ResponseModel.swift",
"Network/NetworkDebuggerAuthenticationChallengeSender.swift",
"Network/NetworkDebuggerURLProtocol+URLSession.swift",
"Network/NetworkDebuggerURLProtocol.swift",
"NetworkDebugger.swift",
"Services/ModelsService.swift",
"Services/SettingsService.swift",
"Services/StatisticsService.swift",
"UI/Components/KeyValue.swift",
"UI/Components/NavigationStack.swift",
"UI/Components/ToggleCallbackView.swift",
"UI/Components/WebView.swift",
"UI/Views/Models/DataView/DataView.html.swift",
"UI/Views/Models/DataView/DataView.js.swift",
"UI/Views/Models/DataView/DataView.swift",
"UI/Views/Models/DataView/Highlightjs/Highlightjs.css.swift",
"UI/Views/Models/DataView/Highlightjs/Hightlightjs.js.swift",
"UI/Views/Models/ModelRowView.swift",
"UI/Views/Models/ModelView.swift",
"UI/Views/Models/ModelsView.swift",
"UI/Views/Models/OverviewView.swift",
"UI/Views/Models/RequestView.swift",
"UI/Views/Models/ResponseView.swift",
"UI/Views/NetworkDebuggerView.swift",
"UI/Views/Settings/SettingsView.swift",
"UI/Views/Statistics/ChartView.swift",
"UI/Views/Statistics/StatisticsView.swift"
],
"type" : "library"
}
],
"tools_version" : "5.7"
}
{
"workspace" : {
"name" : "NetworkDebugger",
"schemes" : [
"NetworkDebugger"
]
}
}
2026-09-19 04:30:27.022 xcodebuild[673:4514] [MT] IDERunDestination: Supported platforms for the buildables in the current scheme is empty.
Running build ...
env DEVELOPER_DIR=/Applications/Xcode-27.0.0-Release.Candidate.app xcrun xcodebuild -IDEClonedSourcePackagesDirPathOverride=$PWD/.dependencies -skipMacroValidation -skipPackagePluginValidation -derivedDataPath $PWD/.derivedData build -scheme NetworkDebugger -destination generic/platform=watchOS
Command line invocation:
/Applications/Xcode-27.0.0-Release.Candidate.app/Contents/Developer/usr/bin/xcodebuild -IDEClonedSourcePackagesDirPathOverride=/Users/admin/builder/spi-builder-workspace/.dependencies -skipMacroValidation -skipPackagePluginValidation -derivedDataPath /Users/admin/builder/spi-builder-workspace/.derivedData build -scheme NetworkDebugger -destination generic/platform=watchOS
Resolve Package Graph
Resolved source packages:
NetworkDebugger: /Users/admin/builder/spi-builder-workspace
ComputePackagePrebuildTargetDependencyGraph
Prepare packages
CreateBuildRequest
SendProjectDescription
CreateBuildOperation
ComputeTargetDependencyGraph
note: Building targets in dependency order
note: Target dependency graph (2 targets)
Target 'NetworkDebugger-product' in project 'NetworkDebugger'
➜ Explicit dependency on target 'NetworkDebugger' in project 'NetworkDebugger'
Target 'NetworkDebugger' in project 'NetworkDebugger' (no dependencies)
GatherProvisioningInputs
CreateBuildDescription
ClangStatCache /Applications/Xcode-27.0.0-Release.Candidate.app/Contents/Developer/Toolchains/XcodeDefault.xctoolchain/usr/bin/clang-stat-cache /Applications/Xcode-27.0.0-Release.Candidate.app/Contents/Developer/Platforms/WatchOS.platform/Developer/SDKs/WatchOS27.0.sdk /Users/admin/builder/spi-builder-workspace/.derivedData/SDKStatCaches.noindex/watchos27.0-24R360-e829b21a6f8c9b70876ba0858053c04477534ef55a1706bf4c1112bbb242f0a2.sdkstatcache
cd /Users/admin/builder/spi-builder-workspace/.swiftpm/xcode
/Applications/Xcode-27.0.0-Release.Candidate.app/Contents/Developer/Toolchains/XcodeDefault.xctoolchain/usr/bin/clang-stat-cache /Applications/Xcode-27.0.0-Release.Candidate.app/Contents/Developer/Platforms/WatchOS.platform/Developer/SDKs/WatchOS27.0.sdk -o /Users/admin/builder/spi-builder-workspace/.derivedData/SDKStatCaches.noindex/watchos27.0-24R360-e829b21a6f8c9b70876ba0858053c04477534ef55a1706bf4c1112bbb242f0a2.sdkstatcache
SwiftDriver NetworkDebugger normal arm64_32 com.apple.xcode.tools.swift.compiler (in target 'NetworkDebugger' from project 'NetworkDebugger')
cd /Users/admin/builder/spi-builder-workspace/.swiftpm/xcode
builtin-SwiftDriver -- /Applications/Xcode-27.0.0-Release.Candidate.app/Contents/Developer/Toolchains/XcodeDefault.xctoolchain/usr/bin/swiftc -parse-as-library -module-name NetworkDebugger -Onone @/Users/admin/builder/spi-builder-workspace/.derivedData/Build/Intermediates.noindex/NetworkDebugger.build/Debug-watchos/NetworkDebugger-t.build/Objects-normal/arm64_32/NetworkDebugger.SwiftFileList -DSWIFT_PACKAGE -DDEBUG -DSWIFT_MODULE_RESOURCE_BUNDLE_UNAVAILABLE -DXcode -plugin-path /Applications/Xcode-27.0.0-Release.Candidate.app/Contents/Developer/Toolchains/XcodeDefault.xctoolchain/usr/lib/swift/host/plugins/testing -enable-experimental-feature DebugDescriptionMacro -sdk /Applications/Xcode-27.0.0-Release.Candidate.app/Contents/Developer/Platforms/WatchOS.platform/Developer/SDKs/WatchOS27.0.sdk -target arm64_32-apple-watchos9.0 -g -module-cache-path /Users/admin/builder/spi-builder-workspace/.derivedData/ModuleCache.noindex -Xfrontend -serialize-debugging-options -profile-coverage-mapping -profile-generate -enable-testing -index-store-path /Users/admin/builder/spi-builder-workspace/.derivedData/Index.noindex/DataStore -Xcc -D_LIBCPP_HARDENING_MODE\=_LIBCPP_HARDENING_MODE_DEBUG -swift-version 5 -I /Users/admin/builder/spi-builder-workspace/.derivedData/Build/Products/Debug-watchos -Isystem /Applications/Xcode-27.0.0-Release.Candidate.app/Contents/Developer/Platforms/WatchOS.platform/Developer/usr/lib -F /Users/admin/builder/spi-builder-workspace/.derivedData/Build/Products/Debug-watchos -F /Applications/Xcode-27.0.0-Release.Candidate.app/Contents/Developer/Platforms/WatchOS.platform/Developer/Library/Frameworks -F /Applications/Xcode-27.0.0-Release.Candidate.app/Contents/Developer/Platforms/WatchOS.platform/Developer/SDKs/WatchOS27.0.sdk/Developer/Library/Frameworks -c -j10 -enable-batch-mode -incremental -Xcc -ivfsstatcache -Xcc /Users/admin/builder/spi-builder-workspace/.derivedData/SDKStatCaches.noindex/watchos27.0-24R360-e829b21a6f8c9b70876ba0858053c04477534ef55a1706bf4c1112bbb242f0a2.sdkstatcache -output-file-map /Users/admin/builder/spi-builder-workspace/.derivedData/Build/Intermediates.noindex/NetworkDebugger.build/Debug-watchos/NetworkDebugger-t.build/Objects-normal/arm64_32/NetworkDebugger-OutputFileMap.json -save-temps -no-color-diagnostics -explicit-module-build -module-cache-path /Users/admin/builder/spi-builder-workspace/.derivedData/Build/Intermediates.noindex/SwiftExplicitPrecompiledModules -clang-scanner-module-cache-path /Users/admin/builder/spi-builder-workspace/.derivedData/ModuleCache.noindex -sdk-module-cache-path /Users/admin/builder/spi-builder-workspace/.derivedData/SDKExplicitPrecompiledModules -emit-dependencies -emit-module -emit-module-path /Users/admin/builder/spi-builder-workspace/.derivedData/Build/Intermediates.noindex/NetworkDebugger.build/Debug-watchos/NetworkDebugger-t.build/Objects-normal/arm64_32/NetworkDebugger.swiftmodule -serialize-diagnostics -dependency-scan-serialize-diagnostics-path /Users/admin/builder/spi-builder-workspace/.derivedData/Build/Intermediates.noindex/NetworkDebugger.build/Debug-watchos/NetworkDebugger-t.build/Objects-normal/arm64_32/NetworkDebugger-dependency-scan.dia -validate-clang-modules-once -clang-build-session-file /Users/admin/builder/spi-builder-workspace/.derivedData/ModuleCache.noindex/Session.modulevalidation -Xcc -fmodules-prune-interval\=86400 -Xcc -fmodules-prune-after\=345600 -emit-const-values -const-gather-protocols-list /Users/admin/builder/spi-builder-workspace/.derivedData/Build/Intermediates.noindex/NetworkDebugger.build/Debug-watchos/NetworkDebugger-t.build/Objects-normal/arm64_32/NetworkDebugger_const_extract_protocols.json -Xcc -I/Users/admin/builder/spi-builder-workspace/.derivedData/Build/Products/Debug-watchos/include -Xcc -I/Users/admin/builder/spi-builder-workspace/.derivedData/Build/Intermediates.noindex/NetworkDebugger.build/Debug-watchos/NetworkDebugger-t.build/DerivedSources-normal/arm64_32 -Xcc -I/Users/admin/builder/spi-builder-workspace/.derivedData/Build/Intermediates.noindex/NetworkDebugger.build/Debug-watchos/NetworkDebugger-t.build/DerivedSources/arm64_32 -Xcc -I/Users/admin/builder/spi-builder-workspace/.derivedData/Build/Intermediates.noindex/NetworkDebugger.build/Debug-watchos/NetworkDebugger-t.build/DerivedSources -Xcc -DSWIFT_PACKAGE -Xcc -DDEBUG\=1 -emit-objc-header -emit-objc-header-path /Users/admin/builder/spi-builder-workspace/.derivedData/Build/Intermediates.noindex/NetworkDebugger.build/Debug-watchos/NetworkDebugger-t.build/Objects-normal/arm64_32/NetworkDebugger-Swift.h -working-directory /Users/admin/builder/spi-builder-workspace/.swiftpm/xcode -experimental-emit-module-separately -disable-cmo
/Users/admin/builder/spi-builder-workspace/Sources/NetworkDebugger/UI/Components/WebView.swift:22:8: error: Unable to resolve module dependency: 'WebKit' (in target 'NetworkDebugger' from project 'NetworkDebugger')
note: A dependency of main module 'NetworkDebugger'
/Users/admin/builder/spi-builder-workspace/Sources/NetworkDebugger/UI/Components/WebView.swift:22:8: note: A dependency of main module 'NetworkDebugger'
import WebKit
^ (in target 'NetworkDebugger' from project 'NetworkDebugger')
SwiftDriver NetworkDebugger normal arm64 com.apple.xcode.tools.swift.compiler (in target 'NetworkDebugger' from project 'NetworkDebugger')
cd /Users/admin/builder/spi-builder-workspace/.swiftpm/xcode
builtin-SwiftDriver -- /Applications/Xcode-27.0.0-Release.Candidate.app/Contents/Developer/Toolchains/XcodeDefault.xctoolchain/usr/bin/swiftc -parse-as-library -module-name NetworkDebugger -Onone @/Users/admin/builder/spi-builder-workspace/.derivedData/Build/Intermediates.noindex/NetworkDebugger.build/Debug-watchos/NetworkDebugger-t.build/Objects-normal/arm64/NetworkDebugger.SwiftFileList -DSWIFT_PACKAGE -DDEBUG -DSWIFT_MODULE_RESOURCE_BUNDLE_UNAVAILABLE -DXcode -plugin-path /Applications/Xcode-27.0.0-Release.Candidate.app/Contents/Developer/Toolchains/XcodeDefault.xctoolchain/usr/lib/swift/host/plugins/testing -enable-experimental-feature DebugDescriptionMacro -sdk /Applications/Xcode-27.0.0-Release.Candidate.app/Contents/Developer/Platforms/WatchOS.platform/Developer/SDKs/WatchOS27.0.sdk -target arm64-apple-watchos9.0 -g -module-cache-path /Users/admin/builder/spi-builder-workspace/.derivedData/ModuleCache.noindex -Xfrontend -serialize-debugging-options -profile-coverage-mapping -profile-generate -enable-testing -index-store-path /Users/admin/builder/spi-builder-workspace/.derivedData/Index.noindex/DataStore -Xcc -D_LIBCPP_HARDENING_MODE\=_LIBCPP_HARDENING_MODE_DEBUG -swift-version 5 -I /Users/admin/builder/spi-builder-workspace/.derivedData/Build/Products/Debug-watchos -Isystem /Applications/Xcode-27.0.0-Release.Candidate.app/Contents/Developer/Platforms/WatchOS.platform/Developer/usr/lib -F /Users/admin/builder/spi-builder-workspace/.derivedData/Build/Products/Debug-watchos -F /Applications/Xcode-27.0.0-Release.Candidate.app/Contents/Developer/Platforms/WatchOS.platform/Developer/Library/Frameworks -F /Applications/Xcode-27.0.0-Release.Candidate.app/Contents/Developer/Platforms/WatchOS.platform/Developer/SDKs/WatchOS27.0.sdk/Developer/Library/Frameworks -c -j10 -enable-batch-mode -incremental -Xcc -ivfsstatcache -Xcc /Users/admin/builder/spi-builder-workspace/.derivedData/SDKStatCaches.noindex/watchos27.0-24R360-e829b21a6f8c9b70876ba0858053c04477534ef55a1706bf4c1112bbb242f0a2.sdkstatcache -output-file-map /Users/admin/builder/spi-builder-workspace/.derivedData/Build/Intermediates.noindex/NetworkDebugger.build/Debug-watchos/NetworkDebugger-t.build/Objects-normal/arm64/NetworkDebugger-OutputFileMap.json -save-temps -no-color-diagnostics -explicit-module-build -module-cache-path /Users/admin/builder/spi-builder-workspace/.derivedData/Build/Intermediates.noindex/SwiftExplicitPrecompiledModules -clang-scanner-module-cache-path /Users/admin/builder/spi-builder-workspace/.derivedData/ModuleCache.noindex -sdk-module-cache-path /Users/admin/builder/spi-builder-workspace/.derivedData/SDKExplicitPrecompiledModules -emit-dependencies -emit-module -emit-module-path /Users/admin/builder/spi-builder-workspace/.derivedData/Build/Intermediates.noindex/NetworkDebugger.build/Debug-watchos/NetworkDebugger-t.build/Objects-normal/arm64/NetworkDebugger.swiftmodule -serialize-diagnostics -dependency-scan-serialize-diagnostics-path /Users/admin/builder/spi-builder-workspace/.derivedData/Build/Intermediates.noindex/NetworkDebugger.build/Debug-watchos/NetworkDebugger-t.build/Objects-normal/arm64/NetworkDebugger-dependency-scan.dia -validate-clang-modules-once -clang-build-session-file /Users/admin/builder/spi-builder-workspace/.derivedData/ModuleCache.noindex/Session.modulevalidation -Xcc -fmodules-prune-interval\=86400 -Xcc -fmodules-prune-after\=345600 -emit-const-values -const-gather-protocols-list /Users/admin/builder/spi-builder-workspace/.derivedData/Build/Intermediates.noindex/NetworkDebugger.build/Debug-watchos/NetworkDebugger-t.build/Objects-normal/arm64/NetworkDebugger_const_extract_protocols.json -Xcc -I/Users/admin/builder/spi-builder-workspace/.derivedData/Build/Products/Debug-watchos/include -Xcc -I/Users/admin/builder/spi-builder-workspace/.derivedData/Build/Intermediates.noindex/NetworkDebugger.build/Debug-watchos/NetworkDebugger-t.build/DerivedSources-normal/arm64 -Xcc -I/Users/admin/builder/spi-builder-workspace/.derivedData/Build/Intermediates.noindex/NetworkDebugger.build/Debug-watchos/NetworkDebugger-t.build/DerivedSources/arm64 -Xcc -I/Users/admin/builder/spi-builder-workspace/.derivedData/Build/Intermediates.noindex/NetworkDebugger.build/Debug-watchos/NetworkDebugger-t.build/DerivedSources -Xcc -DSWIFT_PACKAGE -Xcc -DDEBUG\=1 -emit-objc-header -emit-objc-header-path /Users/admin/builder/spi-builder-workspace/.derivedData/Build/Intermediates.noindex/NetworkDebugger.build/Debug-watchos/NetworkDebugger-t.build/Objects-normal/arm64/NetworkDebugger-Swift.h -working-directory /Users/admin/builder/spi-builder-workspace/.swiftpm/xcode -experimental-emit-module-separately -disable-cmo
/Users/admin/builder/spi-builder-workspace/Sources/NetworkDebugger/UI/Components/WebView.swift:22:8: error: Unable to resolve module dependency: 'WebKit' (in target 'NetworkDebugger' from project 'NetworkDebugger')
note: A dependency of main module 'NetworkDebugger'
/Users/admin/builder/spi-builder-workspace/Sources/NetworkDebugger/UI/Components/WebView.swift:22:8: note: A dependency of main module 'NetworkDebugger'
import WebKit
^ (in target 'NetworkDebugger' from project 'NetworkDebugger')
PruneExplicitPrecompiledModules /Users/admin/builder/spi-builder-workspace/.derivedData/Build/Intermediates.noindex/SwiftExplicitPrecompiledModules
PruneExplicitPrecompiledModules /Users/admin/builder/spi-builder-workspace/.derivedData/SDKExplicitPrecompiledModules
PruneExplicitPrecompiledModules /Users/admin/builder/spi-builder-workspace/.derivedData/Build/Intermediates.noindex/ExplicitPrecompiledModules
2026-09-19 04:30:27.964 xcodebuild[674:4547] [MT] IDERunDestination: Supported platforms for the buildables in the current scheme is empty.
** BUILD FAILED **
The following build commands failed:
SwiftDriver NetworkDebugger normal arm64_32 com.apple.xcode.tools.swift.compiler (in target 'NetworkDebugger' from project 'NetworkDebugger')
SwiftDriver NetworkDebugger normal arm64 com.apple.xcode.tools.swift.compiler (in target 'NetworkDebugger' from project 'NetworkDebugger')
Building workspace NetworkDebugger with scheme NetworkDebugger
(3 failures)
BUILD FAILURE 6.4 watchOS