The Swift Package Index logo.Swift Package Index

Build Information

Failed to build AsyncOperations, reference 0.2.0 (c7fd2a), with Swift 6.4 for Wasm on 22 Sep 2026 21:10:18 UTC.

Build Command

bash -c docker run --pull=always --rm -v "checkouts-54344845-0":/host -w "$PWD" -e JAVA_HOME="/root/.sdkman/candidates/java/current" -e SPI_BUILD="1" -e SPI_PROCESSING="1" registry.gitlab.com/saguaro1/spi-images:wasm-6.4-latest swift build --swift-sdk swift-6.4.x-DEVELOPMENT-SNAPSHOT-2026-09-04-a_wasm 2>&1

Build Log

========================================
RunAll
========================================
Builder version: 5.1.0
Interrupt handler set up.
========================================
Checkout
========================================
Clone URL: https://github.com/Frizlab/AsyncOperations.git
Reference: 0.2.0
Initialized empty Git repository in /host/spi-builder-workspace/.git/
hint: Using 'master' as the name for the initial branch. This default branch name
hint: is subject to change. To configure the initial branch name to use in all
hint: of your new repositories, which will suppress this warning, call:
hint:
hint: 	git config --global init.defaultBranch <name>
hint:
hint: Names commonly chosen instead of 'master' are 'main', 'trunk' and
hint: 'development'. The just-created branch can be renamed via this command:
hint:
hint: 	git branch -m <name>
From https://github.com/Frizlab/AsyncOperations
 * tag               0.2.0      -> FETCH_HEAD
HEAD is now at c7fd2ae Fix a Sendability warning
Cloned https://github.com/Frizlab/AsyncOperations.git
Revision (git rev-parse @):
c7fd2aeaa4c9acce2081e455f86d4689831fd93f
SUCCESS checkout https://github.com/Frizlab/AsyncOperations.git at 0.2.0
========================================
Build
========================================
Selected platform:         wasm
Swift version:             6.4
Building package at path:  $PWD
https://github.com/Frizlab/AsyncOperations.git
Running build ...
bash -c docker run --pull=always --rm -v "checkouts-54344845-0":/host -w "$PWD" -e JAVA_HOME="/root/.sdkman/candidates/java/current" -e SPI_BUILD="1" -e SPI_PROCESSING="1" registry.gitlab.com/saguaro1/spi-images:wasm-6.4-latest swift build --swift-sdk swift-6.4.x-DEVELOPMENT-SNAPSHOT-2026-09-04-a_wasm 2>&1
wasm-6.4-latest: Pulling from saguaro1/spi-images
Digest: sha256:4328fdb43c680d205c1d6761b1e3267aa38277eefdda9ddfb17b6a0f1a77857a
Status: Image is up to date for registry.gitlab.com/saguaro1/spi-images:wasm-6.4-latest
Fetching https://github.com/happn-app/RetryingOperation.git
[1/395] Fetching retryingoperation
Fetched https://github.com/happn-app/RetryingOperation.git (0.41s)
Computing version for https://github.com/happn-app/RetryingOperation.git
Computed https://github.com/happn-app/RetryingOperation.git at 1.1.8 (0.61s)
Fetching https://github.com/apple/swift-log.git
[1/8148] Fetching swift-log
Fetched https://github.com/apple/swift-log.git (0.52s)
Computing version for https://github.com/apple/swift-log.git
Computed https://github.com/apple/swift-log.git at 1.15.1 (0.74s)
Creating working copy for https://github.com/apple/swift-log.git
Working copy of https://github.com/apple/swift-log.git resolved at 1.15.1
Creating working copy for https://github.com/happn-app/RetryingOperation.git
Working copy of https://github.com/happn-app/RetryingOperation.git resolved at 1.1.8
Building for debugging...
[Pre-planning 1 / 126]
[6 / 49]
[37 / 59] Logging
[46 / 65] RetryingOperation
[48 / 65]
[49 / 66] Logging
error: SwiftCompile normal wasm32 failed with a nonzero exit code. Command line:     cd /host

/host/spi-builder-workspace/.build/checkouts/RetryingOperation/Sources/RetryingOperation/RetryingOperation.swift:79:32: error: cannot find type 'Operation' in scope
 77 |  A solution is to use `RetryableOperationWrapper`.
 78 |  See the doc of this class for more information. */
 79 | open class RetryingOperation : Operation {
    |                                `- error: cannot find type 'Operation' in scope
 80 |
 81 | 	public var numberOfRetries: Int? {
/host/spi-builder-workspace/.build/checkouts/RetryingOperation/Sources/RetryingOperation/RetryingOperation.swift:101:20: error: property does not override any property from its superclass
 99 | 	 By default an `Operation` is synchronous, which, with no modifications on the `isAsynchronous` property, would make a RetryingOperation synchronous by default too.
100 | 	 This is not such a good behavior; we prefer forcing subclassers to explicitely say whether they’re creating a synchronous or an asynchronous operation. */
101 | 	open override var isAsynchronous: Bool {
    |                    `- error: property does not override any property from its superclass
102 | 		fatalError("isAsynchronous is abstract on a RetryingOperation")
103 | 	}
/host/spi-builder-workspace/.build/checkouts/RetryingOperation/Sources/RetryingOperation/RetryingOperation.swift:105:29: error: method does not override any method from its superclass
103 | 	}
104 |
105 | 	public final override func start() {
    |                             `- error: method does not override any method from its superclass
106 | 		if !isAsynchronous {super.start()}
107 | 		else {
/host/spi-builder-workspace/.build/checkouts/RetryingOperation/Sources/RetryingOperation/RetryingOperation.swift:115:29: error: method does not override any method from its superclass
113 | 	/* Note: The synchronous implementation deserves a little more tests.
114 | 	 *       Currently it is only very lightly tested with a few unit tests. */
115 | 	public final override func main() {
    |                             `- error: method does not override any method from its superclass
116 | 		assert(!isAsynchronous)
117 |
/host/spi-builder-workspace/.build/checkouts/RetryingOperation/Sources/RetryingOperation/RetryingOperation.swift:306:22: error: cannot find type 'DispatchSourceTimer' in scope
304 | 		private var hasBeenResumed = false
305 |
306 | 		private let timer: DispatchSourceTimer
    |                      `- error: cannot find type 'DispatchSourceTimer' in scope
307 | 		fileprivate let delay: TimeInterval /* For synchronous operations... */
308 |
/host/spi-builder-workspace/.build/checkouts/RetryingOperation/Sources/RetryingOperation/RetryingOperation.swift:361:36: error: cannot find 'DispatchSemaphore' in scope
359 | 	}
360 |
361 | 	private let retryStateSemaphore = DispatchSemaphore(value: 1)
    |                                    `- error: cannot find 'DispatchSemaphore' in scope
362 | 	private let retryQueue = DispatchQueue(label: "Queue for Syncing Retries (for One Retrying Operation)", qos: .utility)
363 |
/host/spi-builder-workspace/.build/checkouts/RetryingOperation/Sources/RetryingOperation/RetryingOperation.swift:362:27: error: cannot find 'DispatchQueue' in scope
360 |
361 | 	private let retryStateSemaphore = DispatchSemaphore(value: 1)
362 | 	private let retryQueue = DispatchQueue(label: "Queue for Syncing Retries (for One Retrying Operation)", qos: .utility)
    |                           `- error: cannot find 'DispatchQueue' in scope
363 |
364 | 	/* Only used for synchronous operations. */
/host/spi-builder-workspace/.build/checkouts/RetryingOperation/Sources/RetryingOperation/RetryingOperation.swift:446:29: error: method does not override any method from its superclass
444 | 	}
445 |
446 | 	public final override func cancel() {
    |                             `- error: method does not override any method from its superclass
447 | 		super.cancel()
448 | 		guard isAsynchronous else {cancelBaseOperation(); return}
/host/spi-builder-workspace/.build/checkouts/RetryingOperation/Sources/RetryingOperation/RetryingOperation.swift:468:28: error: property does not override any property from its superclass
466 | 	private var isBaseOperationRunning = false
467 |
468 | 	public final override var isExecuting: Bool {
    |                            `- error: property does not override any property from its superclass
469 | 		guard isAsynchronous else {return super.isExecuting}
470 |
/host/spi-builder-workspace/.build/checkouts/RetryingOperation/Sources/RetryingOperation/RetryingOperation.swift:475:28: error: property does not override any property from its superclass
473 | 	}
474 |
475 | 	public final override var isFinished: Bool {
    |                            `- error: property does not override any property from its superclass
476 | 		guard isAsynchronous else {return super.isFinished}
477 |
/host/spi-builder-workspace/.build/checkouts/RetryingOperation/Sources/RetryingOperation/RetryingOperation.swift:402:48: error: cannot find 'didChangeValue' in scope
400 | 				let oldStateFinished = oldState.isFinished
401 |
402 | 				if newStateFinished  != oldStateFinished  {didChangeValue(forKey: "isFinished")}
    |                                                `- error: cannot find 'didChangeValue' in scope
403 | 				if newStateExecuting != oldStateExecuting {didChangeValue(forKey: "isExecuting")}
404 | 			}
/host/spi-builder-workspace/.build/checkouts/RetryingOperation/Sources/RetryingOperation/RetryingOperation.swift:403:48: error: cannot find 'didChangeValue' in scope
401 |
402 | 				if newStateFinished  != oldStateFinished  {didChangeValue(forKey: "isFinished")}
403 | 				if newStateExecuting != oldStateExecuting {didChangeValue(forKey: "isExecuting")}
    |                                                `- error: cannot find 'didChangeValue' in scope
404 | 			}
405 |
/host/spi-builder-workspace/.build/checkouts/RetryingOperation/Sources/RetryingOperation/RetryingOperation.swift:406:4: error: cannot find 'didChangeValue' in scope
404 | 			}
405 |
406 | 			didChangeValue(forKey: "retryingState")
    |    `- error: cannot find 'didChangeValue' in scope
407 | 		}
408 | 	}
/host/spi-builder-workspace/.build/checkouts/RetryingOperation/Sources/RetryingOperation/WrappedRetryingOperation.swift:20:38: error: cannot find type 'Operation' in scope
18 |
19 |
20 | public protocol RetryableOperation : Operation {
   |                                      `- error: cannot find type 'Operation' in scope
21 |
22 | 	/* I’d like to add “where T : Self” so that clients of the protocol know ther're given an object kind of class Self,
/host/spi-builder-workspace/.build/checkouts/RetryingOperation/Sources/RetryingOperation/WrappedRetryingOperation.swift:64:101: error: cannot find type 'OperationQueue' in scope
62 | 	public let maximumNumberOfRetries: Int
63 |
64 | 	public init(maximumNumberOfRetries maxRetry: Int = -1, baseOperation: T, baseOperationQueue queue: OperationQueue? = nil) {
   |                                                                                                     `- error: cannot find type 'OperationQueue' in scope
65 | 		maximumNumberOfRetries = maxRetry
66 |
/host/spi-builder-workspace/.build/checkouts/RetryingOperation/Sources/RetryingOperation/WrappedRetryingOperation.swift:59:33: error: cannot find type 'OperationQueue' in scope
57 |
58 | 	 If `nil` (default), the base operation will not be launched in a queue. */
59 | 	public let baseOperationQueue: OperationQueue?
   |                                 `- error: cannot find type 'OperationQueue' in scope
60 |
61 | 	/** If `< 0`, the operation is retried indefinitely. */
Failed frontend command:
/usr/bin/swift-frontend -frontend -emit-module -experimental-skip-non-inlinable-function-bodies-without-types /host/spi-builder-workspace/.build/checkouts/RetryingOperation/Sources/RetryingOperation/RetryHelper.swift /host/spi-builder-workspace/.build/checkouts/RetryingOperation/Sources/RetryingOperation/RetryingOperation.swift /host/spi-builder-workspace/.build/checkouts/RetryingOperation/Sources/RetryingOperation/RetryingOperationConfig.swift /host/spi-builder-workspace/.build/checkouts/RetryingOperation/Sources/RetryingOperation/WrappedRetryingOperation.swift -target wasm32-unknown-wasip1 -disable-objc-interop -sdk /root/.swiftpm/swift-sdks/swift-6.4.x-DEVELOPMENT-SNAPSHOT-2026-09-04-a_wasm.artifactbundle/swift-6.4.x-DEVELOPMENT-SNAPSHOT-2026-09-04-a_wasm/wasm32-unknown-wasip1/WASI.sdk -sysroot /root/.swiftpm/swift-sdks/swift-6.4.x-DEVELOPMENT-SNAPSHOT-2026-09-04-a_wasm.artifactbundle/swift-6.4.x-DEVELOPMENT-SNAPSHOT-2026-09-04-a_wasm/wasm32-unknown-wasip1/WASI.sdk -I /host/spi-builder-workspace/.build/out/Products/Debug-webassembly-wasm32 -module-cache-path /host/spi-builder-workspace/.build/out/ModuleCache.noindex -color-diagnostics -Xcc -fcolor-diagnostics -enable-testing -g -debug-info-format\=dwarf -dwarf-version\=4 -suppress-warnings -swift-version 5 -Onone -D SWIFT_PACKAGE -D DEBUG -D SWIFT_MODULE_RESOURCE_BUNDLE_UNAVAILABLE -D Xcode -serialize-debugging-options -enable-experimental-feature DebugDescriptionMacro -empty-abi-descriptor -external-plugin-path /usr/lib/swift/host/plugins/testing\#/usr/bin/swift-plugin-server -validate-clang-modules-once -clang-build-session-file /host/spi-builder-workspace/.build/out/ModuleCache.noindex/Session.modulevalidation -Xcc -working-directory -Xcc /host -resource-dir /root/.swiftpm/swift-sdks/swift-6.4.x-DEVELOPMENT-SNAPSHOT-2026-09-04-a_wasm.artifactbundle/swift-6.4.x-DEVELOPMENT-SNAPSHOT-2026-09-04-a_wasm/wasm32-unknown-wasip1/swift.xctoolchain/usr/lib/swift_static -use-static-resource-dir -enable-anonymous-context-mangled-names -file-compilation-dir /host -Xcc -resource-dir -Xcc /root/.swiftpm/swift-sdks/swift-6.4.x-DEVELOPMENT-SNAPSHOT-2026-09-04-a_wasm.artifactbundle/swift-6.4.x-DEVELOPMENT-SNAPSHOT-2026-09-04-a_wasm/wasm32-unknown-wasip1/swift.xctoolchain/usr/lib/swift_static/clang -Xcc -D_LIBCPP_HARDENING_MODE\=_LIBCPP_HARDENING_MODE_DEBUG -Xcc -fmodules-prune-interval\=86400 -Xcc -fmodules-prune-after\=345600 -Xcc -I/host/spi-builder-workspace/.build/out/Products/Debug-webassembly-wasm32/include -Xcc -I/host/spi-builder-workspace/.build/out/Intermediates.noindex/RetryingOperation.build/Debug-webassembly-wasm32/RetryingOperation-t.build/DerivedSources-normal/wasm32 -Xcc -I/host/spi-builder-workspace/.build/out/Intermediates.noindex/RetryingOperation.build/Debug-webassembly-wasm32/RetryingOperation-t.build/DerivedSources/wasm32 -Xcc -I/host/spi-builder-workspace/.build/out/Intermediates.noindex/RetryingOperation.build/Debug-webassembly-wasm32/RetryingOperation-t.build/DerivedSources -Xcc -DSWIFT_PACKAGE -Xcc -DDEBUG\=1 -no-auto-bridging-header-chaining -module-name RetryingOperation -const-gather-protocols-file /host/spi-builder-workspace/.build/out/Intermediates.noindex/RetryingOperation.build/Debug-webassembly-wasm32/RetryingOperation-t.build/Objects-normal/wasm32/RetryingOperation_const_extract_protocols.json -in-process-plugin-server-path /usr/lib/swift/host/libSwiftInProcPluginServer.so -plugin-path /usr/lib/swift/host/plugins -plugin-path /usr/local/lib/swift/host/plugins -emit-module-doc-path /host/spi-builder-workspace/.build/out/Intermediates.noindex/RetryingOperation.build/Debug-webassembly-wasm32/RetryingOperation-t.build/Objects-normal/wasm32/Modules/RetryingOperation.swiftdoc -emit-module-source-info-path /host/spi-builder-workspace/.build/out/Intermediates.noindex/RetryingOperation.build/Debug-webassembly-wasm32/RetryingOperation-t.build/Objects-normal/wasm32/Modules/RetryingOperation.swiftsourceinfo -emit-objc-header-path /host/spi-builder-workspace/.build/out/Intermediates.noindex/RetryingOperation.build/Debug-webassembly-wasm32/RetryingOperation-t.build/Objects-normal/wasm32/RetryingOperation-Swift.h -serialize-diagnostics-path /host/spi-builder-workspace/.build/out/Intermediates.noindex/RetryingOperation.build/Debug-webassembly-wasm32/RetryingOperation-t.build/Objects-normal/wasm32/RetryingOperation-primary-emit-module.dia -emit-dependencies-path /host/spi-builder-workspace/.build/out/Intermediates.noindex/RetryingOperation.build/Debug-webassembly-wasm32/RetryingOperation-t.build/Objects-normal/wasm32/RetryingOperation-primary-emit-module.d -parse-as-library -o /host/spi-builder-workspace/.build/out/Intermediates.noindex/RetryingOperation.build/Debug-webassembly-wasm32/RetryingOperation-t.build/Objects-normal/wasm32/Modules/RetryingOperation.swiftmodule
error: Build failed
BUILD FAILURE 6.4 wasm