Build Information
Failed to build ScryfallKit, reference main (2f9f59), with Swift 6.3 for tvOS using Xcode 26.4 on 9 Oct 2026 15:23:51 UTC.
Build Command
env DEVELOPER_DIR=/Applications/Xcode-26.5.0.app xcrun xcodebuild -IDEClonedSourcePackagesDirPathOverride=$PWD/.dependencies -skipMacroValidation -skipPackagePluginValidation -derivedDataPath $PWD/.derivedData build -scheme ScryfallKit -destination generic/platform=tvOSBuild Log
========================================
RunAll
========================================
Builder version: 5.1.1
Interrupt handler set up.
========================================
Checkout
========================================
Clone URL: https://github.com/JacobHearst/ScryfallKit.git
Reference: main
Initialized empty Git repository in /Users/admin/builder/spi-builder-workspace/.git/
From https://github.com/JacobHearst/ScryfallKit
* branch main -> FETCH_HEAD
* [new branch] main -> origin/main
HEAD is now at 2f9f599 fix: README badge
Cloned https://github.com/JacobHearst/ScryfallKit.git
Revision (git rev-parse @):
2f9f5997690c7e5d53658c76bede775c7dcb2e75
SPI manifest file found: $PWD/.spi.yml
SUCCESS checkout https://github.com/JacobHearst/ScryfallKit.git at main
========================================
Build
========================================
Selected platform: tvOS
Swift version: 6.3
Building package at path: $PWD
https://github.com/JacobHearst/ScryfallKit.git
Command line invocation:
/Applications/Xcode-26.5.0.app/Contents/Developer/usr/bin/xcodebuild -IDEClonedSourcePackagesDirPathOverride=/Users/admin/builder/spi-builder-workspace/.dependencies -resolvePackageDependencies
Resolve Package Graph
Resolve Package Graph
Resolved source packages:
ScryfallKit: /Users/admin/builder/spi-builder-workspace
resolved source packages: ScryfallKit
2026-10-09 11:23:13.246 xcodebuild[541:3124] [MT] IDERunDestination: Supported platforms for the buildables in the current scheme is empty.
2026-10-09 11:23:13.347 xcodebuild[541:3124] [MT] IDERunDestination: Supported platforms for the buildables in the current scheme is empty.
2026-10-09 11:23:14.375 xcodebuild[541:3124] [MT] IDERunDestination: Supported platforms for the buildables in the current scheme is empty.
{
"dependencies" : [
],
"manifest_display_name" : "ScryfallKit",
"name" : "ScryfallKit",
"path" : "/Users/admin/builder/spi-builder-workspace",
"platforms" : [
{
"name" : "macos",
"version" : "11.0"
},
{
"name" : "ios",
"version" : "14.0"
},
{
"name" : "watchos",
"version" : "11.0"
},
{
"name" : "visionos",
"version" : "26.0"
},
{
"name" : "tvos",
"version" : "14.0"
}
],
"products" : [
{
"name" : "ScryfallKit",
"targets" : [
"ScryfallKit"
],
"type" : {
"library" : [
"automatic"
]
}
}
],
"targets" : [
{
"c99name" : "ScryfallKitTests",
"module_type" : "SwiftTarget",
"name" : "ScryfallKitTests",
"path" : "Tests/ScryfallKitTests",
"sources" : [
"ComparableTests.swift",
"RateLimiterTests.swift",
"SmokeTests.swift"
],
"target_dependencies" : [
"ScryfallKit"
],
"type" : "test"
},
{
"c99name" : "ScryfallKit",
"module_type" : "SwiftTarget",
"name" : "ScryfallKit",
"path" : "Sources/ScryfallKit",
"product_memberships" : [
"ScryfallKit"
],
"sources" : [
"Extensions/Card+helpers.swift",
"Extensions/MTGSet+date.swift",
"Models/Card/Card+Face.swift",
"Models/Card/Card+ImageUris.swift",
"Models/Card/Card+Legalities.swift",
"Models/Card/Card+ManaCost.swift",
"Models/Card/Card+Preview.swift",
"Models/Card/Card+Prices.swift",
"Models/Card/Card+RelatedCard.swift",
"Models/Card/Card+Ruling.swift",
"Models/Card/Card+Symbol.swift",
"Models/Card/Card+enums.swift",
"Models/Card/Card.swift",
"Models/Catalog.swift",
"Models/Enums.swift",
"Models/FieldFilter.swift",
"Models/MTGSet.swift",
"Models/ObjectList.swift",
"Models/ScryfallError.swift",
"Networking/EndpointRequests/CardRequests.swift",
"Networking/EndpointRequests/CatalogRequests.swift",
"Networking/EndpointRequests/EndpointRequest.swift",
"Networking/EndpointRequests/RulingsRequests.swift",
"Networking/EndpointRequests/SetRequests.swift",
"Networking/EndpointRequests/SymbolRequests.swift",
"Networking/NetworkService.swift",
"Networking/RateLimiter.swift",
"ScryfallClient.swift",
"ScryfallKitError.swift"
],
"type" : "library"
}
],
"tools_version" : "6.2"
}
{
"workspace" : {
"name" : "spi-builder-workspace",
"schemes" : [
"ScryfallKit"
]
}
}
2026-10-09 11:23:37.972 xcodebuild[655:3975] [MT] IDERunDestination: Supported platforms for the buildables in the current scheme is empty.
2026-10-09 11:23:38.074 xcodebuild[655:3975] [MT] IDERunDestination: Supported platforms for the buildables in the current scheme is empty.
Running build ...
env DEVELOPER_DIR=/Applications/Xcode-26.5.0.app xcrun xcodebuild -IDEClonedSourcePackagesDirPathOverride=$PWD/.dependencies -skipMacroValidation -skipPackagePluginValidation -derivedDataPath $PWD/.derivedData build -scheme ScryfallKit -destination generic/platform=tvOS
Command line invocation:
/Applications/Xcode-26.5.0.app/Contents/Developer/usr/bin/xcodebuild -IDEClonedSourcePackagesDirPathOverride=/Users/admin/builder/spi-builder-workspace/.dependencies -skipMacroValidation -skipPackagePluginValidation -derivedDataPath /Users/admin/builder/spi-builder-workspace/.derivedData build -scheme ScryfallKit -destination generic/platform=tvOS
Resolve Package Graph
Resolved source packages:
ScryfallKit: /Users/admin/builder/spi-builder-workspace
ComputePackagePrebuildTargetDependencyGraph
Prepare packages
CreateBuildRequest
SendProjectDescription
CreateBuildOperation
ComputeTargetDependencyGraph
note: Building targets in dependency order
note: Target dependency graph (3 targets)
Target 'ScryfallKitTests' in project 'ScryfallKit'
➜ Explicit dependency on target 'ScryfallKit' in project 'ScryfallKit'
Target 'ScryfallKit' in project 'ScryfallKit'
➜ Explicit dependency on target 'ScryfallKit' in project 'ScryfallKit'
Target 'ScryfallKit' in project 'ScryfallKit' (no dependencies)
GatherProvisioningInputs
CreateBuildDescription
ExecuteExternalTool /Applications/Xcode-26.5.0.app/Contents/Developer/Toolchains/XcodeDefault.xctoolchain/usr/bin/clang -v -E -dM -isysroot /Applications/Xcode-26.5.0.app/Contents/Developer/Platforms/AppleTVOS.platform/Developer/SDKs/AppleTVOS26.5.sdk -x c -c /dev/null
ExecuteExternalTool /Applications/Xcode-26.5.0.app/Contents/Developer/Toolchains/XcodeDefault.xctoolchain/usr/bin/swiftc --version
ExecuteExternalTool /Applications/Xcode-26.5.0.app/Contents/Developer/Toolchains/XcodeDefault.xctoolchain/usr/bin/ld -version_details
ReadFileContents /Applications/Xcode-26.5.0.app/Contents/Developer/Toolchains/XcodeDefault.xctoolchain/usr/share/docc/features.json
Build description signature: b77d180918d19a915d612203c04adb0e
Build description path: /Users/admin/builder/spi-builder-workspace/.derivedData/Build/Intermediates.noindex/XCBuildData/b77d180918d19a915d612203c04adb0e.xcbuilddata
ClangStatCache /Applications/Xcode-26.5.0.app/Contents/Developer/Toolchains/XcodeDefault.xctoolchain/usr/bin/clang-stat-cache /Applications/Xcode-26.5.0.app/Contents/Developer/Platforms/AppleTVOS.platform/Developer/SDKs/AppleTVOS26.5.sdk /Users/admin/builder/spi-builder-workspace/.derivedData/SDKStatCaches.noindex/appletvos26.5-23L470-688ef53f1462e2c8f657fdc38a81448fa2efe9286588b677106490127979b81c.sdkstatcache
cd /Users/admin/builder/spi-builder-workspace/.swiftpm/xcode
/Applications/Xcode-26.5.0.app/Contents/Developer/Toolchains/XcodeDefault.xctoolchain/usr/bin/clang-stat-cache /Applications/Xcode-26.5.0.app/Contents/Developer/Platforms/AppleTVOS.platform/Developer/SDKs/AppleTVOS26.5.sdk -o /Users/admin/builder/spi-builder-workspace/.derivedData/SDKStatCaches.noindex/appletvos26.5-23L470-688ef53f1462e2c8f657fdc38a81448fa2efe9286588b677106490127979b81c.sdkstatcache
CreateBuildDirectory /Users/admin/builder/spi-builder-workspace/.derivedData/Build/Products
cd /Users/admin/builder/spi-builder-workspace/.swiftpm/xcode
builtin-create-build-directory /Users/admin/builder/spi-builder-workspace/.derivedData/Build/Products
CreateBuildDirectory /Users/admin/builder/spi-builder-workspace/.derivedData/Build/Intermediates.noindex
cd /Users/admin/builder/spi-builder-workspace/.swiftpm/xcode
builtin-create-build-directory /Users/admin/builder/spi-builder-workspace/.derivedData/Build/Intermediates.noindex
CreateBuildDirectory /Users/admin/builder/spi-builder-workspace/.derivedData/Build/Intermediates.noindex/ExplicitPrecompiledModules
cd /Users/admin/builder/spi-builder-workspace/.swiftpm/xcode
builtin-create-build-directory /Users/admin/builder/spi-builder-workspace/.derivedData/Build/Intermediates.noindex/ExplicitPrecompiledModules
CreateBuildDirectory /Users/admin/builder/spi-builder-workspace/.derivedData/Build/Intermediates.noindex/SwiftExplicitPrecompiledModules
cd /Users/admin/builder/spi-builder-workspace/.swiftpm/xcode
builtin-create-build-directory /Users/admin/builder/spi-builder-workspace/.derivedData/Build/Intermediates.noindex/SwiftExplicitPrecompiledModules
CreateBuildDirectory /Users/admin/builder/spi-builder-workspace/.derivedData/Build/Intermediates.noindex/EagerLinkingTBDs/Debug-appletvos
cd /Users/admin/builder/spi-builder-workspace/.swiftpm/xcode
builtin-create-build-directory /Users/admin/builder/spi-builder-workspace/.derivedData/Build/Intermediates.noindex/EagerLinkingTBDs/Debug-appletvos
CreateBuildDirectory /Users/admin/builder/spi-builder-workspace/.derivedData/Build/Products/Debug-appletvos
cd /Users/admin/builder/spi-builder-workspace/.swiftpm/xcode
builtin-create-build-directory /Users/admin/builder/spi-builder-workspace/.derivedData/Build/Products/Debug-appletvos
CreateBuildDirectory /Users/admin/builder/spi-builder-workspace/.derivedData/Build/Products/Debug-appletvos/PackageFrameworks
cd /Users/admin/builder/spi-builder-workspace/.swiftpm/xcode
builtin-create-build-directory /Users/admin/builder/spi-builder-workspace/.derivedData/Build/Products/Debug-appletvos/PackageFrameworks
MkDir /Users/admin/builder/spi-builder-workspace/.derivedData/Build/Products/Debug-appletvos/ScryfallKitTests.xctest (in target 'ScryfallKitTests' from project 'ScryfallKit')
cd /Users/admin/builder/spi-builder-workspace
/bin/mkdir -p /Users/admin/builder/spi-builder-workspace/.derivedData/Build/Products/Debug-appletvos/ScryfallKitTests.xctest
WriteAuxiliaryFile /Users/admin/builder/spi-builder-workspace/.derivedData/Build/Intermediates.noindex/ScryfallKit.build/Debug-appletvos/ScryfallKitTests.build/ScryfallKitTests.DependencyMetadataFileList (in target 'ScryfallKitTests' from project 'ScryfallKit')
cd /Users/admin/builder/spi-builder-workspace
write-file /Users/admin/builder/spi-builder-workspace/.derivedData/Build/Intermediates.noindex/ScryfallKit.build/Debug-appletvos/ScryfallKitTests.build/ScryfallKitTests.DependencyMetadataFileList
WriteAuxiliaryFile /Users/admin/builder/spi-builder-workspace/.derivedData/Build/Intermediates.noindex/ScryfallKit.build/Debug-appletvos/ScryfallKitTests.build/ScryfallKitTests.DependencyStaticMetadataFileList (in target 'ScryfallKitTests' from project 'ScryfallKit')
cd /Users/admin/builder/spi-builder-workspace
write-file /Users/admin/builder/spi-builder-workspace/.derivedData/Build/Intermediates.noindex/ScryfallKit.build/Debug-appletvos/ScryfallKitTests.build/ScryfallKitTests.DependencyStaticMetadataFileList
WriteAuxiliaryFile /Users/admin/builder/spi-builder-workspace/.derivedData/Build/Intermediates.noindex/ScryfallKit.build/Debug-appletvos/ScryfallKitTests.build/empty-ScryfallKitTests.plist (in target 'ScryfallKitTests' from project 'ScryfallKit')
cd /Users/admin/builder/spi-builder-workspace
write-file /Users/admin/builder/spi-builder-workspace/.derivedData/Build/Intermediates.noindex/ScryfallKit.build/Debug-appletvos/ScryfallKitTests.build/empty-ScryfallKitTests.plist
WriteAuxiliaryFile /Users/admin/builder/spi-builder-workspace/.derivedData/Build/Intermediates.noindex/ScryfallKit.build/Debug-appletvos/ScryfallKitTests.build/Objects-normal/arm64/ScryfallKitTests.LinkFileList (in target 'ScryfallKitTests' from project 'ScryfallKit')
cd /Users/admin/builder/spi-builder-workspace
write-file /Users/admin/builder/spi-builder-workspace/.derivedData/Build/Intermediates.noindex/ScryfallKit.build/Debug-appletvos/ScryfallKitTests.build/Objects-normal/arm64/ScryfallKitTests.LinkFileList
WriteAuxiliaryFile /Users/admin/builder/spi-builder-workspace/.derivedData/Build/Intermediates.noindex/ScryfallKit.build/Debug-appletvos/ScryfallKitTests.build/Objects-normal/arm64/ScryfallKitTests_const_extract_protocols.json (in target 'ScryfallKitTests' from project 'ScryfallKit')
cd /Users/admin/builder/spi-builder-workspace
write-file /Users/admin/builder/spi-builder-workspace/.derivedData/Build/Intermediates.noindex/ScryfallKit.build/Debug-appletvos/ScryfallKitTests.build/Objects-normal/arm64/ScryfallKitTests_const_extract_protocols.json
WriteAuxiliaryFile /Users/admin/builder/spi-builder-workspace/.derivedData/Build/Intermediates.noindex/ScryfallKit.build/Debug-appletvos/ScryfallKitTests.build/Objects-normal/arm64/ScryfallKitTests.SwiftFileList (in target 'ScryfallKitTests' from project 'ScryfallKit')
cd /Users/admin/builder/spi-builder-workspace
write-file /Users/admin/builder/spi-builder-workspace/.derivedData/Build/Intermediates.noindex/ScryfallKit.build/Debug-appletvos/ScryfallKitTests.build/Objects-normal/arm64/ScryfallKitTests.SwiftFileList
WriteAuxiliaryFile /Users/admin/builder/spi-builder-workspace/.derivedData/Build/Intermediates.noindex/ScryfallKit.build/Debug-appletvos/ScryfallKitTests.build/Objects-normal/arm64/ScryfallKitTests-OutputFileMap.json (in target 'ScryfallKitTests' from project 'ScryfallKit')
cd /Users/admin/builder/spi-builder-workspace
write-file /Users/admin/builder/spi-builder-workspace/.derivedData/Build/Intermediates.noindex/ScryfallKit.build/Debug-appletvos/ScryfallKitTests.build/Objects-normal/arm64/ScryfallKitTests-OutputFileMap.json
WriteAuxiliaryFile /Users/admin/builder/spi-builder-workspace/.derivedData/Build/Intermediates.noindex/ScryfallKit.build/Debug-appletvos/ScryfallKitTests.build/Objects-normal/arm64/ScryfallKitTests.SwiftConstValuesFileList (in target 'ScryfallKitTests' from project 'ScryfallKit')
cd /Users/admin/builder/spi-builder-workspace
write-file /Users/admin/builder/spi-builder-workspace/.derivedData/Build/Intermediates.noindex/ScryfallKit.build/Debug-appletvos/ScryfallKitTests.build/Objects-normal/arm64/ScryfallKitTests.SwiftConstValuesFileList
WriteAuxiliaryFile /Users/admin/builder/spi-builder-workspace/.derivedData/Build/Intermediates.noindex/ScryfallKit.build/Debug-appletvos/ScryfallKit.build/ScryfallKit.modulemap (in target 'ScryfallKit' from project 'ScryfallKit')
cd /Users/admin/builder/spi-builder-workspace
write-file /Users/admin/builder/spi-builder-workspace/.derivedData/Build/Intermediates.noindex/ScryfallKit.build/Debug-appletvos/ScryfallKit.build/ScryfallKit.modulemap
WriteAuxiliaryFile /Users/admin/builder/spi-builder-workspace/.derivedData/Build/Intermediates.noindex/ScryfallKit.build/Debug-appletvos/ScryfallKit.build/ScryfallKit.DependencyStaticMetadataFileList (in target 'ScryfallKit' from project 'ScryfallKit')
cd /Users/admin/builder/spi-builder-workspace
write-file /Users/admin/builder/spi-builder-workspace/.derivedData/Build/Intermediates.noindex/ScryfallKit.build/Debug-appletvos/ScryfallKit.build/ScryfallKit.DependencyStaticMetadataFileList
WriteAuxiliaryFile /Users/admin/builder/spi-builder-workspace/.derivedData/Build/Intermediates.noindex/ScryfallKit.build/Debug-appletvos/ScryfallKit.build/ScryfallKit.DependencyMetadataFileList (in target 'ScryfallKit' from project 'ScryfallKit')
cd /Users/admin/builder/spi-builder-workspace
write-file /Users/admin/builder/spi-builder-workspace/.derivedData/Build/Intermediates.noindex/ScryfallKit.build/Debug-appletvos/ScryfallKit.build/ScryfallKit.DependencyMetadataFileList
WriteAuxiliaryFile /Users/admin/builder/spi-builder-workspace/.derivedData/Build/Intermediates.noindex/ScryfallKit.build/Debug-appletvos/ScryfallKit.build/Objects-normal/arm64/ScryfallKit.SwiftFileList (in target 'ScryfallKit' from project 'ScryfallKit')
cd /Users/admin/builder/spi-builder-workspace
write-file /Users/admin/builder/spi-builder-workspace/.derivedData/Build/Intermediates.noindex/ScryfallKit.build/Debug-appletvos/ScryfallKit.build/Objects-normal/arm64/ScryfallKit.SwiftFileList
WriteAuxiliaryFile /Users/admin/builder/spi-builder-workspace/.derivedData/Build/Intermediates.noindex/ScryfallKit.build/Debug-appletvos/ScryfallKit.build/Objects-normal/arm64/ScryfallKit_const_extract_protocols.json (in target 'ScryfallKit' from project 'ScryfallKit')
cd /Users/admin/builder/spi-builder-workspace
write-file /Users/admin/builder/spi-builder-workspace/.derivedData/Build/Intermediates.noindex/ScryfallKit.build/Debug-appletvos/ScryfallKit.build/Objects-normal/arm64/ScryfallKit_const_extract_protocols.json
WriteAuxiliaryFile /Users/admin/builder/spi-builder-workspace/.derivedData/Build/Intermediates.noindex/ScryfallKit.build/Debug-appletvos/ScryfallKit.build/Objects-normal/arm64/ScryfallKit.SwiftConstValuesFileList (in target 'ScryfallKit' from project 'ScryfallKit')
cd /Users/admin/builder/spi-builder-workspace
write-file /Users/admin/builder/spi-builder-workspace/.derivedData/Build/Intermediates.noindex/ScryfallKit.build/Debug-appletvos/ScryfallKit.build/Objects-normal/arm64/ScryfallKit.SwiftConstValuesFileList
WriteAuxiliaryFile /Users/admin/builder/spi-builder-workspace/.derivedData/Build/Intermediates.noindex/ScryfallKit.build/Debug-appletvos/ScryfallKit.build/Objects-normal/arm64/ScryfallKit.LinkFileList (in target 'ScryfallKit' from project 'ScryfallKit')
cd /Users/admin/builder/spi-builder-workspace
write-file /Users/admin/builder/spi-builder-workspace/.derivedData/Build/Intermediates.noindex/ScryfallKit.build/Debug-appletvos/ScryfallKit.build/Objects-normal/arm64/ScryfallKit.LinkFileList
WriteAuxiliaryFile /Users/admin/builder/spi-builder-workspace/.derivedData/Build/Intermediates.noindex/ScryfallKit.build/Debug-appletvos/ScryfallKit.build/Objects-normal/arm64/ScryfallKit-OutputFileMap.json (in target 'ScryfallKit' from project 'ScryfallKit')
cd /Users/admin/builder/spi-builder-workspace
write-file /Users/admin/builder/spi-builder-workspace/.derivedData/Build/Intermediates.noindex/ScryfallKit.build/Debug-appletvos/ScryfallKit.build/Objects-normal/arm64/ScryfallKit-OutputFileMap.json
Copy /Users/admin/builder/spi-builder-workspace/.derivedData/Build/Intermediates.noindex/GeneratedModuleMaps-appletvos/ScryfallKit.modulemap /Users/admin/builder/spi-builder-workspace/.derivedData/Build/Intermediates.noindex/ScryfallKit.build/Debug-appletvos/ScryfallKit.build/ScryfallKit.modulemap (in target 'ScryfallKit' from project 'ScryfallKit')
cd /Users/admin/builder/spi-builder-workspace
builtin-copy -exclude .DS_Store -exclude CVS -exclude .svn -exclude .git -exclude .hg -resolve-src-symlinks /Users/admin/builder/spi-builder-workspace/.derivedData/Build/Intermediates.noindex/ScryfallKit.build/Debug-appletvos/ScryfallKit.build/ScryfallKit.modulemap /Users/admin/builder/spi-builder-workspace/.derivedData/Build/Intermediates.noindex/GeneratedModuleMaps-appletvos
SwiftDriver ScryfallKit normal arm64 com.apple.xcode.tools.swift.compiler (in target 'ScryfallKit' from project 'ScryfallKit')
cd /Users/admin/builder/spi-builder-workspace/.swiftpm/xcode
builtin-SwiftDriver -- /Applications/Xcode-26.5.0.app/Contents/Developer/Toolchains/XcodeDefault.xctoolchain/usr/bin/swiftc -module-name ScryfallKit -Onone @/Users/admin/builder/spi-builder-workspace/.derivedData/Build/Intermediates.noindex/ScryfallKit.build/Debug-appletvos/ScryfallKit.build/Objects-normal/arm64/ScryfallKit.SwiftFileList -DSWIFT_PACKAGE -DDEBUG -DSWIFT_MODULE_RESOURCE_BUNDLE_UNAVAILABLE -DXcode -plugin-path /Applications/Xcode-26.5.0.app/Contents/Developer/Toolchains/XcodeDefault.xctoolchain/usr/lib/swift/host/plugins/testing -enable-experimental-feature DebugDescriptionMacro -sdk /Applications/Xcode-26.5.0.app/Contents/Developer/Platforms/AppleTVOS.platform/Developer/SDKs/AppleTVOS26.5.sdk -target arm64-apple-tvos14.0 -g -module-cache-path /Users/admin/builder/spi-builder-workspace/.derivedData/ModuleCache.noindex -Xfrontend -serialize-debugging-options -enable-testing -index-store-path /Users/admin/builder/spi-builder-workspace/.derivedData/Index.noindex/DataStore -Xcc -D_LIBCPP_HARDENING_MODE\=_LIBCPP_HARDENING_MODE_DEBUG -swift-version 6 -I /Users/admin/builder/spi-builder-workspace/.derivedData/Build/Products/Debug-appletvos -Isystem /Applications/Xcode-26.5.0.app/Contents/Developer/Platforms/AppleTVOS.platform/Developer/usr/lib -F /Users/admin/builder/spi-builder-workspace/.derivedData/Build/Products/Debug-appletvos -F /Applications/Xcode-26.5.0.app/Contents/Developer/Platforms/AppleTVOS.platform/Developer/Library/Frameworks -F /Applications/Xcode-26.5.0.app/Contents/Developer/Platforms/AppleTVOS.platform/Developer/SDKs/AppleTVOS26.5.sdk/Developer/Library/Frameworks -c -j10 -enable-batch-mode -incremental -Xcc -ivfsstatcache -Xcc /Users/admin/builder/spi-builder-workspace/.derivedData/SDKStatCaches.noindex/appletvos26.5-23L470-688ef53f1462e2c8f657fdc38a81448fa2efe9286588b677106490127979b81c.sdkstatcache -output-file-map /Users/admin/builder/spi-builder-workspace/.derivedData/Build/Intermediates.noindex/ScryfallKit.build/Debug-appletvos/ScryfallKit.build/Objects-normal/arm64/ScryfallKit-OutputFileMap.json -use-frontend-parseable-output -save-temps -no-color-diagnostics -explicit-module-build -module-cache-path /Users/admin/builder/spi-builder-workspace/.derivedData/Build/Intermediates.noindex/SwiftExplicitPrecompiledModules -clang-scanner-module-cache-path /Users/admin/builder/spi-builder-workspace/.derivedData/ModuleCache.noindex -sdk-module-cache-path /Users/admin/builder/spi-builder-workspace/.derivedData/ModuleCache.noindex -serialize-diagnostics -emit-dependencies -emit-module -emit-module-path /Users/admin/builder/spi-builder-workspace/.derivedData/Build/Intermediates.noindex/ScryfallKit.build/Debug-appletvos/ScryfallKit.build/Objects-normal/arm64/ScryfallKit.swiftmodule -validate-clang-modules-once -clang-build-session-file /Users/admin/builder/spi-builder-workspace/.derivedData/ModuleCache.noindex/Session.modulevalidation -package-name spi_builder_workspace -Xcc -I/Users/admin/builder/spi-builder-workspace/.derivedData/Build/Intermediates.noindex/ScryfallKit.build/Debug-appletvos/ScryfallKit.build/swift-overrides.hmap -emit-const-values -Xfrontend -const-gather-protocols-file -Xfrontend /Users/admin/builder/spi-builder-workspace/.derivedData/Build/Intermediates.noindex/ScryfallKit.build/Debug-appletvos/ScryfallKit.build/Objects-normal/arm64/ScryfallKit_const_extract_protocols.json -Xcc -I/Users/admin/builder/spi-builder-workspace/.derivedData/Build/Products/Debug-appletvos/include -Xcc -I/Users/admin/builder/spi-builder-workspace/.derivedData/Build/Intermediates.noindex/ScryfallKit.build/Debug-appletvos/ScryfallKit.build/DerivedSources-normal/arm64 -Xcc -I/Users/admin/builder/spi-builder-workspace/.derivedData/Build/Intermediates.noindex/ScryfallKit.build/Debug-appletvos/ScryfallKit.build/DerivedSources/arm64 -Xcc -I/Users/admin/builder/spi-builder-workspace/.derivedData/Build/Intermediates.noindex/ScryfallKit.build/Debug-appletvos/ScryfallKit.build/DerivedSources -Xcc -DSWIFT_PACKAGE -Xcc -DDEBUG\=1 -emit-objc-header -emit-objc-header-path /Users/admin/builder/spi-builder-workspace/.derivedData/Build/Intermediates.noindex/ScryfallKit.build/Debug-appletvos/ScryfallKit.build/Objects-normal/arm64/ScryfallKit-Swift.h -working-directory /Users/admin/builder/spi-builder-workspace/.swiftpm/xcode -experimental-emit-module-separately -disable-cmo
SwiftExplicitDependencyGeneratePcm arm64 /Users/admin/builder/spi-builder-workspace/.derivedData/ModuleCache.noindex/_SwiftConcurrencyShims-1USEFSNO6JM2AASMKDLO0E1Y8.pcm
SwiftExplicitDependencyGeneratePcm arm64 /Users/admin/builder/spi-builder-workspace/.derivedData/ModuleCache.noindex/_Builtin_stdbool-CGKMEVN9EW8FHLARW0OXM8J4B.pcm
SwiftExplicitDependencyGeneratePcm arm64 /Users/admin/builder/spi-builder-workspace/.derivedData/ModuleCache.noindex/_AvailabilityInternal-ERG13JATPGSY6RVZ86Q4BEF5V.pcm
SwiftExplicitDependencyGeneratePcm arm64 /Users/admin/builder/spi-builder-workspace/.derivedData/ModuleCache.noindex/ptrauth-A2ZX6UBL55760UPJ4O0VGPNO0.pcm
SwiftExplicitDependencyGeneratePcm arm64 /Users/admin/builder/spi-builder-workspace/.derivedData/ModuleCache.noindex/_Builtin_float-8C811LVED4XLUXBQ1G76WRJG0.pcm
SwiftExplicitDependencyGeneratePcm arm64 /Users/admin/builder/spi-builder-workspace/.derivedData/ModuleCache.noindex/SwiftShims-A37IA71RG7YPKKCIKQWAUHKFH.pcm
SwiftExplicitDependencyGeneratePcm arm64 /Users/admin/builder/spi-builder-workspace/.derivedData/ModuleCache.noindex/_Builtin_stddef-AM6SVF03CIJ4GZEL97UHI3IUJ.pcm
SwiftExplicitDependencyGeneratePcm arm64 /Users/admin/builder/spi-builder-workspace/.derivedData/ModuleCache.noindex/ptrcheck-3UVZ0HZWMI4GMCEST4EN81VHP.pcm
SwiftExplicitDependencyGeneratePcm arm64 /Users/admin/builder/spi-builder-workspace/.derivedData/ModuleCache.noindex/_Builtin_stdarg-8ZUNX5GJ3MXH8UV1BEGRQ2ASA.pcm
SwiftExplicitDependencyGeneratePcm arm64 /Users/admin/builder/spi-builder-workspace/.derivedData/ModuleCache.noindex/_DarwinFoundation1-5N3KZCNT6W2SVWUCV2FJN2UK8.pcm
SwiftExplicitDependencyGeneratePcm arm64 /Users/admin/builder/spi-builder-workspace/.derivedData/ModuleCache.noindex/_DarwinFoundation2-8SBVQBPG31KW5OM1QQ1IRFKFZ.pcm
SwiftExplicitDependencyGeneratePcm arm64 /Users/admin/builder/spi-builder-workspace/.derivedData/ModuleCache.noindex/_Builtin_limits-B8AK6GRD5HDXD50TCVB6LBF2K.pcm
SwiftExplicitDependencyGeneratePcm arm64 /Users/admin/builder/spi-builder-workspace/.derivedData/ModuleCache.noindex/sys_types-C1TCK7FU1PCFEEUN8ZX3DYKRU.pcm
SwiftExplicitDependencyGeneratePcm arm64 /Users/admin/builder/spi-builder-workspace/.derivedData/ModuleCache.noindex/_Builtin_stdint-DMDTUVQIKMEMTCYK24GVLTO6K.pcm
SwiftExplicitDependencyGeneratePcm arm64 /Users/admin/builder/spi-builder-workspace/.derivedData/ModuleCache.noindex/_Builtin_stdatomic-C23MMXYR0ROH6TB3TA16JQSJR.pcm
SwiftExplicitDependencyGeneratePcm arm64 /Users/admin/builder/spi-builder-workspace/.derivedData/ModuleCache.noindex/_DarwinFoundation3-E0GEIYEG5FFF4UFHO9CYEQLW0.pcm
SwiftExplicitDependencyGeneratePcm arm64 /Users/admin/builder/spi-builder-workspace/.derivedData/ModuleCache.noindex/_Builtin_inttypes-C42AKRLDLKV8CJNV35DM1DTP4.pcm
SwiftExplicitDependencyGeneratePcm arm64 /Users/admin/builder/spi-builder-workspace/.derivedData/ModuleCache.noindex/Darwin-245U0BA8KF1YTD61FCYJ0GD62.pcm
SwiftExplicitDependencyGeneratePcm arm64 /Users/admin/builder/spi-builder-workspace/.derivedData/ModuleCache.noindex/MachO-DH3X2QWJU1VRXQ06ULRC5PC9W.pcm
SwiftExplicitDependencyGeneratePcm arm64 /Users/admin/builder/spi-builder-workspace/.derivedData/ModuleCache.noindex/ObjectiveC-5BMAK71DGSD6LLFCJIGTWS0X2.pcm
SwiftExplicitDependencyGeneratePcm arm64 /Users/admin/builder/spi-builder-workspace/.derivedData/ModuleCache.noindex/os_object-3EX13XS9WZD3HS5R3FQI4GZ4U.pcm
SwiftExplicitDependencyGeneratePcm arm64 /Users/admin/builder/spi-builder-workspace/.derivedData/ModuleCache.noindex/os_workgroup-2R5C1QRIS9T04HHRT2ZNIJ54F.pcm
SwiftExplicitDependencyGeneratePcm arm64 /Users/admin/builder/spi-builder-workspace/.derivedData/ModuleCache.noindex/Dispatch-90E1R57KQPX526812NDGVF6C5.pcm
SwiftExplicitDependencyGeneratePcm arm64 /Users/admin/builder/spi-builder-workspace/.derivedData/ModuleCache.noindex/XPC-7Q2D96XQ8CPXGINNFUIC0RDDE.pcm
SwiftExplicitDependencyGeneratePcm arm64 /Users/admin/builder/spi-builder-workspace/.derivedData/ModuleCache.noindex/CoreFoundation-63FGOR0ID993YEADGOKCHTNF7.pcm
SwiftExplicitDependencyGeneratePcm arm64 /Users/admin/builder/spi-builder-workspace/.derivedData/ModuleCache.noindex/os-96LHM146JG0ULE7LMUTDHHWG7.pcm
SwiftExplicitDependencyGeneratePcm arm64 /Users/admin/builder/spi-builder-workspace/.derivedData/ModuleCache.noindex/CFNetwork-CG7UA0Q0U14BU6A75Z1Q0D768.pcm
SwiftExplicitDependencyGeneratePcm arm64 /Users/admin/builder/spi-builder-workspace/.derivedData/ModuleCache.noindex/Security-B4G4YL559U4GL7GHN2C33F0P7.pcm
SwiftExplicitDependencyGeneratePcm arm64 /Users/admin/builder/spi-builder-workspace/.derivedData/ModuleCache.noindex/Foundation-1O0WZ59PVD3J2O4J23OGMYS5U.pcm
SwiftExplicitDependencyGeneratePcm arm64 /Users/admin/builder/spi-builder-workspace/.derivedData/ModuleCache.noindex/OSLog-61MKAMTY195M0AMGWMW8XOI8I.pcm
SwiftCompile normal arm64 Compiling\ ScryfallError.swift,\ CardRequests.swift,\ CatalogRequests.swift /Users/admin/builder/spi-builder-workspace/Sources/ScryfallKit/Models/ScryfallError.swift /Users/admin/builder/spi-builder-workspace/Sources/ScryfallKit/Networking/EndpointRequests/CardRequests.swift /Users/admin/builder/spi-builder-workspace/Sources/ScryfallKit/Networking/EndpointRequests/CatalogRequests.swift (in target 'ScryfallKit' from project 'ScryfallKit')
SwiftCompile normal arm64 /Users/admin/builder/spi-builder-workspace/Sources/ScryfallKit/Models/ScryfallError.swift (in target 'ScryfallKit' from project 'ScryfallKit')
cd /Users/admin/builder/spi-builder-workspace/.swiftpm/xcode
SwiftCompile normal arm64 /Users/admin/builder/spi-builder-workspace/Sources/ScryfallKit/Networking/EndpointRequests/CardRequests.swift (in target 'ScryfallKit' from project 'ScryfallKit')
cd /Users/admin/builder/spi-builder-workspace/.swiftpm/xcode
SwiftCompile normal arm64 /Users/admin/builder/spi-builder-workspace/Sources/ScryfallKit/Networking/EndpointRequests/CatalogRequests.swift (in target 'ScryfallKit' from project 'ScryfallKit')
cd /Users/admin/builder/spi-builder-workspace/.swiftpm/xcode
SwiftEmitModule normal arm64 Emitting\ module\ for\ ScryfallKit (in target 'ScryfallKit' from project 'ScryfallKit')
EmitSwiftModule normal arm64 (in target 'ScryfallKit' from project 'ScryfallKit')
cd /Users/admin/builder/spi-builder-workspace/.swiftpm/xcode
SwiftCompile normal arm64 Compiling\ EndpointRequest.swift,\ RulingsRequests.swift,\ SetRequests.swift /Users/admin/builder/spi-builder-workspace/Sources/ScryfallKit/Networking/EndpointRequests/EndpointRequest.swift /Users/admin/builder/spi-builder-workspace/Sources/ScryfallKit/Networking/EndpointRequests/RulingsRequests.swift /Users/admin/builder/spi-builder-workspace/Sources/ScryfallKit/Networking/EndpointRequests/SetRequests.swift (in target 'ScryfallKit' from project 'ScryfallKit')
SwiftCompile normal arm64 /Users/admin/builder/spi-builder-workspace/Sources/ScryfallKit/Networking/EndpointRequests/EndpointRequest.swift (in target 'ScryfallKit' from project 'ScryfallKit')
cd /Users/admin/builder/spi-builder-workspace/.swiftpm/xcode
SwiftCompile normal arm64 /Users/admin/builder/spi-builder-workspace/Sources/ScryfallKit/Networking/EndpointRequests/RulingsRequests.swift (in target 'ScryfallKit' from project 'ScryfallKit')
cd /Users/admin/builder/spi-builder-workspace/.swiftpm/xcode
SwiftCompile normal arm64 /Users/admin/builder/spi-builder-workspace/Sources/ScryfallKit/Networking/EndpointRequests/SetRequests.swift (in target 'ScryfallKit' from project 'ScryfallKit')
cd /Users/admin/builder/spi-builder-workspace/.swiftpm/xcode
SwiftCompile normal arm64 Compiling\ FieldFilter.swift,\ MTGSet.swift,\ ObjectList.swift /Users/admin/builder/spi-builder-workspace/Sources/ScryfallKit/Models/FieldFilter.swift /Users/admin/builder/spi-builder-workspace/Sources/ScryfallKit/Models/MTGSet.swift /Users/admin/builder/spi-builder-workspace/Sources/ScryfallKit/Models/ObjectList.swift (in target 'ScryfallKit' from project 'ScryfallKit')
SwiftCompile normal arm64 /Users/admin/builder/spi-builder-workspace/Sources/ScryfallKit/Models/FieldFilter.swift (in target 'ScryfallKit' from project 'ScryfallKit')
cd /Users/admin/builder/spi-builder-workspace/.swiftpm/xcode
SwiftCompile normal arm64 /Users/admin/builder/spi-builder-workspace/Sources/ScryfallKit/Models/MTGSet.swift (in target 'ScryfallKit' from project 'ScryfallKit')
cd /Users/admin/builder/spi-builder-workspace/.swiftpm/xcode
SwiftCompile normal arm64 /Users/admin/builder/spi-builder-workspace/Sources/ScryfallKit/Models/ObjectList.swift (in target 'ScryfallKit' from project 'ScryfallKit')
cd /Users/admin/builder/spi-builder-workspace/.swiftpm/xcode
SwiftCompile normal arm64 Compiling\ ScryfallClient.swift,\ ScryfallKitError.swift /Users/admin/builder/spi-builder-workspace/Sources/ScryfallKit/ScryfallClient.swift /Users/admin/builder/spi-builder-workspace/Sources/ScryfallKit/ScryfallKitError.swift (in target 'ScryfallKit' from project 'ScryfallKit')
SwiftCompile normal arm64 /Users/admin/builder/spi-builder-workspace/Sources/ScryfallKit/ScryfallClient.swift (in target 'ScryfallKit' from project 'ScryfallKit')
cd /Users/admin/builder/spi-builder-workspace/.swiftpm/xcode
SwiftCompile normal arm64 /Users/admin/builder/spi-builder-workspace/Sources/ScryfallKit/ScryfallKitError.swift (in target 'ScryfallKit' from project 'ScryfallKit')
cd /Users/admin/builder/spi-builder-workspace/.swiftpm/xcode
SwiftCompile normal arm64 Compiling\ Card.swift,\ Catalog.swift,\ Enums.swift /Users/admin/builder/spi-builder-workspace/Sources/ScryfallKit/Models/Card/Card.swift /Users/admin/builder/spi-builder-workspace/Sources/ScryfallKit/Models/Catalog.swift /Users/admin/builder/spi-builder-workspace/Sources/ScryfallKit/Models/Enums.swift (in target 'ScryfallKit' from project 'ScryfallKit')
SwiftCompile normal arm64 /Users/admin/builder/spi-builder-workspace/Sources/ScryfallKit/Models/Card/Card.swift (in target 'ScryfallKit' from project 'ScryfallKit')
cd /Users/admin/builder/spi-builder-workspace/.swiftpm/xcode
SwiftCompile normal arm64 /Users/admin/builder/spi-builder-workspace/Sources/ScryfallKit/Models/Catalog.swift (in target 'ScryfallKit' from project 'ScryfallKit')
cd /Users/admin/builder/spi-builder-workspace/.swiftpm/xcode
SwiftCompile normal arm64 /Users/admin/builder/spi-builder-workspace/Sources/ScryfallKit/Models/Enums.swift (in target 'ScryfallKit' from project 'ScryfallKit')
cd /Users/admin/builder/spi-builder-workspace/.swiftpm/xcode
SwiftCompile normal arm64 Compiling\ Card+Preview.swift,\ Card+Prices.swift,\ Card+RelatedCard.swift /Users/admin/builder/spi-builder-workspace/Sources/ScryfallKit/Models/Card/Card+Preview.swift /Users/admin/builder/spi-builder-workspace/Sources/ScryfallKit/Models/Card/Card+Prices.swift /Users/admin/builder/spi-builder-workspace/Sources/ScryfallKit/Models/Card/Card+RelatedCard.swift (in target 'ScryfallKit' from project 'ScryfallKit')
SwiftCompile normal arm64 /Users/admin/builder/spi-builder-workspace/Sources/ScryfallKit/Models/Card/Card+Preview.swift (in target 'ScryfallKit' from project 'ScryfallKit')
cd /Users/admin/builder/spi-builder-workspace/.swiftpm/xcode
SwiftCompile normal arm64 /Users/admin/builder/spi-builder-workspace/Sources/ScryfallKit/Models/Card/Card+Prices.swift (in target 'ScryfallKit' from project 'ScryfallKit')
cd /Users/admin/builder/spi-builder-workspace/.swiftpm/xcode
SwiftCompile normal arm64 /Users/admin/builder/spi-builder-workspace/Sources/ScryfallKit/Models/Card/Card+RelatedCard.swift (in target 'ScryfallKit' from project 'ScryfallKit')
cd /Users/admin/builder/spi-builder-workspace/.swiftpm/xcode
SwiftCompile normal arm64 Compiling\ Card+ImageUris.swift,\ Card+Legalities.swift,\ Card+ManaCost.swift /Users/admin/builder/spi-builder-workspace/Sources/ScryfallKit/Models/Card/Card+ImageUris.swift /Users/admin/builder/spi-builder-workspace/Sources/ScryfallKit/Models/Card/Card+Legalities.swift /Users/admin/builder/spi-builder-workspace/Sources/ScryfallKit/Models/Card/Card+ManaCost.swift (in target 'ScryfallKit' from project 'ScryfallKit')
SwiftCompile normal arm64 /Users/admin/builder/spi-builder-workspace/Sources/ScryfallKit/Models/Card/Card+ImageUris.swift (in target 'ScryfallKit' from project 'ScryfallKit')
cd /Users/admin/builder/spi-builder-workspace/.swiftpm/xcode
SwiftCompile normal arm64 /Users/admin/builder/spi-builder-workspace/Sources/ScryfallKit/Models/Card/Card+Legalities.swift (in target 'ScryfallKit' from project 'ScryfallKit')
cd /Users/admin/builder/spi-builder-workspace/.swiftpm/xcode
SwiftCompile normal arm64 /Users/admin/builder/spi-builder-workspace/Sources/ScryfallKit/Models/Card/Card+ManaCost.swift (in target 'ScryfallKit' from project 'ScryfallKit')
cd /Users/admin/builder/spi-builder-workspace/.swiftpm/xcode
SwiftCompile normal arm64 Compiling\ SymbolRequests.swift,\ NetworkService.swift,\ RateLimiter.swift /Users/admin/builder/spi-builder-workspace/Sources/ScryfallKit/Networking/EndpointRequests/SymbolRequests.swift /Users/admin/builder/spi-builder-workspace/Sources/ScryfallKit/Networking/NetworkService.swift /Users/admin/builder/spi-builder-workspace/Sources/ScryfallKit/Networking/RateLimiter.swift (in target 'ScryfallKit' from project 'ScryfallKit')
SwiftCompile normal arm64 /Users/admin/builder/spi-builder-workspace/Sources/ScryfallKit/Networking/EndpointRequests/SymbolRequests.swift (in target 'ScryfallKit' from project 'ScryfallKit')
cd /Users/admin/builder/spi-builder-workspace/.swiftpm/xcode
SwiftCompile normal arm64 /Users/admin/builder/spi-builder-workspace/Sources/ScryfallKit/Networking/NetworkService.swift (in target 'ScryfallKit' from project 'ScryfallKit')
cd /Users/admin/builder/spi-builder-workspace/.swiftpm/xcode
SwiftCompile normal arm64 /Users/admin/builder/spi-builder-workspace/Sources/ScryfallKit/Networking/RateLimiter.swift (in target 'ScryfallKit' from project 'ScryfallKit')
cd /Users/admin/builder/spi-builder-workspace/.swiftpm/xcode
SwiftCompile normal arm64 Compiling\ Card+helpers.swift,\ MTGSet+date.swift,\ Card+Face.swift /Users/admin/builder/spi-builder-workspace/Sources/ScryfallKit/Extensions/Card+helpers.swift /Users/admin/builder/spi-builder-workspace/Sources/ScryfallKit/Extensions/MTGSet+date.swift /Users/admin/builder/spi-builder-workspace/Sources/ScryfallKit/Models/Card/Card+Face.swift (in target 'ScryfallKit' from project 'ScryfallKit')
SwiftCompile normal arm64 /Users/admin/builder/spi-builder-workspace/Sources/ScryfallKit/Extensions/Card+helpers.swift (in target 'ScryfallKit' from project 'ScryfallKit')
cd /Users/admin/builder/spi-builder-workspace/.swiftpm/xcode
SwiftCompile normal arm64 /Users/admin/builder/spi-builder-workspace/Sources/ScryfallKit/Extensions/MTGSet+date.swift (in target 'ScryfallKit' from project 'ScryfallKit')
cd /Users/admin/builder/spi-builder-workspace/.swiftpm/xcode
SwiftCompile normal arm64 /Users/admin/builder/spi-builder-workspace/Sources/ScryfallKit/Models/Card/Card+Face.swift (in target 'ScryfallKit' from project 'ScryfallKit')
cd /Users/admin/builder/spi-builder-workspace/.swiftpm/xcode
SwiftCompile normal arm64 Compiling\ Card+Ruling.swift,\ Card+Symbol.swift,\ Card+enums.swift /Users/admin/builder/spi-builder-workspace/Sources/ScryfallKit/Models/Card/Card+Ruling.swift /Users/admin/builder/spi-builder-workspace/Sources/ScryfallKit/Models/Card/Card+Symbol.swift /Users/admin/builder/spi-builder-workspace/Sources/ScryfallKit/Models/Card/Card+enums.swift (in target 'ScryfallKit' from project 'ScryfallKit')
SwiftCompile normal arm64 /Users/admin/builder/spi-builder-workspace/Sources/ScryfallKit/Models/Card/Card+Ruling.swift (in target 'ScryfallKit' from project 'ScryfallKit')
cd /Users/admin/builder/spi-builder-workspace/.swiftpm/xcode
SwiftCompile normal arm64 /Users/admin/builder/spi-builder-workspace/Sources/ScryfallKit/Models/Card/Card+Symbol.swift (in target 'ScryfallKit' from project 'ScryfallKit')
cd /Users/admin/builder/spi-builder-workspace/.swiftpm/xcode
SwiftCompile normal arm64 /Users/admin/builder/spi-builder-workspace/Sources/ScryfallKit/Models/Card/Card+enums.swift (in target 'ScryfallKit' from project 'ScryfallKit')
cd /Users/admin/builder/spi-builder-workspace/.swiftpm/xcode
SwiftDriverJobDiscovery normal arm64 Emitting module for ScryfallKit (in target 'ScryfallKit' from project 'ScryfallKit')
SwiftDriver\ Compilation\ Requirements ScryfallKit normal arm64 com.apple.xcode.tools.swift.compiler (in target 'ScryfallKit' from project 'ScryfallKit')
cd /Users/admin/builder/spi-builder-workspace/.swiftpm/xcode
builtin-Swift-Compilation-Requirements -- /Applications/Xcode-26.5.0.app/Contents/Developer/Toolchains/XcodeDefault.xctoolchain/usr/bin/swiftc -module-name ScryfallKit -Onone @/Users/admin/builder/spi-builder-workspace/.derivedData/Build/Intermediates.noindex/ScryfallKit.build/Debug-appletvos/ScryfallKit.build/Objects-normal/arm64/ScryfallKit.SwiftFileList -DSWIFT_PACKAGE -DDEBUG -DSWIFT_MODULE_RESOURCE_BUNDLE_UNAVAILABLE -DXcode -plugin-path /Applications/Xcode-26.5.0.app/Contents/Developer/Toolchains/XcodeDefault.xctoolchain/usr/lib/swift/host/plugins/testing -enable-experimental-feature DebugDescriptionMacro -sdk /Applications/Xcode-26.5.0.app/Contents/Developer/Platforms/AppleTVOS.platform/Developer/SDKs/AppleTVOS26.5.sdk -target arm64-apple-tvos14.0 -g -module-cache-path /Users/admin/builder/spi-builder-workspace/.derivedData/ModuleCache.noindex -Xfrontend -serialize-debugging-options -enable-testing -index-store-path /Users/admin/builder/spi-builder-workspace/.derivedData/Index.noindex/DataStore -Xcc -D_LIBCPP_HARDENING_MODE\=_LIBCPP_HARDENING_MODE_DEBUG -swift-version 6 -I /Users/admin/builder/spi-builder-workspace/.derivedData/Build/Products/Debug-appletvos -Isystem /Applications/Xcode-26.5.0.app/Contents/Developer/Platforms/AppleTVOS.platform/Developer/usr/lib -F /Users/admin/builder/spi-builder-workspace/.derivedData/Build/Products/Debug-appletvos -F /Applications/Xcode-26.5.0.app/Contents/Developer/Platforms/AppleTVOS.platform/Developer/Library/Frameworks -F /Applications/Xcode-26.5.0.app/Contents/Developer/Platforms/AppleTVOS.platform/Developer/SDKs/AppleTVOS26.5.sdk/Developer/Library/Frameworks -c -j10 -enable-batch-mode -incremental -Xcc -ivfsstatcache -Xcc /Users/admin/builder/spi-builder-workspace/.derivedData/SDKStatCaches.noindex/appletvos26.5-23L470-688ef53f1462e2c8f657fdc38a81448fa2efe9286588b677106490127979b81c.sdkstatcache -output-file-map /Users/admin/builder/spi-builder-workspace/.derivedData/Build/Intermediates.noindex/ScryfallKit.build/Debug-appletvos/ScryfallKit.build/Objects-normal/arm64/ScryfallKit-OutputFileMap.json -use-frontend-parseable-output -save-temps -no-color-diagnostics -explicit-module-build -module-cache-path /Users/admin/builder/spi-builder-workspace/.derivedData/Build/Intermediates.noindex/SwiftExplicitPrecompiledModules -clang-scanner-module-cache-path /Users/admin/builder/spi-builder-workspace/.derivedData/ModuleCache.noindex -sdk-module-cache-path /Users/admin/builder/spi-builder-workspace/.derivedData/ModuleCache.noindex -serialize-diagnostics -emit-dependencies -emit-module -emit-module-path /Users/admin/builder/spi-builder-workspace/.derivedData/Build/Intermediates.noindex/ScryfallKit.build/Debug-appletvos/ScryfallKit.build/Objects-normal/arm64/ScryfallKit.swiftmodule -validate-clang-modules-once -clang-build-session-file /Users/admin/builder/spi-builder-workspace/.derivedData/ModuleCache.noindex/Session.modulevalidation -package-name spi_builder_workspace -Xcc -I/Users/admin/builder/spi-builder-workspace/.derivedData/Build/Intermediates.noindex/ScryfallKit.build/Debug-appletvos/ScryfallKit.build/swift-overrides.hmap -emit-const-values -Xfrontend -const-gather-protocols-file -Xfrontend /Users/admin/builder/spi-builder-workspace/.derivedData/Build/Intermediates.noindex/ScryfallKit.build/Debug-appletvos/ScryfallKit.build/Objects-normal/arm64/ScryfallKit_const_extract_protocols.json -Xcc -I/Users/admin/builder/spi-builder-workspace/.derivedData/Build/Products/Debug-appletvos/include -Xcc -I/Users/admin/builder/spi-builder-workspace/.derivedData/Build/Intermediates.noindex/ScryfallKit.build/Debug-appletvos/ScryfallKit.build/DerivedSources-normal/arm64 -Xcc -I/Users/admin/builder/spi-builder-workspace/.derivedData/Build/Intermediates.noindex/ScryfallKit.build/Debug-appletvos/ScryfallKit.build/DerivedSources/arm64 -Xcc -I/Users/admin/builder/spi-builder-workspace/.derivedData/Build/Intermediates.noindex/ScryfallKit.build/Debug-appletvos/ScryfallKit.build/DerivedSources -Xcc -DSWIFT_PACKAGE -Xcc -DDEBUG\=1 -emit-objc-header -emit-objc-header-path /Users/admin/builder/spi-builder-workspace/.derivedData/Build/Intermediates.noindex/ScryfallKit.build/Debug-appletvos/ScryfallKit.build/Objects-normal/arm64/ScryfallKit-Swift.h -working-directory /Users/admin/builder/spi-builder-workspace/.swiftpm/xcode -experimental-emit-module-separately -disable-cmo
SwiftDriverJobDiscovery normal arm64 Compiling Card+Preview.swift, Card+Prices.swift, Card+RelatedCard.swift (in target 'ScryfallKit' from project 'ScryfallKit')
SwiftDriverJobDiscovery normal arm64 Compiling Card+ImageUris.swift, Card+Legalities.swift, Card+ManaCost.swift (in target 'ScryfallKit' from project 'ScryfallKit')
SwiftMergeGeneratedHeaders /Users/admin/builder/spi-builder-workspace/.derivedData/Build/Intermediates.noindex/GeneratedModuleMaps-appletvos/ScryfallKit-Swift.h /Users/admin/builder/spi-builder-workspace/.derivedData/Build/Intermediates.noindex/ScryfallKit.build/Debug-appletvos/ScryfallKit.build/Objects-normal/arm64/ScryfallKit-Swift.h (in target 'ScryfallKit' from project 'ScryfallKit')
cd /Users/admin/builder/spi-builder-workspace
builtin-swiftHeaderTool -arch arm64 /Users/admin/builder/spi-builder-workspace/.derivedData/Build/Intermediates.noindex/ScryfallKit.build/Debug-appletvos/ScryfallKit.build/Objects-normal/arm64/ScryfallKit-Swift.h -o /Users/admin/builder/spi-builder-workspace/.derivedData/Build/Intermediates.noindex/GeneratedModuleMaps-appletvos/ScryfallKit-Swift.h
Copy /Users/admin/builder/spi-builder-workspace/.derivedData/Build/Products/Debug-appletvos/ScryfallKit.swiftmodule/arm64-apple-tvos.swiftmodule /Users/admin/builder/spi-builder-workspace/.derivedData/Build/Intermediates.noindex/ScryfallKit.build/Debug-appletvos/ScryfallKit.build/Objects-normal/arm64/ScryfallKit.swiftmodule (in target 'ScryfallKit' from project 'ScryfallKit')
cd /Users/admin/builder/spi-builder-workspace
builtin-copy -exclude .DS_Store -exclude CVS -exclude .svn -exclude .git -exclude .hg -resolve-src-symlinks -rename /Users/admin/builder/spi-builder-workspace/.derivedData/Build/Intermediates.noindex/ScryfallKit.build/Debug-appletvos/ScryfallKit.build/Objects-normal/arm64/ScryfallKit.swiftmodule /Users/admin/builder/spi-builder-workspace/.derivedData/Build/Products/Debug-appletvos/ScryfallKit.swiftmodule/arm64-apple-tvos.swiftmodule
Copy /Users/admin/builder/spi-builder-workspace/.derivedData/Build/Products/Debug-appletvos/ScryfallKit.swiftmodule/arm64-apple-tvos.swiftdoc /Users/admin/builder/spi-builder-workspace/.derivedData/Build/Intermediates.noindex/ScryfallKit.build/Debug-appletvos/ScryfallKit.build/Objects-normal/arm64/ScryfallKit.swiftdoc (in target 'ScryfallKit' from project 'ScryfallKit')
cd /Users/admin/builder/spi-builder-workspace
builtin-copy -exclude .DS_Store -exclude CVS -exclude .svn -exclude .git -exclude .hg -resolve-src-symlinks -rename /Users/admin/builder/spi-builder-workspace/.derivedData/Build/Intermediates.noindex/ScryfallKit.build/Debug-appletvos/ScryfallKit.build/Objects-normal/arm64/ScryfallKit.swiftdoc /Users/admin/builder/spi-builder-workspace/.derivedData/Build/Products/Debug-appletvos/ScryfallKit.swiftmodule/arm64-apple-tvos.swiftdoc
Copy /Users/admin/builder/spi-builder-workspace/.derivedData/Build/Products/Debug-appletvos/ScryfallKit.swiftmodule/arm64-apple-tvos.abi.json /Users/admin/builder/spi-builder-workspace/.derivedData/Build/Intermediates.noindex/ScryfallKit.build/Debug-appletvos/ScryfallKit.build/Objects-normal/arm64/ScryfallKit.abi.json (in target 'ScryfallKit' from project 'ScryfallKit')
cd /Users/admin/builder/spi-builder-workspace
builtin-copy -exclude .DS_Store -exclude CVS -exclude .svn -exclude .git -exclude .hg -resolve-src-symlinks -rename /Users/admin/builder/spi-builder-workspace/.derivedData/Build/Intermediates.noindex/ScryfallKit.build/Debug-appletvos/ScryfallKit.build/Objects-normal/arm64/ScryfallKit.abi.json /Users/admin/builder/spi-builder-workspace/.derivedData/Build/Products/Debug-appletvos/ScryfallKit.swiftmodule/arm64-apple-tvos.abi.json
SwiftDriverJobDiscovery normal arm64 Compiling Card.swift, Catalog.swift, Enums.swift (in target 'ScryfallKit' from project 'ScryfallKit')
Copy /Users/admin/builder/spi-builder-workspace/.derivedData/Build/Products/Debug-appletvos/ScryfallKit.swiftmodule/Project/arm64-apple-tvos.swiftsourceinfo /Users/admin/builder/spi-builder-workspace/.derivedData/Build/Intermediates.noindex/ScryfallKit.build/Debug-appletvos/ScryfallKit.build/Objects-normal/arm64/ScryfallKit.swiftsourceinfo (in target 'ScryfallKit' from project 'ScryfallKit')
cd /Users/admin/builder/spi-builder-workspace
builtin-copy -exclude .DS_Store -exclude CVS -exclude .svn -exclude .git -exclude .hg -resolve-src-symlinks -rename /Users/admin/builder/spi-builder-workspace/.derivedData/Build/Intermediates.noindex/ScryfallKit.build/Debug-appletvos/ScryfallKit.build/Objects-normal/arm64/ScryfallKit.swiftsourceinfo /Users/admin/builder/spi-builder-workspace/.derivedData/Build/Products/Debug-appletvos/ScryfallKit.swiftmodule/Project/arm64-apple-tvos.swiftsourceinfo
SwiftDriver ScryfallKitTests normal arm64 com.apple.xcode.tools.swift.compiler (in target 'ScryfallKitTests' from project 'ScryfallKit')
cd /Users/admin/builder/spi-builder-workspace/.swiftpm/xcode
builtin-SwiftDriver -- /Applications/Xcode-26.5.0.app/Contents/Developer/Toolchains/XcodeDefault.xctoolchain/usr/bin/swiftc -module-name ScryfallKitTests -Onone @/Users/admin/builder/spi-builder-workspace/.derivedData/Build/Intermediates.noindex/ScryfallKit.build/Debug-appletvos/ScryfallKitTests.build/Objects-normal/arm64/ScryfallKitTests.SwiftFileList -DSWIFT_PACKAGE -DDEBUG -DXcode -plugin-path /Applications/Xcode-26.5.0.app/Contents/Developer/Toolchains/XcodeDefault.xctoolchain/usr/lib/swift/host/plugins/testing -enable-experimental-feature DebugDescriptionMacro -sdk /Applications/Xcode-26.5.0.app/Contents/Developer/Platforms/AppleTVOS.platform/Developer/SDKs/AppleTVOS26.5.sdk -target arm64-apple-tvos14.0 -g -module-cache-path /Users/admin/builder/spi-builder-workspace/.derivedData/ModuleCache.noindex -Xfrontend -serialize-debugging-options -enable-testing -index-store-path /Users/admin/builder/spi-builder-workspace/.derivedData/Index.noindex/DataStore -Xcc -D_LIBCPP_HARDENING_MODE\=_LIBCPP_HARDENING_MODE_DEBUG -swift-version 6 -I /Users/admin/builder/spi-builder-workspace/.derivedData/Build/Products/Debug-appletvos -Isystem /Applications/Xcode-26.5.0.app/Contents/Developer/Platforms/AppleTVOS.platform/Developer/usr/lib -F /Users/admin/builder/spi-builder-workspace/.derivedData/Build/Products/Debug-appletvos/PackageFrameworks -F /Users/admin/builder/spi-builder-workspace/.derivedData/Build/Products/Debug-appletvos -F /Applications/Xcode-26.5.0.app/Contents/Developer/Platforms/AppleTVOS.platform/Developer/Library/Frameworks -F /Applications/Xcode-26.5.0.app/Contents/Developer/Platforms/AppleTVOS.platform/Developer/SDKs/AppleTVOS26.5.sdk/Developer/Library/Frameworks -c -j10 -enable-batch-mode -incremental -Xcc -ivfsstatcache -Xcc /Users/admin/builder/spi-builder-workspace/.derivedData/SDKStatCaches.noindex/appletvos26.5-23L470-688ef53f1462e2c8f657fdc38a81448fa2efe9286588b677106490127979b81c.sdkstatcache -output-file-map /Users/admin/builder/spi-builder-workspace/.derivedData/Build/Intermediates.noindex/ScryfallKit.build/Debug-appletvos/ScryfallKitTests.build/Objects-normal/arm64/ScryfallKitTests-OutputFileMap.json -use-frontend-parseable-output -save-temps -no-color-diagnostics -explicit-module-build -module-cache-path /Users/admin/builder/spi-builder-workspace/.derivedData/Build/Intermediates.noindex/SwiftExplicitPrecompiledModules -clang-scanner-module-cache-path /Users/admin/builder/spi-builder-workspace/.derivedData/ModuleCache.noindex -sdk-module-cache-path /Users/admin/builder/spi-builder-workspace/.derivedData/ModuleCache.noindex -serialize-diagnostics -emit-dependencies -emit-module -emit-module-path /Users/admin/builder/spi-builder-workspace/.derivedData/Build/Intermediates.noindex/ScryfallKit.build/Debug-appletvos/ScryfallKitTests.build/Objects-normal/arm64/ScryfallKitTests.swiftmodule -validate-clang-modules-once -clang-build-session-file /Users/admin/builder/spi-builder-workspace/.derivedData/ModuleCache.noindex/Session.modulevalidation -package-name spi_builder_workspace -emit-const-values -Xfrontend -const-gather-protocols-file -Xfrontend /Users/admin/builder/spi-builder-workspace/.derivedData/Build/Intermediates.noindex/ScryfallKit.build/Debug-appletvos/ScryfallKitTests.build/Objects-normal/arm64/ScryfallKitTests_const_extract_protocols.json -Xcc -I/Users/admin/builder/spi-builder-workspace/.derivedData/Build/Products/Debug-appletvos/include -Xcc -I/Users/admin/builder/spi-builder-workspace/.derivedData/Build/Intermediates.noindex/ScryfallKit.build/Debug-appletvos/ScryfallKitTests.build/DerivedSources-normal/arm64 -Xcc -I/Users/admin/builder/spi-builder-workspace/.derivedData/Build/Intermediates.noindex/ScryfallKit.build/Debug-appletvos/ScryfallKitTests.build/DerivedSources/arm64 -Xcc -I/Users/admin/builder/spi-builder-workspace/.derivedData/Build/Intermediates.noindex/ScryfallKit.build/Debug-appletvos/ScryfallKitTests.build/DerivedSources -Xcc -DSWIFT_PACKAGE -Xcc -DDEBUG\=1 -working-directory /Users/admin/builder/spi-builder-workspace/.swiftpm/xcode -experimental-emit-module-separately -disable-cmo
SwiftDriverJobDiscovery normal arm64 Compiling ScryfallClient.swift, ScryfallKitError.swift (in target 'ScryfallKit' from project 'ScryfallKit')
SwiftDriverJobDiscovery normal arm64 Compiling SymbolRequests.swift, NetworkService.swift, RateLimiter.swift (in target 'ScryfallKit' from project 'ScryfallKit')
SwiftDriverJobDiscovery normal arm64 Compiling FieldFilter.swift, MTGSet.swift, ObjectList.swift (in target 'ScryfallKit' from project 'ScryfallKit')
SwiftDriverJobDiscovery normal arm64 Compiling ScryfallError.swift, CardRequests.swift, CatalogRequests.swift (in target 'ScryfallKit' from project 'ScryfallKit')
SwiftDriverJobDiscovery normal arm64 Compiling Card+Ruling.swift, Card+Symbol.swift, Card+enums.swift (in target 'ScryfallKit' from project 'ScryfallKit')
SwiftDriverJobDiscovery normal arm64 Compiling EndpointRequest.swift, RulingsRequests.swift, SetRequests.swift (in target 'ScryfallKit' from project 'ScryfallKit')
SwiftDriverJobDiscovery normal arm64 Compiling Card+helpers.swift, MTGSet+date.swift, Card+Face.swift (in target 'ScryfallKit' from project 'ScryfallKit')
SwiftDriver\ Compilation ScryfallKit normal arm64 com.apple.xcode.tools.swift.compiler (in target 'ScryfallKit' from project 'ScryfallKit')
cd /Users/admin/builder/spi-builder-workspace/.swiftpm/xcode
builtin-Swift-Compilation -- /Applications/Xcode-26.5.0.app/Contents/Developer/Toolchains/XcodeDefault.xctoolchain/usr/bin/swiftc -module-name ScryfallKit -Onone @/Users/admin/builder/spi-builder-workspace/.derivedData/Build/Intermediates.noindex/ScryfallKit.build/Debug-appletvos/ScryfallKit.build/Objects-normal/arm64/ScryfallKit.SwiftFileList -DSWIFT_PACKAGE -DDEBUG -DSWIFT_MODULE_RESOURCE_BUNDLE_UNAVAILABLE -DXcode -plugin-path /Applications/Xcode-26.5.0.app/Contents/Developer/Toolchains/XcodeDefault.xctoolchain/usr/lib/swift/host/plugins/testing -enable-experimental-feature DebugDescriptionMacro -sdk /Applications/Xcode-26.5.0.app/Contents/Developer/Platforms/AppleTVOS.platform/Developer/SDKs/AppleTVOS26.5.sdk -target arm64-apple-tvos14.0 -g -module-cache-path /Users/admin/builder/spi-builder-workspace/.derivedData/ModuleCache.noindex -Xfrontend -serialize-debugging-options -enable-testing -index-store-path /Users/admin/builder/spi-builder-workspace/.derivedData/Index.noindex/DataStore -Xcc -D_LIBCPP_HARDENING_MODE\=_LIBCPP_HARDENING_MODE_DEBUG -swift-version 6 -I /Users/admin/builder/spi-builder-workspace/.derivedData/Build/Products/Debug-appletvos -Isystem /Applications/Xcode-26.5.0.app/Contents/Developer/Platforms/AppleTVOS.platform/Developer/usr/lib -F /Users/admin/builder/spi-builder-workspace/.derivedData/Build/Products/Debug-appletvos -F /Applications/Xcode-26.5.0.app/Contents/Developer/Platforms/AppleTVOS.platform/Developer/Library/Frameworks -F /Applications/Xcode-26.5.0.app/Contents/Developer/Platforms/AppleTVOS.platform/Developer/SDKs/AppleTVOS26.5.sdk/Developer/Library/Frameworks -c -j10 -enable-batch-mode -incremental -Xcc -ivfsstatcache -Xcc /Users/admin/builder/spi-builder-workspace/.derivedData/SDKStatCaches.noindex/appletvos26.5-23L470-688ef53f1462e2c8f657fdc38a81448fa2efe9286588b677106490127979b81c.sdkstatcache -output-file-map /Users/admin/builder/spi-builder-workspace/.derivedData/Build/Intermediates.noindex/ScryfallKit.build/Debug-appletvos/ScryfallKit.build/Objects-normal/arm64/ScryfallKit-OutputFileMap.json -use-frontend-parseable-output -save-temps -no-color-diagnostics -explicit-module-build -module-cache-path /Users/admin/builder/spi-builder-workspace/.derivedData/Build/Intermediates.noindex/SwiftExplicitPrecompiledModules -clang-scanner-module-cache-path /Users/admin/builder/spi-builder-workspace/.derivedData/ModuleCache.noindex -sdk-module-cache-path /Users/admin/builder/spi-builder-workspace/.derivedData/ModuleCache.noindex -serialize-diagnostics -emit-dependencies -emit-module -emit-module-path /Users/admin/builder/spi-builder-workspace/.derivedData/Build/Intermediates.noindex/ScryfallKit.build/Debug-appletvos/ScryfallKit.build/Objects-normal/arm64/ScryfallKit.swiftmodule -validate-clang-modules-once -clang-build-session-file /Users/admin/builder/spi-builder-workspace/.derivedData/ModuleCache.noindex/Session.modulevalidation -package-name spi_builder_workspace -Xcc -I/Users/admin/builder/spi-builder-workspace/.derivedData/Build/Intermediates.noindex/ScryfallKit.build/Debug-appletvos/ScryfallKit.build/swift-overrides.hmap -emit-const-values -Xfrontend -const-gather-protocols-file -Xfrontend /Users/admin/builder/spi-builder-workspace/.derivedData/Build/Intermediates.noindex/ScryfallKit.build/Debug-appletvos/ScryfallKit.build/Objects-normal/arm64/ScryfallKit_const_extract_protocols.json -Xcc -I/Users/admin/builder/spi-builder-workspace/.derivedData/Build/Products/Debug-appletvos/include -Xcc -I/Users/admin/builder/spi-builder-workspace/.derivedData/Build/Intermediates.noindex/ScryfallKit.build/Debug-appletvos/ScryfallKit.build/DerivedSources-normal/arm64 -Xcc -I/Users/admin/builder/spi-builder-workspace/.derivedData/Build/Intermediates.noindex/ScryfallKit.build/Debug-appletvos/ScryfallKit.build/DerivedSources/arm64 -Xcc -I/Users/admin/builder/spi-builder-workspace/.derivedData/Build/Intermediates.noindex/ScryfallKit.build/Debug-appletvos/ScryfallKit.build/DerivedSources -Xcc -DSWIFT_PACKAGE -Xcc -DDEBUG\=1 -emit-objc-header -emit-objc-header-path /Users/admin/builder/spi-builder-workspace/.derivedData/Build/Intermediates.noindex/ScryfallKit.build/Debug-appletvos/ScryfallKit.build/Objects-normal/arm64/ScryfallKit-Swift.h -working-directory /Users/admin/builder/spi-builder-workspace/.swiftpm/xcode -experimental-emit-module-separately -disable-cmo
Ld /Users/admin/builder/spi-builder-workspace/.derivedData/Build/Products/Debug-appletvos/ScryfallKit.o normal (in target 'ScryfallKit' from project 'ScryfallKit')
cd /Users/admin/builder/spi-builder-workspace
/Applications/Xcode-26.5.0.app/Contents/Developer/Toolchains/XcodeDefault.xctoolchain/usr/bin/clang -Xlinker -reproducible -target arm64-apple-tvos14.0 -r -isysroot /Applications/Xcode-26.5.0.app/Contents/Developer/Platforms/AppleTVOS.platform/Developer/SDKs/AppleTVOS26.5.sdk -O0 -F/Users/admin/builder/spi-builder-workspace/.derivedData/Build/Intermediates.noindex/EagerLinkingTBDs/Debug-appletvos -F/Users/admin/builder/spi-builder-workspace/.derivedData/Build/Products/Debug-appletvos -iframework /Applications/Xcode-26.5.0.app/Contents/Developer/Platforms/AppleTVOS.platform/Developer/Library/Frameworks -iframework /Applications/Xcode-26.5.0.app/Contents/Developer/Platforms/AppleTVOS.platform/Developer/SDKs/AppleTVOS26.5.sdk/Developer/Library/Frameworks -filelist /Users/admin/builder/spi-builder-workspace/.derivedData/Build/Intermediates.noindex/ScryfallKit.build/Debug-appletvos/ScryfallKit.build/Objects-normal/arm64/ScryfallKit.LinkFileList -nostdlib -Xlinker -object_path_lto -Xlinker /Users/admin/builder/spi-builder-workspace/.derivedData/Build/Intermediates.noindex/ScryfallKit.build/Debug-appletvos/ScryfallKit.build/Objects-normal/arm64/ScryfallKit_lto.o -Xlinker -no_deduplicate -Xlinker -dependency_info -Xlinker /Users/admin/builder/spi-builder-workspace/.derivedData/Build/Intermediates.noindex/ScryfallKit.build/Debug-appletvos/ScryfallKit.build/Objects-normal/arm64/ScryfallKit_dependency_info.dat -fobjc-link-runtime -L/Applications/Xcode-26.5.0.app/Contents/Developer/Toolchains/XcodeDefault.xctoolchain/usr/lib/swift/appletvos -L/usr/lib/swift -Xlinker -add_ast_path -Xlinker /Users/admin/builder/spi-builder-workspace/.derivedData/Build/Intermediates.noindex/ScryfallKit.build/Debug-appletvos/ScryfallKit.build/Objects-normal/arm64/ScryfallKit.swiftmodule @/Users/admin/builder/spi-builder-workspace/.derivedData/Build/Intermediates.noindex/ScryfallKit.build/Debug-appletvos/ScryfallKit.build/Objects-normal/arm64/ScryfallKit-linker-args.resp -o /Users/admin/builder/spi-builder-workspace/.derivedData/Build/Products/Debug-appletvos/ScryfallKit.o
SwiftExplicitDependencyCompileModuleFromInterface arm64 /Users/admin/builder/spi-builder-workspace/.derivedData/Build/Intermediates.noindex/SwiftExplicitPrecompiledModules/Testing-1Y8AN2DWR4TD3.swiftmodule
ExtractAppIntentsMetadata (in target 'ScryfallKit' from project 'ScryfallKit')
cd /Users/admin/builder/spi-builder-workspace
/Applications/Xcode-26.5.0.app/Contents/Developer/Toolchains/XcodeDefault.xctoolchain/usr/bin/appintentsmetadataprocessor --toolchain-dir /var/run/com.apple.security.cryptexd/mnt/com.apple.MobileAsset.MetalToolchain-v17.6.42.0.qB1bCC/Metal.xctoolchain --module-name ScryfallKit --sdk-root /Applications/Xcode-26.5.0.app/Contents/Developer/Platforms/AppleTVOS.platform/Developer/SDKs/AppleTVOS26.5.sdk --xcode-version 17F42 --platform-family tvOS --deployment-target 14.0 --bundle-identifier spi-builder-workspace.ScryfallKit --output /Users/admin/builder/spi-builder-workspace/.derivedData/Build/Products/Debug-appletvos/ScryfallKit.appintents --target-triple arm64-apple-tvos14.0 --binary-file /Users/admin/builder/spi-builder-workspace/.derivedData/Build/Products/Debug-appletvos/ScryfallKit.o --dependency-file /Users/admin/builder/spi-builder-workspace/.derivedData/Build/Intermediates.noindex/ScryfallKit.build/Debug-appletvos/ScryfallKit.build/Objects-normal/arm64/ScryfallKit_dependency_info.dat --stringsdata-file /Users/admin/builder/spi-builder-workspace/.derivedData/Build/Intermediates.noindex/ScryfallKit.build/Debug-appletvos/ScryfallKit.build/Objects-normal/arm64/ExtractedAppShortcutsMetadata.stringsdata --source-file-list /Users/admin/builder/spi-builder-workspace/.derivedData/Build/Intermediates.noindex/ScryfallKit.build/Debug-appletvos/ScryfallKit.build/Objects-normal/arm64/ScryfallKit.SwiftFileList --metadata-file-list /Users/admin/builder/spi-builder-workspace/.derivedData/Build/Intermediates.noindex/ScryfallKit.build/Debug-appletvos/ScryfallKit.build/ScryfallKit.DependencyMetadataFileList --static-metadata-file-list /Users/admin/builder/spi-builder-workspace/.derivedData/Build/Intermediates.noindex/ScryfallKit.build/Debug-appletvos/ScryfallKit.build/ScryfallKit.DependencyStaticMetadataFileList --swift-const-vals-list /Users/admin/builder/spi-builder-workspace/.derivedData/Build/Intermediates.noindex/ScryfallKit.build/Debug-appletvos/ScryfallKit.build/Objects-normal/arm64/ScryfallKit.SwiftConstValuesFileList --force --compile-time-extraction --deployment-aware-processing --validate-assistant-intents --no-app-shortcuts-localization
2026-10-09 11:23:47.312 appintentsmetadataprocessor[720:4366] Starting appintentsmetadataprocessor export
2026-10-09 11:23:47.331 appintentsmetadataprocessor[720:4366] Extracted no relevant App Intents symbols, skipping writing output
RegisterExecutionPolicyException /Users/admin/builder/spi-builder-workspace/.derivedData/Build/Products/Debug-appletvos/ScryfallKit.o (in target 'ScryfallKit' from project 'ScryfallKit')
cd /Users/admin/builder/spi-builder-workspace
builtin-RegisterExecutionPolicyException /Users/admin/builder/spi-builder-workspace/.derivedData/Build/Products/Debug-appletvos/ScryfallKit.o
ProcessInfoPlistFile /Users/admin/builder/spi-builder-workspace/.derivedData/Build/Products/Debug-appletvos/ScryfallKitTests.xctest/Info.plist /Users/admin/builder/spi-builder-workspace/.derivedData/Build/Intermediates.noindex/ScryfallKit.build/Debug-appletvos/ScryfallKitTests.build/empty-ScryfallKitTests.plist (in target 'ScryfallKitTests' from project 'ScryfallKit')
cd /Users/admin/builder/spi-builder-workspace
builtin-infoPlistUtility /Users/admin/builder/spi-builder-workspace/.derivedData/Build/Intermediates.noindex/ScryfallKit.build/Debug-appletvos/ScryfallKitTests.build/empty-ScryfallKitTests.plist -producttype com.apple.product-type.bundle.unit-test -expandbuildsettings -format binary -platform appletvos -o /Users/admin/builder/spi-builder-workspace/.derivedData/Build/Products/Debug-appletvos/ScryfallKitTests.xctest/Info.plist
SwiftExplicitDependencyCompileModuleFromInterface arm64 /Users/admin/builder/spi-builder-workspace/.derivedData/Build/Intermediates.noindex/SwiftExplicitPrecompiledModules/_Testing_Foundation-AI03UMK1VV8W.swiftmodule
SwiftEmitModule normal arm64 Emitting\ module\ for\ ScryfallKitTests (in target 'ScryfallKitTests' from project 'ScryfallKit')
EmitSwiftModule normal arm64 (in target 'ScryfallKitTests' from project 'ScryfallKit')
cd /Users/admin/builder/spi-builder-workspace/.swiftpm/xcode
SwiftCompile normal arm64 Compiling\ SmokeTests.swift /Users/admin/builder/spi-builder-workspace/Tests/ScryfallKitTests/SmokeTests.swift (in target 'ScryfallKitTests' from project 'ScryfallKit')
SwiftCompile normal arm64 /Users/admin/builder/spi-builder-workspace/Tests/ScryfallKitTests/SmokeTests.swift (in target 'ScryfallKitTests' from project 'ScryfallKit')
cd /Users/admin/builder/spi-builder-workspace/.swiftpm/xcode
/Users/admin/builder/spi-builder-workspace/Tests/ScryfallKitTests/SmokeTests.swift:164:28: error: 'sleep(for:tolerance:clock:)' is only available in tvOS 16.0 or newer
try await Task.sleep(for: .seconds(1))
^
/Users/admin/builder/spi-builder-workspace/Tests/ScryfallKitTests/SmokeTests.swift:164:28: note: add 'if #available' version check
try await Task.sleep(for: .seconds(1))
^
/Users/admin/builder/spi-builder-workspace/Tests/ScryfallKitTests/SmokeTests.swift:139:16: note: add '@available' attribute to enclosing instance method
@Test func allNewCards() async throws {
^
/Users/admin/builder/spi-builder-workspace/Tests/ScryfallKitTests/SmokeTests.swift:9:8: note: add '@available' attribute to enclosing struct
struct SmokeTests {
^
/Users/admin/builder/spi-builder-workspace/Tests/ScryfallKitTests/SmokeTests.swift:164:40: error: 'seconds' is only available in tvOS 16.0 or newer
try await Task.sleep(for: .seconds(1))
^
/Users/admin/builder/spi-builder-workspace/Tests/ScryfallKitTests/SmokeTests.swift:164:40: note: add 'if #available' version check
try await Task.sleep(for: .seconds(1))
^
/Users/admin/builder/spi-builder-workspace/Tests/ScryfallKitTests/SmokeTests.swift:139:16: note: add '@available' attribute to enclosing instance method
@Test func allNewCards() async throws {
^
/Users/admin/builder/spi-builder-workspace/Tests/ScryfallKitTests/SmokeTests.swift:9:8: note: add '@available' attribute to enclosing struct
struct SmokeTests {
^
Failed frontend command:
/Applications/Xcode-26.5.0.app/Contents/Developer/Toolchains/XcodeDefault.xctoolchain/usr/bin/swift-frontend -frontend -c /Users/admin/builder/spi-builder-workspace/Tests/ScryfallKitTests/ComparableTests.swift /Users/admin/builder/spi-builder-workspace/Tests/ScryfallKitTests/RateLimiterTests.swift -primary-file /Users/admin/builder/spi-builder-workspace/Tests/ScryfallKitTests/SmokeTests.swift -emit-dependencies-path /Users/admin/builder/spi-builder-workspace/.derivedData/Build/Intermediates.noindex/ScryfallKit.build/Debug-appletvos/ScryfallKitTests.build/Objects-normal/arm64/SmokeTests.d -emit-const-values-path /Users/admin/builder/spi-builder-workspace/.derivedData/Build/Intermediates.noindex/ScryfallKit.build/Debug-appletvos/ScryfallKitTests.build/Objects-normal/arm64/SmokeTests.swiftconstvalues -emit-reference-dependencies-path /Users/admin/builder/spi-builder-workspace/.derivedData/Build/Intermediates.noindex/ScryfallKit.build/Debug-appletvos/ScryfallKitTests.build/Objects-normal/arm64/SmokeTests.swiftdeps -serialize-diagnostics-path /Users/admin/builder/spi-builder-workspace/.derivedData/Build/Intermediates.noindex/ScryfallKit.build/Debug-appletvos/ScryfallKitTests.build/Objects-normal/arm64/SmokeTests.dia -target arm64-apple-tvos14.0 -disable-cross-import-overlay-search -swift-module-cross-import Testing /Applications/Xcode-26.5.0.app/Contents/Developer/Platforms/AppleTVOS.platform/Developer/Library/Frameworks/Testing.framework/Modules/Testing.swiftcrossimport/CoreGraphics.swiftoverlay -swift-module-cross-import Testing /Applications/Xcode-26.5.0.app/Contents/Developer/Platforms/AppleTVOS.platform/Developer/Library/Frameworks/Testing.framework/Modules/Testing.swiftcrossimport/CoreImage.swiftoverlay -swift-module-cross-import Testing /Applications/Xcode-26.5.0.app/Contents/Developer/Platforms/AppleTVOS.platform/Developer/Library/Frameworks/Testing.framework/Modules/Testing.swiftcrossimport/Foundation.swiftoverlay -swift-module-cross-import Testing /Applications/Xcode-26.5.0.app/Contents/Developer/Platforms/AppleTVOS.platform/Developer/Library/Frameworks/Testing.framework/Modules/Testing.swiftcrossimport/UIKit.swiftoverlay -load-resolved-plugin /Applications/Xcode-26.5.0.app/Contents/Developer/Platforms/AppleTVOS.platform/Developer/usr/lib/swift/host/plugins/libFoundationMacros.dylib\#/Applications/Xcode-26.5.0.app/Contents/Developer/Platforms/AppleTVOS.platform/Developer/usr/bin/swift-plugin-server\#FoundationMacros -load-resolved-plugin /Applications/Xcode-26.5.0.app/Contents/Developer/Platforms/AppleTVOS.platform/Developer/usr/lib/swift/host/plugins/libObservationMacros.dylib\#/Applications/Xcode-26.5.0.app/Contents/Developer/Platforms/AppleTVOS.platform/Developer/usr/bin/swift-plugin-server\#ObservationMacros -load-resolved-plugin /Applications/Xcode-26.5.0.app/Contents/Developer/Platforms/AppleTVOS.platform/Developer/usr/lib/swift/host/plugins/libSwiftMacros.dylib\#/Applications/Xcode-26.5.0.app/Contents/Developer/Platforms/AppleTVOS.platform/Developer/usr/bin/swift-plugin-server\#SwiftMacros -load-resolved-plugin /Applications/Xcode-26.5.0.app/Contents/Developer/Toolchains/XcodeDefault.xctoolchain/usr/lib/swift/host/plugins/testing/libTestingMacros.dylib\#\#TestingMacros -disable-implicit-swift-modules -Xcc -fno-implicit-modules -Xcc -fno-implicit-module-maps -explicit-swift-module-map-file /Users/admin/builder/spi-builder-workspace/.derivedData/Build/Intermediates.noindex/ScryfallKit.build/Debug-appletvos/ScryfallKitTests.build/Objects-normal/arm64/ScryfallKitTests-dependencies-1.json -debug-module-path /Users/admin/builder/spi-builder-workspace/.derivedData/Build/Intermediates.noindex/ScryfallKit.build/Debug-appletvos/ScryfallKitTests.build/Objects-normal/arm64/ScryfallKitTests.swiftmodule -Xllvm -aarch64-use-tbi -enable-objc-interop -stack-check -sdk /Applications/Xcode-26.5.0.app/Contents/Developer/Platforms/AppleTVOS.platform/Developer/SDKs/AppleTVOS26.5.sdk -I /Users/admin/builder/spi-builder-workspace/.derivedData/Build/Products/Debug-appletvos -Isystem /Applications/Xcode-26.5.0.app/Contents/Developer/Platforms/AppleTVOS.platform/Developer/usr/lib -F /Users/admin/builder/spi-builder-workspace/.derivedData/Build/Products/Debug-appletvos/PackageFrameworks -F /Users/admin/builder/spi-builder-workspace/.derivedData/Build/Products/Debug-appletvos -F /Applications/Xcode-26.5.0.app/Contents/Developer/Platforms/AppleTVOS.platform/Developer/Library/Frameworks -F /Applications/Xcode-26.5.0.app/Contents/Developer/Platforms/AppleTVOS.platform/Developer/SDKs/AppleTVOS26.5.sdk/Developer/Library/Frameworks -no-color-diagnostics -Xcc -fno-color-diagnostics -enable-testing -g -debug-info-format\=dwarf -dwarf-version\=4 -module-cache-path /Users/admin/builder/spi-builder-workspace/.derivedData/Build/Intermediates.noindex/SwiftExplicitPrecompiledModules -swift-version 6 -Onone -D SWIFT_PACKAGE -D DEBUG -D Xcode -serialize-debugging-options -const-gather-protocols-file /Users/admin/builder/spi-builder-workspace/.derivedData/Build/Intermediates.noindex/ScryfallKit.build/Debug-appletvos/ScryfallKitTests.build/Objects-normal/arm64/ScryfallKitTests_const_extract_protocols.json -enable-experimental-feature DebugDescriptionMacro -empty-abi-descriptor -validate-clang-modules-once -clang-build-session-file /Users/admin/builder/spi-builder-workspace/.derivedData/ModuleCache.noindex/Session.modulevalidation -Xcc -working-directory -Xcc /Users/admin/builder/spi-builder-workspace/.swiftpm/xcode -enable-anonymous-context-mangled-names -file-compilation-dir /Users/admin/builder/spi-builder-workspace/.swiftpm/xcode -Xcc -D_LIBCPP_HARDENING_MODE\=_LIBCPP_HARDENING_MODE_DEBUG -Xcc -ivfsstatcache -Xcc /Users/admin/builder/spi-builder-workspace/.derivedData/SDKStatCaches.noindex/appletvos26.5-23L470-688ef53f1462e2c8f657fdc38a81448fa2efe9286588b677106490127979b81c.sdkstatcache -Xcc -I/Users/admin/builder/spi-builder-workspace/.derivedData/Build/Products/Debug-appletvos/include -Xcc -I/Users/admin/builder/spi-builder-workspace/.derivedData/Build/Intermediates.noindex/ScryfallKit.build/Debug-appletvos/ScryfallKitTests.build/DerivedSources-normal/arm64 -Xcc -I/Users/admin/builder/spi-builder-workspace/.derivedData/Build/Intermediates.noindex/ScryfallKit.build/Debug-appletvos/ScryfallKitTests.build/DerivedSources/arm64 -Xcc -I/Users/admin/builder/spi-builder-workspace/.derivedData/Build/Intermediates.noindex/ScryfallKit.build/Debug-appletvos/ScryfallKitTests.build/DerivedSources -Xcc -DSWIFT_PACKAGE -Xcc -DDEBUG\=1 -no-auto-bridging-header-chaining -module-name ScryfallKitTests -package-name spi_builder_workspace -frontend-parseable-output -disable-clang-spi -clang-target arm64-apple-tvos26.5 -target-sdk-version 26.5 -target-sdk-name appletvos26.5 -in-process-plugin-server-path /Applications/Xcode-26.5.0.app/Contents/Developer/Toolchains/XcodeDefault.xctoolchain/usr/lib/swift/host/libSwiftInProcPluginServer.dylib -o /Users/admin/builder/spi-builder-workspace/.derivedData/Build/Intermediates.noindex/ScryfallKit.build/Debug-appletvos/ScryfallKitTests.build/Objects-normal/arm64/SmokeTests.o -index-unit-output-path /ScryfallKit.build/Debug-appletvos/ScryfallKitTests.build/Objects-normal/arm64/SmokeTests.o -index-store-path /Users/admin/builder/spi-builder-workspace/.derivedData/Index.noindex/DataStore -index-system-modules
SwiftCompile normal arm64 Compiling\ RateLimiterTests.swift /Users/admin/builder/spi-builder-workspace/Tests/ScryfallKitTests/RateLimiterTests.swift (in target 'ScryfallKitTests' from project 'ScryfallKit')
SwiftCompile normal arm64 /Users/admin/builder/spi-builder-workspace/Tests/ScryfallKitTests/RateLimiterTests.swift (in target 'ScryfallKitTests' from project 'ScryfallKit')
cd /Users/admin/builder/spi-builder-workspace/.swiftpm/xcode
SwiftCompile normal arm64 Compiling\ ComparableTests.swift /Users/admin/builder/spi-builder-workspace/Tests/ScryfallKitTests/ComparableTests.swift (in target 'ScryfallKitTests' from project 'ScryfallKit')
SwiftCompile normal arm64 /Users/admin/builder/spi-builder-workspace/Tests/ScryfallKitTests/ComparableTests.swift (in target 'ScryfallKitTests' from project 'ScryfallKit')
cd /Users/admin/builder/spi-builder-workspace/.swiftpm/xcode
SwiftDriverJobDiscovery normal arm64 Emitting module for ScryfallKitTests (in target 'ScryfallKitTests' from project 'ScryfallKit')
SwiftDriver\ Compilation\ Requirements ScryfallKitTests normal arm64 com.apple.xcode.tools.swift.compiler (in target 'ScryfallKitTests' from project 'ScryfallKit')
cd /Users/admin/builder/spi-builder-workspace/.swiftpm/xcode
builtin-Swift-Compilation-Requirements -- /Applications/Xcode-26.5.0.app/Contents/Developer/Toolchains/XcodeDefault.xctoolchain/usr/bin/swiftc -module-name ScryfallKitTests -Onone @/Users/admin/builder/spi-builder-workspace/.derivedData/Build/Intermediates.noindex/ScryfallKit.build/Debug-appletvos/ScryfallKitTests.build/Objects-normal/arm64/ScryfallKitTests.SwiftFileList -DSWIFT_PACKAGE -DDEBUG -DXcode -plugin-path /Applications/Xcode-26.5.0.app/Contents/Developer/Toolchains/XcodeDefault.xctoolchain/usr/lib/swift/host/plugins/testing -enable-experimental-feature DebugDescriptionMacro -sdk /Applications/Xcode-26.5.0.app/Contents/Developer/Platforms/AppleTVOS.platform/Developer/SDKs/AppleTVOS26.5.sdk -target arm64-apple-tvos14.0 -g -module-cache-path /Users/admin/builder/spi-builder-workspace/.derivedData/ModuleCache.noindex -Xfrontend -serialize-debugging-options -enable-testing -index-store-path /Users/admin/builder/spi-builder-workspace/.derivedData/Index.noindex/DataStore -Xcc -D_LIBCPP_HARDENING_MODE\=_LIBCPP_HARDENING_MODE_DEBUG -swift-version 6 -I /Users/admin/builder/spi-builder-workspace/.derivedData/Build/Products/Debug-appletvos -Isystem /Applications/Xcode-26.5.0.app/Contents/Developer/Platforms/AppleTVOS.platform/Developer/usr/lib -F /Users/admin/builder/spi-builder-workspace/.derivedData/Build/Products/Debug-appletvos/PackageFrameworks -F /Users/admin/builder/spi-builder-workspace/.derivedData/Build/Products/Debug-appletvos -F /Applications/Xcode-26.5.0.app/Contents/Developer/Platforms/AppleTVOS.platform/Developer/Library/Frameworks -F /Applications/Xcode-26.5.0.app/Contents/Developer/Platforms/AppleTVOS.platform/Developer/SDKs/AppleTVOS26.5.sdk/Developer/Library/Frameworks -c -j10 -enable-batch-mode -incremental -Xcc -ivfsstatcache -Xcc /Users/admin/builder/spi-builder-workspace/.derivedData/SDKStatCaches.noindex/appletvos26.5-23L470-688ef53f1462e2c8f657fdc38a81448fa2efe9286588b677106490127979b81c.sdkstatcache -output-file-map /Users/admin/builder/spi-builder-workspace/.derivedData/Build/Intermediates.noindex/ScryfallKit.build/Debug-appletvos/ScryfallKitTests.build/Objects-normal/arm64/ScryfallKitTests-OutputFileMap.json -use-frontend-parseable-output -save-temps -no-color-diagnostics -explicit-module-build -module-cache-path /Users/admin/builder/spi-builder-workspace/.derivedData/Build/Intermediates.noindex/SwiftExplicitPrecompiledModules -clang-scanner-module-cache-path /Users/admin/builder/spi-builder-workspace/.derivedData/ModuleCache.noindex -sdk-module-cache-path /Users/admin/builder/spi-builder-workspace/.derivedData/ModuleCache.noindex -serialize-diagnostics -emit-dependencies -emit-module -emit-module-path /Users/admin/builder/spi-builder-workspace/.derivedData/Build/Intermediates.noindex/ScryfallKit.build/Debug-appletvos/ScryfallKitTests.build/Objects-normal/arm64/ScryfallKitTests.swiftmodule -validate-clang-modules-once -clang-build-session-file /Users/admin/builder/spi-builder-workspace/.derivedData/ModuleCache.noindex/Session.modulevalidation -package-name spi_builder_workspace -emit-const-values -Xfrontend -const-gather-protocols-file -Xfrontend /Users/admin/builder/spi-builder-workspace/.derivedData/Build/Intermediates.noindex/ScryfallKit.build/Debug-appletvos/ScryfallKitTests.build/Objects-normal/arm64/ScryfallKitTests_const_extract_protocols.json -Xcc -I/Users/admin/builder/spi-builder-workspace/.derivedData/Build/Products/Debug-appletvos/include -Xcc -I/Users/admin/builder/spi-builder-workspace/.derivedData/Build/Intermediates.noindex/ScryfallKit.build/Debug-appletvos/ScryfallKitTests.build/DerivedSources-normal/arm64 -Xcc -I/Users/admin/builder/spi-builder-workspace/.derivedData/Build/Intermediates.noindex/ScryfallKit.build/Debug-appletvos/ScryfallKitTests.build/DerivedSources/arm64 -Xcc -I/Users/admin/builder/spi-builder-workspace/.derivedData/Build/Intermediates.noindex/ScryfallKit.build/Debug-appletvos/ScryfallKitTests.build/DerivedSources -Xcc -DSWIFT_PACKAGE -Xcc -DDEBUG\=1 -working-directory /Users/admin/builder/spi-builder-workspace/.swiftpm/xcode -experimental-emit-module-separately -disable-cmo
Copy /Users/admin/builder/spi-builder-workspace/.derivedData/Build/Products/Debug-appletvos/ScryfallKitTests.swiftmodule/arm64-apple-tvos.abi.json /Users/admin/builder/spi-builder-workspace/.derivedData/Build/Intermediates.noindex/ScryfallKit.build/Debug-appletvos/ScryfallKitTests.build/Objects-normal/arm64/ScryfallKitTests.abi.json (in target 'ScryfallKitTests' from project 'ScryfallKit')
cd /Users/admin/builder/spi-builder-workspace
builtin-copy -exclude .DS_Store -exclude CVS -exclude .svn -exclude .git -exclude .hg -resolve-src-symlinks -rename /Users/admin/builder/spi-builder-workspace/.derivedData/Build/Intermediates.noindex/ScryfallKit.build/Debug-appletvos/ScryfallKitTests.build/Objects-normal/arm64/ScryfallKitTests.abi.json /Users/admin/builder/spi-builder-workspace/.derivedData/Build/Products/Debug-appletvos/ScryfallKitTests.swiftmodule/arm64-apple-tvos.abi.json
Copy /Users/admin/builder/spi-builder-workspace/.derivedData/Build/Products/Debug-appletvos/ScryfallKitTests.swiftmodule/arm64-apple-tvos.swiftmodule /Users/admin/builder/spi-builder-workspace/.derivedData/Build/Intermediates.noindex/ScryfallKit.build/Debug-appletvos/ScryfallKitTests.build/Objects-normal/arm64/ScryfallKitTests.swiftmodule (in target 'ScryfallKitTests' from project 'ScryfallKit')
cd /Users/admin/builder/spi-builder-workspace
builtin-copy -exclude .DS_Store -exclude CVS -exclude .svn -exclude .git -exclude .hg -resolve-src-symlinks -rename /Users/admin/builder/spi-builder-workspace/.derivedData/Build/Intermediates.noindex/ScryfallKit.build/Debug-appletvos/ScryfallKitTests.build/Objects-normal/arm64/ScryfallKitTests.swiftmodule /Users/admin/builder/spi-builder-workspace/.derivedData/Build/Products/Debug-appletvos/ScryfallKitTests.swiftmodule/arm64-apple-tvos.swiftmodule
Copy /Users/admin/builder/spi-builder-workspace/.derivedData/Build/Products/Debug-appletvos/ScryfallKitTests.swiftmodule/arm64-apple-tvos.swiftdoc /Users/admin/builder/spi-builder-workspace/.derivedData/Build/Intermediates.noindex/ScryfallKit.build/Debug-appletvos/ScryfallKitTests.build/Objects-normal/arm64/ScryfallKitTests.swiftdoc (in target 'ScryfallKitTests' from project 'ScryfallKit')
cd /Users/admin/builder/spi-builder-workspace
builtin-copy -exclude .DS_Store -exclude CVS -exclude .svn -exclude .git -exclude .hg -resolve-src-symlinks -rename /Users/admin/builder/spi-builder-workspace/.derivedData/Build/Intermediates.noindex/ScryfallKit.build/Debug-appletvos/ScryfallKitTests.build/Objects-normal/arm64/ScryfallKitTests.swiftdoc /Users/admin/builder/spi-builder-workspace/.derivedData/Build/Products/Debug-appletvos/ScryfallKitTests.swiftmodule/arm64-apple-tvos.swiftdoc
Copy /Users/admin/builder/spi-builder-workspace/.derivedData/Build/Products/Debug-appletvos/ScryfallKitTests.swiftmodule/Project/arm64-apple-tvos.swiftsourceinfo /Users/admin/builder/spi-builder-workspace/.derivedData/Build/Intermediates.noindex/ScryfallKit.build/Debug-appletvos/ScryfallKitTests.build/Objects-normal/arm64/ScryfallKitTests.swiftsourceinfo (in target 'ScryfallKitTests' from project 'ScryfallKit')
cd /Users/admin/builder/spi-builder-workspace
builtin-copy -exclude .DS_Store -exclude CVS -exclude .svn -exclude .git -exclude .hg -resolve-src-symlinks -rename /Users/admin/builder/spi-builder-workspace/.derivedData/Build/Intermediates.noindex/ScryfallKit.build/Debug-appletvos/ScryfallKitTests.build/Objects-normal/arm64/ScryfallKitTests.swiftsourceinfo /Users/admin/builder/spi-builder-workspace/.derivedData/Build/Products/Debug-appletvos/ScryfallKitTests.swiftmodule/Project/arm64-apple-tvos.swiftsourceinfo
SwiftDriverJobDiscovery normal arm64 Compiling ComparableTests.swift (in target 'ScryfallKitTests' from project 'ScryfallKit')
2026-10-09 11:23:39.389 xcodebuild[659:4026] [MT] IDERunDestination: Supported platforms for the buildables in the current scheme is empty.
2026-10-09 11:23:39.490 xcodebuild[659:4026] [MT] IDERunDestination: Supported platforms for the buildables in the current scheme is empty.
** BUILD FAILED **
The following build commands failed:
SwiftCompile normal arm64 /Users/admin/builder/spi-builder-workspace/Tests/ScryfallKitTests/SmokeTests.swift (in target 'ScryfallKitTests' from project 'ScryfallKit')
SwiftCompile normal arm64 Compiling\ SmokeTests.swift /Users/admin/builder/spi-builder-workspace/Tests/ScryfallKitTests/SmokeTests.swift (in target 'ScryfallKitTests' from project 'ScryfallKit')
Building workspace spi-builder-workspace with scheme ScryfallKit
(3 failures)
Command line invocation:
/Applications/Xcode-26.5.0.app/Contents/Developer/usr/bin/xcodebuild -IDEClonedSourcePackagesDirPathOverride=/Users/admin/builder/spi-builder-workspace/.dependencies -resolvePackageDependencies
Resolve Package Graph
Resolved source packages:
ScryfallKit: /Users/admin/builder/spi-builder-workspace
resolved source packages: ScryfallKit
2026-10-09 11:23:48.587 xcodebuild[746:4566] [MT] IDERunDestination: Supported platforms for the buildables in the current scheme is empty.
{
"dependencies" : [
],
"manifest_display_name" : "ScryfallKit",
"name" : "ScryfallKit",
"path" : "/Users/admin/builder/spi-builder-workspace",
"platforms" : [
{
"name" : "macos",
"version" : "11.0"
},
{
"name" : "ios",
"version" : "14.0"
},
{
"name" : "watchos",
"version" : "11.0"
},
{
"name" : "visionos",
"version" : "26.0"
},
{
"name" : "tvos",
"version" : "14.0"
}
],
"products" : [
{
"name" : "ScryfallKit",
"targets" : [
"ScryfallKit"
],
"type" : {
"library" : [
"automatic"
]
}
}
],
"targets" : [
{
"c99name" : "ScryfallKitTests",
"module_type" : "SwiftTarget",
"name" : "ScryfallKitTests",
"path" : "Tests/ScryfallKitTests",
"sources" : [
"ComparableTests.swift",
"RateLimiterTests.swift",
"SmokeTests.swift"
],
"target_dependencies" : [
"ScryfallKit"
],
"type" : "test"
},
{
"c99name" : "ScryfallKit",
"module_type" : "SwiftTarget",
"name" : "ScryfallKit",
"path" : "Sources/ScryfallKit",
"product_memberships" : [
"ScryfallKit"
],
"sources" : [
"Extensions/Card+helpers.swift",
"Extensions/MTGSet+date.swift",
"Models/Card/Card+Face.swift",
"Models/Card/Card+ImageUris.swift",
"Models/Card/Card+Legalities.swift",
"Models/Card/Card+ManaCost.swift",
"Models/Card/Card+Preview.swift",
"Models/Card/Card+Prices.swift",
"Models/Card/Card+RelatedCard.swift",
"Models/Card/Card+Ruling.swift",
"Models/Card/Card+Symbol.swift",
"Models/Card/Card+enums.swift",
"Models/Card/Card.swift",
"Models/Catalog.swift",
"Models/Enums.swift",
"Models/FieldFilter.swift",
"Models/MTGSet.swift",
"Models/ObjectList.swift",
"Models/ScryfallError.swift",
"Networking/EndpointRequests/CardRequests.swift",
"Networking/EndpointRequests/CatalogRequests.swift",
"Networking/EndpointRequests/EndpointRequest.swift",
"Networking/EndpointRequests/RulingsRequests.swift",
"Networking/EndpointRequests/SetRequests.swift",
"Networking/EndpointRequests/SymbolRequests.swift",
"Networking/NetworkService.swift",
"Networking/RateLimiter.swift",
"ScryfallClient.swift",
"ScryfallKitError.swift"
],
"type" : "library"
}
],
"tools_version" : "6.2"
}
{
"workspace" : {
"name" : "spi-builder-workspace",
"schemes" : [
"ScryfallKit"
]
}
}
2026-10-09 11:23:49.787 xcodebuild[767:4704] [MT] IDERunDestination: Supported platforms for the buildables in the current scheme is empty.
2026-10-09 11:23:49.891 xcodebuild[767:4704] [MT] IDERunDestination: Supported platforms for the buildables in the current scheme is empty.
Running build ...
env DEVELOPER_DIR=/Applications/Xcode-26.5.0.app xcrun xcodebuild -IDEClonedSourcePackagesDirPathOverride=$PWD/.dependencies -skipMacroValidation -skipPackagePluginValidation -derivedDataPath $PWD/.derivedData build -scheme ScryfallKit -destination generic/platform=tvOS
Command line invocation:
/Applications/Xcode-26.5.0.app/Contents/Developer/usr/bin/xcodebuild -IDEClonedSourcePackagesDirPathOverride=/Users/admin/builder/spi-builder-workspace/.dependencies -skipMacroValidation -skipPackagePluginValidation -derivedDataPath /Users/admin/builder/spi-builder-workspace/.derivedData build -scheme ScryfallKit -destination generic/platform=tvOS
Resolve Package Graph
Resolved source packages:
ScryfallKit: /Users/admin/builder/spi-builder-workspace
ComputePackagePrebuildTargetDependencyGraph
Prepare packages
CreateBuildRequest
SendProjectDescription
CreateBuildOperation
ComputeTargetDependencyGraph
note: Building targets in dependency order
note: Target dependency graph (3 targets)
Target 'ScryfallKitTests' in project 'ScryfallKit'
➜ Explicit dependency on target 'ScryfallKit' in project 'ScryfallKit'
Target 'ScryfallKit' in project 'ScryfallKit'
➜ Explicit dependency on target 'ScryfallKit' in project 'ScryfallKit'
Target 'ScryfallKit' in project 'ScryfallKit' (no dependencies)
GatherProvisioningInputs
CreateBuildDescription
ClangStatCache /Applications/Xcode-26.5.0.app/Contents/Developer/Toolchains/XcodeDefault.xctoolchain/usr/bin/clang-stat-cache /Applications/Xcode-26.5.0.app/Contents/Developer/Platforms/AppleTVOS.platform/Developer/SDKs/AppleTVOS26.5.sdk /Users/admin/builder/spi-builder-workspace/.derivedData/SDKStatCaches.noindex/appletvos26.5-23L470-688ef53f1462e2c8f657fdc38a81448fa2efe9286588b677106490127979b81c.sdkstatcache
cd /Users/admin/builder/spi-builder-workspace/.swiftpm/xcode
/Applications/Xcode-26.5.0.app/Contents/Developer/Toolchains/XcodeDefault.xctoolchain/usr/bin/clang-stat-cache /Applications/Xcode-26.5.0.app/Contents/Developer/Platforms/AppleTVOS.platform/Developer/SDKs/AppleTVOS26.5.sdk -o /Users/admin/builder/spi-builder-workspace/.derivedData/SDKStatCaches.noindex/appletvos26.5-23L470-688ef53f1462e2c8f657fdc38a81448fa2efe9286588b677106490127979b81c.sdkstatcache
SwiftDriver ScryfallKitTests normal arm64 com.apple.xcode.tools.swift.compiler (in target 'ScryfallKitTests' from project 'ScryfallKit')
cd /Users/admin/builder/spi-builder-workspace/.swiftpm/xcode
builtin-SwiftDriver -- /Applications/Xcode-26.5.0.app/Contents/Developer/Toolchains/XcodeDefault.xctoolchain/usr/bin/swiftc -module-name ScryfallKitTests -Onone @/Users/admin/builder/spi-builder-workspace/.derivedData/Build/Intermediates.noindex/ScryfallKit.build/Debug-appletvos/ScryfallKitTests.build/Objects-normal/arm64/ScryfallKitTests.SwiftFileList -DSWIFT_PACKAGE -DDEBUG -DXcode -plugin-path /Applications/Xcode-26.5.0.app/Contents/Developer/Toolchains/XcodeDefault.xctoolchain/usr/lib/swift/host/plugins/testing -enable-experimental-feature DebugDescriptionMacro -sdk /Applications/Xcode-26.5.0.app/Contents/Developer/Platforms/AppleTVOS.platform/Developer/SDKs/AppleTVOS26.5.sdk -target arm64-apple-tvos14.0 -g -module-cache-path /Users/admin/builder/spi-builder-workspace/.derivedData/ModuleCache.noindex -Xfrontend -serialize-debugging-options -enable-testing -index-store-path /Users/admin/builder/spi-builder-workspace/.derivedData/Index.noindex/DataStore -Xcc -D_LIBCPP_HARDENING_MODE\=_LIBCPP_HARDENING_MODE_DEBUG -swift-version 6 -I /Users/admin/builder/spi-builder-workspace/.derivedData/Build/Products/Debug-appletvos -Isystem /Applications/Xcode-26.5.0.app/Contents/Developer/Platforms/AppleTVOS.platform/Developer/usr/lib -F /Users/admin/builder/spi-builder-workspace/.derivedData/Build/Products/Debug-appletvos/PackageFrameworks -F /Users/admin/builder/spi-builder-workspace/.derivedData/Build/Products/Debug-appletvos -F /Applications/Xcode-26.5.0.app/Contents/Developer/Platforms/AppleTVOS.platform/Developer/Library/Frameworks -F /Applications/Xcode-26.5.0.app/Contents/Developer/Platforms/AppleTVOS.platform/Developer/SDKs/AppleTVOS26.5.sdk/Developer/Library/Frameworks -c -j10 -enable-batch-mode -incremental -Xcc -ivfsstatcache -Xcc /Users/admin/builder/spi-builder-workspace/.derivedData/SDKStatCaches.noindex/appletvos26.5-23L470-688ef53f1462e2c8f657fdc38a81448fa2efe9286588b677106490127979b81c.sdkstatcache -output-file-map /Users/admin/builder/spi-builder-workspace/.derivedData/Build/Intermediates.noindex/ScryfallKit.build/Debug-appletvos/ScryfallKitTests.build/Objects-normal/arm64/ScryfallKitTests-OutputFileMap.json -use-frontend-parseable-output -save-temps -no-color-diagnostics -explicit-module-build -module-cache-path /Users/admin/builder/spi-builder-workspace/.derivedData/Build/Intermediates.noindex/SwiftExplicitPrecompiledModules -clang-scanner-module-cache-path /Users/admin/builder/spi-builder-workspace/.derivedData/ModuleCache.noindex -sdk-module-cache-path /Users/admin/builder/spi-builder-workspace/.derivedData/ModuleCache.noindex -serialize-diagnostics -emit-dependencies -emit-module -emit-module-path /Users/admin/builder/spi-builder-workspace/.derivedData/Build/Intermediates.noindex/ScryfallKit.build/Debug-appletvos/ScryfallKitTests.build/Objects-normal/arm64/ScryfallKitTests.swiftmodule -validate-clang-modules-once -clang-build-session-file /Users/admin/builder/spi-builder-workspace/.derivedData/ModuleCache.noindex/Session.modulevalidation -package-name spi_builder_workspace -emit-const-values -Xfrontend -const-gather-protocols-file -Xfrontend /Users/admin/builder/spi-builder-workspace/.derivedData/Build/Intermediates.noindex/ScryfallKit.build/Debug-appletvos/ScryfallKitTests.build/Objects-normal/arm64/ScryfallKitTests_const_extract_protocols.json -Xcc -I/Users/admin/builder/spi-builder-workspace/.derivedData/Build/Products/Debug-appletvos/include -Xcc -I/Users/admin/builder/spi-builder-workspace/.derivedData/Build/Intermediates.noindex/ScryfallKit.build/Debug-appletvos/ScryfallKitTests.build/DerivedSources-normal/arm64 -Xcc -I/Users/admin/builder/spi-builder-workspace/.derivedData/Build/Intermediates.noindex/ScryfallKit.build/Debug-appletvos/ScryfallKitTests.build/DerivedSources/arm64 -Xcc -I/Users/admin/builder/spi-builder-workspace/.derivedData/Build/Intermediates.noindex/ScryfallKit.build/Debug-appletvos/ScryfallKitTests.build/DerivedSources -Xcc -DSWIFT_PACKAGE -Xcc -DDEBUG\=1 -working-directory /Users/admin/builder/spi-builder-workspace/.swiftpm/xcode -experimental-emit-module-separately -disable-cmo
SwiftEmitModule normal arm64 Emitting\ module\ for\ ScryfallKitTests (in target 'ScryfallKitTests' from project 'ScryfallKit')
EmitSwiftModule normal arm64 (in target 'ScryfallKitTests' from project 'ScryfallKit')
cd /Users/admin/builder/spi-builder-workspace/.swiftpm/xcode
SwiftCompile normal arm64 Compiling\ SmokeTests.swift /Users/admin/builder/spi-builder-workspace/Tests/ScryfallKitTests/SmokeTests.swift (in target 'ScryfallKitTests' from project 'ScryfallKit')
SwiftCompile normal arm64 /Users/admin/builder/spi-builder-workspace/Tests/ScryfallKitTests/SmokeTests.swift (in target 'ScryfallKitTests' from project 'ScryfallKit')
cd /Users/admin/builder/spi-builder-workspace/.swiftpm/xcode
/Users/admin/builder/spi-builder-workspace/Tests/ScryfallKitTests/SmokeTests.swift:164:28: error: 'sleep(for:tolerance:clock:)' is only available in tvOS 16.0 or newer
try await Task.sleep(for: .seconds(1))
^
/Users/admin/builder/spi-builder-workspace/Tests/ScryfallKitTests/SmokeTests.swift:164:28: note: add 'if #available' version check
try await Task.sleep(for: .seconds(1))
^
/Users/admin/builder/spi-builder-workspace/Tests/ScryfallKitTests/SmokeTests.swift:139:16: note: add '@available' attribute to enclosing instance method
@Test func allNewCards() async throws {
^
/Users/admin/builder/spi-builder-workspace/Tests/ScryfallKitTests/SmokeTests.swift:9:8: note: add '@available' attribute to enclosing struct
struct SmokeTests {
^
/Users/admin/builder/spi-builder-workspace/Tests/ScryfallKitTests/SmokeTests.swift:164:40: error: 'seconds' is only available in tvOS 16.0 or newer
try await Task.sleep(for: .seconds(1))
^
/Users/admin/builder/spi-builder-workspace/Tests/ScryfallKitTests/SmokeTests.swift:164:40: note: add 'if #available' version check
try await Task.sleep(for: .seconds(1))
^
/Users/admin/builder/spi-builder-workspace/Tests/ScryfallKitTests/SmokeTests.swift:139:16: note: add '@available' attribute to enclosing instance method
@Test func allNewCards() async throws {
^
/Users/admin/builder/spi-builder-workspace/Tests/ScryfallKitTests/SmokeTests.swift:9:8: note: add '@available' attribute to enclosing struct
struct SmokeTests {
^
Failed frontend command:
/Applications/Xcode-26.5.0.app/Contents/Developer/Toolchains/XcodeDefault.xctoolchain/usr/bin/swift-frontend -frontend -c /Users/admin/builder/spi-builder-workspace/Tests/ScryfallKitTests/ComparableTests.swift /Users/admin/builder/spi-builder-workspace/Tests/ScryfallKitTests/RateLimiterTests.swift -primary-file /Users/admin/builder/spi-builder-workspace/Tests/ScryfallKitTests/SmokeTests.swift -emit-dependencies-path /Users/admin/builder/spi-builder-workspace/.derivedData/Build/Intermediates.noindex/ScryfallKit.build/Debug-appletvos/ScryfallKitTests.build/Objects-normal/arm64/SmokeTests.d -emit-const-values-path /Users/admin/builder/spi-builder-workspace/.derivedData/Build/Intermediates.noindex/ScryfallKit.build/Debug-appletvos/ScryfallKitTests.build/Objects-normal/arm64/SmokeTests.swiftconstvalues -emit-reference-dependencies-path /Users/admin/builder/spi-builder-workspace/.derivedData/Build/Intermediates.noindex/ScryfallKit.build/Debug-appletvos/ScryfallKitTests.build/Objects-normal/arm64/SmokeTests.swiftdeps -serialize-diagnostics-path /Users/admin/builder/spi-builder-workspace/.derivedData/Build/Intermediates.noindex/ScryfallKit.build/Debug-appletvos/ScryfallKitTests.build/Objects-normal/arm64/SmokeTests.dia -target arm64-apple-tvos14.0 -disable-cross-import-overlay-search -swift-module-cross-import Testing /Applications/Xcode-26.5.0.app/Contents/Developer/Platforms/AppleTVOS.platform/Developer/Library/Frameworks/Testing.framework/Modules/Testing.swiftcrossimport/CoreGraphics.swiftoverlay -swift-module-cross-import Testing /Applications/Xcode-26.5.0.app/Contents/Developer/Platforms/AppleTVOS.platform/Developer/Library/Frameworks/Testing.framework/Modules/Testing.swiftcrossimport/CoreImage.swiftoverlay -swift-module-cross-import Testing /Applications/Xcode-26.5.0.app/Contents/Developer/Platforms/AppleTVOS.platform/Developer/Library/Frameworks/Testing.framework/Modules/Testing.swiftcrossimport/Foundation.swiftoverlay -swift-module-cross-import Testing /Applications/Xcode-26.5.0.app/Contents/Developer/Platforms/AppleTVOS.platform/Developer/Library/Frameworks/Testing.framework/Modules/Testing.swiftcrossimport/UIKit.swiftoverlay -load-resolved-plugin /Applications/Xcode-26.5.0.app/Contents/Developer/Platforms/AppleTVOS.platform/Developer/usr/lib/swift/host/plugins/libFoundationMacros.dylib\#/Applications/Xcode-26.5.0.app/Contents/Developer/Platforms/AppleTVOS.platform/Developer/usr/bin/swift-plugin-server\#FoundationMacros -load-resolved-plugin /Applications/Xcode-26.5.0.app/Contents/Developer/Platforms/AppleTVOS.platform/Developer/usr/lib/swift/host/plugins/libObservationMacros.dylib\#/Applications/Xcode-26.5.0.app/Contents/Developer/Platforms/AppleTVOS.platform/Developer/usr/bin/swift-plugin-server\#ObservationMacros -load-resolved-plugin /Applications/Xcode-26.5.0.app/Contents/Developer/Platforms/AppleTVOS.platform/Developer/usr/lib/swift/host/plugins/libSwiftMacros.dylib\#/Applications/Xcode-26.5.0.app/Contents/Developer/Platforms/AppleTVOS.platform/Developer/usr/bin/swift-plugin-server\#SwiftMacros -load-resolved-plugin /Applications/Xcode-26.5.0.app/Contents/Developer/Toolchains/XcodeDefault.xctoolchain/usr/lib/swift/host/plugins/testing/libTestingMacros.dylib\#\#TestingMacros -disable-implicit-swift-modules -Xcc -fno-implicit-modules -Xcc -fno-implicit-module-maps -explicit-swift-module-map-file /Users/admin/builder/spi-builder-workspace/.derivedData/Build/Intermediates.noindex/ScryfallKit.build/Debug-appletvos/ScryfallKitTests.build/Objects-normal/arm64/ScryfallKitTests-dependencies-1.json -debug-module-path /Users/admin/builder/spi-builder-workspace/.derivedData/Build/Intermediates.noindex/ScryfallKit.build/Debug-appletvos/ScryfallKitTests.build/Objects-normal/arm64/ScryfallKitTests.swiftmodule -Xllvm -aarch64-use-tbi -enable-objc-interop -stack-check -sdk /Applications/Xcode-26.5.0.app/Contents/Developer/Platforms/AppleTVOS.platform/Developer/SDKs/AppleTVOS26.5.sdk -I /Users/admin/builder/spi-builder-workspace/.derivedData/Build/Products/Debug-appletvos -Isystem /Applications/Xcode-26.5.0.app/Contents/Developer/Platforms/AppleTVOS.platform/Developer/usr/lib -F /Users/admin/builder/spi-builder-workspace/.derivedData/Build/Products/Debug-appletvos/PackageFrameworks -F /Users/admin/builder/spi-builder-workspace/.derivedData/Build/Products/Debug-appletvos -F /Applications/Xcode-26.5.0.app/Contents/Developer/Platforms/AppleTVOS.platform/Developer/Library/Frameworks -F /Applications/Xcode-26.5.0.app/Contents/Developer/Platforms/AppleTVOS.platform/Developer/SDKs/AppleTVOS26.5.sdk/Developer/Library/Frameworks -no-color-diagnostics -Xcc -fno-color-diagnostics -enable-testing -g -debug-info-format\=dwarf -dwarf-version\=4 -module-cache-path /Users/admin/builder/spi-builder-workspace/.derivedData/Build/Intermediates.noindex/SwiftExplicitPrecompiledModules -swift-version 6 -Onone -D SWIFT_PACKAGE -D DEBUG -D Xcode -serialize-debugging-options -const-gather-protocols-file /Users/admin/builder/spi-builder-workspace/.derivedData/Build/Intermediates.noindex/ScryfallKit.build/Debug-appletvos/ScryfallKitTests.build/Objects-normal/arm64/ScryfallKitTests_const_extract_protocols.json -enable-experimental-feature DebugDescriptionMacro -empty-abi-descriptor -validate-clang-modules-once -clang-build-session-file /Users/admin/builder/spi-builder-workspace/.derivedData/ModuleCache.noindex/Session.modulevalidation -Xcc -working-directory -Xcc /Users/admin/builder/spi-builder-workspace/.swiftpm/xcode -enable-anonymous-context-mangled-names -file-compilation-dir /Users/admin/builder/spi-builder-workspace/.swiftpm/xcode -Xcc -D_LIBCPP_HARDENING_MODE\=_LIBCPP_HARDENING_MODE_DEBUG -Xcc -ivfsstatcache -Xcc /Users/admin/builder/spi-builder-workspace/.derivedData/SDKStatCaches.noindex/appletvos26.5-23L470-688ef53f1462e2c8f657fdc38a81448fa2efe9286588b677106490127979b81c.sdkstatcache -Xcc -I/Users/admin/builder/spi-builder-workspace/.derivedData/Build/Products/Debug-appletvos/include -Xcc -I/Users/admin/builder/spi-builder-workspace/.derivedData/Build/Intermediates.noindex/ScryfallKit.build/Debug-appletvos/ScryfallKitTests.build/DerivedSources-normal/arm64 -Xcc -I/Users/admin/builder/spi-builder-workspace/.derivedData/Build/Intermediates.noindex/ScryfallKit.build/Debug-appletvos/ScryfallKitTests.build/DerivedSources/arm64 -Xcc -I/Users/admin/builder/spi-builder-workspace/.derivedData/Build/Intermediates.noindex/ScryfallKit.build/Debug-appletvos/ScryfallKitTests.build/DerivedSources -Xcc -DSWIFT_PACKAGE -Xcc -DDEBUG\=1 -no-auto-bridging-header-chaining -module-name ScryfallKitTests -package-name spi_builder_workspace -frontend-parseable-output -disable-clang-spi -clang-target arm64-apple-tvos26.5 -target-sdk-version 26.5 -target-sdk-name appletvos26.5 -in-process-plugin-server-path /Applications/Xcode-26.5.0.app/Contents/Developer/Toolchains/XcodeDefault.xctoolchain/usr/lib/swift/host/libSwiftInProcPluginServer.dylib -o /Users/admin/builder/spi-builder-workspace/.derivedData/Build/Intermediates.noindex/ScryfallKit.build/Debug-appletvos/ScryfallKitTests.build/Objects-normal/arm64/SmokeTests.o -index-unit-output-path /ScryfallKit.build/Debug-appletvos/ScryfallKitTests.build/Objects-normal/arm64/SmokeTests.o -index-store-path /Users/admin/builder/spi-builder-workspace/.derivedData/Index.noindex/DataStore -index-system-modules
SwiftCompile normal arm64 Compiling\ RateLimiterTests.swift /Users/admin/builder/spi-builder-workspace/Tests/ScryfallKitTests/RateLimiterTests.swift (in target 'ScryfallKitTests' from project 'ScryfallKit')
SwiftCompile normal arm64 /Users/admin/builder/spi-builder-workspace/Tests/ScryfallKitTests/RateLimiterTests.swift (in target 'ScryfallKitTests' from project 'ScryfallKit')
cd /Users/admin/builder/spi-builder-workspace/.swiftpm/xcode
2026-10-09 11:23:50.708 xcodebuild[769:4733] [MT] IDERunDestination: Supported platforms for the buildables in the current scheme is empty.
** BUILD FAILED **
The following build commands failed:
SwiftCompile normal arm64 /Users/admin/builder/spi-builder-workspace/Tests/ScryfallKitTests/SmokeTests.swift (in target 'ScryfallKitTests' from project 'ScryfallKit')
SwiftCompile normal arm64 Compiling\ SmokeTests.swift /Users/admin/builder/spi-builder-workspace/Tests/ScryfallKitTests/SmokeTests.swift (in target 'ScryfallKitTests' from project 'ScryfallKit')
Building workspace spi-builder-workspace with scheme ScryfallKit
(3 failures)
BUILD FAILURE 6.3 tvOS