Build Information
Failed to build OAuth2, reference 5.3.5 (3f6a18), with Swift 6.4 for watchOS using Xcode 27.0 on 20 Sep 2026 09:38:22 UTC.
Build Command
env DEVELOPER_DIR=/Applications/Xcode-27.0.0-Release.Candidate.app xcrun xcodebuild -IDEClonedSourcePackagesDirPathOverride=$PWD/.dependencies -skipMacroValidation -skipPackagePluginValidation -derivedDataPath $PWD/.derivedData build -scheme OAuth2 -destination generic/platform=watchOSBuild Log
SwiftCompile normal arm64_32 Compiling\ OAuth2CustomAuthorizer+macOS.swift /Users/admin/builder/spi-builder-workspace/Sources/macOS/OAuth2CustomAuthorizer+macOS.swift (in target 'macOS' from project 'OAuth2')
SwiftCompile normal arm64_32 /Users/admin/builder/spi-builder-workspace/Sources/macOS/OAuth2CustomAuthorizer+macOS.swift (in target 'macOS' from project 'OAuth2')
cd /Users/admin/builder/spi-builder-workspace/.swiftpm/xcode
builtin-SwiftPerFileCompile OAuth2CustomAuthorizer+macOS.swift
SwiftCompile normal arm64 Compiling\ OAuth2WebViewController+macOS.swift /Users/admin/builder/spi-builder-workspace/Sources/macOS/OAuth2WebViewController+macOS.swift (in target 'macOS' from project 'OAuth2')
SwiftCompile normal arm64 /Users/admin/builder/spi-builder-workspace/Sources/macOS/OAuth2WebViewController+macOS.swift (in target 'macOS' from project 'OAuth2')
cd /Users/admin/builder/spi-builder-workspace/.swiftpm/xcode
builtin-SwiftPerFileCompile OAuth2WebViewController+macOS.swift
SwiftCompile normal arm64_32 Compiling\ OAuth2Authorizer+macOS.swift /Users/admin/builder/spi-builder-workspace/Sources/macOS/OAuth2Authorizer+macOS.swift (in target 'macOS' from project 'OAuth2')
SwiftCompile normal arm64_32 /Users/admin/builder/spi-builder-workspace/Sources/macOS/OAuth2Authorizer+macOS.swift (in target 'macOS' from project 'OAuth2')
cd /Users/admin/builder/spi-builder-workspace/.swiftpm/xcode
builtin-SwiftPerFileCompile OAuth2Authorizer+macOS.swift
SwiftDriverJobDiscovery normal arm64_32 Emitting module for tvOS (in target 'tvOS' from project 'OAuth2')
SwiftDriver\ Compilation\ Requirements tvOS normal arm64_32 com.apple.xcode.tools.swift.compiler (in target 'tvOS' from project 'OAuth2')
cd /Users/admin/builder/spi-builder-workspace/.swiftpm/xcode
builtin-Swift-Compilation-Requirements -- /Applications/Xcode-27.0.0-Release.Candidate.app/Contents/Developer/Toolchains/XcodeDefault.xctoolchain/usr/bin/swiftc -parse-as-library -module-name tvOS -Onone @/Users/admin/builder/spi-builder-workspace/.derivedData/Build/Intermediates.noindex/OAuth2.build/Debug-watchos/tvOS-t.build/Objects-normal/arm64_32/tvOS.SwiftFileList -DSWIFT_PACKAGE -DDEBUG -DSWIFT_MODULE_RESOURCE_BUNDLE_UNAVAILABLE -DXcode -plugin-path /Applications/Xcode-27.0.0-Release.Candidate.app/Contents/Developer/Toolchains/XcodeDefault.xctoolchain/usr/lib/swift/host/plugins/testing -enable-experimental-feature DebugDescriptionMacro -sdk /Applications/Xcode-27.0.0-Release.Candidate.app/Contents/Developer/Platforms/WatchOS.platform/Developer/SDKs/WatchOS27.0.sdk -target arm64_32-apple-watchos9.0 -g -module-cache-path /Users/admin/builder/spi-builder-workspace/.derivedData/ModuleCache.noindex -Xfrontend -serialize-debugging-options -profile-coverage-mapping -profile-generate -enable-testing -index-store-path /Users/admin/builder/spi-builder-workspace/.derivedData/Index.noindex/DataStore -Xcc -D_LIBCPP_HARDENING_MODE\=_LIBCPP_HARDENING_MODE_DEBUG -swift-version 5 -I /Users/admin/builder/spi-builder-workspace/.derivedData/Build/Products/Debug-watchos -Isystem /Applications/Xcode-27.0.0-Release.Candidate.app/Contents/Developer/Platforms/WatchOS.platform/Developer/usr/lib -F /Users/admin/builder/spi-builder-workspace/.derivedData/Build/Products/Debug-watchos/PackageFrameworks -F /Users/admin/builder/spi-builder-workspace/.derivedData/Build/Products/Debug-watchos -F /Applications/Xcode-27.0.0-Release.Candidate.app/Contents/Developer/Platforms/WatchOS.platform/Developer/Library/Frameworks -F /Applications/Xcode-27.0.0-Release.Candidate.app/Contents/Developer/Platforms/WatchOS.platform/Developer/SDKs/WatchOS27.0.sdk/Developer/Library/Frameworks -c -j10 -enable-batch-mode -incremental -Xcc -ivfsstatcache -Xcc /Users/admin/builder/spi-builder-workspace/.derivedData/SDKStatCaches.noindex/watchos27.0-24R360-e829b21a6f8c9b70876ba0858053c04477534ef55a1706bf4c1112bbb242f0a2.sdkstatcache -output-file-map /Users/admin/builder/spi-builder-workspace/.derivedData/Build/Intermediates.noindex/OAuth2.build/Debug-watchos/tvOS-t.build/Objects-normal/arm64_32/tvOS-OutputFileMap.json -save-temps -no-color-diagnostics -explicit-module-build -module-cache-path /Users/admin/builder/spi-builder-workspace/.derivedData/Build/Intermediates.noindex/SwiftExplicitPrecompiledModules -clang-scanner-module-cache-path /Users/admin/builder/spi-builder-workspace/.derivedData/ModuleCache.noindex -sdk-module-cache-path /Users/admin/builder/spi-builder-workspace/.derivedData/SDKExplicitPrecompiledModules -emit-dependencies -emit-module -emit-module-path /Users/admin/builder/spi-builder-workspace/.derivedData/Build/Intermediates.noindex/OAuth2.build/Debug-watchos/tvOS-t.build/Objects-normal/arm64_32/tvOS.swiftmodule -serialize-diagnostics -dependency-scan-serialize-diagnostics-path /Users/admin/builder/spi-builder-workspace/.derivedData/Build/Intermediates.noindex/OAuth2.build/Debug-watchos/tvOS-t.build/Objects-normal/arm64_32/tvOS-dependency-scan.dia -validate-clang-modules-once -clang-build-session-file /Users/admin/builder/spi-builder-workspace/.derivedData/ModuleCache.noindex/Session.modulevalidation -Xcc -fmodules-prune-interval\=86400 -Xcc -fmodules-prune-after\=345600 -emit-const-values -const-gather-protocols-list /Users/admin/builder/spi-builder-workspace/.derivedData/Build/Intermediates.noindex/OAuth2.build/Debug-watchos/tvOS-t.build/Objects-normal/arm64_32/tvOS_const_extract_protocols.json -Xcc -I/Users/admin/builder/spi-builder-workspace/.derivedData/Build/Products/Debug-watchos/include -Xcc -I/Users/admin/builder/spi-builder-workspace/.derivedData/Build/Intermediates.noindex/OAuth2.build/Debug-watchos/tvOS-t.build/DerivedSources-normal/arm64_32 -Xcc -I/Users/admin/builder/spi-builder-workspace/.derivedData/Build/Intermediates.noindex/OAuth2.build/Debug-watchos/tvOS-t.build/DerivedSources/arm64_32 -Xcc -I/Users/admin/builder/spi-builder-workspace/.derivedData/Build/Intermediates.noindex/OAuth2.build/Debug-watchos/tvOS-t.build/DerivedSources -Xcc -DSWIFT_PACKAGE -Xcc -DDEBUG\=1 -emit-objc-header -emit-objc-header-path /Users/admin/builder/spi-builder-workspace/.derivedData/Build/Intermediates.noindex/OAuth2.build/Debug-watchos/tvOS-t.build/Objects-normal/arm64_32/tvOS-Swift.h -working-directory /Users/admin/builder/spi-builder-workspace/.swiftpm/xcode -experimental-emit-module-separately -disable-cmo
SwiftDriverJobDiscovery normal arm64_32 Compiling OAuth2Authorizer+tvOS.swift (in target 'tvOS' from project 'OAuth2')
SwiftCompile normal arm64 Compiling\ OAuth2Authorizer+macOS.swift /Users/admin/builder/spi-builder-workspace/Sources/macOS/OAuth2Authorizer+macOS.swift (in target 'macOS' from project 'OAuth2')
SwiftCompile normal arm64 /Users/admin/builder/spi-builder-workspace/Sources/macOS/OAuth2Authorizer+macOS.swift (in target 'macOS' from project 'OAuth2')
cd /Users/admin/builder/spi-builder-workspace/.swiftpm/xcode
builtin-SwiftPerFileCompile OAuth2Authorizer+macOS.swift
SwiftMergeGeneratedHeaders /Users/admin/builder/spi-builder-workspace/.derivedData/Build/Intermediates.noindex/GeneratedModuleMaps-watchos/tvOS-Swift.h /Users/admin/builder/spi-builder-workspace/.derivedData/Build/Intermediates.noindex/OAuth2.build/Debug-watchos/tvOS-t.build/Objects-normal/arm64/tvOS-Swift.h /Users/admin/builder/spi-builder-workspace/.derivedData/Build/Intermediates.noindex/OAuth2.build/Debug-watchos/tvOS-t.build/Objects-normal/arm64_32/tvOS-Swift.h (in target 'tvOS' from project 'OAuth2')
cd /Users/admin/builder/spi-builder-workspace
builtin-swiftHeaderTool -arch arm64 /Users/admin/builder/spi-builder-workspace/.derivedData/Build/Intermediates.noindex/OAuth2.build/Debug-watchos/tvOS-t.build/Objects-normal/arm64/tvOS-Swift.h -arch arm64_32 /Users/admin/builder/spi-builder-workspace/.derivedData/Build/Intermediates.noindex/OAuth2.build/Debug-watchos/tvOS-t.build/Objects-normal/arm64_32/tvOS-Swift.h -o /Users/admin/builder/spi-builder-workspace/.derivedData/Build/Intermediates.noindex/GeneratedModuleMaps-watchos/tvOS-Swift.h
SwiftDriverJobDiscovery normal arm64_32 Emitting module for macOS (in target 'macOS' from project 'OAuth2')
Copy /Users/admin/builder/spi-builder-workspace/.derivedData/Build/Products/Debug-watchos/tvOS.swiftmodule/arm64_32-apple-watchos.swiftmodule /Users/admin/builder/spi-builder-workspace/.derivedData/Build/Intermediates.noindex/OAuth2.build/Debug-watchos/tvOS-t.build/Objects-normal/arm64_32/tvOS.swiftmodule (in target 'tvOS' from project 'OAuth2')
cd /Users/admin/builder/spi-builder-workspace
builtin-copy -exclude .DS_Store -exclude CVS -exclude .svn -exclude .git -exclude .hg -resolve-src-symlinks -rename /Users/admin/builder/spi-builder-workspace/.derivedData/Build/Intermediates.noindex/OAuth2.build/Debug-watchos/tvOS-t.build/Objects-normal/arm64_32/tvOS.swiftmodule /Users/admin/builder/spi-builder-workspace/.derivedData/Build/Products/Debug-watchos/tvOS.swiftmodule/arm64_32-apple-watchos.swiftmodule
Copy /Users/admin/builder/spi-builder-workspace/.derivedData/Build/Products/Debug-watchos/tvOS.swiftmodule/arm64_32-apple-watchos.swiftdoc /Users/admin/builder/spi-builder-workspace/.derivedData/Build/Intermediates.noindex/OAuth2.build/Debug-watchos/tvOS-t.build/Objects-normal/arm64_32/tvOS.swiftdoc (in target 'tvOS' from project 'OAuth2')
cd /Users/admin/builder/spi-builder-workspace
builtin-copy -exclude .DS_Store -exclude CVS -exclude .svn -exclude .git -exclude .hg -resolve-src-symlinks -rename /Users/admin/builder/spi-builder-workspace/.derivedData/Build/Intermediates.noindex/OAuth2.build/Debug-watchos/tvOS-t.build/Objects-normal/arm64_32/tvOS.swiftdoc /Users/admin/builder/spi-builder-workspace/.derivedData/Build/Products/Debug-watchos/tvOS.swiftmodule/arm64_32-apple-watchos.swiftdoc
SwiftDriverJobDiscovery normal arm64_32 Compiling OAuth2CustomAuthorizer+tvOS.swift (in target 'tvOS' from project 'OAuth2')
Copy /Users/admin/builder/spi-builder-workspace/.derivedData/Build/Products/Debug-watchos/tvOS.swiftmodule/arm64_32-apple-watchos.abi.json /Users/admin/builder/spi-builder-workspace/.derivedData/Build/Intermediates.noindex/OAuth2.build/Debug-watchos/tvOS-t.build/Objects-normal/arm64_32/tvOS.abi.json (in target 'tvOS' from project 'OAuth2')
cd /Users/admin/builder/spi-builder-workspace
builtin-copy -exclude .DS_Store -exclude CVS -exclude .svn -exclude .git -exclude .hg -resolve-src-symlinks -rename /Users/admin/builder/spi-builder-workspace/.derivedData/Build/Intermediates.noindex/OAuth2.build/Debug-watchos/tvOS-t.build/Objects-normal/arm64_32/tvOS.abi.json /Users/admin/builder/spi-builder-workspace/.derivedData/Build/Products/Debug-watchos/tvOS.swiftmodule/arm64_32-apple-watchos.abi.json
Copy /Users/admin/builder/spi-builder-workspace/.derivedData/Build/Products/Debug-watchos/tvOS.swiftmodule/Project/arm64_32-apple-watchos.swiftsourceinfo /Users/admin/builder/spi-builder-workspace/.derivedData/Build/Intermediates.noindex/OAuth2.build/Debug-watchos/tvOS-t.build/Objects-normal/arm64_32/tvOS.swiftsourceinfo (in target 'tvOS' from project 'OAuth2')
cd /Users/admin/builder/spi-builder-workspace
builtin-copy -exclude .DS_Store -exclude CVS -exclude .svn -exclude .git -exclude .hg -resolve-src-symlinks -rename /Users/admin/builder/spi-builder-workspace/.derivedData/Build/Intermediates.noindex/OAuth2.build/Debug-watchos/tvOS-t.build/Objects-normal/arm64_32/tvOS.swiftsourceinfo /Users/admin/builder/spi-builder-workspace/.derivedData/Build/Products/Debug-watchos/tvOS.swiftmodule/Project/arm64_32-apple-watchos.swiftsourceinfo
SwiftDriver\ Compilation\ Requirements macOS normal arm64_32 com.apple.xcode.tools.swift.compiler (in target 'macOS' from project 'OAuth2')
cd /Users/admin/builder/spi-builder-workspace/.swiftpm/xcode
builtin-Swift-Compilation-Requirements -- /Applications/Xcode-27.0.0-Release.Candidate.app/Contents/Developer/Toolchains/XcodeDefault.xctoolchain/usr/bin/swiftc -parse-as-library -module-name macOS -Onone @/Users/admin/builder/spi-builder-workspace/.derivedData/Build/Intermediates.noindex/OAuth2.build/Debug-watchos/macOS-t.build/Objects-normal/arm64_32/macOS.SwiftFileList -DSWIFT_PACKAGE -DDEBUG -DSWIFT_MODULE_RESOURCE_BUNDLE_UNAVAILABLE -DXcode -plugin-path /Applications/Xcode-27.0.0-Release.Candidate.app/Contents/Developer/Toolchains/XcodeDefault.xctoolchain/usr/lib/swift/host/plugins/testing -enable-experimental-feature DebugDescriptionMacro -sdk /Applications/Xcode-27.0.0-Release.Candidate.app/Contents/Developer/Platforms/WatchOS.platform/Developer/SDKs/WatchOS27.0.sdk -target arm64_32-apple-watchos9.0 -g -module-cache-path /Users/admin/builder/spi-builder-workspace/.derivedData/ModuleCache.noindex -Xfrontend -serialize-debugging-options -profile-coverage-mapping -profile-generate -enable-testing -index-store-path /Users/admin/builder/spi-builder-workspace/.derivedData/Index.noindex/DataStore -Xcc -D_LIBCPP_HARDENING_MODE\=_LIBCPP_HARDENING_MODE_DEBUG -swift-version 5 -I /Users/admin/builder/spi-builder-workspace/.derivedData/Build/Products/Debug-watchos -Isystem /Applications/Xcode-27.0.0-Release.Candidate.app/Contents/Developer/Platforms/WatchOS.platform/Developer/usr/lib -F /Users/admin/builder/spi-builder-workspace/.derivedData/Build/Products/Debug-watchos/PackageFrameworks -F /Users/admin/builder/spi-builder-workspace/.derivedData/Build/Products/Debug-watchos -F /Applications/Xcode-27.0.0-Release.Candidate.app/Contents/Developer/Platforms/WatchOS.platform/Developer/Library/Frameworks -F /Applications/Xcode-27.0.0-Release.Candidate.app/Contents/Developer/Platforms/WatchOS.platform/Developer/SDKs/WatchOS27.0.sdk/Developer/Library/Frameworks -c -j10 -enable-batch-mode -incremental -Xcc -ivfsstatcache -Xcc /Users/admin/builder/spi-builder-workspace/.derivedData/SDKStatCaches.noindex/watchos27.0-24R360-e829b21a6f8c9b70876ba0858053c04477534ef55a1706bf4c1112bbb242f0a2.sdkstatcache -output-file-map /Users/admin/builder/spi-builder-workspace/.derivedData/Build/Intermediates.noindex/OAuth2.build/Debug-watchos/macOS-t.build/Objects-normal/arm64_32/macOS-OutputFileMap.json -save-temps -no-color-diagnostics -explicit-module-build -module-cache-path /Users/admin/builder/spi-builder-workspace/.derivedData/Build/Intermediates.noindex/SwiftExplicitPrecompiledModules -clang-scanner-module-cache-path /Users/admin/builder/spi-builder-workspace/.derivedData/ModuleCache.noindex -sdk-module-cache-path /Users/admin/builder/spi-builder-workspace/.derivedData/SDKExplicitPrecompiledModules -emit-dependencies -emit-module -emit-module-path /Users/admin/builder/spi-builder-workspace/.derivedData/Build/Intermediates.noindex/OAuth2.build/Debug-watchos/macOS-t.build/Objects-normal/arm64_32/macOS.swiftmodule -serialize-diagnostics -dependency-scan-serialize-diagnostics-path /Users/admin/builder/spi-builder-workspace/.derivedData/Build/Intermediates.noindex/OAuth2.build/Debug-watchos/macOS-t.build/Objects-normal/arm64_32/macOS-dependency-scan.dia -validate-clang-modules-once -clang-build-session-file /Users/admin/builder/spi-builder-workspace/.derivedData/ModuleCache.noindex/Session.modulevalidation -Xcc -fmodules-prune-interval\=86400 -Xcc -fmodules-prune-after\=345600 -emit-const-values -const-gather-protocols-list /Users/admin/builder/spi-builder-workspace/.derivedData/Build/Intermediates.noindex/OAuth2.build/Debug-watchos/macOS-t.build/Objects-normal/arm64_32/macOS_const_extract_protocols.json -Xcc -I/Users/admin/builder/spi-builder-workspace/.derivedData/Build/Products/Debug-watchos/include -Xcc -I/Users/admin/builder/spi-builder-workspace/.derivedData/Build/Intermediates.noindex/OAuth2.build/Debug-watchos/macOS-t.build/DerivedSources-normal/arm64_32 -Xcc -I/Users/admin/builder/spi-builder-workspace/.derivedData/Build/Intermediates.noindex/OAuth2.build/Debug-watchos/macOS-t.build/DerivedSources/arm64_32 -Xcc -I/Users/admin/builder/spi-builder-workspace/.derivedData/Build/Intermediates.noindex/OAuth2.build/Debug-watchos/macOS-t.build/DerivedSources -Xcc -DSWIFT_PACKAGE -Xcc -DDEBUG\=1 -emit-objc-header -emit-objc-header-path /Users/admin/builder/spi-builder-workspace/.derivedData/Build/Intermediates.noindex/OAuth2.build/Debug-watchos/macOS-t.build/Objects-normal/arm64_32/macOS-Swift.h -working-directory /Users/admin/builder/spi-builder-workspace/.swiftpm/xcode -experimental-emit-module-separately -disable-cmo
SwiftDriver\ Compilation tvOS normal arm64_32 com.apple.xcode.tools.swift.compiler (in target 'tvOS' from project 'OAuth2')
cd /Users/admin/builder/spi-builder-workspace/.swiftpm/xcode
builtin-Swift-Compilation -- /Applications/Xcode-27.0.0-Release.Candidate.app/Contents/Developer/Toolchains/XcodeDefault.xctoolchain/usr/bin/swiftc -parse-as-library -module-name tvOS -Onone @/Users/admin/builder/spi-builder-workspace/.derivedData/Build/Intermediates.noindex/OAuth2.build/Debug-watchos/tvOS-t.build/Objects-normal/arm64_32/tvOS.SwiftFileList -DSWIFT_PACKAGE -DDEBUG -DSWIFT_MODULE_RESOURCE_BUNDLE_UNAVAILABLE -DXcode -plugin-path /Applications/Xcode-27.0.0-Release.Candidate.app/Contents/Developer/Toolchains/XcodeDefault.xctoolchain/usr/lib/swift/host/plugins/testing -enable-experimental-feature DebugDescriptionMacro -sdk /Applications/Xcode-27.0.0-Release.Candidate.app/Contents/Developer/Platforms/WatchOS.platform/Developer/SDKs/WatchOS27.0.sdk -target arm64_32-apple-watchos9.0 -g -module-cache-path /Users/admin/builder/spi-builder-workspace/.derivedData/ModuleCache.noindex -Xfrontend -serialize-debugging-options -profile-coverage-mapping -profile-generate -enable-testing -index-store-path /Users/admin/builder/spi-builder-workspace/.derivedData/Index.noindex/DataStore -Xcc -D_LIBCPP_HARDENING_MODE\=_LIBCPP_HARDENING_MODE_DEBUG -swift-version 5 -I /Users/admin/builder/spi-builder-workspace/.derivedData/Build/Products/Debug-watchos -Isystem /Applications/Xcode-27.0.0-Release.Candidate.app/Contents/Developer/Platforms/WatchOS.platform/Developer/usr/lib -F /Users/admin/builder/spi-builder-workspace/.derivedData/Build/Products/Debug-watchos/PackageFrameworks -F /Users/admin/builder/spi-builder-workspace/.derivedData/Build/Products/Debug-watchos -F /Applications/Xcode-27.0.0-Release.Candidate.app/Contents/Developer/Platforms/WatchOS.platform/Developer/Library/Frameworks -F /Applications/Xcode-27.0.0-Release.Candidate.app/Contents/Developer/Platforms/WatchOS.platform/Developer/SDKs/WatchOS27.0.sdk/Developer/Library/Frameworks -c -j10 -enable-batch-mode -incremental -Xcc -ivfsstatcache -Xcc /Users/admin/builder/spi-builder-workspace/.derivedData/SDKStatCaches.noindex/watchos27.0-24R360-e829b21a6f8c9b70876ba0858053c04477534ef55a1706bf4c1112bbb242f0a2.sdkstatcache -output-file-map /Users/admin/builder/spi-builder-workspace/.derivedData/Build/Intermediates.noindex/OAuth2.build/Debug-watchos/tvOS-t.build/Objects-normal/arm64_32/tvOS-OutputFileMap.json -save-temps -no-color-diagnostics -explicit-module-build -module-cache-path /Users/admin/builder/spi-builder-workspace/.derivedData/Build/Intermediates.noindex/SwiftExplicitPrecompiledModules -clang-scanner-module-cache-path /Users/admin/builder/spi-builder-workspace/.derivedData/ModuleCache.noindex -sdk-module-cache-path /Users/admin/builder/spi-builder-workspace/.derivedData/SDKExplicitPrecompiledModules -emit-dependencies -emit-module -emit-module-path /Users/admin/builder/spi-builder-workspace/.derivedData/Build/Intermediates.noindex/OAuth2.build/Debug-watchos/tvOS-t.build/Objects-normal/arm64_32/tvOS.swiftmodule -serialize-diagnostics -dependency-scan-serialize-diagnostics-path /Users/admin/builder/spi-builder-workspace/.derivedData/Build/Intermediates.noindex/OAuth2.build/Debug-watchos/tvOS-t.build/Objects-normal/arm64_32/tvOS-dependency-scan.dia -validate-clang-modules-once -clang-build-session-file /Users/admin/builder/spi-builder-workspace/.derivedData/ModuleCache.noindex/Session.modulevalidation -Xcc -fmodules-prune-interval\=86400 -Xcc -fmodules-prune-after\=345600 -emit-const-values -const-gather-protocols-list /Users/admin/builder/spi-builder-workspace/.derivedData/Build/Intermediates.noindex/OAuth2.build/Debug-watchos/tvOS-t.build/Objects-normal/arm64_32/tvOS_const_extract_protocols.json -Xcc -I/Users/admin/builder/spi-builder-workspace/.derivedData/Build/Products/Debug-watchos/include -Xcc -I/Users/admin/builder/spi-builder-workspace/.derivedData/Build/Intermediates.noindex/OAuth2.build/Debug-watchos/tvOS-t.build/DerivedSources-normal/arm64_32 -Xcc -I/Users/admin/builder/spi-builder-workspace/.derivedData/Build/Intermediates.noindex/OAuth2.build/Debug-watchos/tvOS-t.build/DerivedSources/arm64_32 -Xcc -I/Users/admin/builder/spi-builder-workspace/.derivedData/Build/Intermediates.noindex/OAuth2.build/Debug-watchos/tvOS-t.build/DerivedSources -Xcc -DSWIFT_PACKAGE -Xcc -DDEBUG\=1 -emit-objc-header -emit-objc-header-path /Users/admin/builder/spi-builder-workspace/.derivedData/Build/Intermediates.noindex/OAuth2.build/Debug-watchos/tvOS-t.build/Objects-normal/arm64_32/tvOS-Swift.h -working-directory /Users/admin/builder/spi-builder-workspace/.swiftpm/xcode -experimental-emit-module-separately -disable-cmo
SwiftCompile normal arm64 Compiling\ OAuth2CustomAuthorizer+macOS.swift /Users/admin/builder/spi-builder-workspace/Sources/macOS/OAuth2CustomAuthorizer+macOS.swift (in target 'macOS' from project 'OAuth2')
SwiftCompile normal arm64 /Users/admin/builder/spi-builder-workspace/Sources/macOS/OAuth2CustomAuthorizer+macOS.swift (in target 'macOS' from project 'OAuth2')
cd /Users/admin/builder/spi-builder-workspace/.swiftpm/xcode
builtin-SwiftPerFileCompile OAuth2CustomAuthorizer+macOS.swift
SwiftDriver\ Compilation Base normal arm64_32 com.apple.xcode.tools.swift.compiler (in target 'Base' from project 'OAuth2')
cd /Users/admin/builder/spi-builder-workspace/.swiftpm/xcode
builtin-Swift-Compilation -- /Applications/Xcode-27.0.0-Release.Candidate.app/Contents/Developer/Toolchains/XcodeDefault.xctoolchain/usr/bin/swiftc -parse-as-library -module-name Base -Onone @/Users/admin/builder/spi-builder-workspace/.derivedData/Build/Intermediates.noindex/OAuth2.build/Debug-watchos/Base-t.build/Objects-normal/arm64_32/Base.SwiftFileList -DSWIFT_PACKAGE -DDEBUG -DSWIFT_MODULE_RESOURCE_BUNDLE_UNAVAILABLE -DXcode -plugin-path /Applications/Xcode-27.0.0-Release.Candidate.app/Contents/Developer/Toolchains/XcodeDefault.xctoolchain/usr/lib/swift/host/plugins/testing -enable-experimental-feature DebugDescriptionMacro -sdk /Applications/Xcode-27.0.0-Release.Candidate.app/Contents/Developer/Platforms/WatchOS.platform/Developer/SDKs/WatchOS27.0.sdk -target arm64_32-apple-watchos9.0 -g -module-cache-path /Users/admin/builder/spi-builder-workspace/.derivedData/ModuleCache.noindex -Xfrontend -serialize-debugging-options -profile-coverage-mapping -profile-generate -enable-testing -index-store-path /Users/admin/builder/spi-builder-workspace/.derivedData/Index.noindex/DataStore -Xcc -D_LIBCPP_HARDENING_MODE\=_LIBCPP_HARDENING_MODE_DEBUG -swift-version 5 -I /Users/admin/builder/spi-builder-workspace/.derivedData/Build/Products/Debug-watchos -Isystem /Applications/Xcode-27.0.0-Release.Candidate.app/Contents/Developer/Platforms/WatchOS.platform/Developer/usr/lib -F /Users/admin/builder/spi-builder-workspace/.derivedData/Build/Products/Debug-watchos/PackageFrameworks -F /Users/admin/builder/spi-builder-workspace/.derivedData/Build/Products/Debug-watchos -F /Applications/Xcode-27.0.0-Release.Candidate.app/Contents/Developer/Platforms/WatchOS.platform/Developer/Library/Frameworks -F /Applications/Xcode-27.0.0-Release.Candidate.app/Contents/Developer/Platforms/WatchOS.platform/Developer/SDKs/WatchOS27.0.sdk/Developer/Library/Frameworks -c -j10 -enable-batch-mode -incremental -Xcc -ivfsstatcache -Xcc /Users/admin/builder/spi-builder-workspace/.derivedData/SDKStatCaches.noindex/watchos27.0-24R360-e829b21a6f8c9b70876ba0858053c04477534ef55a1706bf4c1112bbb242f0a2.sdkstatcache -output-file-map /Users/admin/builder/spi-builder-workspace/.derivedData/Build/Intermediates.noindex/OAuth2.build/Debug-watchos/Base-t.build/Objects-normal/arm64_32/Base-OutputFileMap.json -save-temps -no-color-diagnostics -explicit-module-build -module-cache-path /Users/admin/builder/spi-builder-workspace/.derivedData/Build/Intermediates.noindex/SwiftExplicitPrecompiledModules -clang-scanner-module-cache-path /Users/admin/builder/spi-builder-workspace/.derivedData/ModuleCache.noindex -sdk-module-cache-path /Users/admin/builder/spi-builder-workspace/.derivedData/SDKExplicitPrecompiledModules -emit-dependencies -emit-module -emit-module-path /Users/admin/builder/spi-builder-workspace/.derivedData/Build/Intermediates.noindex/OAuth2.build/Debug-watchos/Base-t.build/Objects-normal/arm64_32/Base.swiftmodule -serialize-diagnostics -dependency-scan-serialize-diagnostics-path /Users/admin/builder/spi-builder-workspace/.derivedData/Build/Intermediates.noindex/OAuth2.build/Debug-watchos/Base-t.build/Objects-normal/arm64_32/Base-dependency-scan.dia -validate-clang-modules-once -clang-build-session-file /Users/admin/builder/spi-builder-workspace/.derivedData/ModuleCache.noindex/Session.modulevalidation -Xcc -fmodules-prune-interval\=86400 -Xcc -fmodules-prune-after\=345600 -emit-const-values -const-gather-protocols-list /Users/admin/builder/spi-builder-workspace/.derivedData/Build/Intermediates.noindex/OAuth2.build/Debug-watchos/Base-t.build/Objects-normal/arm64_32/Base_const_extract_protocols.json -Xcc -I/Users/admin/builder/spi-builder-workspace/.derivedData/Build/Products/Debug-watchos/include -Xcc -I/Users/admin/builder/spi-builder-workspace/.derivedData/Build/Intermediates.noindex/OAuth2.build/Debug-watchos/Base-t.build/DerivedSources-normal/arm64_32 -Xcc -I/Users/admin/builder/spi-builder-workspace/.derivedData/Build/Intermediates.noindex/OAuth2.build/Debug-watchos/Base-t.build/DerivedSources/arm64_32 -Xcc -I/Users/admin/builder/spi-builder-workspace/.derivedData/Build/Intermediates.noindex/OAuth2.build/Debug-watchos/Base-t.build/DerivedSources -Xcc -DSWIFT_PACKAGE -Xcc -DDEBUG\=1 -emit-objc-header -emit-objc-header-path /Users/admin/builder/spi-builder-workspace/.derivedData/Build/Intermediates.noindex/OAuth2.build/Debug-watchos/Base-t.build/Objects-normal/arm64_32/Base-Swift.h -working-directory /Users/admin/builder/spi-builder-workspace/.swiftpm/xcode -experimental-emit-module-separately -disable-cmo
Copy /Users/admin/builder/spi-builder-workspace/.derivedData/Build/Products/Debug-watchos/macOS.swiftmodule/arm64_32-apple-watchos.swiftmodule /Users/admin/builder/spi-builder-workspace/.derivedData/Build/Intermediates.noindex/OAuth2.build/Debug-watchos/macOS-t.build/Objects-normal/arm64_32/macOS.swiftmodule (in target 'macOS' from project 'OAuth2')
cd /Users/admin/builder/spi-builder-workspace
builtin-copy -exclude .DS_Store -exclude CVS -exclude .svn -exclude .git -exclude .hg -resolve-src-symlinks -rename /Users/admin/builder/spi-builder-workspace/.derivedData/Build/Intermediates.noindex/OAuth2.build/Debug-watchos/macOS-t.build/Objects-normal/arm64_32/macOS.swiftmodule /Users/admin/builder/spi-builder-workspace/.derivedData/Build/Products/Debug-watchos/macOS.swiftmodule/arm64_32-apple-watchos.swiftmodule
SwiftDriverJobDiscovery normal arm64 Emitting module for macOS (in target 'macOS' from project 'OAuth2')
SwiftDriver\ Compilation\ Requirements macOS normal arm64 com.apple.xcode.tools.swift.compiler (in target 'macOS' from project 'OAuth2')
cd /Users/admin/builder/spi-builder-workspace/.swiftpm/xcode
builtin-Swift-Compilation-Requirements -- /Applications/Xcode-27.0.0-Release.Candidate.app/Contents/Developer/Toolchains/XcodeDefault.xctoolchain/usr/bin/swiftc -parse-as-library -module-name macOS -Onone @/Users/admin/builder/spi-builder-workspace/.derivedData/Build/Intermediates.noindex/OAuth2.build/Debug-watchos/macOS-t.build/Objects-normal/arm64/macOS.SwiftFileList -DSWIFT_PACKAGE -DDEBUG -DSWIFT_MODULE_RESOURCE_BUNDLE_UNAVAILABLE -DXcode -plugin-path /Applications/Xcode-27.0.0-Release.Candidate.app/Contents/Developer/Toolchains/XcodeDefault.xctoolchain/usr/lib/swift/host/plugins/testing -enable-experimental-feature DebugDescriptionMacro -sdk /Applications/Xcode-27.0.0-Release.Candidate.app/Contents/Developer/Platforms/WatchOS.platform/Developer/SDKs/WatchOS27.0.sdk -target arm64-apple-watchos9.0 -g -module-cache-path /Users/admin/builder/spi-builder-workspace/.derivedData/ModuleCache.noindex -Xfrontend -serialize-debugging-options -profile-coverage-mapping -profile-generate -enable-testing -index-store-path /Users/admin/builder/spi-builder-workspace/.derivedData/Index.noindex/DataStore -Xcc -D_LIBCPP_HARDENING_MODE\=_LIBCPP_HARDENING_MODE_DEBUG -swift-version 5 -I /Users/admin/builder/spi-builder-workspace/.derivedData/Build/Products/Debug-watchos -Isystem /Applications/Xcode-27.0.0-Release.Candidate.app/Contents/Developer/Platforms/WatchOS.platform/Developer/usr/lib -F /Users/admin/builder/spi-builder-workspace/.derivedData/Build/Products/Debug-watchos/PackageFrameworks -F /Users/admin/builder/spi-builder-workspace/.derivedData/Build/Products/Debug-watchos -F /Applications/Xcode-27.0.0-Release.Candidate.app/Contents/Developer/Platforms/WatchOS.platform/Developer/Library/Frameworks -F /Applications/Xcode-27.0.0-Release.Candidate.app/Contents/Developer/Platforms/WatchOS.platform/Developer/SDKs/WatchOS27.0.sdk/Developer/Library/Frameworks -c -j10 -enable-batch-mode -incremental -Xcc -ivfsstatcache -Xcc /Users/admin/builder/spi-builder-workspace/.derivedData/SDKStatCaches.noindex/watchos27.0-24R360-e829b21a6f8c9b70876ba0858053c04477534ef55a1706bf4c1112bbb242f0a2.sdkstatcache -output-file-map /Users/admin/builder/spi-builder-workspace/.derivedData/Build/Intermediates.noindex/OAuth2.build/Debug-watchos/macOS-t.build/Objects-normal/arm64/macOS-OutputFileMap.json -save-temps -no-color-diagnostics -explicit-module-build -module-cache-path /Users/admin/builder/spi-builder-workspace/.derivedData/Build/Intermediates.noindex/SwiftExplicitPrecompiledModules -clang-scanner-module-cache-path /Users/admin/builder/spi-builder-workspace/.derivedData/ModuleCache.noindex -sdk-module-cache-path /Users/admin/builder/spi-builder-workspace/.derivedData/SDKExplicitPrecompiledModules -emit-dependencies -emit-module -emit-module-path /Users/admin/builder/spi-builder-workspace/.derivedData/Build/Intermediates.noindex/OAuth2.build/Debug-watchos/macOS-t.build/Objects-normal/arm64/macOS.swiftmodule -serialize-diagnostics -dependency-scan-serialize-diagnostics-path /Users/admin/builder/spi-builder-workspace/.derivedData/Build/Intermediates.noindex/OAuth2.build/Debug-watchos/macOS-t.build/Objects-normal/arm64/macOS-dependency-scan.dia -validate-clang-modules-once -clang-build-session-file /Users/admin/builder/spi-builder-workspace/.derivedData/ModuleCache.noindex/Session.modulevalidation -Xcc -fmodules-prune-interval\=86400 -Xcc -fmodules-prune-after\=345600 -emit-const-values -const-gather-protocols-list /Users/admin/builder/spi-builder-workspace/.derivedData/Build/Intermediates.noindex/OAuth2.build/Debug-watchos/macOS-t.build/Objects-normal/arm64/macOS_const_extract_protocols.json -Xcc -I/Users/admin/builder/spi-builder-workspace/.derivedData/Build/Products/Debug-watchos/include -Xcc -I/Users/admin/builder/spi-builder-workspace/.derivedData/Build/Intermediates.noindex/OAuth2.build/Debug-watchos/macOS-t.build/DerivedSources-normal/arm64 -Xcc -I/Users/admin/builder/spi-builder-workspace/.derivedData/Build/Intermediates.noindex/OAuth2.build/Debug-watchos/macOS-t.build/DerivedSources/arm64 -Xcc -I/Users/admin/builder/spi-builder-workspace/.derivedData/Build/Intermediates.noindex/OAuth2.build/Debug-watchos/macOS-t.build/DerivedSources -Xcc -DSWIFT_PACKAGE -Xcc -DDEBUG\=1 -emit-objc-header -emit-objc-header-path /Users/admin/builder/spi-builder-workspace/.derivedData/Build/Intermediates.noindex/OAuth2.build/Debug-watchos/macOS-t.build/Objects-normal/arm64/macOS-Swift.h -working-directory /Users/admin/builder/spi-builder-workspace/.swiftpm/xcode -experimental-emit-module-separately -disable-cmo
Copy /Users/admin/builder/spi-builder-workspace/.derivedData/Build/Products/Debug-watchos/macOS.swiftmodule/arm64_32-apple-watchos.swiftdoc /Users/admin/builder/spi-builder-workspace/.derivedData/Build/Intermediates.noindex/OAuth2.build/Debug-watchos/macOS-t.build/Objects-normal/arm64_32/macOS.swiftdoc (in target 'macOS' from project 'OAuth2')
cd /Users/admin/builder/spi-builder-workspace
builtin-copy -exclude .DS_Store -exclude CVS -exclude .svn -exclude .git -exclude .hg -resolve-src-symlinks -rename /Users/admin/builder/spi-builder-workspace/.derivedData/Build/Intermediates.noindex/OAuth2.build/Debug-watchos/macOS-t.build/Objects-normal/arm64_32/macOS.swiftdoc /Users/admin/builder/spi-builder-workspace/.derivedData/Build/Products/Debug-watchos/macOS.swiftmodule/arm64_32-apple-watchos.swiftdoc
SwiftMergeGeneratedHeaders /Users/admin/builder/spi-builder-workspace/.derivedData/Build/Intermediates.noindex/GeneratedModuleMaps-watchos/macOS-Swift.h /Users/admin/builder/spi-builder-workspace/.derivedData/Build/Intermediates.noindex/OAuth2.build/Debug-watchos/macOS-t.build/Objects-normal/arm64/macOS-Swift.h /Users/admin/builder/spi-builder-workspace/.derivedData/Build/Intermediates.noindex/OAuth2.build/Debug-watchos/macOS-t.build/Objects-normal/arm64_32/macOS-Swift.h (in target 'macOS' from project 'OAuth2')
cd /Users/admin/builder/spi-builder-workspace
builtin-swiftHeaderTool -arch arm64 /Users/admin/builder/spi-builder-workspace/.derivedData/Build/Intermediates.noindex/OAuth2.build/Debug-watchos/macOS-t.build/Objects-normal/arm64/macOS-Swift.h -arch arm64_32 /Users/admin/builder/spi-builder-workspace/.derivedData/Build/Intermediates.noindex/OAuth2.build/Debug-watchos/macOS-t.build/Objects-normal/arm64_32/macOS-Swift.h -o /Users/admin/builder/spi-builder-workspace/.derivedData/Build/Intermediates.noindex/GeneratedModuleMaps-watchos/macOS-Swift.h
Copy /Users/admin/builder/spi-builder-workspace/.derivedData/Build/Products/Debug-watchos/macOS.swiftmodule/arm64_32-apple-watchos.abi.json /Users/admin/builder/spi-builder-workspace/.derivedData/Build/Intermediates.noindex/OAuth2.build/Debug-watchos/macOS-t.build/Objects-normal/arm64_32/macOS.abi.json (in target 'macOS' from project 'OAuth2')
cd /Users/admin/builder/spi-builder-workspace
builtin-copy -exclude .DS_Store -exclude CVS -exclude .svn -exclude .git -exclude .hg -resolve-src-symlinks -rename /Users/admin/builder/spi-builder-workspace/.derivedData/Build/Intermediates.noindex/OAuth2.build/Debug-watchos/macOS-t.build/Objects-normal/arm64_32/macOS.abi.json /Users/admin/builder/spi-builder-workspace/.derivedData/Build/Products/Debug-watchos/macOS.swiftmodule/arm64_32-apple-watchos.abi.json
Copy /Users/admin/builder/spi-builder-workspace/.derivedData/Build/Products/Debug-watchos/macOS.swiftmodule/arm64-apple-watchos.swiftmodule /Users/admin/builder/spi-builder-workspace/.derivedData/Build/Intermediates.noindex/OAuth2.build/Debug-watchos/macOS-t.build/Objects-normal/arm64/macOS.swiftmodule (in target 'macOS' from project 'OAuth2')
cd /Users/admin/builder/spi-builder-workspace
builtin-copy -exclude .DS_Store -exclude CVS -exclude .svn -exclude .git -exclude .hg -resolve-src-symlinks -rename /Users/admin/builder/spi-builder-workspace/.derivedData/Build/Intermediates.noindex/OAuth2.build/Debug-watchos/macOS-t.build/Objects-normal/arm64/macOS.swiftmodule /Users/admin/builder/spi-builder-workspace/.derivedData/Build/Products/Debug-watchos/macOS.swiftmodule/arm64-apple-watchos.swiftmodule
Copy /Users/admin/builder/spi-builder-workspace/.derivedData/Build/Products/Debug-watchos/macOS.swiftmodule/arm64-apple-watchos.swiftdoc /Users/admin/builder/spi-builder-workspace/.derivedData/Build/Intermediates.noindex/OAuth2.build/Debug-watchos/macOS-t.build/Objects-normal/arm64/macOS.swiftdoc (in target 'macOS' from project 'OAuth2')
cd /Users/admin/builder/spi-builder-workspace
builtin-copy -exclude .DS_Store -exclude CVS -exclude .svn -exclude .git -exclude .hg -resolve-src-symlinks -rename /Users/admin/builder/spi-builder-workspace/.derivedData/Build/Intermediates.noindex/OAuth2.build/Debug-watchos/macOS-t.build/Objects-normal/arm64/macOS.swiftdoc /Users/admin/builder/spi-builder-workspace/.derivedData/Build/Products/Debug-watchos/macOS.swiftmodule/arm64-apple-watchos.swiftdoc
Copy /Users/admin/builder/spi-builder-workspace/.derivedData/Build/Products/Debug-watchos/macOS.swiftmodule/arm64-apple-watchos.abi.json /Users/admin/builder/spi-builder-workspace/.derivedData/Build/Intermediates.noindex/OAuth2.build/Debug-watchos/macOS-t.build/Objects-normal/arm64/macOS.abi.json (in target 'macOS' from project 'OAuth2')
cd /Users/admin/builder/spi-builder-workspace
builtin-copy -exclude .DS_Store -exclude CVS -exclude .svn -exclude .git -exclude .hg -resolve-src-symlinks -rename /Users/admin/builder/spi-builder-workspace/.derivedData/Build/Intermediates.noindex/OAuth2.build/Debug-watchos/macOS-t.build/Objects-normal/arm64/macOS.abi.json /Users/admin/builder/spi-builder-workspace/.derivedData/Build/Products/Debug-watchos/macOS.swiftmodule/arm64-apple-watchos.abi.json
Copy /Users/admin/builder/spi-builder-workspace/.derivedData/Build/Products/Debug-watchos/macOS.swiftmodule/Project/arm64_32-apple-watchos.swiftsourceinfo /Users/admin/builder/spi-builder-workspace/.derivedData/Build/Intermediates.noindex/OAuth2.build/Debug-watchos/macOS-t.build/Objects-normal/arm64_32/macOS.swiftsourceinfo (in target 'macOS' from project 'OAuth2')
cd /Users/admin/builder/spi-builder-workspace
builtin-copy -exclude .DS_Store -exclude CVS -exclude .svn -exclude .git -exclude .hg -resolve-src-symlinks -rename /Users/admin/builder/spi-builder-workspace/.derivedData/Build/Intermediates.noindex/OAuth2.build/Debug-watchos/macOS-t.build/Objects-normal/arm64_32/macOS.swiftsourceinfo /Users/admin/builder/spi-builder-workspace/.derivedData/Build/Products/Debug-watchos/macOS.swiftmodule/Project/arm64_32-apple-watchos.swiftsourceinfo
Copy /Users/admin/builder/spi-builder-workspace/.derivedData/Build/Products/Debug-watchos/macOS.swiftmodule/Project/arm64-apple-watchos.swiftsourceinfo /Users/admin/builder/spi-builder-workspace/.derivedData/Build/Intermediates.noindex/OAuth2.build/Debug-watchos/macOS-t.build/Objects-normal/arm64/macOS.swiftsourceinfo (in target 'macOS' from project 'OAuth2')
cd /Users/admin/builder/spi-builder-workspace
builtin-copy -exclude .DS_Store -exclude CVS -exclude .svn -exclude .git -exclude .hg -resolve-src-symlinks -rename /Users/admin/builder/spi-builder-workspace/.derivedData/Build/Intermediates.noindex/OAuth2.build/Debug-watchos/macOS-t.build/Objects-normal/arm64/macOS.swiftsourceinfo /Users/admin/builder/spi-builder-workspace/.derivedData/Build/Products/Debug-watchos/macOS.swiftmodule/Project/arm64-apple-watchos.swiftsourceinfo
SwiftDriver iOS normal arm64 com.apple.xcode.tools.swift.compiler (in target 'iOS' from project 'OAuth2')
cd /Users/admin/builder/spi-builder-workspace/.swiftpm/xcode
builtin-SwiftDriver -- /Applications/Xcode-27.0.0-Release.Candidate.app/Contents/Developer/Toolchains/XcodeDefault.xctoolchain/usr/bin/swiftc -parse-as-library -module-name iOS -Onone @/Users/admin/builder/spi-builder-workspace/.derivedData/Build/Intermediates.noindex/OAuth2.build/Debug-watchos/iOS-t.build/Objects-normal/arm64/iOS.SwiftFileList -DSWIFT_PACKAGE -DDEBUG -DSWIFT_MODULE_RESOURCE_BUNDLE_UNAVAILABLE -DXcode -plugin-path /Applications/Xcode-27.0.0-Release.Candidate.app/Contents/Developer/Toolchains/XcodeDefault.xctoolchain/usr/lib/swift/host/plugins/testing -enable-experimental-feature DebugDescriptionMacro -sdk /Applications/Xcode-27.0.0-Release.Candidate.app/Contents/Developer/Platforms/WatchOS.platform/Developer/SDKs/WatchOS27.0.sdk -target arm64-apple-watchos9.0 -g -module-cache-path /Users/admin/builder/spi-builder-workspace/.derivedData/ModuleCache.noindex -Xfrontend -serialize-debugging-options -profile-coverage-mapping -profile-generate -enable-testing -index-store-path /Users/admin/builder/spi-builder-workspace/.derivedData/Index.noindex/DataStore -Xcc -D_LIBCPP_HARDENING_MODE\=_LIBCPP_HARDENING_MODE_DEBUG -swift-version 5 -I /Users/admin/builder/spi-builder-workspace/.derivedData/Build/Products/Debug-watchos -Isystem /Applications/Xcode-27.0.0-Release.Candidate.app/Contents/Developer/Platforms/WatchOS.platform/Developer/usr/lib -F /Users/admin/builder/spi-builder-workspace/.derivedData/Build/Products/Debug-watchos/PackageFrameworks -F /Users/admin/builder/spi-builder-workspace/.derivedData/Build/Products/Debug-watchos -F /Applications/Xcode-27.0.0-Release.Candidate.app/Contents/Developer/Platforms/WatchOS.platform/Developer/Library/Frameworks -F /Applications/Xcode-27.0.0-Release.Candidate.app/Contents/Developer/Platforms/WatchOS.platform/Developer/SDKs/WatchOS27.0.sdk/Developer/Library/Frameworks -c -j10 -enable-batch-mode -incremental -Xcc -ivfsstatcache -Xcc /Users/admin/builder/spi-builder-workspace/.derivedData/SDKStatCaches.noindex/watchos27.0-24R360-e829b21a6f8c9b70876ba0858053c04477534ef55a1706bf4c1112bbb242f0a2.sdkstatcache -output-file-map /Users/admin/builder/spi-builder-workspace/.derivedData/Build/Intermediates.noindex/OAuth2.build/Debug-watchos/iOS-t.build/Objects-normal/arm64/iOS-OutputFileMap.json -save-temps -no-color-diagnostics -explicit-module-build -module-cache-path /Users/admin/builder/spi-builder-workspace/.derivedData/Build/Intermediates.noindex/SwiftExplicitPrecompiledModules -clang-scanner-module-cache-path /Users/admin/builder/spi-builder-workspace/.derivedData/ModuleCache.noindex -sdk-module-cache-path /Users/admin/builder/spi-builder-workspace/.derivedData/SDKExplicitPrecompiledModules -emit-dependencies -emit-module -emit-module-path /Users/admin/builder/spi-builder-workspace/.derivedData/Build/Intermediates.noindex/OAuth2.build/Debug-watchos/iOS-t.build/Objects-normal/arm64/iOS.swiftmodule -serialize-diagnostics -dependency-scan-serialize-diagnostics-path /Users/admin/builder/spi-builder-workspace/.derivedData/Build/Intermediates.noindex/OAuth2.build/Debug-watchos/iOS-t.build/Objects-normal/arm64/iOS-dependency-scan.dia -validate-clang-modules-once -clang-build-session-file /Users/admin/builder/spi-builder-workspace/.derivedData/ModuleCache.noindex/Session.modulevalidation -Xcc -fmodules-prune-interval\=86400 -Xcc -fmodules-prune-after\=345600 -emit-const-values -const-gather-protocols-list /Users/admin/builder/spi-builder-workspace/.derivedData/Build/Intermediates.noindex/OAuth2.build/Debug-watchos/iOS-t.build/Objects-normal/arm64/iOS_const_extract_protocols.json -Xcc -I/Users/admin/builder/spi-builder-workspace/.derivedData/Build/Products/Debug-watchos/include -Xcc -I/Users/admin/builder/spi-builder-workspace/.derivedData/Build/Intermediates.noindex/OAuth2.build/Debug-watchos/iOS-t.build/DerivedSources-normal/arm64 -Xcc -I/Users/admin/builder/spi-builder-workspace/.derivedData/Build/Intermediates.noindex/OAuth2.build/Debug-watchos/iOS-t.build/DerivedSources/arm64 -Xcc -I/Users/admin/builder/spi-builder-workspace/.derivedData/Build/Intermediates.noindex/OAuth2.build/Debug-watchos/iOS-t.build/DerivedSources -Xcc -DSWIFT_PACKAGE -Xcc -DDEBUG\=1 -emit-objc-header -emit-objc-header-path /Users/admin/builder/spi-builder-workspace/.derivedData/Build/Intermediates.noindex/OAuth2.build/Debug-watchos/iOS-t.build/Objects-normal/arm64/iOS-Swift.h -working-directory /Users/admin/builder/spi-builder-workspace/.swiftpm/xcode -experimental-emit-module-separately -disable-cmo
SwiftDriver iOS normal arm64_32 com.apple.xcode.tools.swift.compiler (in target 'iOS' from project 'OAuth2')
cd /Users/admin/builder/spi-builder-workspace/.swiftpm/xcode
builtin-SwiftDriver -- /Applications/Xcode-27.0.0-Release.Candidate.app/Contents/Developer/Toolchains/XcodeDefault.xctoolchain/usr/bin/swiftc -parse-as-library -module-name iOS -Onone @/Users/admin/builder/spi-builder-workspace/.derivedData/Build/Intermediates.noindex/OAuth2.build/Debug-watchos/iOS-t.build/Objects-normal/arm64_32/iOS.SwiftFileList -DSWIFT_PACKAGE -DDEBUG -DSWIFT_MODULE_RESOURCE_BUNDLE_UNAVAILABLE -DXcode -plugin-path /Applications/Xcode-27.0.0-Release.Candidate.app/Contents/Developer/Toolchains/XcodeDefault.xctoolchain/usr/lib/swift/host/plugins/testing -enable-experimental-feature DebugDescriptionMacro -sdk /Applications/Xcode-27.0.0-Release.Candidate.app/Contents/Developer/Platforms/WatchOS.platform/Developer/SDKs/WatchOS27.0.sdk -target arm64_32-apple-watchos9.0 -g -module-cache-path /Users/admin/builder/spi-builder-workspace/.derivedData/ModuleCache.noindex -Xfrontend -serialize-debugging-options -profile-coverage-mapping -profile-generate -enable-testing -index-store-path /Users/admin/builder/spi-builder-workspace/.derivedData/Index.noindex/DataStore -Xcc -D_LIBCPP_HARDENING_MODE\=_LIBCPP_HARDENING_MODE_DEBUG -swift-version 5 -I /Users/admin/builder/spi-builder-workspace/.derivedData/Build/Products/Debug-watchos -Isystem /Applications/Xcode-27.0.0-Release.Candidate.app/Contents/Developer/Platforms/WatchOS.platform/Developer/usr/lib -F /Users/admin/builder/spi-builder-workspace/.derivedData/Build/Products/Debug-watchos/PackageFrameworks -F /Users/admin/builder/spi-builder-workspace/.derivedData/Build/Products/Debug-watchos -F /Applications/Xcode-27.0.0-Release.Candidate.app/Contents/Developer/Platforms/WatchOS.platform/Developer/Library/Frameworks -F /Applications/Xcode-27.0.0-Release.Candidate.app/Contents/Developer/Platforms/WatchOS.platform/Developer/SDKs/WatchOS27.0.sdk/Developer/Library/Frameworks -c -j10 -enable-batch-mode -incremental -Xcc -ivfsstatcache -Xcc /Users/admin/builder/spi-builder-workspace/.derivedData/SDKStatCaches.noindex/watchos27.0-24R360-e829b21a6f8c9b70876ba0858053c04477534ef55a1706bf4c1112bbb242f0a2.sdkstatcache -output-file-map /Users/admin/builder/spi-builder-workspace/.derivedData/Build/Intermediates.noindex/OAuth2.build/Debug-watchos/iOS-t.build/Objects-normal/arm64_32/iOS-OutputFileMap.json -save-temps -no-color-diagnostics -explicit-module-build -module-cache-path /Users/admin/builder/spi-builder-workspace/.derivedData/Build/Intermediates.noindex/SwiftExplicitPrecompiledModules -clang-scanner-module-cache-path /Users/admin/builder/spi-builder-workspace/.derivedData/ModuleCache.noindex -sdk-module-cache-path /Users/admin/builder/spi-builder-workspace/.derivedData/SDKExplicitPrecompiledModules -emit-dependencies -emit-module -emit-module-path /Users/admin/builder/spi-builder-workspace/.derivedData/Build/Intermediates.noindex/OAuth2.build/Debug-watchos/iOS-t.build/Objects-normal/arm64_32/iOS.swiftmodule -serialize-diagnostics -dependency-scan-serialize-diagnostics-path /Users/admin/builder/spi-builder-workspace/.derivedData/Build/Intermediates.noindex/OAuth2.build/Debug-watchos/iOS-t.build/Objects-normal/arm64_32/iOS-dependency-scan.dia -validate-clang-modules-once -clang-build-session-file /Users/admin/builder/spi-builder-workspace/.derivedData/ModuleCache.noindex/Session.modulevalidation -Xcc -fmodules-prune-interval\=86400 -Xcc -fmodules-prune-after\=345600 -emit-const-values -const-gather-protocols-list /Users/admin/builder/spi-builder-workspace/.derivedData/Build/Intermediates.noindex/OAuth2.build/Debug-watchos/iOS-t.build/Objects-normal/arm64_32/iOS_const_extract_protocols.json -Xcc -I/Users/admin/builder/spi-builder-workspace/.derivedData/Build/Products/Debug-watchos/include -Xcc -I/Users/admin/builder/spi-builder-workspace/.derivedData/Build/Intermediates.noindex/OAuth2.build/Debug-watchos/iOS-t.build/DerivedSources-normal/arm64_32 -Xcc -I/Users/admin/builder/spi-builder-workspace/.derivedData/Build/Intermediates.noindex/OAuth2.build/Debug-watchos/iOS-t.build/DerivedSources/arm64_32 -Xcc -I/Users/admin/builder/spi-builder-workspace/.derivedData/Build/Intermediates.noindex/OAuth2.build/Debug-watchos/iOS-t.build/DerivedSources -Xcc -DSWIFT_PACKAGE -Xcc -DDEBUG\=1 -emit-objc-header -emit-objc-header-path /Users/admin/builder/spi-builder-workspace/.derivedData/Build/Intermediates.noindex/OAuth2.build/Debug-watchos/iOS-t.build/Objects-normal/arm64_32/iOS-Swift.h -working-directory /Users/admin/builder/spi-builder-workspace/.swiftpm/xcode -experimental-emit-module-separately -disable-cmo
SwiftDriverJobDiscovery normal arm64_32 Compiling OAuth2WebViewController+macOS.swift (in target 'macOS' from project 'OAuth2')
SwiftDriverJobDiscovery normal arm64_32 Compiling OAuth2CustomAuthorizer+macOS.swift (in target 'macOS' from project 'OAuth2')
SwiftDriverJobDiscovery normal arm64 Compiling OAuth2WebViewController+macOS.swift (in target 'macOS' from project 'OAuth2')
SwiftDriverJobDiscovery normal arm64_32 Compiling OAuth2Authorizer+macOS.swift (in target 'macOS' from project 'OAuth2')
SwiftDriver\ Compilation macOS normal arm64_32 com.apple.xcode.tools.swift.compiler (in target 'macOS' from project 'OAuth2')
cd /Users/admin/builder/spi-builder-workspace/.swiftpm/xcode
builtin-Swift-Compilation -- /Applications/Xcode-27.0.0-Release.Candidate.app/Contents/Developer/Toolchains/XcodeDefault.xctoolchain/usr/bin/swiftc -parse-as-library -module-name macOS -Onone @/Users/admin/builder/spi-builder-workspace/.derivedData/Build/Intermediates.noindex/OAuth2.build/Debug-watchos/macOS-t.build/Objects-normal/arm64_32/macOS.SwiftFileList -DSWIFT_PACKAGE -DDEBUG -DSWIFT_MODULE_RESOURCE_BUNDLE_UNAVAILABLE -DXcode -plugin-path /Applications/Xcode-27.0.0-Release.Candidate.app/Contents/Developer/Toolchains/XcodeDefault.xctoolchain/usr/lib/swift/host/plugins/testing -enable-experimental-feature DebugDescriptionMacro -sdk /Applications/Xcode-27.0.0-Release.Candidate.app/Contents/Developer/Platforms/WatchOS.platform/Developer/SDKs/WatchOS27.0.sdk -target arm64_32-apple-watchos9.0 -g -module-cache-path /Users/admin/builder/spi-builder-workspace/.derivedData/ModuleCache.noindex -Xfrontend -serialize-debugging-options -profile-coverage-mapping -profile-generate -enable-testing -index-store-path /Users/admin/builder/spi-builder-workspace/.derivedData/Index.noindex/DataStore -Xcc -D_LIBCPP_HARDENING_MODE\=_LIBCPP_HARDENING_MODE_DEBUG -swift-version 5 -I /Users/admin/builder/spi-builder-workspace/.derivedData/Build/Products/Debug-watchos -Isystem /Applications/Xcode-27.0.0-Release.Candidate.app/Contents/Developer/Platforms/WatchOS.platform/Developer/usr/lib -F /Users/admin/builder/spi-builder-workspace/.derivedData/Build/Products/Debug-watchos/PackageFrameworks -F /Users/admin/builder/spi-builder-workspace/.derivedData/Build/Products/Debug-watchos -F /Applications/Xcode-27.0.0-Release.Candidate.app/Contents/Developer/Platforms/WatchOS.platform/Developer/Library/Frameworks -F /Applications/Xcode-27.0.0-Release.Candidate.app/Contents/Developer/Platforms/WatchOS.platform/Developer/SDKs/WatchOS27.0.sdk/Developer/Library/Frameworks -c -j10 -enable-batch-mode -incremental -Xcc -ivfsstatcache -Xcc /Users/admin/builder/spi-builder-workspace/.derivedData/SDKStatCaches.noindex/watchos27.0-24R360-e829b21a6f8c9b70876ba0858053c04477534ef55a1706bf4c1112bbb242f0a2.sdkstatcache -output-file-map /Users/admin/builder/spi-builder-workspace/.derivedData/Build/Intermediates.noindex/OAuth2.build/Debug-watchos/macOS-t.build/Objects-normal/arm64_32/macOS-OutputFileMap.json -save-temps -no-color-diagnostics -explicit-module-build -module-cache-path /Users/admin/builder/spi-builder-workspace/.derivedData/Build/Intermediates.noindex/SwiftExplicitPrecompiledModules -clang-scanner-module-cache-path /Users/admin/builder/spi-builder-workspace/.derivedData/ModuleCache.noindex -sdk-module-cache-path /Users/admin/builder/spi-builder-workspace/.derivedData/SDKExplicitPrecompiledModules -emit-dependencies -emit-module -emit-module-path /Users/admin/builder/spi-builder-workspace/.derivedData/Build/Intermediates.noindex/OAuth2.build/Debug-watchos/macOS-t.build/Objects-normal/arm64_32/macOS.swiftmodule -serialize-diagnostics -dependency-scan-serialize-diagnostics-path /Users/admin/builder/spi-builder-workspace/.derivedData/Build/Intermediates.noindex/OAuth2.build/Debug-watchos/macOS-t.build/Objects-normal/arm64_32/macOS-dependency-scan.dia -validate-clang-modules-once -clang-build-session-file /Users/admin/builder/spi-builder-workspace/.derivedData/ModuleCache.noindex/Session.modulevalidation -Xcc -fmodules-prune-interval\=86400 -Xcc -fmodules-prune-after\=345600 -emit-const-values -const-gather-protocols-list /Users/admin/builder/spi-builder-workspace/.derivedData/Build/Intermediates.noindex/OAuth2.build/Debug-watchos/macOS-t.build/Objects-normal/arm64_32/macOS_const_extract_protocols.json -Xcc -I/Users/admin/builder/spi-builder-workspace/.derivedData/Build/Products/Debug-watchos/include -Xcc -I/Users/admin/builder/spi-builder-workspace/.derivedData/Build/Intermediates.noindex/OAuth2.build/Debug-watchos/macOS-t.build/DerivedSources-normal/arm64_32 -Xcc -I/Users/admin/builder/spi-builder-workspace/.derivedData/Build/Intermediates.noindex/OAuth2.build/Debug-watchos/macOS-t.build/DerivedSources/arm64_32 -Xcc -I/Users/admin/builder/spi-builder-workspace/.derivedData/Build/Intermediates.noindex/OAuth2.build/Debug-watchos/macOS-t.build/DerivedSources -Xcc -DSWIFT_PACKAGE -Xcc -DDEBUG\=1 -emit-objc-header -emit-objc-header-path /Users/admin/builder/spi-builder-workspace/.derivedData/Build/Intermediates.noindex/OAuth2.build/Debug-watchos/macOS-t.build/Objects-normal/arm64_32/macOS-Swift.h -working-directory /Users/admin/builder/spi-builder-workspace/.swiftpm/xcode -experimental-emit-module-separately -disable-cmo
SwiftDriverJobDiscovery normal arm64 Compiling OAuth2Authorizer+macOS.swift (in target 'macOS' from project 'OAuth2')
Ld /Users/admin/builder/spi-builder-workspace/.derivedData/Build/Intermediates.noindex/OAuth2.build/Debug-watchos/Base-t.build/Objects-normal/arm64_32/Binary/Base.o normal arm64_32 (in target 'Base' from project 'OAuth2')
cd /Users/admin/builder/spi-builder-workspace
/Applications/Xcode-27.0.0-Release.Candidate.app/Contents/Developer/Toolchains/XcodeDefault.xctoolchain/usr/bin/clang -Xlinker -reproducible -target arm64_32-apple-watchos9.0 -r -isysroot /Applications/Xcode-27.0.0-Release.Candidate.app/Contents/Developer/Platforms/WatchOS.platform/Developer/SDKs/WatchOS27.0.sdk -O0 -Xlinker -no_warn_duplicate_libraries -F/Users/admin/builder/spi-builder-workspace/.derivedData/Build/Intermediates.noindex/EagerLinkingTBDs/Debug-watchos -F/Users/admin/builder/spi-builder-workspace/.derivedData/Build/Products/Debug-watchos/PackageFrameworks -F/Users/admin/builder/spi-builder-workspace/.derivedData/Build/Products/Debug-watchos -iframework /Applications/Xcode-27.0.0-Release.Candidate.app/Contents/Developer/Platforms/WatchOS.platform/Developer/Library/Frameworks -iframework /Applications/Xcode-27.0.0-Release.Candidate.app/Contents/Developer/Platforms/WatchOS.platform/Developer/SDKs/WatchOS27.0.sdk/Developer/Library/Frameworks -filelist /Users/admin/builder/spi-builder-workspace/.derivedData/Build/Intermediates.noindex/OAuth2.build/Debug-watchos/Base-t.build/Objects-normal/arm64_32/Base.LinkFileList -nostdlib -Xlinker -object_path_lto -Xlinker /Users/admin/builder/spi-builder-workspace/.derivedData/Build/Intermediates.noindex/OAuth2.build/Debug-watchos/Base-t.build/Objects-normal/arm64_32/Base_lto.o -Xlinker -no_deduplicate -Xlinker -debug_variant -Xlinker -dependency_info -Xlinker /Users/admin/builder/spi-builder-workspace/.derivedData/Build/Intermediates.noindex/OAuth2.build/Debug-watchos/Base-t.build/Objects-normal/arm64_32/Base_dependency_info.dat -fobjc-link-runtime -L/Applications/Xcode-27.0.0-Release.Candidate.app/Contents/Developer/Toolchains/XcodeDefault.xctoolchain/usr/lib/swift/watchos -L/usr/lib/swift -Xlinker -add_ast_path -Xlinker /Users/admin/builder/spi-builder-workspace/.derivedData/Build/Intermediates.noindex/OAuth2.build/Debug-watchos/Base-t.build/Objects-normal/arm64_32/Base.swiftmodule -o /Users/admin/builder/spi-builder-workspace/.derivedData/Build/Intermediates.noindex/OAuth2.build/Debug-watchos/Base-t.build/Objects-normal/arm64_32/Binary/Base.o
SwiftDriverJobDiscovery normal arm64 Compiling OAuth2CustomAuthorizer+macOS.swift (in target 'macOS' from project 'OAuth2')
SwiftDriver\ Compilation macOS normal arm64 com.apple.xcode.tools.swift.compiler (in target 'macOS' from project 'OAuth2')
cd /Users/admin/builder/spi-builder-workspace/.swiftpm/xcode
builtin-Swift-Compilation -- /Applications/Xcode-27.0.0-Release.Candidate.app/Contents/Developer/Toolchains/XcodeDefault.xctoolchain/usr/bin/swiftc -parse-as-library -module-name macOS -Onone @/Users/admin/builder/spi-builder-workspace/.derivedData/Build/Intermediates.noindex/OAuth2.build/Debug-watchos/macOS-t.build/Objects-normal/arm64/macOS.SwiftFileList -DSWIFT_PACKAGE -DDEBUG -DSWIFT_MODULE_RESOURCE_BUNDLE_UNAVAILABLE -DXcode -plugin-path /Applications/Xcode-27.0.0-Release.Candidate.app/Contents/Developer/Toolchains/XcodeDefault.xctoolchain/usr/lib/swift/host/plugins/testing -enable-experimental-feature DebugDescriptionMacro -sdk /Applications/Xcode-27.0.0-Release.Candidate.app/Contents/Developer/Platforms/WatchOS.platform/Developer/SDKs/WatchOS27.0.sdk -target arm64-apple-watchos9.0 -g -module-cache-path /Users/admin/builder/spi-builder-workspace/.derivedData/ModuleCache.noindex -Xfrontend -serialize-debugging-options -profile-coverage-mapping -profile-generate -enable-testing -index-store-path /Users/admin/builder/spi-builder-workspace/.derivedData/Index.noindex/DataStore -Xcc -D_LIBCPP_HARDENING_MODE\=_LIBCPP_HARDENING_MODE_DEBUG -swift-version 5 -I /Users/admin/builder/spi-builder-workspace/.derivedData/Build/Products/Debug-watchos -Isystem /Applications/Xcode-27.0.0-Release.Candidate.app/Contents/Developer/Platforms/WatchOS.platform/Developer/usr/lib -F /Users/admin/builder/spi-builder-workspace/.derivedData/Build/Products/Debug-watchos/PackageFrameworks -F /Users/admin/builder/spi-builder-workspace/.derivedData/Build/Products/Debug-watchos -F /Applications/Xcode-27.0.0-Release.Candidate.app/Contents/Developer/Platforms/WatchOS.platform/Developer/Library/Frameworks -F /Applications/Xcode-27.0.0-Release.Candidate.app/Contents/Developer/Platforms/WatchOS.platform/Developer/SDKs/WatchOS27.0.sdk/Developer/Library/Frameworks -c -j10 -enable-batch-mode -incremental -Xcc -ivfsstatcache -Xcc /Users/admin/builder/spi-builder-workspace/.derivedData/SDKStatCaches.noindex/watchos27.0-24R360-e829b21a6f8c9b70876ba0858053c04477534ef55a1706bf4c1112bbb242f0a2.sdkstatcache -output-file-map /Users/admin/builder/spi-builder-workspace/.derivedData/Build/Intermediates.noindex/OAuth2.build/Debug-watchos/macOS-t.build/Objects-normal/arm64/macOS-OutputFileMap.json -save-temps -no-color-diagnostics -explicit-module-build -module-cache-path /Users/admin/builder/spi-builder-workspace/.derivedData/Build/Intermediates.noindex/SwiftExplicitPrecompiledModules -clang-scanner-module-cache-path /Users/admin/builder/spi-builder-workspace/.derivedData/ModuleCache.noindex -sdk-module-cache-path /Users/admin/builder/spi-builder-workspace/.derivedData/SDKExplicitPrecompiledModules -emit-dependencies -emit-module -emit-module-path /Users/admin/builder/spi-builder-workspace/.derivedData/Build/Intermediates.noindex/OAuth2.build/Debug-watchos/macOS-t.build/Objects-normal/arm64/macOS.swiftmodule -serialize-diagnostics -dependency-scan-serialize-diagnostics-path /Users/admin/builder/spi-builder-workspace/.derivedData/Build/Intermediates.noindex/OAuth2.build/Debug-watchos/macOS-t.build/Objects-normal/arm64/macOS-dependency-scan.dia -validate-clang-modules-once -clang-build-session-file /Users/admin/builder/spi-builder-workspace/.derivedData/ModuleCache.noindex/Session.modulevalidation -Xcc -fmodules-prune-interval\=86400 -Xcc -fmodules-prune-after\=345600 -emit-const-values -const-gather-protocols-list /Users/admin/builder/spi-builder-workspace/.derivedData/Build/Intermediates.noindex/OAuth2.build/Debug-watchos/macOS-t.build/Objects-normal/arm64/macOS_const_extract_protocols.json -Xcc -I/Users/admin/builder/spi-builder-workspace/.derivedData/Build/Products/Debug-watchos/include -Xcc -I/Users/admin/builder/spi-builder-workspace/.derivedData/Build/Intermediates.noindex/OAuth2.build/Debug-watchos/macOS-t.build/DerivedSources-normal/arm64 -Xcc -I/Users/admin/builder/spi-builder-workspace/.derivedData/Build/Intermediates.noindex/OAuth2.build/Debug-watchos/macOS-t.build/DerivedSources/arm64 -Xcc -I/Users/admin/builder/spi-builder-workspace/.derivedData/Build/Intermediates.noindex/OAuth2.build/Debug-watchos/macOS-t.build/DerivedSources -Xcc -DSWIFT_PACKAGE -Xcc -DDEBUG\=1 -emit-objc-header -emit-objc-header-path /Users/admin/builder/spi-builder-workspace/.derivedData/Build/Intermediates.noindex/OAuth2.build/Debug-watchos/macOS-t.build/Objects-normal/arm64/macOS-Swift.h -working-directory /Users/admin/builder/spi-builder-workspace/.swiftpm/xcode -experimental-emit-module-separately -disable-cmo
SwiftCompile normal arm64 Compiling\ OAuth2WebViewController+iOS.swift /Users/admin/builder/spi-builder-workspace/Sources/iOS/OAuth2WebViewController+iOS.swift (in target 'iOS' from project 'OAuth2')
SwiftCompile normal arm64 /Users/admin/builder/spi-builder-workspace/Sources/iOS/OAuth2WebViewController+iOS.swift (in target 'iOS' from project 'OAuth2')
cd /Users/admin/builder/spi-builder-workspace/.swiftpm/xcode
builtin-SwiftPerFileCompile OAuth2WebViewController+iOS.swift
SwiftEmitModule normal arm64 Emitting\ module\ for\ iOS (in target 'iOS' from project 'OAuth2')
SwiftCompile normal arm64 (in target 'iOS' from project 'OAuth2')
cd /Users/admin/builder/spi-builder-workspace/.swiftpm/xcode
SwiftCompile normal arm64 Compiling\ OAuth2CustomAuthorizer+iOS.swift /Users/admin/builder/spi-builder-workspace/Sources/iOS/OAuth2CustomAuthorizer+iOS.swift (in target 'iOS' from project 'OAuth2')
SwiftCompile normal arm64 /Users/admin/builder/spi-builder-workspace/Sources/iOS/OAuth2CustomAuthorizer+iOS.swift (in target 'iOS' from project 'OAuth2')
cd /Users/admin/builder/spi-builder-workspace/.swiftpm/xcode
builtin-SwiftPerFileCompile OAuth2CustomAuthorizer+iOS.swift
SwiftCompile normal arm64 Compiling\ OAuth2Authorizer+iOS.swift /Users/admin/builder/spi-builder-workspace/Sources/iOS/OAuth2Authorizer+iOS.swift (in target 'iOS' from project 'OAuth2')
SwiftCompile normal arm64 /Users/admin/builder/spi-builder-workspace/Sources/iOS/OAuth2Authorizer+iOS.swift (in target 'iOS' from project 'OAuth2')
cd /Users/admin/builder/spi-builder-workspace/.swiftpm/xcode
builtin-SwiftPerFileCompile OAuth2Authorizer+iOS.swift
SwiftEmitModule normal arm64_32 Emitting\ module\ for\ iOS (in target 'iOS' from project 'OAuth2')
SwiftCompile normal arm64_32 (in target 'iOS' from project 'OAuth2')
cd /Users/admin/builder/spi-builder-workspace/.swiftpm/xcode
SwiftCompile normal arm64_32 Compiling\ OAuth2WebViewController+iOS.swift /Users/admin/builder/spi-builder-workspace/Sources/iOS/OAuth2WebViewController+iOS.swift (in target 'iOS' from project 'OAuth2')
SwiftCompile normal arm64_32 /Users/admin/builder/spi-builder-workspace/Sources/iOS/OAuth2WebViewController+iOS.swift (in target 'iOS' from project 'OAuth2')
cd /Users/admin/builder/spi-builder-workspace/.swiftpm/xcode
builtin-SwiftPerFileCompile OAuth2WebViewController+iOS.swift
SwiftCompile normal arm64_32 Compiling\ OAuth2Authorizer+iOS.swift /Users/admin/builder/spi-builder-workspace/Sources/iOS/OAuth2Authorizer+iOS.swift (in target 'iOS' from project 'OAuth2')
SwiftCompile normal arm64_32 /Users/admin/builder/spi-builder-workspace/Sources/iOS/OAuth2Authorizer+iOS.swift (in target 'iOS' from project 'OAuth2')
cd /Users/admin/builder/spi-builder-workspace/.swiftpm/xcode
builtin-SwiftPerFileCompile OAuth2Authorizer+iOS.swift
SwiftCompile normal arm64_32 Compiling\ OAuth2CustomAuthorizer+iOS.swift /Users/admin/builder/spi-builder-workspace/Sources/iOS/OAuth2CustomAuthorizer+iOS.swift (in target 'iOS' from project 'OAuth2')
SwiftCompile normal arm64_32 /Users/admin/builder/spi-builder-workspace/Sources/iOS/OAuth2CustomAuthorizer+iOS.swift (in target 'iOS' from project 'OAuth2')
cd /Users/admin/builder/spi-builder-workspace/.swiftpm/xcode
builtin-SwiftPerFileCompile OAuth2CustomAuthorizer+iOS.swift
SwiftDriverJobDiscovery normal arm64 Emitting module for iOS (in target 'iOS' from project 'OAuth2')
SwiftDriver\ Compilation\ Requirements iOS normal arm64 com.apple.xcode.tools.swift.compiler (in target 'iOS' from project 'OAuth2')
cd /Users/admin/builder/spi-builder-workspace/.swiftpm/xcode
builtin-Swift-Compilation-Requirements -- /Applications/Xcode-27.0.0-Release.Candidate.app/Contents/Developer/Toolchains/XcodeDefault.xctoolchain/usr/bin/swiftc -parse-as-library -module-name iOS -Onone @/Users/admin/builder/spi-builder-workspace/.derivedData/Build/Intermediates.noindex/OAuth2.build/Debug-watchos/iOS-t.build/Objects-normal/arm64/iOS.SwiftFileList -DSWIFT_PACKAGE -DDEBUG -DSWIFT_MODULE_RESOURCE_BUNDLE_UNAVAILABLE -DXcode -plugin-path /Applications/Xcode-27.0.0-Release.Candidate.app/Contents/Developer/Toolchains/XcodeDefault.xctoolchain/usr/lib/swift/host/plugins/testing -enable-experimental-feature DebugDescriptionMacro -sdk /Applications/Xcode-27.0.0-Release.Candidate.app/Contents/Developer/Platforms/WatchOS.platform/Developer/SDKs/WatchOS27.0.sdk -target arm64-apple-watchos9.0 -g -module-cache-path /Users/admin/builder/spi-builder-workspace/.derivedData/ModuleCache.noindex -Xfrontend -serialize-debugging-options -profile-coverage-mapping -profile-generate -enable-testing -index-store-path /Users/admin/builder/spi-builder-workspace/.derivedData/Index.noindex/DataStore -Xcc -D_LIBCPP_HARDENING_MODE\=_LIBCPP_HARDENING_MODE_DEBUG -swift-version 5 -I /Users/admin/builder/spi-builder-workspace/.derivedData/Build/Products/Debug-watchos -Isystem /Applications/Xcode-27.0.0-Release.Candidate.app/Contents/Developer/Platforms/WatchOS.platform/Developer/usr/lib -F /Users/admin/builder/spi-builder-workspace/.derivedData/Build/Products/Debug-watchos/PackageFrameworks -F /Users/admin/builder/spi-builder-workspace/.derivedData/Build/Products/Debug-watchos -F /Applications/Xcode-27.0.0-Release.Candidate.app/Contents/Developer/Platforms/WatchOS.platform/Developer/Library/Frameworks -F /Applications/Xcode-27.0.0-Release.Candidate.app/Contents/Developer/Platforms/WatchOS.platform/Developer/SDKs/WatchOS27.0.sdk/Developer/Library/Frameworks -c -j10 -enable-batch-mode -incremental -Xcc -ivfsstatcache -Xcc /Users/admin/builder/spi-builder-workspace/.derivedData/SDKStatCaches.noindex/watchos27.0-24R360-e829b21a6f8c9b70876ba0858053c04477534ef55a1706bf4c1112bbb242f0a2.sdkstatcache -output-file-map /Users/admin/builder/spi-builder-workspace/.derivedData/Build/Intermediates.noindex/OAuth2.build/Debug-watchos/iOS-t.build/Objects-normal/arm64/iOS-OutputFileMap.json -save-temps -no-color-diagnostics -explicit-module-build -module-cache-path /Users/admin/builder/spi-builder-workspace/.derivedData/Build/Intermediates.noindex/SwiftExplicitPrecompiledModules -clang-scanner-module-cache-path /Users/admin/builder/spi-builder-workspace/.derivedData/ModuleCache.noindex -sdk-module-cache-path /Users/admin/builder/spi-builder-workspace/.derivedData/SDKExplicitPrecompiledModules -emit-dependencies -emit-module -emit-module-path /Users/admin/builder/spi-builder-workspace/.derivedData/Build/Intermediates.noindex/OAuth2.build/Debug-watchos/iOS-t.build/Objects-normal/arm64/iOS.swiftmodule -serialize-diagnostics -dependency-scan-serialize-diagnostics-path /Users/admin/builder/spi-builder-workspace/.derivedData/Build/Intermediates.noindex/OAuth2.build/Debug-watchos/iOS-t.build/Objects-normal/arm64/iOS-dependency-scan.dia -validate-clang-modules-once -clang-build-session-file /Users/admin/builder/spi-builder-workspace/.derivedData/ModuleCache.noindex/Session.modulevalidation -Xcc -fmodules-prune-interval\=86400 -Xcc -fmodules-prune-after\=345600 -emit-const-values -const-gather-protocols-list /Users/admin/builder/spi-builder-workspace/.derivedData/Build/Intermediates.noindex/OAuth2.build/Debug-watchos/iOS-t.build/Objects-normal/arm64/iOS_const_extract_protocols.json -Xcc -I/Users/admin/builder/spi-builder-workspace/.derivedData/Build/Products/Debug-watchos/include -Xcc -I/Users/admin/builder/spi-builder-workspace/.derivedData/Build/Intermediates.noindex/OAuth2.build/Debug-watchos/iOS-t.build/DerivedSources-normal/arm64 -Xcc -I/Users/admin/builder/spi-builder-workspace/.derivedData/Build/Intermediates.noindex/OAuth2.build/Debug-watchos/iOS-t.build/DerivedSources/arm64 -Xcc -I/Users/admin/builder/spi-builder-workspace/.derivedData/Build/Intermediates.noindex/OAuth2.build/Debug-watchos/iOS-t.build/DerivedSources -Xcc -DSWIFT_PACKAGE -Xcc -DDEBUG\=1 -emit-objc-header -emit-objc-header-path /Users/admin/builder/spi-builder-workspace/.derivedData/Build/Intermediates.noindex/OAuth2.build/Debug-watchos/iOS-t.build/Objects-normal/arm64/iOS-Swift.h -working-directory /Users/admin/builder/spi-builder-workspace/.swiftpm/xcode -experimental-emit-module-separately -disable-cmo
Copy /Users/admin/builder/spi-builder-workspace/.derivedData/Build/Products/Debug-watchos/iOS.swiftmodule/arm64-apple-watchos.swiftdoc /Users/admin/builder/spi-builder-workspace/.derivedData/Build/Intermediates.noindex/OAuth2.build/Debug-watchos/iOS-t.build/Objects-normal/arm64/iOS.swiftdoc (in target 'iOS' from project 'OAuth2')
cd /Users/admin/builder/spi-builder-workspace
builtin-copy -exclude .DS_Store -exclude CVS -exclude .svn -exclude .git -exclude .hg -resolve-src-symlinks -rename /Users/admin/builder/spi-builder-workspace/.derivedData/Build/Intermediates.noindex/OAuth2.build/Debug-watchos/iOS-t.build/Objects-normal/arm64/iOS.swiftdoc /Users/admin/builder/spi-builder-workspace/.derivedData/Build/Products/Debug-watchos/iOS.swiftmodule/arm64-apple-watchos.swiftdoc
Copy /Users/admin/builder/spi-builder-workspace/.derivedData/Build/Products/Debug-watchos/iOS.swiftmodule/arm64-apple-watchos.swiftmodule /Users/admin/builder/spi-builder-workspace/.derivedData/Build/Intermediates.noindex/OAuth2.build/Debug-watchos/iOS-t.build/Objects-normal/arm64/iOS.swiftmodule (in target 'iOS' from project 'OAuth2')
cd /Users/admin/builder/spi-builder-workspace
builtin-copy -exclude .DS_Store -exclude CVS -exclude .svn -exclude .git -exclude .hg -resolve-src-symlinks -rename /Users/admin/builder/spi-builder-workspace/.derivedData/Build/Intermediates.noindex/OAuth2.build/Debug-watchos/iOS-t.build/Objects-normal/arm64/iOS.swiftmodule /Users/admin/builder/spi-builder-workspace/.derivedData/Build/Products/Debug-watchos/iOS.swiftmodule/arm64-apple-watchos.swiftmodule
Copy /Users/admin/builder/spi-builder-workspace/.derivedData/Build/Products/Debug-watchos/iOS.swiftmodule/arm64-apple-watchos.abi.json /Users/admin/builder/spi-builder-workspace/.derivedData/Build/Intermediates.noindex/OAuth2.build/Debug-watchos/iOS-t.build/Objects-normal/arm64/iOS.abi.json (in target 'iOS' from project 'OAuth2')
cd /Users/admin/builder/spi-builder-workspace
builtin-copy -exclude .DS_Store -exclude CVS -exclude .svn -exclude .git -exclude .hg -resolve-src-symlinks -rename /Users/admin/builder/spi-builder-workspace/.derivedData/Build/Intermediates.noindex/OAuth2.build/Debug-watchos/iOS-t.build/Objects-normal/arm64/iOS.abi.json /Users/admin/builder/spi-builder-workspace/.derivedData/Build/Products/Debug-watchos/iOS.swiftmodule/arm64-apple-watchos.abi.json
Copy /Users/admin/builder/spi-builder-workspace/.derivedData/Build/Products/Debug-watchos/iOS.swiftmodule/Project/arm64-apple-watchos.swiftsourceinfo /Users/admin/builder/spi-builder-workspace/.derivedData/Build/Intermediates.noindex/OAuth2.build/Debug-watchos/iOS-t.build/Objects-normal/arm64/iOS.swiftsourceinfo (in target 'iOS' from project 'OAuth2')
cd /Users/admin/builder/spi-builder-workspace
builtin-copy -exclude .DS_Store -exclude CVS -exclude .svn -exclude .git -exclude .hg -resolve-src-symlinks -rename /Users/admin/builder/spi-builder-workspace/.derivedData/Build/Intermediates.noindex/OAuth2.build/Debug-watchos/iOS-t.build/Objects-normal/arm64/iOS.swiftsourceinfo /Users/admin/builder/spi-builder-workspace/.derivedData/Build/Products/Debug-watchos/iOS.swiftmodule/Project/arm64-apple-watchos.swiftsourceinfo
SwiftDriverJobDiscovery normal arm64 Compiling OAuth2CustomAuthorizer+iOS.swift (in target 'iOS' from project 'OAuth2')
SwiftDriverJobDiscovery normal arm64 Compiling OAuth2WebViewController+iOS.swift (in target 'iOS' from project 'OAuth2')
SwiftDriverJobDiscovery normal arm64 Compiling OAuth2Authorizer+iOS.swift (in target 'iOS' from project 'OAuth2')
SwiftDriverJobDiscovery normal arm64_32 Emitting module for iOS (in target 'iOS' from project 'OAuth2')
SwiftDriver\ Compilation iOS normal arm64 com.apple.xcode.tools.swift.compiler (in target 'iOS' from project 'OAuth2')
cd /Users/admin/builder/spi-builder-workspace/.swiftpm/xcode
builtin-Swift-Compilation -- /Applications/Xcode-27.0.0-Release.Candidate.app/Contents/Developer/Toolchains/XcodeDefault.xctoolchain/usr/bin/swiftc -parse-as-library -module-name iOS -Onone @/Users/admin/builder/spi-builder-workspace/.derivedData/Build/Intermediates.noindex/OAuth2.build/Debug-watchos/iOS-t.build/Objects-normal/arm64/iOS.SwiftFileList -DSWIFT_PACKAGE -DDEBUG -DSWIFT_MODULE_RESOURCE_BUNDLE_UNAVAILABLE -DXcode -plugin-path /Applications/Xcode-27.0.0-Release.Candidate.app/Contents/Developer/Toolchains/XcodeDefault.xctoolchain/usr/lib/swift/host/plugins/testing -enable-experimental-feature DebugDescriptionMacro -sdk /Applications/Xcode-27.0.0-Release.Candidate.app/Contents/Developer/Platforms/WatchOS.platform/Developer/SDKs/WatchOS27.0.sdk -target arm64-apple-watchos9.0 -g -module-cache-path /Users/admin/builder/spi-builder-workspace/.derivedData/ModuleCache.noindex -Xfrontend -serialize-debugging-options -profile-coverage-mapping -profile-generate -enable-testing -index-store-path /Users/admin/builder/spi-builder-workspace/.derivedData/Index.noindex/DataStore -Xcc -D_LIBCPP_HARDENING_MODE\=_LIBCPP_HARDENING_MODE_DEBUG -swift-version 5 -I /Users/admin/builder/spi-builder-workspace/.derivedData/Build/Products/Debug-watchos -Isystem /Applications/Xcode-27.0.0-Release.Candidate.app/Contents/Developer/Platforms/WatchOS.platform/Developer/usr/lib -F /Users/admin/builder/spi-builder-workspace/.derivedData/Build/Products/Debug-watchos/PackageFrameworks -F /Users/admin/builder/spi-builder-workspace/.derivedData/Build/Products/Debug-watchos -F /Applications/Xcode-27.0.0-Release.Candidate.app/Contents/Developer/Platforms/WatchOS.platform/Developer/Library/Frameworks -F /Applications/Xcode-27.0.0-Release.Candidate.app/Contents/Developer/Platforms/WatchOS.platform/Developer/SDKs/WatchOS27.0.sdk/Developer/Library/Frameworks -c -j10 -enable-batch-mode -incremental -Xcc -ivfsstatcache -Xcc /Users/admin/builder/spi-builder-workspace/.derivedData/SDKStatCaches.noindex/watchos27.0-24R360-e829b21a6f8c9b70876ba0858053c04477534ef55a1706bf4c1112bbb242f0a2.sdkstatcache -output-file-map /Users/admin/builder/spi-builder-workspace/.derivedData/Build/Intermediates.noindex/OAuth2.build/Debug-watchos/iOS-t.build/Objects-normal/arm64/iOS-OutputFileMap.json -save-temps -no-color-diagnostics -explicit-module-build -module-cache-path /Users/admin/builder/spi-builder-workspace/.derivedData/Build/Intermediates.noindex/SwiftExplicitPrecompiledModules -clang-scanner-module-cache-path /Users/admin/builder/spi-builder-workspace/.derivedData/ModuleCache.noindex -sdk-module-cache-path /Users/admin/builder/spi-builder-workspace/.derivedData/SDKExplicitPrecompiledModules -emit-dependencies -emit-module -emit-module-path /Users/admin/builder/spi-builder-workspace/.derivedData/Build/Intermediates.noindex/OAuth2.build/Debug-watchos/iOS-t.build/Objects-normal/arm64/iOS.swiftmodule -serialize-diagnostics -dependency-scan-serialize-diagnostics-path /Users/admin/builder/spi-builder-workspace/.derivedData/Build/Intermediates.noindex/OAuth2.build/Debug-watchos/iOS-t.build/Objects-normal/arm64/iOS-dependency-scan.dia -validate-clang-modules-once -clang-build-session-file /Users/admin/builder/spi-builder-workspace/.derivedData/ModuleCache.noindex/Session.modulevalidation -Xcc -fmodules-prune-interval\=86400 -Xcc -fmodules-prune-after\=345600 -emit-const-values -const-gather-protocols-list /Users/admin/builder/spi-builder-workspace/.derivedData/Build/Intermediates.noindex/OAuth2.build/Debug-watchos/iOS-t.build/Objects-normal/arm64/iOS_const_extract_protocols.json -Xcc -I/Users/admin/builder/spi-builder-workspace/.derivedData/Build/Products/Debug-watchos/include -Xcc -I/Users/admin/builder/spi-builder-workspace/.derivedData/Build/Intermediates.noindex/OAuth2.build/Debug-watchos/iOS-t.build/DerivedSources-normal/arm64 -Xcc -I/Users/admin/builder/spi-builder-workspace/.derivedData/Build/Intermediates.noindex/OAuth2.build/Debug-watchos/iOS-t.build/DerivedSources/arm64 -Xcc -I/Users/admin/builder/spi-builder-workspace/.derivedData/Build/Intermediates.noindex/OAuth2.build/Debug-watchos/iOS-t.build/DerivedSources -Xcc -DSWIFT_PACKAGE -Xcc -DDEBUG\=1 -emit-objc-header -emit-objc-header-path /Users/admin/builder/spi-builder-workspace/.derivedData/Build/Intermediates.noindex/OAuth2.build/Debug-watchos/iOS-t.build/Objects-normal/arm64/iOS-Swift.h -working-directory /Users/admin/builder/spi-builder-workspace/.swiftpm/xcode -experimental-emit-module-separately -disable-cmo
SwiftDriver\ Compilation\ Requirements iOS normal arm64_32 com.apple.xcode.tools.swift.compiler (in target 'iOS' from project 'OAuth2')
cd /Users/admin/builder/spi-builder-workspace/.swiftpm/xcode
builtin-Swift-Compilation-Requirements -- /Applications/Xcode-27.0.0-Release.Candidate.app/Contents/Developer/Toolchains/XcodeDefault.xctoolchain/usr/bin/swiftc -parse-as-library -module-name iOS -Onone @/Users/admin/builder/spi-builder-workspace/.derivedData/Build/Intermediates.noindex/OAuth2.build/Debug-watchos/iOS-t.build/Objects-normal/arm64_32/iOS.SwiftFileList -DSWIFT_PACKAGE -DDEBUG -DSWIFT_MODULE_RESOURCE_BUNDLE_UNAVAILABLE -DXcode -plugin-path /Applications/Xcode-27.0.0-Release.Candidate.app/Contents/Developer/Toolchains/XcodeDefault.xctoolchain/usr/lib/swift/host/plugins/testing -enable-experimental-feature DebugDescriptionMacro -sdk /Applications/Xcode-27.0.0-Release.Candidate.app/Contents/Developer/Platforms/WatchOS.platform/Developer/SDKs/WatchOS27.0.sdk -target arm64_32-apple-watchos9.0 -g -module-cache-path /Users/admin/builder/spi-builder-workspace/.derivedData/ModuleCache.noindex -Xfrontend -serialize-debugging-options -profile-coverage-mapping -profile-generate -enable-testing -index-store-path /Users/admin/builder/spi-builder-workspace/.derivedData/Index.noindex/DataStore -Xcc -D_LIBCPP_HARDENING_MODE\=_LIBCPP_HARDENING_MODE_DEBUG -swift-version 5 -I /Users/admin/builder/spi-builder-workspace/.derivedData/Build/Products/Debug-watchos -Isystem /Applications/Xcode-27.0.0-Release.Candidate.app/Contents/Developer/Platforms/WatchOS.platform/Developer/usr/lib -F /Users/admin/builder/spi-builder-workspace/.derivedData/Build/Products/Debug-watchos/PackageFrameworks -F /Users/admin/builder/spi-builder-workspace/.derivedData/Build/Products/Debug-watchos -F /Applications/Xcode-27.0.0-Release.Candidate.app/Contents/Developer/Platforms/WatchOS.platform/Developer/Library/Frameworks -F /Applications/Xcode-27.0.0-Release.Candidate.app/Contents/Developer/Platforms/WatchOS.platform/Developer/SDKs/WatchOS27.0.sdk/Developer/Library/Frameworks -c -j10 -enable-batch-mode -incremental -Xcc -ivfsstatcache -Xcc /Users/admin/builder/spi-builder-workspace/.derivedData/SDKStatCaches.noindex/watchos27.0-24R360-e829b21a6f8c9b70876ba0858053c04477534ef55a1706bf4c1112bbb242f0a2.sdkstatcache -output-file-map /Users/admin/builder/spi-builder-workspace/.derivedData/Build/Intermediates.noindex/OAuth2.build/Debug-watchos/iOS-t.build/Objects-normal/arm64_32/iOS-OutputFileMap.json -save-temps -no-color-diagnostics -explicit-module-build -module-cache-path /Users/admin/builder/spi-builder-workspace/.derivedData/Build/Intermediates.noindex/SwiftExplicitPrecompiledModules -clang-scanner-module-cache-path /Users/admin/builder/spi-builder-workspace/.derivedData/ModuleCache.noindex -sdk-module-cache-path /Users/admin/builder/spi-builder-workspace/.derivedData/SDKExplicitPrecompiledModules -emit-dependencies -emit-module -emit-module-path /Users/admin/builder/spi-builder-workspace/.derivedData/Build/Intermediates.noindex/OAuth2.build/Debug-watchos/iOS-t.build/Objects-normal/arm64_32/iOS.swiftmodule -serialize-diagnostics -dependency-scan-serialize-diagnostics-path /Users/admin/builder/spi-builder-workspace/.derivedData/Build/Intermediates.noindex/OAuth2.build/Debug-watchos/iOS-t.build/Objects-normal/arm64_32/iOS-dependency-scan.dia -validate-clang-modules-once -clang-build-session-file /Users/admin/builder/spi-builder-workspace/.derivedData/ModuleCache.noindex/Session.modulevalidation -Xcc -fmodules-prune-interval\=86400 -Xcc -fmodules-prune-after\=345600 -emit-const-values -const-gather-protocols-list /Users/admin/builder/spi-builder-workspace/.derivedData/Build/Intermediates.noindex/OAuth2.build/Debug-watchos/iOS-t.build/Objects-normal/arm64_32/iOS_const_extract_protocols.json -Xcc -I/Users/admin/builder/spi-builder-workspace/.derivedData/Build/Products/Debug-watchos/include -Xcc -I/Users/admin/builder/spi-builder-workspace/.derivedData/Build/Intermediates.noindex/OAuth2.build/Debug-watchos/iOS-t.build/DerivedSources-normal/arm64_32 -Xcc -I/Users/admin/builder/spi-builder-workspace/.derivedData/Build/Intermediates.noindex/OAuth2.build/Debug-watchos/iOS-t.build/DerivedSources/arm64_32 -Xcc -I/Users/admin/builder/spi-builder-workspace/.derivedData/Build/Intermediates.noindex/OAuth2.build/Debug-watchos/iOS-t.build/DerivedSources -Xcc -DSWIFT_PACKAGE -Xcc -DDEBUG\=1 -emit-objc-header -emit-objc-header-path /Users/admin/builder/spi-builder-workspace/.derivedData/Build/Intermediates.noindex/OAuth2.build/Debug-watchos/iOS-t.build/Objects-normal/arm64_32/iOS-Swift.h -working-directory /Users/admin/builder/spi-builder-workspace/.swiftpm/xcode -experimental-emit-module-separately -disable-cmo
SwiftDriverJobDiscovery normal arm64_32 Compiling OAuth2CustomAuthorizer+iOS.swift (in target 'iOS' from project 'OAuth2')
SwiftDriverJobDiscovery normal arm64_32 Compiling OAuth2WebViewController+iOS.swift (in target 'iOS' from project 'OAuth2')
SwiftDriverJobDiscovery normal arm64_32 Compiling OAuth2Authorizer+iOS.swift (in target 'iOS' from project 'OAuth2')
SwiftDriver\ Compilation iOS normal arm64_32 com.apple.xcode.tools.swift.compiler (in target 'iOS' from project 'OAuth2')
cd /Users/admin/builder/spi-builder-workspace/.swiftpm/xcode
builtin-Swift-Compilation -- /Applications/Xcode-27.0.0-Release.Candidate.app/Contents/Developer/Toolchains/XcodeDefault.xctoolchain/usr/bin/swiftc -parse-as-library -module-name iOS -Onone @/Users/admin/builder/spi-builder-workspace/.derivedData/Build/Intermediates.noindex/OAuth2.build/Debug-watchos/iOS-t.build/Objects-normal/arm64_32/iOS.SwiftFileList -DSWIFT_PACKAGE -DDEBUG -DSWIFT_MODULE_RESOURCE_BUNDLE_UNAVAILABLE -DXcode -plugin-path /Applications/Xcode-27.0.0-Release.Candidate.app/Contents/Developer/Toolchains/XcodeDefault.xctoolchain/usr/lib/swift/host/plugins/testing -enable-experimental-feature DebugDescriptionMacro -sdk /Applications/Xcode-27.0.0-Release.Candidate.app/Contents/Developer/Platforms/WatchOS.platform/Developer/SDKs/WatchOS27.0.sdk -target arm64_32-apple-watchos9.0 -g -module-cache-path /Users/admin/builder/spi-builder-workspace/.derivedData/ModuleCache.noindex -Xfrontend -serialize-debugging-options -profile-coverage-mapping -profile-generate -enable-testing -index-store-path /Users/admin/builder/spi-builder-workspace/.derivedData/Index.noindex/DataStore -Xcc -D_LIBCPP_HARDENING_MODE\=_LIBCPP_HARDENING_MODE_DEBUG -swift-version 5 -I /Users/admin/builder/spi-builder-workspace/.derivedData/Build/Products/Debug-watchos -Isystem /Applications/Xcode-27.0.0-Release.Candidate.app/Contents/Developer/Platforms/WatchOS.platform/Developer/usr/lib -F /Users/admin/builder/spi-builder-workspace/.derivedData/Build/Products/Debug-watchos/PackageFrameworks -F /Users/admin/builder/spi-builder-workspace/.derivedData/Build/Products/Debug-watchos -F /Applications/Xcode-27.0.0-Release.Candidate.app/Contents/Developer/Platforms/WatchOS.platform/Developer/Library/Frameworks -F /Applications/Xcode-27.0.0-Release.Candidate.app/Contents/Developer/Platforms/WatchOS.platform/Developer/SDKs/WatchOS27.0.sdk/Developer/Library/Frameworks -c -j10 -enable-batch-mode -incremental -Xcc -ivfsstatcache -Xcc /Users/admin/builder/spi-builder-workspace/.derivedData/SDKStatCaches.noindex/watchos27.0-24R360-e829b21a6f8c9b70876ba0858053c04477534ef55a1706bf4c1112bbb242f0a2.sdkstatcache -output-file-map /Users/admin/builder/spi-builder-workspace/.derivedData/Build/Intermediates.noindex/OAuth2.build/Debug-watchos/iOS-t.build/Objects-normal/arm64_32/iOS-OutputFileMap.json -save-temps -no-color-diagnostics -explicit-module-build -module-cache-path /Users/admin/builder/spi-builder-workspace/.derivedData/Build/Intermediates.noindex/SwiftExplicitPrecompiledModules -clang-scanner-module-cache-path /Users/admin/builder/spi-builder-workspace/.derivedData/ModuleCache.noindex -sdk-module-cache-path /Users/admin/builder/spi-builder-workspace/.derivedData/SDKExplicitPrecompiledModules -emit-dependencies -emit-module -emit-module-path /Users/admin/builder/spi-builder-workspace/.derivedData/Build/Intermediates.noindex/OAuth2.build/Debug-watchos/iOS-t.build/Objects-normal/arm64_32/iOS.swiftmodule -serialize-diagnostics -dependency-scan-serialize-diagnostics-path /Users/admin/builder/spi-builder-workspace/.derivedData/Build/Intermediates.noindex/OAuth2.build/Debug-watchos/iOS-t.build/Objects-normal/arm64_32/iOS-dependency-scan.dia -validate-clang-modules-once -clang-build-session-file /Users/admin/builder/spi-builder-workspace/.derivedData/ModuleCache.noindex/Session.modulevalidation -Xcc -fmodules-prune-interval\=86400 -Xcc -fmodules-prune-after\=345600 -emit-const-values -const-gather-protocols-list /Users/admin/builder/spi-builder-workspace/.derivedData/Build/Intermediates.noindex/OAuth2.build/Debug-watchos/iOS-t.build/Objects-normal/arm64_32/iOS_const_extract_protocols.json -Xcc -I/Users/admin/builder/spi-builder-workspace/.derivedData/Build/Products/Debug-watchos/include -Xcc -I/Users/admin/builder/spi-builder-workspace/.derivedData/Build/Intermediates.noindex/OAuth2.build/Debug-watchos/iOS-t.build/DerivedSources-normal/arm64_32 -Xcc -I/Users/admin/builder/spi-builder-workspace/.derivedData/Build/Intermediates.noindex/OAuth2.build/Debug-watchos/iOS-t.build/DerivedSources/arm64_32 -Xcc -I/Users/admin/builder/spi-builder-workspace/.derivedData/Build/Intermediates.noindex/OAuth2.build/Debug-watchos/iOS-t.build/DerivedSources -Xcc -DSWIFT_PACKAGE -Xcc -DDEBUG\=1 -emit-objc-header -emit-objc-header-path /Users/admin/builder/spi-builder-workspace/.derivedData/Build/Intermediates.noindex/OAuth2.build/Debug-watchos/iOS-t.build/Objects-normal/arm64_32/iOS-Swift.h -working-directory /Users/admin/builder/spi-builder-workspace/.swiftpm/xcode -experimental-emit-module-separately -disable-cmo
SwiftMergeGeneratedHeaders /Users/admin/builder/spi-builder-workspace/.derivedData/Build/Intermediates.noindex/GeneratedModuleMaps-watchos/iOS-Swift.h /Users/admin/builder/spi-builder-workspace/.derivedData/Build/Intermediates.noindex/OAuth2.build/Debug-watchos/iOS-t.build/Objects-normal/arm64/iOS-Swift.h /Users/admin/builder/spi-builder-workspace/.derivedData/Build/Intermediates.noindex/OAuth2.build/Debug-watchos/iOS-t.build/Objects-normal/arm64_32/iOS-Swift.h (in target 'iOS' from project 'OAuth2')
cd /Users/admin/builder/spi-builder-workspace
builtin-swiftHeaderTool -arch arm64 /Users/admin/builder/spi-builder-workspace/.derivedData/Build/Intermediates.noindex/OAuth2.build/Debug-watchos/iOS-t.build/Objects-normal/arm64/iOS-Swift.h -arch arm64_32 /Users/admin/builder/spi-builder-workspace/.derivedData/Build/Intermediates.noindex/OAuth2.build/Debug-watchos/iOS-t.build/Objects-normal/arm64_32/iOS-Swift.h -o /Users/admin/builder/spi-builder-workspace/.derivedData/Build/Intermediates.noindex/GeneratedModuleMaps-watchos/iOS-Swift.h
Copy /Users/admin/builder/spi-builder-workspace/.derivedData/Build/Products/Debug-watchos/iOS.swiftmodule/arm64_32-apple-watchos.swiftdoc /Users/admin/builder/spi-builder-workspace/.derivedData/Build/Intermediates.noindex/OAuth2.build/Debug-watchos/iOS-t.build/Objects-normal/arm64_32/iOS.swiftdoc (in target 'iOS' from project 'OAuth2')
cd /Users/admin/builder/spi-builder-workspace
builtin-copy -exclude .DS_Store -exclude CVS -exclude .svn -exclude .git -exclude .hg -resolve-src-symlinks -rename /Users/admin/builder/spi-builder-workspace/.derivedData/Build/Intermediates.noindex/OAuth2.build/Debug-watchos/iOS-t.build/Objects-normal/arm64_32/iOS.swiftdoc /Users/admin/builder/spi-builder-workspace/.derivedData/Build/Products/Debug-watchos/iOS.swiftmodule/arm64_32-apple-watchos.swiftdoc
Copy /Users/admin/builder/spi-builder-workspace/.derivedData/Build/Products/Debug-watchos/iOS.swiftmodule/arm64_32-apple-watchos.swiftmodule /Users/admin/builder/spi-builder-workspace/.derivedData/Build/Intermediates.noindex/OAuth2.build/Debug-watchos/iOS-t.build/Objects-normal/arm64_32/iOS.swiftmodule (in target 'iOS' from project 'OAuth2')
cd /Users/admin/builder/spi-builder-workspace
builtin-copy -exclude .DS_Store -exclude CVS -exclude .svn -exclude .git -exclude .hg -resolve-src-symlinks -rename /Users/admin/builder/spi-builder-workspace/.derivedData/Build/Intermediates.noindex/OAuth2.build/Debug-watchos/iOS-t.build/Objects-normal/arm64_32/iOS.swiftmodule /Users/admin/builder/spi-builder-workspace/.derivedData/Build/Products/Debug-watchos/iOS.swiftmodule/arm64_32-apple-watchos.swiftmodule
Copy /Users/admin/builder/spi-builder-workspace/.derivedData/Build/Products/Debug-watchos/iOS.swiftmodule/arm64_32-apple-watchos.abi.json /Users/admin/builder/spi-builder-workspace/.derivedData/Build/Intermediates.noindex/OAuth2.build/Debug-watchos/iOS-t.build/Objects-normal/arm64_32/iOS.abi.json (in target 'iOS' from project 'OAuth2')
cd /Users/admin/builder/spi-builder-workspace
builtin-copy -exclude .DS_Store -exclude CVS -exclude .svn -exclude .git -exclude .hg -resolve-src-symlinks -rename /Users/admin/builder/spi-builder-workspace/.derivedData/Build/Intermediates.noindex/OAuth2.build/Debug-watchos/iOS-t.build/Objects-normal/arm64_32/iOS.abi.json /Users/admin/builder/spi-builder-workspace/.derivedData/Build/Products/Debug-watchos/iOS.swiftmodule/arm64_32-apple-watchos.abi.json
Copy /Users/admin/builder/spi-builder-workspace/.derivedData/Build/Products/Debug-watchos/iOS.swiftmodule/Project/arm64_32-apple-watchos.swiftsourceinfo /Users/admin/builder/spi-builder-workspace/.derivedData/Build/Intermediates.noindex/OAuth2.build/Debug-watchos/iOS-t.build/Objects-normal/arm64_32/iOS.swiftsourceinfo (in target 'iOS' from project 'OAuth2')
cd /Users/admin/builder/spi-builder-workspace
builtin-copy -exclude .DS_Store -exclude CVS -exclude .svn -exclude .git -exclude .hg -resolve-src-symlinks -rename /Users/admin/builder/spi-builder-workspace/.derivedData/Build/Intermediates.noindex/OAuth2.build/Debug-watchos/iOS-t.build/Objects-normal/arm64_32/iOS.swiftsourceinfo /Users/admin/builder/spi-builder-workspace/.derivedData/Build/Products/Debug-watchos/iOS.swiftmodule/Project/arm64_32-apple-watchos.swiftsourceinfo
SwiftDriverJobDiscovery normal arm64 Compiling OAuth2AuthorizerUI.swift, OAuth2Base.swift (in target 'Base' from project 'OAuth2')
SwiftDriver\ Compilation Base normal arm64 com.apple.xcode.tools.swift.compiler (in target 'Base' from project 'OAuth2')
cd /Users/admin/builder/spi-builder-workspace/.swiftpm/xcode
builtin-Swift-Compilation -- /Applications/Xcode-27.0.0-Release.Candidate.app/Contents/Developer/Toolchains/XcodeDefault.xctoolchain/usr/bin/swiftc -parse-as-library -module-name Base -Onone @/Users/admin/builder/spi-builder-workspace/.derivedData/Build/Intermediates.noindex/OAuth2.build/Debug-watchos/Base-t.build/Objects-normal/arm64/Base.SwiftFileList -DSWIFT_PACKAGE -DDEBUG -DSWIFT_MODULE_RESOURCE_BUNDLE_UNAVAILABLE -DXcode -plugin-path /Applications/Xcode-27.0.0-Release.Candidate.app/Contents/Developer/Toolchains/XcodeDefault.xctoolchain/usr/lib/swift/host/plugins/testing -enable-experimental-feature DebugDescriptionMacro -sdk /Applications/Xcode-27.0.0-Release.Candidate.app/Contents/Developer/Platforms/WatchOS.platform/Developer/SDKs/WatchOS27.0.sdk -target arm64-apple-watchos9.0 -g -module-cache-path /Users/admin/builder/spi-builder-workspace/.derivedData/ModuleCache.noindex -Xfrontend -serialize-debugging-options -profile-coverage-mapping -profile-generate -enable-testing -index-store-path /Users/admin/builder/spi-builder-workspace/.derivedData/Index.noindex/DataStore -Xcc -D_LIBCPP_HARDENING_MODE\=_LIBCPP_HARDENING_MODE_DEBUG -swift-version 5 -I /Users/admin/builder/spi-builder-workspace/.derivedData/Build/Products/Debug-watchos -Isystem /Applications/Xcode-27.0.0-Release.Candidate.app/Contents/Developer/Platforms/WatchOS.platform/Developer/usr/lib -F /Users/admin/builder/spi-builder-workspace/.derivedData/Build/Products/Debug-watchos/PackageFrameworks -F /Users/admin/builder/spi-builder-workspace/.derivedData/Build/Products/Debug-watchos -F /Applications/Xcode-27.0.0-Release.Candidate.app/Contents/Developer/Platforms/WatchOS.platform/Developer/Library/Frameworks -F /Applications/Xcode-27.0.0-Release.Candidate.app/Contents/Developer/Platforms/WatchOS.platform/Developer/SDKs/WatchOS27.0.sdk/Developer/Library/Frameworks -c -j10 -enable-batch-mode -incremental -Xcc -ivfsstatcache -Xcc /Users/admin/builder/spi-builder-workspace/.derivedData/SDKStatCaches.noindex/watchos27.0-24R360-e829b21a6f8c9b70876ba0858053c04477534ef55a1706bf4c1112bbb242f0a2.sdkstatcache -output-file-map /Users/admin/builder/spi-builder-workspace/.derivedData/Build/Intermediates.noindex/OAuth2.build/Debug-watchos/Base-t.build/Objects-normal/arm64/Base-OutputFileMap.json -save-temps -no-color-diagnostics -explicit-module-build -module-cache-path /Users/admin/builder/spi-builder-workspace/.derivedData/Build/Intermediates.noindex/SwiftExplicitPrecompiledModules -clang-scanner-module-cache-path /Users/admin/builder/spi-builder-workspace/.derivedData/ModuleCache.noindex -sdk-module-cache-path /Users/admin/builder/spi-builder-workspace/.derivedData/SDKExplicitPrecompiledModules -emit-dependencies -emit-module -emit-module-path /Users/admin/builder/spi-builder-workspace/.derivedData/Build/Intermediates.noindex/OAuth2.build/Debug-watchos/Base-t.build/Objects-normal/arm64/Base.swiftmodule -serialize-diagnostics -dependency-scan-serialize-diagnostics-path /Users/admin/builder/spi-builder-workspace/.derivedData/Build/Intermediates.noindex/OAuth2.build/Debug-watchos/Base-t.build/Objects-normal/arm64/Base-dependency-scan.dia -validate-clang-modules-once -clang-build-session-file /Users/admin/builder/spi-builder-workspace/.derivedData/ModuleCache.noindex/Session.modulevalidation -Xcc -fmodules-prune-interval\=86400 -Xcc -fmodules-prune-after\=345600 -emit-const-values -const-gather-protocols-list /Users/admin/builder/spi-builder-workspace/.derivedData/Build/Intermediates.noindex/OAuth2.build/Debug-watchos/Base-t.build/Objects-normal/arm64/Base_const_extract_protocols.json -Xcc -I/Users/admin/builder/spi-builder-workspace/.derivedData/Build/Products/Debug-watchos/include -Xcc -I/Users/admin/builder/spi-builder-workspace/.derivedData/Build/Intermediates.noindex/OAuth2.build/Debug-watchos/Base-t.build/DerivedSources-normal/arm64 -Xcc -I/Users/admin/builder/spi-builder-workspace/.derivedData/Build/Intermediates.noindex/OAuth2.build/Debug-watchos/Base-t.build/DerivedSources/arm64 -Xcc -I/Users/admin/builder/spi-builder-workspace/.derivedData/Build/Intermediates.noindex/OAuth2.build/Debug-watchos/Base-t.build/DerivedSources -Xcc -DSWIFT_PACKAGE -Xcc -DDEBUG\=1 -emit-objc-header -emit-objc-header-path /Users/admin/builder/spi-builder-workspace/.derivedData/Build/Intermediates.noindex/OAuth2.build/Debug-watchos/Base-t.build/Objects-normal/arm64/Base-Swift.h -working-directory /Users/admin/builder/spi-builder-workspace/.swiftpm/xcode -experimental-emit-module-separately -disable-cmo
Ld /Users/admin/builder/spi-builder-workspace/.derivedData/Build/Intermediates.noindex/OAuth2.build/Debug-watchos/Base-t.build/Objects-normal/arm64/Binary/Base.o normal arm64 (in target 'Base' from project 'OAuth2')
cd /Users/admin/builder/spi-builder-workspace
/Applications/Xcode-27.0.0-Release.Candidate.app/Contents/Developer/Toolchains/XcodeDefault.xctoolchain/usr/bin/clang -Xlinker -reproducible -target arm64-apple-watchos9.0 -r -isysroot /Applications/Xcode-27.0.0-Release.Candidate.app/Contents/Developer/Platforms/WatchOS.platform/Developer/SDKs/WatchOS27.0.sdk -O0 -Xlinker -no_warn_duplicate_libraries -F/Users/admin/builder/spi-builder-workspace/.derivedData/Build/Intermediates.noindex/EagerLinkingTBDs/Debug-watchos -F/Users/admin/builder/spi-builder-workspace/.derivedData/Build/Products/Debug-watchos/PackageFrameworks -F/Users/admin/builder/spi-builder-workspace/.derivedData/Build/Products/Debug-watchos -iframework /Applications/Xcode-27.0.0-Release.Candidate.app/Contents/Developer/Platforms/WatchOS.platform/Developer/Library/Frameworks -iframework /Applications/Xcode-27.0.0-Release.Candidate.app/Contents/Developer/Platforms/WatchOS.platform/Developer/SDKs/WatchOS27.0.sdk/Developer/Library/Frameworks -filelist /Users/admin/builder/spi-builder-workspace/.derivedData/Build/Intermediates.noindex/OAuth2.build/Debug-watchos/Base-t.build/Objects-normal/arm64/Base.LinkFileList -nostdlib -Xlinker -object_path_lto -Xlinker /Users/admin/builder/spi-builder-workspace/.derivedData/Build/Intermediates.noindex/OAuth2.build/Debug-watchos/Base-t.build/Objects-normal/arm64/Base_lto.o -Xlinker -no_deduplicate -Xlinker -debug_variant -Xlinker -dependency_info -Xlinker /Users/admin/builder/spi-builder-workspace/.derivedData/Build/Intermediates.noindex/OAuth2.build/Debug-watchos/Base-t.build/Objects-normal/arm64/Base_dependency_info.dat -fobjc-link-runtime -L/Applications/Xcode-27.0.0-Release.Candidate.app/Contents/Developer/Toolchains/XcodeDefault.xctoolchain/usr/lib/swift/watchos -L/usr/lib/swift -Xlinker -add_ast_path -Xlinker /Users/admin/builder/spi-builder-workspace/.derivedData/Build/Intermediates.noindex/OAuth2.build/Debug-watchos/Base-t.build/Objects-normal/arm64/Base.swiftmodule -o /Users/admin/builder/spi-builder-workspace/.derivedData/Build/Intermediates.noindex/OAuth2.build/Debug-watchos/Base-t.build/Objects-normal/arm64/Binary/Base.o
SwiftDriver Flows normal arm64_32 com.apple.xcode.tools.swift.compiler (in target 'Flows' from project 'OAuth2')
cd /Users/admin/builder/spi-builder-workspace/.swiftpm/xcode
builtin-SwiftDriver -- /Applications/Xcode-27.0.0-Release.Candidate.app/Contents/Developer/Toolchains/XcodeDefault.xctoolchain/usr/bin/swiftc -parse-as-library -module-name Flows -Onone @/Users/admin/builder/spi-builder-workspace/.derivedData/Build/Intermediates.noindex/OAuth2.build/Debug-watchos/Flows-t.build/Objects-normal/arm64_32/Flows.SwiftFileList -DSWIFT_PACKAGE -DDEBUG -DSWIFT_MODULE_RESOURCE_BUNDLE_UNAVAILABLE -DXcode -plugin-path /Applications/Xcode-27.0.0-Release.Candidate.app/Contents/Developer/Toolchains/XcodeDefault.xctoolchain/usr/lib/swift/host/plugins/testing -enable-experimental-feature DebugDescriptionMacro -sdk /Applications/Xcode-27.0.0-Release.Candidate.app/Contents/Developer/Platforms/WatchOS.platform/Developer/SDKs/WatchOS27.0.sdk -target arm64_32-apple-watchos9.0 -g -module-cache-path /Users/admin/builder/spi-builder-workspace/.derivedData/ModuleCache.noindex -Xfrontend -serialize-debugging-options -profile-coverage-mapping -profile-generate -enable-testing -index-store-path /Users/admin/builder/spi-builder-workspace/.derivedData/Index.noindex/DataStore -Xcc -D_LIBCPP_HARDENING_MODE\=_LIBCPP_HARDENING_MODE_DEBUG -swift-version 5 -I /Users/admin/builder/spi-builder-workspace/.derivedData/Build/Products/Debug-watchos -Isystem /Applications/Xcode-27.0.0-Release.Candidate.app/Contents/Developer/Platforms/WatchOS.platform/Developer/usr/lib -F /Users/admin/builder/spi-builder-workspace/.derivedData/Build/Products/Debug-watchos/PackageFrameworks -F /Users/admin/builder/spi-builder-workspace/.derivedData/Build/Products/Debug-watchos -F /Applications/Xcode-27.0.0-Release.Candidate.app/Contents/Developer/Platforms/WatchOS.platform/Developer/Library/Frameworks -F /Applications/Xcode-27.0.0-Release.Candidate.app/Contents/Developer/Platforms/WatchOS.platform/Developer/SDKs/WatchOS27.0.sdk/Developer/Library/Frameworks -c -j10 -enable-batch-mode -incremental -Xcc -ivfsstatcache -Xcc /Users/admin/builder/spi-builder-workspace/.derivedData/SDKStatCaches.noindex/watchos27.0-24R360-e829b21a6f8c9b70876ba0858053c04477534ef55a1706bf4c1112bbb242f0a2.sdkstatcache -output-file-map /Users/admin/builder/spi-builder-workspace/.derivedData/Build/Intermediates.noindex/OAuth2.build/Debug-watchos/Flows-t.build/Objects-normal/arm64_32/Flows-OutputFileMap.json -save-temps -no-color-diagnostics -explicit-module-build -module-cache-path /Users/admin/builder/spi-builder-workspace/.derivedData/Build/Intermediates.noindex/SwiftExplicitPrecompiledModules -clang-scanner-module-cache-path /Users/admin/builder/spi-builder-workspace/.derivedData/ModuleCache.noindex -sdk-module-cache-path /Users/admin/builder/spi-builder-workspace/.derivedData/SDKExplicitPrecompiledModules -emit-dependencies -emit-module -emit-module-path /Users/admin/builder/spi-builder-workspace/.derivedData/Build/Intermediates.noindex/OAuth2.build/Debug-watchos/Flows-t.build/Objects-normal/arm64_32/Flows.swiftmodule -serialize-diagnostics -dependency-scan-serialize-diagnostics-path /Users/admin/builder/spi-builder-workspace/.derivedData/Build/Intermediates.noindex/OAuth2.build/Debug-watchos/Flows-t.build/Objects-normal/arm64_32/Flows-dependency-scan.dia -validate-clang-modules-once -clang-build-session-file /Users/admin/builder/spi-builder-workspace/.derivedData/ModuleCache.noindex/Session.modulevalidation -Xcc -fmodules-prune-interval\=86400 -Xcc -fmodules-prune-after\=345600 -emit-const-values -const-gather-protocols-list /Users/admin/builder/spi-builder-workspace/.derivedData/Build/Intermediates.noindex/OAuth2.build/Debug-watchos/Flows-t.build/Objects-normal/arm64_32/Flows_const_extract_protocols.json -Xcc -I/Users/admin/builder/spi-builder-workspace/.derivedData/Build/Products/Debug-watchos/include -Xcc -I/Users/admin/builder/spi-builder-workspace/.derivedData/Build/Intermediates.noindex/OAuth2.build/Debug-watchos/Flows-t.build/DerivedSources-normal/arm64_32 -Xcc -I/Users/admin/builder/spi-builder-workspace/.derivedData/Build/Intermediates.noindex/OAuth2.build/Debug-watchos/Flows-t.build/DerivedSources/arm64_32 -Xcc -I/Users/admin/builder/spi-builder-workspace/.derivedData/Build/Intermediates.noindex/OAuth2.build/Debug-watchos/Flows-t.build/DerivedSources -Xcc -DSWIFT_PACKAGE -Xcc -DDEBUG\=1 -emit-objc-header -emit-objc-header-path /Users/admin/builder/spi-builder-workspace/.derivedData/Build/Intermediates.noindex/OAuth2.build/Debug-watchos/Flows-t.build/Objects-normal/arm64_32/Flows-Swift.h -working-directory /Users/admin/builder/spi-builder-workspace/.swiftpm/xcode -experimental-emit-module-separately -disable-cmo
SwiftDriver Flows normal arm64 com.apple.xcode.tools.swift.compiler (in target 'Flows' from project 'OAuth2')
cd /Users/admin/builder/spi-builder-workspace/.swiftpm/xcode
builtin-SwiftDriver -- /Applications/Xcode-27.0.0-Release.Candidate.app/Contents/Developer/Toolchains/XcodeDefault.xctoolchain/usr/bin/swiftc -parse-as-library -module-name Flows -Onone @/Users/admin/builder/spi-builder-workspace/.derivedData/Build/Intermediates.noindex/OAuth2.build/Debug-watchos/Flows-t.build/Objects-normal/arm64/Flows.SwiftFileList -DSWIFT_PACKAGE -DDEBUG -DSWIFT_MODULE_RESOURCE_BUNDLE_UNAVAILABLE -DXcode -plugin-path /Applications/Xcode-27.0.0-Release.Candidate.app/Contents/Developer/Toolchains/XcodeDefault.xctoolchain/usr/lib/swift/host/plugins/testing -enable-experimental-feature DebugDescriptionMacro -sdk /Applications/Xcode-27.0.0-Release.Candidate.app/Contents/Developer/Platforms/WatchOS.platform/Developer/SDKs/WatchOS27.0.sdk -target arm64-apple-watchos9.0 -g -module-cache-path /Users/admin/builder/spi-builder-workspace/.derivedData/ModuleCache.noindex -Xfrontend -serialize-debugging-options -profile-coverage-mapping -profile-generate -enable-testing -index-store-path /Users/admin/builder/spi-builder-workspace/.derivedData/Index.noindex/DataStore -Xcc -D_LIBCPP_HARDENING_MODE\=_LIBCPP_HARDENING_MODE_DEBUG -swift-version 5 -I /Users/admin/builder/spi-builder-workspace/.derivedData/Build/Products/Debug-watchos -Isystem /Applications/Xcode-27.0.0-Release.Candidate.app/Contents/Developer/Platforms/WatchOS.platform/Developer/usr/lib -F /Users/admin/builder/spi-builder-workspace/.derivedData/Build/Products/Debug-watchos/PackageFrameworks -F /Users/admin/builder/spi-builder-workspace/.derivedData/Build/Products/Debug-watchos -F /Applications/Xcode-27.0.0-Release.Candidate.app/Contents/Developer/Platforms/WatchOS.platform/Developer/Library/Frameworks -F /Applications/Xcode-27.0.0-Release.Candidate.app/Contents/Developer/Platforms/WatchOS.platform/Developer/SDKs/WatchOS27.0.sdk/Developer/Library/Frameworks -c -j10 -enable-batch-mode -incremental -Xcc -ivfsstatcache -Xcc /Users/admin/builder/spi-builder-workspace/.derivedData/SDKStatCaches.noindex/watchos27.0-24R360-e829b21a6f8c9b70876ba0858053c04477534ef55a1706bf4c1112bbb242f0a2.sdkstatcache -output-file-map /Users/admin/builder/spi-builder-workspace/.derivedData/Build/Intermediates.noindex/OAuth2.build/Debug-watchos/Flows-t.build/Objects-normal/arm64/Flows-OutputFileMap.json -save-temps -no-color-diagnostics -explicit-module-build -module-cache-path /Users/admin/builder/spi-builder-workspace/.derivedData/Build/Intermediates.noindex/SwiftExplicitPrecompiledModules -clang-scanner-module-cache-path /Users/admin/builder/spi-builder-workspace/.derivedData/ModuleCache.noindex -sdk-module-cache-path /Users/admin/builder/spi-builder-workspace/.derivedData/SDKExplicitPrecompiledModules -emit-dependencies -emit-module -emit-module-path /Users/admin/builder/spi-builder-workspace/.derivedData/Build/Intermediates.noindex/OAuth2.build/Debug-watchos/Flows-t.build/Objects-normal/arm64/Flows.swiftmodule -serialize-diagnostics -dependency-scan-serialize-diagnostics-path /Users/admin/builder/spi-builder-workspace/.derivedData/Build/Intermediates.noindex/OAuth2.build/Debug-watchos/Flows-t.build/Objects-normal/arm64/Flows-dependency-scan.dia -validate-clang-modules-once -clang-build-session-file /Users/admin/builder/spi-builder-workspace/.derivedData/ModuleCache.noindex/Session.modulevalidation -Xcc -fmodules-prune-interval\=86400 -Xcc -fmodules-prune-after\=345600 -emit-const-values -const-gather-protocols-list /Users/admin/builder/spi-builder-workspace/.derivedData/Build/Intermediates.noindex/OAuth2.build/Debug-watchos/Flows-t.build/Objects-normal/arm64/Flows_const_extract_protocols.json -Xcc -I/Users/admin/builder/spi-builder-workspace/.derivedData/Build/Products/Debug-watchos/include -Xcc -I/Users/admin/builder/spi-builder-workspace/.derivedData/Build/Intermediates.noindex/OAuth2.build/Debug-watchos/Flows-t.build/DerivedSources-normal/arm64 -Xcc -I/Users/admin/builder/spi-builder-workspace/.derivedData/Build/Intermediates.noindex/OAuth2.build/Debug-watchos/Flows-t.build/DerivedSources/arm64 -Xcc -I/Users/admin/builder/spi-builder-workspace/.derivedData/Build/Intermediates.noindex/OAuth2.build/Debug-watchos/Flows-t.build/DerivedSources -Xcc -DSWIFT_PACKAGE -Xcc -DDEBUG\=1 -emit-objc-header -emit-objc-header-path /Users/admin/builder/spi-builder-workspace/.derivedData/Build/Intermediates.noindex/OAuth2.build/Debug-watchos/Flows-t.build/Objects-normal/arm64/Flows-Swift.h -working-directory /Users/admin/builder/spi-builder-workspace/.swiftpm/xcode -experimental-emit-module-separately -disable-cmo
CreateUniversalBinary /Users/admin/builder/spi-builder-workspace/.derivedData/Build/Products/Debug-watchos/Base.o normal arm64\ arm64_32 (in target 'Base' from project 'OAuth2')
cd /Users/admin/builder/spi-builder-workspace
/Applications/Xcode-27.0.0-Release.Candidate.app/Contents/Developer/Toolchains/XcodeDefault.xctoolchain/usr/bin/lipo -create /Users/admin/builder/spi-builder-workspace/.derivedData/Build/Intermediates.noindex/OAuth2.build/Debug-watchos/Base-t.build/Objects-normal/arm64/Binary/Base.o /Users/admin/builder/spi-builder-workspace/.derivedData/Build/Intermediates.noindex/OAuth2.build/Debug-watchos/Base-t.build/Objects-normal/arm64_32/Binary/Base.o -output /Users/admin/builder/spi-builder-workspace/.derivedData/Build/Products/Debug-watchos/Base.o
ExtractAppIntentsMetadata (in target 'Base' from project 'OAuth2')
cd /Users/admin/builder/spi-builder-workspace
/Applications/Xcode-27.0.0-Release.Candidate.app/Contents/Developer/Toolchains/XcodeDefault.xctoolchain/usr/bin/appintentsmetadataprocessor --toolchain-dir /var/run/com.apple.security.cryptexd/mnt/com.apple.MobileAsset.MetalToolchain-v27.1.266.1.Xdy48q/Metal.xctoolchain --module-name Base --sdk-root /Applications/Xcode-27.0.0-Release.Candidate.app/Contents/Developer/Platforms/WatchOS.platform/Developer/SDKs/WatchOS27.0.sdk --xcode-version 27A266a --platform-family watchOS --deployment-target 9.0 --bundle-identifier spi-builder-workspace.Base --output /Users/admin/builder/spi-builder-workspace/.derivedData/Build/Products/Debug-watchos/Base.appintents --target-triple arm64-apple-watchos9.0 --target-triple arm64_32-apple-watchos9.0 --binary-file /Users/admin/builder/spi-builder-workspace/.derivedData/Build/Products/Debug-watchos/Base.o --dependency-file /Users/admin/builder/spi-builder-workspace/.derivedData/Build/Intermediates.noindex/OAuth2.build/Debug-watchos/Base-t.build/Objects-normal/arm64/Base_dependency_info.dat --dependency-file /Users/admin/builder/spi-builder-workspace/.derivedData/Build/Intermediates.noindex/OAuth2.build/Debug-watchos/Base-t.build/Objects-normal/arm64_32/Base_dependency_info.dat --stringsdata-file /Users/admin/builder/spi-builder-workspace/.derivedData/Build/Intermediates.noindex/OAuth2.build/Debug-watchos/Base-t.build/Objects-normal/arm64/ExtractedAppShortcutsMetadata.stringsdata --stringsdata-file /Users/admin/builder/spi-builder-workspace/.derivedData/Build/Intermediates.noindex/OAuth2.build/Debug-watchos/Base-t.build/Objects-normal/arm64_32/ExtractedAppShortcutsMetadata.stringsdata --source-file-list /Users/admin/builder/spi-builder-workspace/.derivedData/Build/Intermediates.noindex/OAuth2.build/Debug-watchos/Base-t.build/Objects-normal/arm64/Base.SwiftFileList --source-file-list /Users/admin/builder/spi-builder-workspace/.derivedData/Build/Intermediates.noindex/OAuth2.build/Debug-watchos/Base-t.build/Objects-normal/arm64_32/Base.SwiftFileList --metadata-file-list /Users/admin/builder/spi-builder-workspace/.derivedData/Build/Intermediates.noindex/OAuth2.build/Debug-watchos/Base-t.build/Base.DependencyMetadataFileList --static-metadata-file-list /Users/admin/builder/spi-builder-workspace/.derivedData/Build/Intermediates.noindex/OAuth2.build/Debug-watchos/Base-t.build/Base.DependencyStaticMetadataFileList --swift-const-vals-list /Users/admin/builder/spi-builder-workspace/.derivedData/Build/Intermediates.noindex/OAuth2.build/Debug-watchos/Base-t.build/Objects-normal/arm64/Base.SwiftConstValuesFileList --swift-const-vals-list /Users/admin/builder/spi-builder-workspace/.derivedData/Build/Intermediates.noindex/OAuth2.build/Debug-watchos/Base-t.build/Objects-normal/arm64_32/Base.SwiftConstValuesFileList --force --compile-time-extraction --deployment-aware-processing --no-app-shortcuts-localization
2026-09-20 05:38:17.740 appintentsmetadataprocessor[836:5005] Starting appintentsmetadataprocessor export
2026-09-20 05:38:17.813 appintentsmetadataprocessor[836:5005] Extracted no relevant App Intents symbols, skipping writing output
Ld /Users/admin/builder/spi-builder-workspace/.derivedData/Build/Intermediates.noindex/OAuth2.build/Debug-watchos/tvOS-t.build/Objects-normal/arm64_32/Binary/tvOS.o normal arm64_32 (in target 'tvOS' from project 'OAuth2')
cd /Users/admin/builder/spi-builder-workspace
/Applications/Xcode-27.0.0-Release.Candidate.app/Contents/Developer/Toolchains/XcodeDefault.xctoolchain/usr/bin/clang -Xlinker -reproducible -target arm64_32-apple-watchos9.0 -r -isysroot /Applications/Xcode-27.0.0-Release.Candidate.app/Contents/Developer/Platforms/WatchOS.platform/Developer/SDKs/WatchOS27.0.sdk -O0 -Xlinker -no_warn_duplicate_libraries -F/Users/admin/builder/spi-builder-workspace/.derivedData/Build/Intermediates.noindex/EagerLinkingTBDs/Debug-watchos -F/Users/admin/builder/spi-builder-workspace/.derivedData/Build/Products/Debug-watchos/PackageFrameworks -F/Users/admin/builder/spi-builder-workspace/.derivedData/Build/Products/Debug-watchos -iframework /Applications/Xcode-27.0.0-Release.Candidate.app/Contents/Developer/Platforms/WatchOS.platform/Developer/Library/Frameworks -iframework /Applications/Xcode-27.0.0-Release.Candidate.app/Contents/Developer/Platforms/WatchOS.platform/Developer/SDKs/WatchOS27.0.sdk/Developer/Library/Frameworks -filelist /Users/admin/builder/spi-builder-workspace/.derivedData/Build/Intermediates.noindex/OAuth2.build/Debug-watchos/tvOS-t.build/Objects-normal/arm64_32/tvOS.LinkFileList -nostdlib -Xlinker -object_path_lto -Xlinker /Users/admin/builder/spi-builder-workspace/.derivedData/Build/Intermediates.noindex/OAuth2.build/Debug-watchos/tvOS-t.build/Objects-normal/arm64_32/tvOS_lto.o -Xlinker -no_deduplicate -Xlinker -debug_variant -Xlinker -dependency_info -Xlinker /Users/admin/builder/spi-builder-workspace/.derivedData/Build/Intermediates.noindex/OAuth2.build/Debug-watchos/tvOS-t.build/Objects-normal/arm64_32/tvOS_dependency_info.dat -fobjc-link-runtime -L/Applications/Xcode-27.0.0-Release.Candidate.app/Contents/Developer/Toolchains/XcodeDefault.xctoolchain/usr/lib/swift/watchos -L/usr/lib/swift -Xlinker -add_ast_path -Xlinker /Users/admin/builder/spi-builder-workspace/.derivedData/Build/Intermediates.noindex/OAuth2.build/Debug-watchos/tvOS-t.build/Objects-normal/arm64_32/tvOS.swiftmodule -o /Users/admin/builder/spi-builder-workspace/.derivedData/Build/Intermediates.noindex/OAuth2.build/Debug-watchos/tvOS-t.build/Objects-normal/arm64_32/Binary/tvOS.o
Ld /Users/admin/builder/spi-builder-workspace/.derivedData/Build/Intermediates.noindex/OAuth2.build/Debug-watchos/tvOS-t.build/Objects-normal/arm64/Binary/tvOS.o normal arm64 (in target 'tvOS' from project 'OAuth2')
cd /Users/admin/builder/spi-builder-workspace
/Applications/Xcode-27.0.0-Release.Candidate.app/Contents/Developer/Toolchains/XcodeDefault.xctoolchain/usr/bin/clang -Xlinker -reproducible -target arm64-apple-watchos9.0 -r -isysroot /Applications/Xcode-27.0.0-Release.Candidate.app/Contents/Developer/Platforms/WatchOS.platform/Developer/SDKs/WatchOS27.0.sdk -O0 -Xlinker -no_warn_duplicate_libraries -F/Users/admin/builder/spi-builder-workspace/.derivedData/Build/Intermediates.noindex/EagerLinkingTBDs/Debug-watchos -F/Users/admin/builder/spi-builder-workspace/.derivedData/Build/Products/Debug-watchos/PackageFrameworks -F/Users/admin/builder/spi-builder-workspace/.derivedData/Build/Products/Debug-watchos -iframework /Applications/Xcode-27.0.0-Release.Candidate.app/Contents/Developer/Platforms/WatchOS.platform/Developer/Library/Frameworks -iframework /Applications/Xcode-27.0.0-Release.Candidate.app/Contents/Developer/Platforms/WatchOS.platform/Developer/SDKs/WatchOS27.0.sdk/Developer/Library/Frameworks -filelist /Users/admin/builder/spi-builder-workspace/.derivedData/Build/Intermediates.noindex/OAuth2.build/Debug-watchos/tvOS-t.build/Objects-normal/arm64/tvOS.LinkFileList -nostdlib -Xlinker -object_path_lto -Xlinker /Users/admin/builder/spi-builder-workspace/.derivedData/Build/Intermediates.noindex/OAuth2.build/Debug-watchos/tvOS-t.build/Objects-normal/arm64/tvOS_lto.o -Xlinker -no_deduplicate -Xlinker -debug_variant -Xlinker -dependency_info -Xlinker /Users/admin/builder/spi-builder-workspace/.derivedData/Build/Intermediates.noindex/OAuth2.build/Debug-watchos/tvOS-t.build/Objects-normal/arm64/tvOS_dependency_info.dat -fobjc-link-runtime -L/Applications/Xcode-27.0.0-Release.Candidate.app/Contents/Developer/Toolchains/XcodeDefault.xctoolchain/usr/lib/swift/watchos -L/usr/lib/swift -Xlinker -add_ast_path -Xlinker /Users/admin/builder/spi-builder-workspace/.derivedData/Build/Intermediates.noindex/OAuth2.build/Debug-watchos/tvOS-t.build/Objects-normal/arm64/tvOS.swiftmodule -o /Users/admin/builder/spi-builder-workspace/.derivedData/Build/Intermediates.noindex/OAuth2.build/Debug-watchos/tvOS-t.build/Objects-normal/arm64/Binary/tvOS.o
Ld /Users/admin/builder/spi-builder-workspace/.derivedData/Build/Intermediates.noindex/OAuth2.build/Debug-watchos/macOS-t.build/Objects-normal/arm64/Binary/macOS.o normal arm64 (in target 'macOS' from project 'OAuth2')
cd /Users/admin/builder/spi-builder-workspace
/Applications/Xcode-27.0.0-Release.Candidate.app/Contents/Developer/Toolchains/XcodeDefault.xctoolchain/usr/bin/clang -Xlinker -reproducible -target arm64-apple-watchos9.0 -r -isysroot /Applications/Xcode-27.0.0-Release.Candidate.app/Contents/Developer/Platforms/WatchOS.platform/Developer/SDKs/WatchOS27.0.sdk -O0 -Xlinker -no_warn_duplicate_libraries -F/Users/admin/builder/spi-builder-workspace/.derivedData/Build/Intermediates.noindex/EagerLinkingTBDs/Debug-watchos -F/Users/admin/builder/spi-builder-workspace/.derivedData/Build/Products/Debug-watchos/PackageFrameworks -F/Users/admin/builder/spi-builder-workspace/.derivedData/Build/Products/Debug-watchos -iframework /Applications/Xcode-27.0.0-Release.Candidate.app/Contents/Developer/Platforms/WatchOS.platform/Developer/Library/Frameworks -iframework /Applications/Xcode-27.0.0-Release.Candidate.app/Contents/Developer/Platforms/WatchOS.platform/Developer/SDKs/WatchOS27.0.sdk/Developer/Library/Frameworks -filelist /Users/admin/builder/spi-builder-workspace/.derivedData/Build/Intermediates.noindex/OAuth2.build/Debug-watchos/macOS-t.build/Objects-normal/arm64/macOS.LinkFileList -nostdlib -Xlinker -object_path_lto -Xlinker /Users/admin/builder/spi-builder-workspace/.derivedData/Build/Intermediates.noindex/OAuth2.build/Debug-watchos/macOS-t.build/Objects-normal/arm64/macOS_lto.o -Xlinker -no_deduplicate -Xlinker -debug_variant -Xlinker -dependency_info -Xlinker /Users/admin/builder/spi-builder-workspace/.derivedData/Build/Intermediates.noindex/OAuth2.build/Debug-watchos/macOS-t.build/Objects-normal/arm64/macOS_dependency_info.dat -fobjc-link-runtime -L/Applications/Xcode-27.0.0-Release.Candidate.app/Contents/Developer/Toolchains/XcodeDefault.xctoolchain/usr/lib/swift/watchos -L/usr/lib/swift -Xlinker -add_ast_path -Xlinker /Users/admin/builder/spi-builder-workspace/.derivedData/Build/Intermediates.noindex/OAuth2.build/Debug-watchos/macOS-t.build/Objects-normal/arm64/macOS.swiftmodule -o /Users/admin/builder/spi-builder-workspace/.derivedData/Build/Intermediates.noindex/OAuth2.build/Debug-watchos/macOS-t.build/Objects-normal/arm64/Binary/macOS.o
Ld /Users/admin/builder/spi-builder-workspace/.derivedData/Build/Intermediates.noindex/OAuth2.build/Debug-watchos/macOS-t.build/Objects-normal/arm64_32/Binary/macOS.o normal arm64_32 (in target 'macOS' from project 'OAuth2')
cd /Users/admin/builder/spi-builder-workspace
/Applications/Xcode-27.0.0-Release.Candidate.app/Contents/Developer/Toolchains/XcodeDefault.xctoolchain/usr/bin/clang -Xlinker -reproducible -target arm64_32-apple-watchos9.0 -r -isysroot /Applications/Xcode-27.0.0-Release.Candidate.app/Contents/Developer/Platforms/WatchOS.platform/Developer/SDKs/WatchOS27.0.sdk -O0 -Xlinker -no_warn_duplicate_libraries -F/Users/admin/builder/spi-builder-workspace/.derivedData/Build/Intermediates.noindex/EagerLinkingTBDs/Debug-watchos -F/Users/admin/builder/spi-builder-workspace/.derivedData/Build/Products/Debug-watchos/PackageFrameworks -F/Users/admin/builder/spi-builder-workspace/.derivedData/Build/Products/Debug-watchos -iframework /Applications/Xcode-27.0.0-Release.Candidate.app/Contents/Developer/Platforms/WatchOS.platform/Developer/Library/Frameworks -iframework /Applications/Xcode-27.0.0-Release.Candidate.app/Contents/Developer/Platforms/WatchOS.platform/Developer/SDKs/WatchOS27.0.sdk/Developer/Library/Frameworks -filelist /Users/admin/builder/spi-builder-workspace/.derivedData/Build/Intermediates.noindex/OAuth2.build/Debug-watchos/macOS-t.build/Objects-normal/arm64_32/macOS.LinkFileList -nostdlib -Xlinker -object_path_lto -Xlinker /Users/admin/builder/spi-builder-workspace/.derivedData/Build/Intermediates.noindex/OAuth2.build/Debug-watchos/macOS-t.build/Objects-normal/arm64_32/macOS_lto.o -Xlinker -no_deduplicate -Xlinker -debug_variant -Xlinker -dependency_info -Xlinker /Users/admin/builder/spi-builder-workspace/.derivedData/Build/Intermediates.noindex/OAuth2.build/Debug-watchos/macOS-t.build/Objects-normal/arm64_32/macOS_dependency_info.dat -fobjc-link-runtime -L/Applications/Xcode-27.0.0-Release.Candidate.app/Contents/Developer/Toolchains/XcodeDefault.xctoolchain/usr/lib/swift/watchos -L/usr/lib/swift -Xlinker -add_ast_path -Xlinker /Users/admin/builder/spi-builder-workspace/.derivedData/Build/Intermediates.noindex/OAuth2.build/Debug-watchos/macOS-t.build/Objects-normal/arm64_32/macOS.swiftmodule -o /Users/admin/builder/spi-builder-workspace/.derivedData/Build/Intermediates.noindex/OAuth2.build/Debug-watchos/macOS-t.build/Objects-normal/arm64_32/Binary/macOS.o
Ld /Users/admin/builder/spi-builder-workspace/.derivedData/Build/Intermediates.noindex/OAuth2.build/Debug-watchos/iOS-t.build/Objects-normal/arm64_32/Binary/iOS.o normal arm64_32 (in target 'iOS' from project 'OAuth2')
cd /Users/admin/builder/spi-builder-workspace
/Applications/Xcode-27.0.0-Release.Candidate.app/Contents/Developer/Toolchains/XcodeDefault.xctoolchain/usr/bin/clang -Xlinker -reproducible -target arm64_32-apple-watchos9.0 -r -isysroot /Applications/Xcode-27.0.0-Release.Candidate.app/Contents/Developer/Platforms/WatchOS.platform/Developer/SDKs/WatchOS27.0.sdk -O0 -Xlinker -no_warn_duplicate_libraries -F/Users/admin/builder/spi-builder-workspace/.derivedData/Build/Intermediates.noindex/EagerLinkingTBDs/Debug-watchos -F/Users/admin/builder/spi-builder-workspace/.derivedData/Build/Products/Debug-watchos/PackageFrameworks -F/Users/admin/builder/spi-builder-workspace/.derivedData/Build/Products/Debug-watchos -iframework /Applications/Xcode-27.0.0-Release.Candidate.app/Contents/Developer/Platforms/WatchOS.platform/Developer/Library/Frameworks -iframework /Applications/Xcode-27.0.0-Release.Candidate.app/Contents/Developer/Platforms/WatchOS.platform/Developer/SDKs/WatchOS27.0.sdk/Developer/Library/Frameworks -filelist /Users/admin/builder/spi-builder-workspace/.derivedData/Build/Intermediates.noindex/OAuth2.build/Debug-watchos/iOS-t.build/Objects-normal/arm64_32/iOS.LinkFileList -nostdlib -Xlinker -object_path_lto -Xlinker /Users/admin/builder/spi-builder-workspace/.derivedData/Build/Intermediates.noindex/OAuth2.build/Debug-watchos/iOS-t.build/Objects-normal/arm64_32/iOS_lto.o -Xlinker -no_deduplicate -Xlinker -debug_variant -Xlinker -dependency_info -Xlinker /Users/admin/builder/spi-builder-workspace/.derivedData/Build/Intermediates.noindex/OAuth2.build/Debug-watchos/iOS-t.build/Objects-normal/arm64_32/iOS_dependency_info.dat -fobjc-link-runtime -L/Applications/Xcode-27.0.0-Release.Candidate.app/Contents/Developer/Toolchains/XcodeDefault.xctoolchain/usr/lib/swift/watchos -L/usr/lib/swift -Xlinker -add_ast_path -Xlinker /Users/admin/builder/spi-builder-workspace/.derivedData/Build/Intermediates.noindex/OAuth2.build/Debug-watchos/iOS-t.build/Objects-normal/arm64_32/iOS.swiftmodule -o /Users/admin/builder/spi-builder-workspace/.derivedData/Build/Intermediates.noindex/OAuth2.build/Debug-watchos/iOS-t.build/Objects-normal/arm64_32/Binary/iOS.o
Ld /Users/admin/builder/spi-builder-workspace/.derivedData/Build/Intermediates.noindex/OAuth2.build/Debug-watchos/iOS-t.build/Objects-normal/arm64/Binary/iOS.o normal arm64 (in target 'iOS' from project 'OAuth2')
cd /Users/admin/builder/spi-builder-workspace
/Applications/Xcode-27.0.0-Release.Candidate.app/Contents/Developer/Toolchains/XcodeDefault.xctoolchain/usr/bin/clang -Xlinker -reproducible -target arm64-apple-watchos9.0 -r -isysroot /Applications/Xcode-27.0.0-Release.Candidate.app/Contents/Developer/Platforms/WatchOS.platform/Developer/SDKs/WatchOS27.0.sdk -O0 -Xlinker -no_warn_duplicate_libraries -F/Users/admin/builder/spi-builder-workspace/.derivedData/Build/Intermediates.noindex/EagerLinkingTBDs/Debug-watchos -F/Users/admin/builder/spi-builder-workspace/.derivedData/Build/Products/Debug-watchos/PackageFrameworks -F/Users/admin/builder/spi-builder-workspace/.derivedData/Build/Products/Debug-watchos -iframework /Applications/Xcode-27.0.0-Release.Candidate.app/Contents/Developer/Platforms/WatchOS.platform/Developer/Library/Frameworks -iframework /Applications/Xcode-27.0.0-Release.Candidate.app/Contents/Developer/Platforms/WatchOS.platform/Developer/SDKs/WatchOS27.0.sdk/Developer/Library/Frameworks -filelist /Users/admin/builder/spi-builder-workspace/.derivedData/Build/Intermediates.noindex/OAuth2.build/Debug-watchos/iOS-t.build/Objects-normal/arm64/iOS.LinkFileList -nostdlib -Xlinker -object_path_lto -Xlinker /Users/admin/builder/spi-builder-workspace/.derivedData/Build/Intermediates.noindex/OAuth2.build/Debug-watchos/iOS-t.build/Objects-normal/arm64/iOS_lto.o -Xlinker -no_deduplicate -Xlinker -debug_variant -Xlinker -dependency_info -Xlinker /Users/admin/builder/spi-builder-workspace/.derivedData/Build/Intermediates.noindex/OAuth2.build/Debug-watchos/iOS-t.build/Objects-normal/arm64/iOS_dependency_info.dat -fobjc-link-runtime -L/Applications/Xcode-27.0.0-Release.Candidate.app/Contents/Developer/Toolchains/XcodeDefault.xctoolchain/usr/lib/swift/watchos -L/usr/lib/swift -Xlinker -add_ast_path -Xlinker /Users/admin/builder/spi-builder-workspace/.derivedData/Build/Intermediates.noindex/OAuth2.build/Debug-watchos/iOS-t.build/Objects-normal/arm64/iOS.swiftmodule -o /Users/admin/builder/spi-builder-workspace/.derivedData/Build/Intermediates.noindex/OAuth2.build/Debug-watchos/iOS-t.build/Objects-normal/arm64/Binary/iOS.o
CreateUniversalBinary /Users/admin/builder/spi-builder-workspace/.derivedData/Build/Products/Debug-watchos/tvOS.o normal arm64\ arm64_32 (in target 'tvOS' from project 'OAuth2')
cd /Users/admin/builder/spi-builder-workspace
/Applications/Xcode-27.0.0-Release.Candidate.app/Contents/Developer/Toolchains/XcodeDefault.xctoolchain/usr/bin/lipo -create /Users/admin/builder/spi-builder-workspace/.derivedData/Build/Intermediates.noindex/OAuth2.build/Debug-watchos/tvOS-t.build/Objects-normal/arm64/Binary/tvOS.o /Users/admin/builder/spi-builder-workspace/.derivedData/Build/Intermediates.noindex/OAuth2.build/Debug-watchos/tvOS-t.build/Objects-normal/arm64_32/Binary/tvOS.o -output /Users/admin/builder/spi-builder-workspace/.derivedData/Build/Products/Debug-watchos/tvOS.o
CreateUniversalBinary /Users/admin/builder/spi-builder-workspace/.derivedData/Build/Products/Debug-watchos/macOS.o normal arm64\ arm64_32 (in target 'macOS' from project 'OAuth2')
cd /Users/admin/builder/spi-builder-workspace
/Applications/Xcode-27.0.0-Release.Candidate.app/Contents/Developer/Toolchains/XcodeDefault.xctoolchain/usr/bin/lipo -create /Users/admin/builder/spi-builder-workspace/.derivedData/Build/Intermediates.noindex/OAuth2.build/Debug-watchos/macOS-t.build/Objects-normal/arm64/Binary/macOS.o /Users/admin/builder/spi-builder-workspace/.derivedData/Build/Intermediates.noindex/OAuth2.build/Debug-watchos/macOS-t.build/Objects-normal/arm64_32/Binary/macOS.o -output /Users/admin/builder/spi-builder-workspace/.derivedData/Build/Products/Debug-watchos/macOS.o
CreateUniversalBinary /Users/admin/builder/spi-builder-workspace/.derivedData/Build/Products/Debug-watchos/iOS.o normal arm64\ arm64_32 (in target 'iOS' from project 'OAuth2')
cd /Users/admin/builder/spi-builder-workspace
/Applications/Xcode-27.0.0-Release.Candidate.app/Contents/Developer/Toolchains/XcodeDefault.xctoolchain/usr/bin/lipo -create /Users/admin/builder/spi-builder-workspace/.derivedData/Build/Intermediates.noindex/OAuth2.build/Debug-watchos/iOS-t.build/Objects-normal/arm64/Binary/iOS.o /Users/admin/builder/spi-builder-workspace/.derivedData/Build/Intermediates.noindex/OAuth2.build/Debug-watchos/iOS-t.build/Objects-normal/arm64_32/Binary/iOS.o -output /Users/admin/builder/spi-builder-workspace/.derivedData/Build/Products/Debug-watchos/iOS.o
ExtractAppIntentsMetadata (in target 'tvOS' from project 'OAuth2')
cd /Users/admin/builder/spi-builder-workspace
/Applications/Xcode-27.0.0-Release.Candidate.app/Contents/Developer/Toolchains/XcodeDefault.xctoolchain/usr/bin/appintentsmetadataprocessor --toolchain-dir /var/run/com.apple.security.cryptexd/mnt/com.apple.MobileAsset.MetalToolchain-v27.1.266.1.Xdy48q/Metal.xctoolchain --module-name tvOS --sdk-root /Applications/Xcode-27.0.0-Release.Candidate.app/Contents/Developer/Platforms/WatchOS.platform/Developer/SDKs/WatchOS27.0.sdk --xcode-version 27A266a --platform-family watchOS --deployment-target 9.0 --bundle-identifier spi-builder-workspace.tvOS --output /Users/admin/builder/spi-builder-workspace/.derivedData/Build/Products/Debug-watchos/tvOS.appintents --target-triple arm64-apple-watchos9.0 --target-triple arm64_32-apple-watchos9.0 --binary-file /Users/admin/builder/spi-builder-workspace/.derivedData/Build/Products/Debug-watchos/tvOS.o --dependency-file /Users/admin/builder/spi-builder-workspace/.derivedData/Build/Intermediates.noindex/OAuth2.build/Debug-watchos/tvOS-t.build/Objects-normal/arm64/tvOS_dependency_info.dat --dependency-file /Users/admin/builder/spi-builder-workspace/.derivedData/Build/Intermediates.noindex/OAuth2.build/Debug-watchos/tvOS-t.build/Objects-normal/arm64_32/tvOS_dependency_info.dat --stringsdata-file /Users/admin/builder/spi-builder-workspace/.derivedData/Build/Intermediates.noindex/OAuth2.build/Debug-watchos/tvOS-t.build/Objects-normal/arm64/ExtractedAppShortcutsMetadata.stringsdata --stringsdata-file /Users/admin/builder/spi-builder-workspace/.derivedData/Build/Intermediates.noindex/OAuth2.build/Debug-watchos/tvOS-t.build/Objects-normal/arm64_32/ExtractedAppShortcutsMetadata.stringsdata --source-file-list /Users/admin/builder/spi-builder-workspace/.derivedData/Build/Intermediates.noindex/OAuth2.build/Debug-watchos/tvOS-t.build/Objects-normal/arm64/tvOS.SwiftFileList --source-file-list /Users/admin/builder/spi-builder-workspace/.derivedData/Build/Intermediates.noindex/OAuth2.build/Debug-watchos/tvOS-t.build/Objects-normal/arm64_32/tvOS.SwiftFileList --metadata-file-list /Users/admin/builder/spi-builder-workspace/.derivedData/Build/Intermediates.noindex/OAuth2.build/Debug-watchos/tvOS-t.build/tvOS.DependencyMetadataFileList --static-metadata-file-list /Users/admin/builder/spi-builder-workspace/.derivedData/Build/Intermediates.noindex/OAuth2.build/Debug-watchos/tvOS-t.build/tvOS.DependencyStaticMetadataFileList --swift-const-vals-list /Users/admin/builder/spi-builder-workspace/.derivedData/Build/Intermediates.noindex/OAuth2.build/Debug-watchos/tvOS-t.build/Objects-normal/arm64/tvOS.SwiftConstValuesFileList --swift-const-vals-list /Users/admin/builder/spi-builder-workspace/.derivedData/Build/Intermediates.noindex/OAuth2.build/Debug-watchos/tvOS-t.build/Objects-normal/arm64_32/tvOS.SwiftConstValuesFileList --force --compile-time-extraction --deployment-aware-processing --no-app-shortcuts-localization
2026-09-20 05:38:17.876 appintentsmetadataprocessor[852:5147] Starting appintentsmetadataprocessor export
2026-09-20 05:38:17.936 appintentsmetadataprocessor[852:5147] Extracted no relevant App Intents symbols, skipping writing output
ExtractAppIntentsMetadata (in target 'macOS' from project 'OAuth2')
cd /Users/admin/builder/spi-builder-workspace
/Applications/Xcode-27.0.0-Release.Candidate.app/Contents/Developer/Toolchains/XcodeDefault.xctoolchain/usr/bin/appintentsmetadataprocessor --toolchain-dir /var/run/com.apple.security.cryptexd/mnt/com.apple.MobileAsset.MetalToolchain-v27.1.266.1.Xdy48q/Metal.xctoolchain --module-name macOS --sdk-root /Applications/Xcode-27.0.0-Release.Candidate.app/Contents/Developer/Platforms/WatchOS.platform/Developer/SDKs/WatchOS27.0.sdk --xcode-version 27A266a --platform-family watchOS --deployment-target 9.0 --bundle-identifier spi-builder-workspace.macOS --output /Users/admin/builder/spi-builder-workspace/.derivedData/Build/Products/Debug-watchos/macOS.appintents --target-triple arm64-apple-watchos9.0 --target-triple arm64_32-apple-watchos9.0 --binary-file /Users/admin/builder/spi-builder-workspace/.derivedData/Build/Products/Debug-watchos/macOS.o --dependency-file /Users/admin/builder/spi-builder-workspace/.derivedData/Build/Intermediates.noindex/OAuth2.build/Debug-watchos/macOS-t.build/Objects-normal/arm64/macOS_dependency_info.dat --dependency-file /Users/admin/builder/spi-builder-workspace/.derivedData/Build/Intermediates.noindex/OAuth2.build/Debug-watchos/macOS-t.build/Objects-normal/arm64_32/macOS_dependency_info.dat --stringsdata-file /Users/admin/builder/spi-builder-workspace/.derivedData/Build/Intermediates.noindex/OAuth2.build/Debug-watchos/macOS-t.build/Objects-normal/arm64/ExtractedAppShortcutsMetadata.stringsdata --stringsdata-file /Users/admin/builder/spi-builder-workspace/.derivedData/Build/Intermediates.noindex/OAuth2.build/Debug-watchos/macOS-t.build/Objects-normal/arm64_32/ExtractedAppShortcutsMetadata.stringsdata --source-file-list /Users/admin/builder/spi-builder-workspace/.derivedData/Build/Intermediates.noindex/OAuth2.build/Debug-watchos/macOS-t.build/Objects-normal/arm64/macOS.SwiftFileList --source-file-list /Users/admin/builder/spi-builder-workspace/.derivedData/Build/Intermediates.noindex/OAuth2.build/Debug-watchos/macOS-t.build/Objects-normal/arm64_32/macOS.SwiftFileList --metadata-file-list /Users/admin/builder/spi-builder-workspace/.derivedData/Build/Intermediates.noindex/OAuth2.build/Debug-watchos/macOS-t.build/macOS.DependencyMetadataFileList --static-metadata-file-list /Users/admin/builder/spi-builder-workspace/.derivedData/Build/Intermediates.noindex/OAuth2.build/Debug-watchos/macOS-t.build/macOS.DependencyStaticMetadataFileList --swift-const-vals-list /Users/admin/builder/spi-builder-workspace/.derivedData/Build/Intermediates.noindex/OAuth2.build/Debug-watchos/macOS-t.build/Objects-normal/arm64/macOS.SwiftConstValuesFileList --swift-const-vals-list /Users/admin/builder/spi-builder-workspace/.derivedData/Build/Intermediates.noindex/OAuth2.build/Debug-watchos/macOS-t.build/Objects-normal/arm64_32/macOS.SwiftConstValuesFileList --force --compile-time-extraction --deployment-aware-processing --no-app-shortcuts-localization
2026-09-20 05:38:17.880 appintentsmetadataprocessor[853:5149] Starting appintentsmetadataprocessor export
2026-09-20 05:38:17.943 appintentsmetadataprocessor[853:5149] Extracted no relevant App Intents symbols, skipping writing output
ExtractAppIntentsMetadata (in target 'iOS' from project 'OAuth2')
cd /Users/admin/builder/spi-builder-workspace
/Applications/Xcode-27.0.0-Release.Candidate.app/Contents/Developer/Toolchains/XcodeDefault.xctoolchain/usr/bin/appintentsmetadataprocessor --toolchain-dir /var/run/com.apple.security.cryptexd/mnt/com.apple.MobileAsset.MetalToolchain-v27.1.266.1.Xdy48q/Metal.xctoolchain --module-name iOS --sdk-root /Applications/Xcode-27.0.0-Release.Candidate.app/Contents/Developer/Platforms/WatchOS.platform/Developer/SDKs/WatchOS27.0.sdk --xcode-version 27A266a --platform-family watchOS --deployment-target 9.0 --bundle-identifier spi-builder-workspace.iOS --output /Users/admin/builder/spi-builder-workspace/.derivedData/Build/Products/Debug-watchos/iOS.appintents --target-triple arm64-apple-watchos9.0 --target-triple arm64_32-apple-watchos9.0 --binary-file /Users/admin/builder/spi-builder-workspace/.derivedData/Build/Products/Debug-watchos/iOS.o --dependency-file /Users/admin/builder/spi-builder-workspace/.derivedData/Build/Intermediates.noindex/OAuth2.build/Debug-watchos/iOS-t.build/Objects-normal/arm64/iOS_dependency_info.dat --dependency-file /Users/admin/builder/spi-builder-workspace/.derivedData/Build/Intermediates.noindex/OAuth2.build/Debug-watchos/iOS-t.build/Objects-normal/arm64_32/iOS_dependency_info.dat --stringsdata-file /Users/admin/builder/spi-builder-workspace/.derivedData/Build/Intermediates.noindex/OAuth2.build/Debug-watchos/iOS-t.build/Objects-normal/arm64/ExtractedAppShortcutsMetadata.stringsdata --stringsdata-file /Users/admin/builder/spi-builder-workspace/.derivedData/Build/Intermediates.noindex/OAuth2.build/Debug-watchos/iOS-t.build/Objects-normal/arm64_32/ExtractedAppShortcutsMetadata.stringsdata --source-file-list /Users/admin/builder/spi-builder-workspace/.derivedData/Build/Intermediates.noindex/OAuth2.build/Debug-watchos/iOS-t.build/Objects-normal/arm64/iOS.SwiftFileList --source-file-list /Users/admin/builder/spi-builder-workspace/.derivedData/Build/Intermediates.noindex/OAuth2.build/Debug-watchos/iOS-t.build/Objects-normal/arm64_32/iOS.SwiftFileList --metadata-file-list /Users/admin/builder/spi-builder-workspace/.derivedData/Build/Intermediates.noindex/OAuth2.build/Debug-watchos/iOS-t.build/iOS.DependencyMetadataFileList --static-metadata-file-list /Users/admin/builder/spi-builder-workspace/.derivedData/Build/Intermediates.noindex/OAuth2.build/Debug-watchos/iOS-t.build/iOS.DependencyStaticMetadataFileList --swift-const-vals-list /Users/admin/builder/spi-builder-workspace/.derivedData/Build/Intermediates.noindex/OAuth2.build/Debug-watchos/iOS-t.build/Objects-normal/arm64/iOS.SwiftConstValuesFileList --swift-const-vals-list /Users/admin/builder/spi-builder-workspace/.derivedData/Build/Intermediates.noindex/OAuth2.build/Debug-watchos/iOS-t.build/Objects-normal/arm64_32/iOS.SwiftConstValuesFileList --force --compile-time-extraction --deployment-aware-processing --no-app-shortcuts-localization
2026-09-20 05:38:17.881 appintentsmetadataprocessor[854:5150] Starting appintentsmetadataprocessor export
2026-09-20 05:38:17.943 appintentsmetadataprocessor[854:5150] Extracted no relevant App Intents symbols, skipping writing output
SwiftEmitModule normal arm64_32 Emitting\ module\ for\ Flows (in target 'Flows' from project 'OAuth2')
SwiftCompile normal arm64_32 (in target 'Flows' from project 'OAuth2')
cd /Users/admin/builder/spi-builder-workspace/.swiftpm/xcode
/Users/admin/builder/spi-builder-workspace/Sources/Flows/OAuth2PasswordGrant.swift:70:61: error: cannot find 'OAuth2CustomAuthorizer' in scope
68 |
69 | /// Properties used to handle the native controller.
70 | open lazy var customAuthorizer: OAuth2CustomAuthorizerUI = OAuth2CustomAuthorizer()
| `- error: cannot find 'OAuth2CustomAuthorizer' in scope
71 |
72 | /**
Failed frontend command:
/Applications/Xcode-27.0.0-Release.Candidate.app/Contents/Developer/Toolchains/XcodeDefault.xctoolchain/usr/bin/swift-frontend -frontend -emit-module -experimental-skip-non-inlinable-function-bodies-without-types /Users/admin/builder/spi-builder-workspace/Sources/Flows/OAuth2.swift /Users/admin/builder/spi-builder-workspace/Sources/Flows/OAuth2ClientCredentials.swift /Users/admin/builder/spi-builder-workspace/Sources/Flows/OAuth2ClientCredentialsReddit.swift /Users/admin/builder/spi-builder-workspace/Sources/Flows/OAuth2CodeGrant.swift /Users/admin/builder/spi-builder-workspace/Sources/Flows/OAuth2CodeGrantAzure.swift /Users/admin/builder/spi-builder-workspace/Sources/Flows/OAuth2CodeGrantBasicAuth.swift /Users/admin/builder/spi-builder-workspace/Sources/Flows/OAuth2CodeGrantFacebook.swift /Users/admin/builder/spi-builder-workspace/Sources/Flows/OAuth2CodeGrantLinkedIn.swift /Users/admin/builder/spi-builder-workspace/Sources/Flows/OAuth2CodeGrantNoTokenType.swift /Users/admin/builder/spi-builder-workspace/Sources/Flows/OAuth2DeviceGrant.swift /Users/admin/builder/spi-builder-workspace/Sources/Flows/OAuth2DynReg.swift /Users/admin/builder/spi-builder-workspace/Sources/Flows/OAuth2ImplicitGrant.swift /Users/admin/builder/spi-builder-workspace/Sources/Flows/OAuth2ImplicitGrantWithQueryParams.swift /Users/admin/builder/spi-builder-workspace/Sources/Flows/OAuth2PasswordGrant.swift -target arm64_32-apple-watchos9.0 -disable-cross-import-overlay-search -load-resolved-plugin /Applications/Xcode-27.0.0-Release.Candidate.app/Contents/Developer/Platforms/WatchOS.platform/Developer/usr/lib/swift/host/plugins/libFoundationMacros.dylib\#/Applications/Xcode-27.0.0-Release.Candidate.app/Contents/Developer/Platforms/WatchOS.platform/Developer/usr/bin/swift-plugin-server\#FoundationMacros -load-resolved-plugin /Applications/Xcode-27.0.0-Release.Candidate.app/Contents/Developer/Platforms/WatchOS.platform/Developer/usr/lib/swift/host/plugins/libObservationMacros.dylib\#/Applications/Xcode-27.0.0-Release.Candidate.app/Contents/Developer/Platforms/WatchOS.platform/Developer/usr/bin/swift-plugin-server\#ObservationMacros -load-resolved-plugin /Applications/Xcode-27.0.0-Release.Candidate.app/Contents/Developer/Platforms/WatchOS.platform/Developer/usr/lib/swift/host/plugins/libSwiftMacros.dylib\#/Applications/Xcode-27.0.0-Release.Candidate.app/Contents/Developer/Platforms/WatchOS.platform/Developer/usr/bin/swift-plugin-server\#SwiftMacros -disable-implicit-swift-modules -Xcc -fno-implicit-modules -Xcc -fno-implicit-module-maps -explicit-swift-module-map-file /Users/admin/builder/spi-builder-workspace/.derivedData/Build/Intermediates.noindex/OAuth2.build/Debug-watchos/Flows-t.build/Objects-normal/arm64_32/Flows-dependencies-1.json -enable-objc-interop -sdk /Applications/Xcode-27.0.0-Release.Candidate.app/Contents/Developer/Platforms/WatchOS.platform/Developer/SDKs/WatchOS27.0.sdk -I /Users/admin/builder/spi-builder-workspace/.derivedData/Build/Products/Debug-watchos -Isystem /Applications/Xcode-27.0.0-Release.Candidate.app/Contents/Developer/Platforms/WatchOS.platform/Developer/usr/lib -F /Users/admin/builder/spi-builder-workspace/.derivedData/Build/Products/Debug-watchos/PackageFrameworks -F /Users/admin/builder/spi-builder-workspace/.derivedData/Build/Products/Debug-watchos -F /Applications/Xcode-27.0.0-Release.Candidate.app/Contents/Developer/Platforms/WatchOS.platform/Developer/Library/Frameworks -F /Applications/Xcode-27.0.0-Release.Candidate.app/Contents/Developer/Platforms/WatchOS.platform/Developer/SDKs/WatchOS27.0.sdk/Developer/Library/Frameworks -module-cache-path /Users/admin/builder/spi-builder-workspace/.derivedData/Build/Intermediates.noindex/SwiftExplicitPrecompiledModules -no-color-diagnostics -Xcc -fno-color-diagnostics -enable-testing -g -debug-info-format\=dwarf -dwarf-version\=4 -profile-generate -profile-coverage-mapping -swift-version 5 -Onone -D SWIFT_PACKAGE -D DEBUG -D SWIFT_MODULE_RESOURCE_BUNDLE_UNAVAILABLE -D Xcode -serialize-debugging-options -enable-experimental-feature DebugDescriptionMacro -empty-abi-descriptor -validate-clang-modules-once -clang-build-session-file /Users/admin/builder/spi-builder-workspace/.derivedData/ModuleCache.noindex/Session.modulevalidation -Xcc -working-directory -Xcc /Users/admin/builder/spi-builder-workspace/.swiftpm/xcode -enable-anonymous-context-mangled-names -file-compilation-dir /Users/admin/builder/spi-builder-workspace/.swiftpm/xcode -Xcc -D_LIBCPP_HARDENING_MODE\=_LIBCPP_HARDENING_MODE_DEBUG -Xcc -ivfsstatcache -Xcc /Users/admin/builder/spi-builder-workspace/.derivedData/SDKStatCaches.noindex/watchos27.0-24R360-e829b21a6f8c9b70876ba0858053c04477534ef55a1706bf4c1112bbb242f0a2.sdkstatcache -Xcc -fmodules-prune-interval\=86400 -Xcc -fmodules-prune-after\=345600 -Xcc -I/Users/admin/builder/spi-builder-workspace/.derivedData/Build/Products/Debug-watchos/include -Xcc -I/Users/admin/builder/spi-builder-workspace/.derivedData/Build/Intermediates.noindex/OAuth2.build/Debug-watchos/Flows-t.build/DerivedSources-normal/arm64_32 -Xcc -I/Users/admin/builder/spi-builder-workspace/.derivedData/Build/Intermediates.noindex/OAuth2.build/Debug-watchos/Flows-t.build/DerivedSources/arm64_32 -Xcc -I/Users/admin/builder/spi-builder-workspace/.derivedData/Build/Intermediates.noindex/OAuth2.build/Debug-watchos/Flows-t.build/DerivedSources -Xcc -DSWIFT_PACKAGE -Xcc -DDEBUG\=1 -no-auto-bridging-header-chaining -module-name Flows -const-gather-protocols-file /Users/admin/builder/spi-builder-workspace/.derivedData/Build/Intermediates.noindex/OAuth2.build/Debug-watchos/Flows-t.build/Objects-normal/arm64_32/Flows_const_extract_protocols.json -disable-clang-spi -clang-target arm64_32-apple-watchos27.0 -target-sdk-version 27.0 -target-sdk-name watchos27.0 -in-process-plugin-server-path /Applications/Xcode-27.0.0-Release.Candidate.app/Contents/Developer/Toolchains/XcodeDefault.xctoolchain/usr/lib/swift/host/libSwiftInProcPluginServer.dylib -emit-module-doc-path /Users/admin/builder/spi-builder-workspace/.derivedData/Build/Intermediates.noindex/OAuth2.build/Debug-watchos/Flows-t.build/Objects-normal/arm64_32/Flows.swiftdoc -emit-module-source-info-path /Users/admin/builder/spi-builder-workspace/.derivedData/Build/Intermediates.noindex/OAuth2.build/Debug-watchos/Flows-t.build/Objects-normal/arm64_32/Flows.swiftsourceinfo -emit-objc-header-path /Users/admin/builder/spi-builder-workspace/.derivedData/Build/Intermediates.noindex/OAuth2.build/Debug-watchos/Flows-t.build/Objects-normal/arm64_32/Flows-Swift.h -serialize-diagnostics-path /Users/admin/builder/spi-builder-workspace/.derivedData/Build/Intermediates.noindex/OAuth2.build/Debug-watchos/Flows-t.build/Objects-normal/arm64_32/Flows-primary-emit-module.dia -emit-dependencies-path /Users/admin/builder/spi-builder-workspace/.derivedData/Build/Intermediates.noindex/OAuth2.build/Debug-watchos/Flows-t.build/Objects-normal/arm64_32/Flows-primary-emit-module.d -parse-as-library -o /Users/admin/builder/spi-builder-workspace/.derivedData/Build/Intermediates.noindex/OAuth2.build/Debug-watchos/Flows-t.build/Objects-normal/arm64_32/Flows.swiftmodule -emit-abi-descriptor-path /Users/admin/builder/spi-builder-workspace/.derivedData/Build/Intermediates.noindex/OAuth2.build/Debug-watchos/Flows-t.build/Objects-normal/arm64_32/Flows.abi.json
SwiftCompile normal arm64_32 Compiling\ OAuth2ClientCredentialsReddit.swift,\ OAuth2CodeGrant.swift /Users/admin/builder/spi-builder-workspace/Sources/Flows/OAuth2ClientCredentialsReddit.swift /Users/admin/builder/spi-builder-workspace/Sources/Flows/OAuth2CodeGrant.swift (in target 'Flows' from project 'OAuth2')
SwiftCompile normal arm64_32 /Users/admin/builder/spi-builder-workspace/Sources/Flows/OAuth2ClientCredentialsReddit.swift (in target 'Flows' from project 'OAuth2')
cd /Users/admin/builder/spi-builder-workspace/.swiftpm/xcode
builtin-SwiftPerFileCompile OAuth2ClientCredentialsReddit.swift
SwiftCompile normal arm64_32 /Users/admin/builder/spi-builder-workspace/Sources/Flows/OAuth2CodeGrant.swift (in target 'Flows' from project 'OAuth2')
cd /Users/admin/builder/spi-builder-workspace/.swiftpm/xcode
builtin-SwiftPerFileCompile OAuth2CodeGrant.swift
SwiftCompile normal arm64_32 Compiling\ OAuth2CodeGrantAzure.swift,\ OAuth2CodeGrantBasicAuth.swift /Users/admin/builder/spi-builder-workspace/Sources/Flows/OAuth2CodeGrantAzure.swift /Users/admin/builder/spi-builder-workspace/Sources/Flows/OAuth2CodeGrantBasicAuth.swift (in target 'Flows' from project 'OAuth2')
SwiftCompile normal arm64_32 /Users/admin/builder/spi-builder-workspace/Sources/Flows/OAuth2CodeGrantAzure.swift (in target 'Flows' from project 'OAuth2')
cd /Users/admin/builder/spi-builder-workspace/.swiftpm/xcode
builtin-SwiftPerFileCompile OAuth2CodeGrantAzure.swift
SwiftCompile normal arm64_32 /Users/admin/builder/spi-builder-workspace/Sources/Flows/OAuth2CodeGrantBasicAuth.swift (in target 'Flows' from project 'OAuth2')
cd /Users/admin/builder/spi-builder-workspace/.swiftpm/xcode
builtin-SwiftPerFileCompile OAuth2CodeGrantBasicAuth.swift
SwiftCompile normal arm64_32 Compiling\ OAuth2CodeGrantNoTokenType.swift /Users/admin/builder/spi-builder-workspace/Sources/Flows/OAuth2CodeGrantNoTokenType.swift (in target 'Flows' from project 'OAuth2')
SwiftCompile normal arm64_32 /Users/admin/builder/spi-builder-workspace/Sources/Flows/OAuth2CodeGrantNoTokenType.swift (in target 'Flows' from project 'OAuth2')
cd /Users/admin/builder/spi-builder-workspace/.swiftpm/xcode
builtin-SwiftPerFileCompile OAuth2CodeGrantNoTokenType.swift
SwiftCompile normal arm64_32 Compiling\ OAuth2CodeGrantFacebook.swift,\ OAuth2CodeGrantLinkedIn.swift /Users/admin/builder/spi-builder-workspace/Sources/Flows/OAuth2CodeGrantFacebook.swift /Users/admin/builder/spi-builder-workspace/Sources/Flows/OAuth2CodeGrantLinkedIn.swift (in target 'Flows' from project 'OAuth2')
SwiftCompile normal arm64_32 /Users/admin/builder/spi-builder-workspace/Sources/Flows/OAuth2CodeGrantFacebook.swift (in target 'Flows' from project 'OAuth2')
cd /Users/admin/builder/spi-builder-workspace/.swiftpm/xcode
builtin-SwiftPerFileCompile OAuth2CodeGrantFacebook.swift
SwiftCompile normal arm64_32 /Users/admin/builder/spi-builder-workspace/Sources/Flows/OAuth2CodeGrantLinkedIn.swift (in target 'Flows' from project 'OAuth2')
cd /Users/admin/builder/spi-builder-workspace/.swiftpm/xcode
builtin-SwiftPerFileCompile OAuth2CodeGrantLinkedIn.swift
SwiftCompile normal arm64_32 Compiling\ OAuth2DeviceGrant.swift /Users/admin/builder/spi-builder-workspace/Sources/Flows/OAuth2DeviceGrant.swift (in target 'Flows' from project 'OAuth2')
SwiftCompile normal arm64_32 /Users/admin/builder/spi-builder-workspace/Sources/Flows/OAuth2DeviceGrant.swift (in target 'Flows' from project 'OAuth2')
cd /Users/admin/builder/spi-builder-workspace/.swiftpm/xcode
builtin-SwiftPerFileCompile OAuth2DeviceGrant.swift
SwiftCompile normal arm64_32 Compiling\ OAuth2DynReg.swift /Users/admin/builder/spi-builder-workspace/Sources/Flows/OAuth2DynReg.swift (in target 'Flows' from project 'OAuth2')
SwiftCompile normal arm64_32 /Users/admin/builder/spi-builder-workspace/Sources/Flows/OAuth2DynReg.swift (in target 'Flows' from project 'OAuth2')
cd /Users/admin/builder/spi-builder-workspace/.swiftpm/xcode
builtin-SwiftPerFileCompile OAuth2DynReg.swift
SwiftCompile normal arm64_32 Compiling\ OAuth2ImplicitGrant.swift /Users/admin/builder/spi-builder-workspace/Sources/Flows/OAuth2ImplicitGrant.swift (in target 'Flows' from project 'OAuth2')
SwiftCompile normal arm64_32 /Users/admin/builder/spi-builder-workspace/Sources/Flows/OAuth2ImplicitGrant.swift (in target 'Flows' from project 'OAuth2')
cd /Users/admin/builder/spi-builder-workspace/.swiftpm/xcode
builtin-SwiftPerFileCompile OAuth2ImplicitGrant.swift
SwiftCompile normal arm64_32 Compiling\ OAuth2.swift,\ OAuth2ClientCredentials.swift /Users/admin/builder/spi-builder-workspace/Sources/Flows/OAuth2.swift /Users/admin/builder/spi-builder-workspace/Sources/Flows/OAuth2ClientCredentials.swift (in target 'Flows' from project 'OAuth2')
SwiftCompile normal arm64_32 /Users/admin/builder/spi-builder-workspace/Sources/Flows/OAuth2.swift (in target 'Flows' from project 'OAuth2')
cd /Users/admin/builder/spi-builder-workspace/.swiftpm/xcode
builtin-SwiftPerFileCompile OAuth2.swift
SwiftCompile normal arm64_32 /Users/admin/builder/spi-builder-workspace/Sources/Flows/OAuth2ClientCredentials.swift (in target 'Flows' from project 'OAuth2')
cd /Users/admin/builder/spi-builder-workspace/.swiftpm/xcode
builtin-SwiftPerFileCompile OAuth2ClientCredentials.swift
SwiftCompile normal arm64_32 Compiling\ OAuth2PasswordGrant.swift /Users/admin/builder/spi-builder-workspace/Sources/Flows/OAuth2PasswordGrant.swift (in target 'Flows' from project 'OAuth2')
SwiftCompile normal arm64_32 /Users/admin/builder/spi-builder-workspace/Sources/Flows/OAuth2PasswordGrant.swift (in target 'Flows' from project 'OAuth2')
cd /Users/admin/builder/spi-builder-workspace/.swiftpm/xcode
builtin-SwiftPerFileCompile OAuth2PasswordGrant.swift
SwiftEmitModule normal arm64 Emitting\ module\ for\ Flows (in target 'Flows' from project 'OAuth2')
SwiftCompile normal arm64 (in target 'Flows' from project 'OAuth2')
cd /Users/admin/builder/spi-builder-workspace/.swiftpm/xcode
PruneExplicitPrecompiledModules /Users/admin/builder/spi-builder-workspace/.derivedData/Build/Intermediates.noindex/SwiftExplicitPrecompiledModules
PruneExplicitPrecompiledModules /Users/admin/builder/spi-builder-workspace/.derivedData/SDKExplicitPrecompiledModules
PruneExplicitPrecompiledModules /Users/admin/builder/spi-builder-workspace/.derivedData/Build/Intermediates.noindex/ExplicitPrecompiledModules
2026-09-20 05:38:12.013 xcodebuild[707:4375] [MT] IDERunDestination: Supported platforms for the buildables in the current scheme is empty.
** BUILD FAILED **
The following build commands failed:
SwiftCompile normal arm64_32 (in target 'Flows' from project 'OAuth2')
SwiftEmitModule normal arm64_32 Emitting\ module\ for\ Flows (in target 'Flows' from project 'OAuth2')
Building workspace OAuth2 with scheme OAuth2
(3 failures)
Command line invocation:
/Applications/Xcode-27.0.0-Release.Candidate.app/Contents/Developer/usr/bin/xcodebuild -IDEClonedSourcePackagesDirPathOverride=/Users/admin/builder/spi-builder-workspace/.dependencies -resolvePackageDependencies
Resolve Package Graph
Resolved source packages:
OAuth2: /Users/admin/builder/spi-builder-workspace
resolved source packages: OAuth2
2026-09-20 05:38:19.140 xcodebuild[865:5212] [MT] IDERunDestination: Supported platforms for the buildables in the current scheme is empty.
{
"dependencies" : [
],
"manifest_display_name" : "OAuth2",
"name" : "OAuth2",
"path" : "/Users/admin/builder/spi-builder-workspace",
"platforms" : [
{
"name" : "macos",
"version" : "10.15"
},
{
"name" : "ios",
"version" : "12.0"
},
{
"name" : "tvos",
"version" : "12.0"
},
{
"name" : "watchos",
"version" : "5.0"
}
],
"products" : [
{
"name" : "OAuth2",
"targets" : [
"OAuth2"
],
"type" : {
"library" : [
"automatic"
]
}
}
],
"targets" : [
{
"c99name" : "tvOS",
"module_type" : "SwiftTarget",
"name" : "tvOS",
"path" : "Sources/tvOS",
"product_memberships" : [
"OAuth2"
],
"sources" : [
"OAuth2Authorizer+tvOS.swift",
"OAuth2CustomAuthorizer+tvOS.swift"
],
"target_dependencies" : [
"Base"
],
"type" : "library"
},
{
"c99name" : "macOS",
"module_type" : "SwiftTarget",
"name" : "macOS",
"path" : "Sources/macOS",
"product_memberships" : [
"OAuth2"
],
"sources" : [
"OAuth2Authorizer+macOS.swift",
"OAuth2CustomAuthorizer+macOS.swift",
"OAuth2WebViewController+macOS.swift"
],
"target_dependencies" : [
"Base"
],
"type" : "library"
},
{
"c99name" : "iOS",
"module_type" : "SwiftTarget",
"name" : "iOS",
"path" : "Sources/iOS",
"product_memberships" : [
"OAuth2"
],
"sources" : [
"OAuth2Authorizer+iOS.swift",
"OAuth2CustomAuthorizer+iOS.swift",
"OAuth2WebViewController+iOS.swift"
],
"target_dependencies" : [
"Base"
],
"type" : "library"
},
{
"c99name" : "SwiftKeychain",
"module_type" : "SwiftTarget",
"name" : "SwiftKeychain",
"path" : "Sources/SwiftKeychain",
"product_memberships" : [
"OAuth2"
],
"sources" : [
"Keychain.swift"
],
"type" : "library"
},
{
"c99name" : "OAuth2",
"module_type" : "SwiftTarget",
"name" : "OAuth2",
"path" : "Sources/OAuth2",
"product_memberships" : [
"OAuth2"
],
"sources" : [
"OAuth2Module.swift"
],
"target_dependencies" : [
"Base",
"Flows",
"DataLoader"
],
"type" : "library"
},
{
"c99name" : "Flows",
"module_type" : "SwiftTarget",
"name" : "Flows",
"path" : "Sources/Flows",
"product_memberships" : [
"OAuth2"
],
"sources" : [
"OAuth2.swift",
"OAuth2ClientCredentials.swift",
"OAuth2ClientCredentialsReddit.swift",
"OAuth2CodeGrant.swift",
"OAuth2CodeGrantAzure.swift",
"OAuth2CodeGrantBasicAuth.swift",
"OAuth2CodeGrantFacebook.swift",
"OAuth2CodeGrantLinkedIn.swift",
"OAuth2CodeGrantNoTokenType.swift",
"OAuth2DeviceGrant.swift",
"OAuth2DynReg.swift",
"OAuth2ImplicitGrant.swift",
"OAuth2ImplicitGrantWithQueryParams.swift",
"OAuth2PasswordGrant.swift"
],
"target_dependencies" : [
"macOS",
"iOS",
"tvOS"
],
"type" : "library"
},
{
"c99name" : "FlowTests",
"module_type" : "SwiftTarget",
"name" : "FlowTests",
"path" : "Tests/FlowTests",
"sources" : [
"OAuth2ClientCredentialsTests.swift",
"OAuth2CodeGrantTests.swift",
"OAuth2DeviceGrantTests.swift",
"OAuth2DynRegTests.swift",
"OAuth2ImplicitGrantTests.swift",
"OAuth2PasswordGrantTests.swift",
"OAuth2RefreshTokenTests.swift"
],
"target_dependencies" : [
"Flows"
],
"type" : "test"
},
{
"c99name" : "DataLoader",
"module_type" : "SwiftTarget",
"name" : "DataLoader",
"path" : "Sources/DataLoader",
"product_memberships" : [
"OAuth2"
],
"sources" : [
"OAuth2DataLoader.swift",
"OAuth2DataLoaderSessionTaskDelegate.swift",
"OAuth2DataRequest.swift"
],
"target_dependencies" : [
"Flows"
],
"type" : "library"
},
{
"c99name" : "BaseTests",
"module_type" : "SwiftTarget",
"name" : "BaseTests",
"path" : "Tests/BaseTests",
"sources" : [
"OAuth2AuthRequestTests.swift",
"OAuth2Tests.swift"
],
"target_dependencies" : [
"Base",
"Flows"
],
"type" : "test"
},
{
"c99name" : "Base",
"module_type" : "SwiftTarget",
"name" : "Base",
"path" : "Sources/Base",
"product_memberships" : [
"OAuth2"
],
"sources" : [
"OAuth2AuthConfig.swift",
"OAuth2AuthRequest.swift",
"OAuth2AuthorizerUI.swift",
"OAuth2Base.swift",
"OAuth2ClientConfig.swift",
"OAuth2CustomAuthorizerUI.swift",
"OAuth2DebugURLSessionDelegate.swift",
"OAuth2Error.swift",
"OAuth2KeychainAccount.swift",
"OAuth2Logger.swift",
"OAuth2RequestPerformer.swift",
"OAuth2Requestable.swift",
"OAuth2Response.swift",
"OAuth2Securable.swift",
"extensions.swift"
],
"target_dependencies" : [
"SwiftKeychain"
],
"type" : "library"
}
],
"tools_version" : "5.3"
}
{
"workspace" : {
"name" : "OAuth2",
"schemes" : [
"OAuth2"
]
}
}
2026-09-20 05:38:20.334 xcodebuild[873:5284] [MT] IDERunDestination: Supported platforms for the buildables in the current scheme is empty.
Running build ...
env DEVELOPER_DIR=/Applications/Xcode-27.0.0-Release.Candidate.app xcrun xcodebuild -IDEClonedSourcePackagesDirPathOverride=$PWD/.dependencies -skipMacroValidation -skipPackagePluginValidation -derivedDataPath $PWD/.derivedData build -scheme OAuth2 -destination generic/platform=watchOS
Command line invocation:
/Applications/Xcode-27.0.0-Release.Candidate.app/Contents/Developer/usr/bin/xcodebuild -IDEClonedSourcePackagesDirPathOverride=/Users/admin/builder/spi-builder-workspace/.dependencies -skipMacroValidation -skipPackagePluginValidation -derivedDataPath /Users/admin/builder/spi-builder-workspace/.derivedData build -scheme OAuth2 -destination generic/platform=watchOS
Resolve Package Graph
Resolved source packages:
OAuth2: /Users/admin/builder/spi-builder-workspace
ComputePackagePrebuildTargetDependencyGraph
Prepare packages
CreateBuildRequest
SendProjectDescription
CreateBuildOperation
ComputeTargetDependencyGraph
note: Building targets in dependency order
note: Target dependency graph (9 targets)
Target 'OAuth2-product' in project 'OAuth2'
➜ Explicit dependency on target 'OAuth2' in project 'OAuth2'
➜ Explicit dependency on target 'SwiftKeychain' in project 'OAuth2'
➜ Explicit dependency on target 'Base' in project 'OAuth2'
➜ Explicit dependency on target 'macOS' in project 'OAuth2'
➜ Explicit dependency on target 'iOS' in project 'OAuth2'
➜ Explicit dependency on target 'tvOS' in project 'OAuth2'
➜ Explicit dependency on target 'Flows' in project 'OAuth2'
➜ Explicit dependency on target 'DataLoader' in project 'OAuth2'
Target 'OAuth2' in project 'OAuth2'
➜ Explicit dependency on target 'SwiftKeychain' in project 'OAuth2'
➜ Explicit dependency on target 'Base' in project 'OAuth2'
➜ Explicit dependency on target 'macOS' in project 'OAuth2'
➜ Explicit dependency on target 'iOS' in project 'OAuth2'
➜ Explicit dependency on target 'tvOS' in project 'OAuth2'
➜ Explicit dependency on target 'Flows' in project 'OAuth2'
➜ Explicit dependency on target 'DataLoader' in project 'OAuth2'
Target 'DataLoader' in project 'OAuth2'
➜ Explicit dependency on target 'SwiftKeychain' in project 'OAuth2'
➜ Explicit dependency on target 'Base' in project 'OAuth2'
➜ Explicit dependency on target 'macOS' in project 'OAuth2'
➜ Explicit dependency on target 'iOS' in project 'OAuth2'
➜ Explicit dependency on target 'tvOS' in project 'OAuth2'
➜ Explicit dependency on target 'Flows' in project 'OAuth2'
Target 'Flows' in project 'OAuth2'
➜ Explicit dependency on target 'SwiftKeychain' in project 'OAuth2'
➜ Explicit dependency on target 'Base' in project 'OAuth2'
➜ Explicit dependency on target 'macOS' in project 'OAuth2'
➜ Explicit dependency on target 'iOS' in project 'OAuth2'
➜ Explicit dependency on target 'tvOS' in project 'OAuth2'
Target 'tvOS' in project 'OAuth2'
➜ Explicit dependency on target 'SwiftKeychain' in project 'OAuth2'
➜ Explicit dependency on target 'Base' in project 'OAuth2'
Target 'iOS' in project 'OAuth2'
➜ Explicit dependency on target 'SwiftKeychain' in project 'OAuth2'
➜ Explicit dependency on target 'Base' in project 'OAuth2'
Target 'macOS' in project 'OAuth2'
➜ Explicit dependency on target 'SwiftKeychain' in project 'OAuth2'
➜ Explicit dependency on target 'Base' in project 'OAuth2'
Target 'Base' in project 'OAuth2'
➜ Explicit dependency on target 'SwiftKeychain' in project 'OAuth2'
Target 'SwiftKeychain' in project 'OAuth2' (no dependencies)
GatherProvisioningInputs
CreateBuildDescription
ClangStatCache /Applications/Xcode-27.0.0-Release.Candidate.app/Contents/Developer/Toolchains/XcodeDefault.xctoolchain/usr/bin/clang-stat-cache /Applications/Xcode-27.0.0-Release.Candidate.app/Contents/Developer/Platforms/WatchOS.platform/Developer/SDKs/WatchOS27.0.sdk /Users/admin/builder/spi-builder-workspace/.derivedData/SDKStatCaches.noindex/watchos27.0-24R360-e829b21a6f8c9b70876ba0858053c04477534ef55a1706bf4c1112bbb242f0a2.sdkstatcache
cd /Users/admin/builder/spi-builder-workspace/.swiftpm/xcode
/Applications/Xcode-27.0.0-Release.Candidate.app/Contents/Developer/Toolchains/XcodeDefault.xctoolchain/usr/bin/clang-stat-cache /Applications/Xcode-27.0.0-Release.Candidate.app/Contents/Developer/Platforms/WatchOS.platform/Developer/SDKs/WatchOS27.0.sdk -o /Users/admin/builder/spi-builder-workspace/.derivedData/SDKStatCaches.noindex/watchos27.0-24R360-e829b21a6f8c9b70876ba0858053c04477534ef55a1706bf4c1112bbb242f0a2.sdkstatcache
SwiftDriver Flows normal arm64_32 com.apple.xcode.tools.swift.compiler (in target 'Flows' from project 'OAuth2')
cd /Users/admin/builder/spi-builder-workspace/.swiftpm/xcode
builtin-SwiftDriver -- /Applications/Xcode-27.0.0-Release.Candidate.app/Contents/Developer/Toolchains/XcodeDefault.xctoolchain/usr/bin/swiftc -parse-as-library -module-name Flows -Onone @/Users/admin/builder/spi-builder-workspace/.derivedData/Build/Intermediates.noindex/OAuth2.build/Debug-watchos/Flows-t.build/Objects-normal/arm64_32/Flows.SwiftFileList -DSWIFT_PACKAGE -DDEBUG -DSWIFT_MODULE_RESOURCE_BUNDLE_UNAVAILABLE -DXcode -plugin-path /Applications/Xcode-27.0.0-Release.Candidate.app/Contents/Developer/Toolchains/XcodeDefault.xctoolchain/usr/lib/swift/host/plugins/testing -enable-experimental-feature DebugDescriptionMacro -sdk /Applications/Xcode-27.0.0-Release.Candidate.app/Contents/Developer/Platforms/WatchOS.platform/Developer/SDKs/WatchOS27.0.sdk -target arm64_32-apple-watchos9.0 -g -module-cache-path /Users/admin/builder/spi-builder-workspace/.derivedData/ModuleCache.noindex -Xfrontend -serialize-debugging-options -profile-coverage-mapping -profile-generate -enable-testing -index-store-path /Users/admin/builder/spi-builder-workspace/.derivedData/Index.noindex/DataStore -Xcc -D_LIBCPP_HARDENING_MODE\=_LIBCPP_HARDENING_MODE_DEBUG -swift-version 5 -I /Users/admin/builder/spi-builder-workspace/.derivedData/Build/Products/Debug-watchos -Isystem /Applications/Xcode-27.0.0-Release.Candidate.app/Contents/Developer/Platforms/WatchOS.platform/Developer/usr/lib -F /Users/admin/builder/spi-builder-workspace/.derivedData/Build/Products/Debug-watchos/PackageFrameworks -F /Users/admin/builder/spi-builder-workspace/.derivedData/Build/Products/Debug-watchos -F /Applications/Xcode-27.0.0-Release.Candidate.app/Contents/Developer/Platforms/WatchOS.platform/Developer/Library/Frameworks -F /Applications/Xcode-27.0.0-Release.Candidate.app/Contents/Developer/Platforms/WatchOS.platform/Developer/SDKs/WatchOS27.0.sdk/Developer/Library/Frameworks -c -j10 -enable-batch-mode -incremental -Xcc -ivfsstatcache -Xcc /Users/admin/builder/spi-builder-workspace/.derivedData/SDKStatCaches.noindex/watchos27.0-24R360-e829b21a6f8c9b70876ba0858053c04477534ef55a1706bf4c1112bbb242f0a2.sdkstatcache -output-file-map /Users/admin/builder/spi-builder-workspace/.derivedData/Build/Intermediates.noindex/OAuth2.build/Debug-watchos/Flows-t.build/Objects-normal/arm64_32/Flows-OutputFileMap.json -save-temps -no-color-diagnostics -explicit-module-build -module-cache-path /Users/admin/builder/spi-builder-workspace/.derivedData/Build/Intermediates.noindex/SwiftExplicitPrecompiledModules -clang-scanner-module-cache-path /Users/admin/builder/spi-builder-workspace/.derivedData/ModuleCache.noindex -sdk-module-cache-path /Users/admin/builder/spi-builder-workspace/.derivedData/SDKExplicitPrecompiledModules -emit-dependencies -emit-module -emit-module-path /Users/admin/builder/spi-builder-workspace/.derivedData/Build/Intermediates.noindex/OAuth2.build/Debug-watchos/Flows-t.build/Objects-normal/arm64_32/Flows.swiftmodule -serialize-diagnostics -dependency-scan-serialize-diagnostics-path /Users/admin/builder/spi-builder-workspace/.derivedData/Build/Intermediates.noindex/OAuth2.build/Debug-watchos/Flows-t.build/Objects-normal/arm64_32/Flows-dependency-scan.dia -validate-clang-modules-once -clang-build-session-file /Users/admin/builder/spi-builder-workspace/.derivedData/ModuleCache.noindex/Session.modulevalidation -Xcc -fmodules-prune-interval\=86400 -Xcc -fmodules-prune-after\=345600 -emit-const-values -const-gather-protocols-list /Users/admin/builder/spi-builder-workspace/.derivedData/Build/Intermediates.noindex/OAuth2.build/Debug-watchos/Flows-t.build/Objects-normal/arm64_32/Flows_const_extract_protocols.json -Xcc -I/Users/admin/builder/spi-builder-workspace/.derivedData/Build/Products/Debug-watchos/include -Xcc -I/Users/admin/builder/spi-builder-workspace/.derivedData/Build/Intermediates.noindex/OAuth2.build/Debug-watchos/Flows-t.build/DerivedSources-normal/arm64_32 -Xcc -I/Users/admin/builder/spi-builder-workspace/.derivedData/Build/Intermediates.noindex/OAuth2.build/Debug-watchos/Flows-t.build/DerivedSources/arm64_32 -Xcc -I/Users/admin/builder/spi-builder-workspace/.derivedData/Build/Intermediates.noindex/OAuth2.build/Debug-watchos/Flows-t.build/DerivedSources -Xcc -DSWIFT_PACKAGE -Xcc -DDEBUG\=1 -emit-objc-header -emit-objc-header-path /Users/admin/builder/spi-builder-workspace/.derivedData/Build/Intermediates.noindex/OAuth2.build/Debug-watchos/Flows-t.build/Objects-normal/arm64_32/Flows-Swift.h -working-directory /Users/admin/builder/spi-builder-workspace/.swiftpm/xcode -experimental-emit-module-separately -disable-cmo
SwiftDriver Flows normal arm64 com.apple.xcode.tools.swift.compiler (in target 'Flows' from project 'OAuth2')
cd /Users/admin/builder/spi-builder-workspace/.swiftpm/xcode
builtin-SwiftDriver -- /Applications/Xcode-27.0.0-Release.Candidate.app/Contents/Developer/Toolchains/XcodeDefault.xctoolchain/usr/bin/swiftc -parse-as-library -module-name Flows -Onone @/Users/admin/builder/spi-builder-workspace/.derivedData/Build/Intermediates.noindex/OAuth2.build/Debug-watchos/Flows-t.build/Objects-normal/arm64/Flows.SwiftFileList -DSWIFT_PACKAGE -DDEBUG -DSWIFT_MODULE_RESOURCE_BUNDLE_UNAVAILABLE -DXcode -plugin-path /Applications/Xcode-27.0.0-Release.Candidate.app/Contents/Developer/Toolchains/XcodeDefault.xctoolchain/usr/lib/swift/host/plugins/testing -enable-experimental-feature DebugDescriptionMacro -sdk /Applications/Xcode-27.0.0-Release.Candidate.app/Contents/Developer/Platforms/WatchOS.platform/Developer/SDKs/WatchOS27.0.sdk -target arm64-apple-watchos9.0 -g -module-cache-path /Users/admin/builder/spi-builder-workspace/.derivedData/ModuleCache.noindex -Xfrontend -serialize-debugging-options -profile-coverage-mapping -profile-generate -enable-testing -index-store-path /Users/admin/builder/spi-builder-workspace/.derivedData/Index.noindex/DataStore -Xcc -D_LIBCPP_HARDENING_MODE\=_LIBCPP_HARDENING_MODE_DEBUG -swift-version 5 -I /Users/admin/builder/spi-builder-workspace/.derivedData/Build/Products/Debug-watchos -Isystem /Applications/Xcode-27.0.0-Release.Candidate.app/Contents/Developer/Platforms/WatchOS.platform/Developer/usr/lib -F /Users/admin/builder/spi-builder-workspace/.derivedData/Build/Products/Debug-watchos/PackageFrameworks -F /Users/admin/builder/spi-builder-workspace/.derivedData/Build/Products/Debug-watchos -F /Applications/Xcode-27.0.0-Release.Candidate.app/Contents/Developer/Platforms/WatchOS.platform/Developer/Library/Frameworks -F /Applications/Xcode-27.0.0-Release.Candidate.app/Contents/Developer/Platforms/WatchOS.platform/Developer/SDKs/WatchOS27.0.sdk/Developer/Library/Frameworks -c -j10 -enable-batch-mode -incremental -Xcc -ivfsstatcache -Xcc /Users/admin/builder/spi-builder-workspace/.derivedData/SDKStatCaches.noindex/watchos27.0-24R360-e829b21a6f8c9b70876ba0858053c04477534ef55a1706bf4c1112bbb242f0a2.sdkstatcache -output-file-map /Users/admin/builder/spi-builder-workspace/.derivedData/Build/Intermediates.noindex/OAuth2.build/Debug-watchos/Flows-t.build/Objects-normal/arm64/Flows-OutputFileMap.json -save-temps -no-color-diagnostics -explicit-module-build -module-cache-path /Users/admin/builder/spi-builder-workspace/.derivedData/Build/Intermediates.noindex/SwiftExplicitPrecompiledModules -clang-scanner-module-cache-path /Users/admin/builder/spi-builder-workspace/.derivedData/ModuleCache.noindex -sdk-module-cache-path /Users/admin/builder/spi-builder-workspace/.derivedData/SDKExplicitPrecompiledModules -emit-dependencies -emit-module -emit-module-path /Users/admin/builder/spi-builder-workspace/.derivedData/Build/Intermediates.noindex/OAuth2.build/Debug-watchos/Flows-t.build/Objects-normal/arm64/Flows.swiftmodule -serialize-diagnostics -dependency-scan-serialize-diagnostics-path /Users/admin/builder/spi-builder-workspace/.derivedData/Build/Intermediates.noindex/OAuth2.build/Debug-watchos/Flows-t.build/Objects-normal/arm64/Flows-dependency-scan.dia -validate-clang-modules-once -clang-build-session-file /Users/admin/builder/spi-builder-workspace/.derivedData/ModuleCache.noindex/Session.modulevalidation -Xcc -fmodules-prune-interval\=86400 -Xcc -fmodules-prune-after\=345600 -emit-const-values -const-gather-protocols-list /Users/admin/builder/spi-builder-workspace/.derivedData/Build/Intermediates.noindex/OAuth2.build/Debug-watchos/Flows-t.build/Objects-normal/arm64/Flows_const_extract_protocols.json -Xcc -I/Users/admin/builder/spi-builder-workspace/.derivedData/Build/Products/Debug-watchos/include -Xcc -I/Users/admin/builder/spi-builder-workspace/.derivedData/Build/Intermediates.noindex/OAuth2.build/Debug-watchos/Flows-t.build/DerivedSources-normal/arm64 -Xcc -I/Users/admin/builder/spi-builder-workspace/.derivedData/Build/Intermediates.noindex/OAuth2.build/Debug-watchos/Flows-t.build/DerivedSources/arm64 -Xcc -I/Users/admin/builder/spi-builder-workspace/.derivedData/Build/Intermediates.noindex/OAuth2.build/Debug-watchos/Flows-t.build/DerivedSources -Xcc -DSWIFT_PACKAGE -Xcc -DDEBUG\=1 -emit-objc-header -emit-objc-header-path /Users/admin/builder/spi-builder-workspace/.derivedData/Build/Intermediates.noindex/OAuth2.build/Debug-watchos/Flows-t.build/Objects-normal/arm64/Flows-Swift.h -working-directory /Users/admin/builder/spi-builder-workspace/.swiftpm/xcode -experimental-emit-module-separately -disable-cmo
SwiftCompile normal arm64 Compiling\ OAuth2ClientCredentialsReddit.swift,\ OAuth2CodeGrant.swift /Users/admin/builder/spi-builder-workspace/Sources/Flows/OAuth2ClientCredentialsReddit.swift /Users/admin/builder/spi-builder-workspace/Sources/Flows/OAuth2CodeGrant.swift (in target 'Flows' from project 'OAuth2')
SwiftCompile normal arm64 /Users/admin/builder/spi-builder-workspace/Sources/Flows/OAuth2ClientCredentialsReddit.swift (in target 'Flows' from project 'OAuth2')
cd /Users/admin/builder/spi-builder-workspace/.swiftpm/xcode
builtin-SwiftPerFileCompile OAuth2ClientCredentialsReddit.swift
SwiftCompile normal arm64 /Users/admin/builder/spi-builder-workspace/Sources/Flows/OAuth2CodeGrant.swift (in target 'Flows' from project 'OAuth2')
cd /Users/admin/builder/spi-builder-workspace/.swiftpm/xcode
builtin-SwiftPerFileCompile OAuth2CodeGrant.swift
SwiftCompile normal arm64 Compiling\ OAuth2CodeGrantAzure.swift,\ OAuth2CodeGrantBasicAuth.swift /Users/admin/builder/spi-builder-workspace/Sources/Flows/OAuth2CodeGrantAzure.swift /Users/admin/builder/spi-builder-workspace/Sources/Flows/OAuth2CodeGrantBasicAuth.swift (in target 'Flows' from project 'OAuth2')
SwiftCompile normal arm64 /Users/admin/builder/spi-builder-workspace/Sources/Flows/OAuth2CodeGrantAzure.swift (in target 'Flows' from project 'OAuth2')
cd /Users/admin/builder/spi-builder-workspace/.swiftpm/xcode
builtin-SwiftPerFileCompile OAuth2CodeGrantAzure.swift
SwiftCompile normal arm64 /Users/admin/builder/spi-builder-workspace/Sources/Flows/OAuth2CodeGrantBasicAuth.swift (in target 'Flows' from project 'OAuth2')
cd /Users/admin/builder/spi-builder-workspace/.swiftpm/xcode
builtin-SwiftPerFileCompile OAuth2CodeGrantBasicAuth.swift
SwiftCompile normal arm64 Compiling\ OAuth2CodeGrantFacebook.swift,\ OAuth2CodeGrantLinkedIn.swift /Users/admin/builder/spi-builder-workspace/Sources/Flows/OAuth2CodeGrantFacebook.swift /Users/admin/builder/spi-builder-workspace/Sources/Flows/OAuth2CodeGrantLinkedIn.swift (in target 'Flows' from project 'OAuth2')
SwiftCompile normal arm64 /Users/admin/builder/spi-builder-workspace/Sources/Flows/OAuth2CodeGrantFacebook.swift (in target 'Flows' from project 'OAuth2')
cd /Users/admin/builder/spi-builder-workspace/.swiftpm/xcode
builtin-SwiftPerFileCompile OAuth2CodeGrantFacebook.swift
SwiftCompile normal arm64 /Users/admin/builder/spi-builder-workspace/Sources/Flows/OAuth2CodeGrantLinkedIn.swift (in target 'Flows' from project 'OAuth2')
cd /Users/admin/builder/spi-builder-workspace/.swiftpm/xcode
builtin-SwiftPerFileCompile OAuth2CodeGrantLinkedIn.swift
SwiftCompile normal arm64 Compiling\ OAuth2CodeGrantNoTokenType.swift /Users/admin/builder/spi-builder-workspace/Sources/Flows/OAuth2CodeGrantNoTokenType.swift (in target 'Flows' from project 'OAuth2')
SwiftCompile normal arm64 /Users/admin/builder/spi-builder-workspace/Sources/Flows/OAuth2CodeGrantNoTokenType.swift (in target 'Flows' from project 'OAuth2')
cd /Users/admin/builder/spi-builder-workspace/.swiftpm/xcode
builtin-SwiftPerFileCompile OAuth2CodeGrantNoTokenType.swift
SwiftCompile normal arm64 Compiling\ OAuth2.swift,\ OAuth2ClientCredentials.swift /Users/admin/builder/spi-builder-workspace/Sources/Flows/OAuth2.swift /Users/admin/builder/spi-builder-workspace/Sources/Flows/OAuth2ClientCredentials.swift (in target 'Flows' from project 'OAuth2')
SwiftCompile normal arm64 /Users/admin/builder/spi-builder-workspace/Sources/Flows/OAuth2.swift (in target 'Flows' from project 'OAuth2')
cd /Users/admin/builder/spi-builder-workspace/.swiftpm/xcode
builtin-SwiftPerFileCompile OAuth2.swift
SwiftCompile normal arm64 /Users/admin/builder/spi-builder-workspace/Sources/Flows/OAuth2ClientCredentials.swift (in target 'Flows' from project 'OAuth2')
cd /Users/admin/builder/spi-builder-workspace/.swiftpm/xcode
builtin-SwiftPerFileCompile OAuth2ClientCredentials.swift
SwiftCompile normal arm64 Compiling\ OAuth2DeviceGrant.swift /Users/admin/builder/spi-builder-workspace/Sources/Flows/OAuth2DeviceGrant.swift (in target 'Flows' from project 'OAuth2')
SwiftCompile normal arm64 /Users/admin/builder/spi-builder-workspace/Sources/Flows/OAuth2DeviceGrant.swift (in target 'Flows' from project 'OAuth2')
cd /Users/admin/builder/spi-builder-workspace/.swiftpm/xcode
builtin-SwiftPerFileCompile OAuth2DeviceGrant.swift
SwiftCompile normal arm64 Compiling\ OAuth2ImplicitGrant.swift /Users/admin/builder/spi-builder-workspace/Sources/Flows/OAuth2ImplicitGrant.swift (in target 'Flows' from project 'OAuth2')
SwiftCompile normal arm64 /Users/admin/builder/spi-builder-workspace/Sources/Flows/OAuth2ImplicitGrant.swift (in target 'Flows' from project 'OAuth2')
cd /Users/admin/builder/spi-builder-workspace/.swiftpm/xcode
builtin-SwiftPerFileCompile OAuth2ImplicitGrant.swift
SwiftCompile normal arm64 Compiling\ OAuth2ImplicitGrantWithQueryParams.swift /Users/admin/builder/spi-builder-workspace/Sources/Flows/OAuth2ImplicitGrantWithQueryParams.swift (in target 'Flows' from project 'OAuth2')
SwiftCompile normal arm64 /Users/admin/builder/spi-builder-workspace/Sources/Flows/OAuth2ImplicitGrantWithQueryParams.swift (in target 'Flows' from project 'OAuth2')
cd /Users/admin/builder/spi-builder-workspace/.swiftpm/xcode
builtin-SwiftPerFileCompile OAuth2ImplicitGrantWithQueryParams.swift
SwiftEmitModule normal arm64 Emitting\ module\ for\ Flows (in target 'Flows' from project 'OAuth2')
/Users/admin/builder/spi-builder-workspace/Sources/Flows/OAuth2PasswordGrant.swift:70:61: error: cannot find 'OAuth2CustomAuthorizer' in scope
68 |
69 | /// Properties used to handle the native controller.
70 | open lazy var customAuthorizer: OAuth2CustomAuthorizerUI = OAuth2CustomAuthorizer()
| `- error: cannot find 'OAuth2CustomAuthorizer' in scope
71 |
72 | /**
Failed frontend command:
/Applications/Xcode-27.0.0-Release.Candidate.app/Contents/Developer/Toolchains/XcodeDefault.xctoolchain/usr/bin/swift-frontend -frontend -emit-module -experimental-skip-non-inlinable-function-bodies-without-types /Users/admin/builder/spi-builder-workspace/Sources/Flows/OAuth2.swift /Users/admin/builder/spi-builder-workspace/Sources/Flows/OAuth2ClientCredentials.swift /Users/admin/builder/spi-builder-workspace/Sources/Flows/OAuth2ClientCredentialsReddit.swift /Users/admin/builder/spi-builder-workspace/Sources/Flows/OAuth2CodeGrant.swift /Users/admin/builder/spi-builder-workspace/Sources/Flows/OAuth2CodeGrantAzure.swift /Users/admin/builder/spi-builder-workspace/Sources/Flows/OAuth2CodeGrantBasicAuth.swift /Users/admin/builder/spi-builder-workspace/Sources/Flows/OAuth2CodeGrantFacebook.swift /Users/admin/builder/spi-builder-workspace/Sources/Flows/OAuth2CodeGrantLinkedIn.swift /Users/admin/builder/spi-builder-workspace/Sources/Flows/OAuth2CodeGrantNoTokenType.swift /Users/admin/builder/spi-builder-workspace/Sources/Flows/OAuth2DeviceGrant.swift /Users/admin/builder/spi-builder-workspace/Sources/Flows/OAuth2DynReg.swift /Users/admin/builder/spi-builder-workspace/Sources/Flows/OAuth2ImplicitGrant.swift /Users/admin/builder/spi-builder-workspace/Sources/Flows/OAuth2ImplicitGrantWithQueryParams.swift /Users/admin/builder/spi-builder-workspace/Sources/Flows/OAuth2PasswordGrant.swift -target arm64-apple-watchos9.0 -disable-cross-import-overlay-search -load-resolved-plugin /Applications/Xcode-27.0.0-Release.Candidate.app/Contents/Developer/Platforms/WatchOS.platform/Developer/usr/lib/swift/host/plugins/libFoundationMacros.dylib\#/Applications/Xcode-27.0.0-Release.Candidate.app/Contents/Developer/Platforms/WatchOS.platform/Developer/usr/bin/swift-plugin-server\#FoundationMacros -load-resolved-plugin /Applications/Xcode-27.0.0-Release.Candidate.app/Contents/Developer/Platforms/WatchOS.platform/Developer/usr/lib/swift/host/plugins/libObservationMacros.dylib\#/Applications/Xcode-27.0.0-Release.Candidate.app/Contents/Developer/Platforms/WatchOS.platform/Developer/usr/bin/swift-plugin-server\#ObservationMacros -load-resolved-plugin /Applications/Xcode-27.0.0-Release.Candidate.app/Contents/Developer/Platforms/WatchOS.platform/Developer/usr/lib/swift/host/plugins/libSwiftMacros.dylib\#/Applications/Xcode-27.0.0-Release.Candidate.app/Contents/Developer/Platforms/WatchOS.platform/Developer/usr/bin/swift-plugin-server\#SwiftMacros -disable-implicit-swift-modules -Xcc -fno-implicit-modules -Xcc -fno-implicit-module-maps -explicit-swift-module-map-file /Users/admin/builder/spi-builder-workspace/.derivedData/Build/Intermediates.noindex/OAuth2.build/Debug-watchos/Flows-t.build/Objects-normal/arm64/Flows-dependencies-2.json -Xllvm -aarch64-use-tbi -enable-objc-interop -stack-check -sdk /Applications/Xcode-27.0.0-Release.Candidate.app/Contents/Developer/Platforms/WatchOS.platform/Developer/SDKs/WatchOS27.0.sdk -I /Users/admin/builder/spi-builder-workspace/.derivedData/Build/Products/Debug-watchos -Isystem /Applications/Xcode-27.0.0-Release.Candidate.app/Contents/Developer/Platforms/WatchOS.platform/Developer/usr/lib -F /Users/admin/builder/spi-builder-workspace/.derivedData/Build/Products/Debug-watchos/PackageFrameworks -F /Users/admin/builder/spi-builder-workspace/.derivedData/Build/Products/Debug-watchos -F /Applications/Xcode-27.0.0-Release.Candidate.app/Contents/Developer/Platforms/WatchOS.platform/Developer/Library/Frameworks -F /Applications/Xcode-27.0.0-Release.Candidate.app/Contents/Developer/Platforms/WatchOS.platform/Developer/SDKs/WatchOS27.0.sdk/Developer/Library/Frameworks -module-cache-path /Users/admin/builder/spi-builder-workspace/.derivedData/Build/Intermediates.noindex/SwiftExplicitPrecompiledModules -no-color-diagnostics -Xcc -fno-color-diagnostics -enable-testing -g -debug-info-format\=dwarf -dwarf-version\=4 -profile-generate -profile-coverage-mapping -swift-version 5 -Onone -D SWIFT_PACKAGE -D DEBUG -D SWIFT_MODULE_RESOURCE_BUNDLE_UNAVAILABLE -D Xcode -serialize-debugging-options -enable-experimental-feature DebugDescriptionMacro -empty-abi-descriptor -validate-clang-modules-once -clang-build-session-file /Users/admin/builder/spi-builder-workspace/.derivedData/ModuleCache.noindex/Session.modulevalidation -Xcc -working-directory -Xcc /Users/admin/builder/spi-builder-workspace/.swiftpm/xcode -enable-anonymous-context-mangled-names -file-compilation-dir /Users/admin/builder/spi-builder-workspace/.swiftpm/xcode -Xcc -D_LIBCPP_HARDENING_MODE\=_LIBCPP_HARDENING_MODE_DEBUG -Xcc -ivfsstatcache -Xcc /Users/admin/builder/spi-builder-workspace/.derivedData/SDKStatCaches.noindex/watchos27.0-24R360-e829b21a6f8c9b70876ba0858053c04477534ef55a1706bf4c1112bbb242f0a2.sdkstatcache -Xcc -fmodules-prune-interval\=86400 -Xcc -fmodules-prune-after\=345600 -Xcc -I/Users/admin/builder/spi-builder-workspace/.derivedData/Build/Products/Debug-watchos/include -Xcc -I/Users/admin/builder/spi-builder-workspace/.derivedData/Build/Intermediates.noindex/OAuth2.build/Debug-watchos/Flows-t.build/DerivedSources-normal/arm64 -Xcc -I/Users/admin/builder/spi-builder-workspace/.derivedData/Build/Intermediates.noindex/OAuth2.build/Debug-watchos/Flows-t.build/DerivedSources/arm64 -Xcc -I/Users/admin/builder/spi-builder-workspace/.derivedData/Build/Intermediates.noindex/OAuth2.build/Debug-watchos/Flows-t.build/DerivedSources -Xcc -DSWIFT_PACKAGE -Xcc -DDEBUG\=1 -no-auto-bridging-header-chaining -module-name Flows -const-gather-protocols-file /Users/admin/builder/spi-builder-workspace/.derivedData/Build/Intermediates.noindex/OAuth2.build/Debug-watchos/Flows-t.build/Objects-normal/arm64/Flows_const_extract_protocols.json -disable-clang-spi -clang-target arm64-apple-watchos27.0 -target-sdk-version 27.0 -target-sdk-name watchos27.0 -in-process-plugin-server-path /Applications/Xcode-27.0.0-Release.Candidate.app/Contents/Developer/Toolchains/XcodeDefault.xctoolchain/usr/lib/swift/host/libSwiftInProcPluginServer.dylib -emit-module-doc-path /Users/admin/builder/spi-builder-workspace/.derivedData/Build/Intermediates.noindex/OAuth2.build/Debug-watchos/Flows-t.build/Objects-normal/arm64/Flows.swiftdoc -emit-module-source-info-path /Users/admin/builder/spi-builder-workspace/.derivedData/Build/Intermediates.noindex/OAuth2.build/Debug-watchos/Flows-t.build/Objects-normal/arm64/Flows.swiftsourceinfo -emit-objc-header-path /Users/admin/builder/spi-builder-workspace/.derivedData/Build/Intermediates.noindex/OAuth2.build/Debug-watchos/Flows-t.build/Objects-normal/arm64/Flows-Swift.h -serialize-diagnostics-path /Users/admin/builder/spi-builder-workspace/.derivedData/Build/Intermediates.noindex/OAuth2.build/Debug-watchos/Flows-t.build/Objects-normal/arm64/Flows-primary-emit-module.dia -emit-dependencies-path /Users/admin/builder/spi-builder-workspace/.derivedData/Build/Intermediates.noindex/OAuth2.build/Debug-watchos/Flows-t.build/Objects-normal/arm64/Flows-primary-emit-module.d -parse-as-library -o /Users/admin/builder/spi-builder-workspace/.derivedData/Build/Intermediates.noindex/OAuth2.build/Debug-watchos/Flows-t.build/Objects-normal/arm64/Flows.swiftmodule -emit-abi-descriptor-path /Users/admin/builder/spi-builder-workspace/.derivedData/Build/Intermediates.noindex/OAuth2.build/Debug-watchos/Flows-t.build/Objects-normal/arm64/Flows.abi.json
SwiftCompile normal arm64 (in target 'Flows' from project 'OAuth2')
cd /Users/admin/builder/spi-builder-workspace/.swiftpm/xcode
SwiftEmitModule normal arm64_32 Emitting\ module\ for\ Flows (in target 'Flows' from project 'OAuth2')
/Users/admin/builder/spi-builder-workspace/Sources/Flows/OAuth2PasswordGrant.swift:70:61: error: cannot find 'OAuth2CustomAuthorizer' in scope
68 |
69 | /// Properties used to handle the native controller.
70 | open lazy var customAuthorizer: OAuth2CustomAuthorizerUI = OAuth2CustomAuthorizer()
| `- error: cannot find 'OAuth2CustomAuthorizer' in scope
71 |
72 | /**
Failed frontend command:
/Applications/Xcode-27.0.0-Release.Candidate.app/Contents/Developer/Toolchains/XcodeDefault.xctoolchain/usr/bin/swift-frontend -frontend -emit-module -experimental-skip-non-inlinable-function-bodies-without-types /Users/admin/builder/spi-builder-workspace/Sources/Flows/OAuth2.swift /Users/admin/builder/spi-builder-workspace/Sources/Flows/OAuth2ClientCredentials.swift /Users/admin/builder/spi-builder-workspace/Sources/Flows/OAuth2ClientCredentialsReddit.swift /Users/admin/builder/spi-builder-workspace/Sources/Flows/OAuth2CodeGrant.swift /Users/admin/builder/spi-builder-workspace/Sources/Flows/OAuth2CodeGrantAzure.swift /Users/admin/builder/spi-builder-workspace/Sources/Flows/OAuth2CodeGrantBasicAuth.swift /Users/admin/builder/spi-builder-workspace/Sources/Flows/OAuth2CodeGrantFacebook.swift /Users/admin/builder/spi-builder-workspace/Sources/Flows/OAuth2CodeGrantLinkedIn.swift /Users/admin/builder/spi-builder-workspace/Sources/Flows/OAuth2CodeGrantNoTokenType.swift /Users/admin/builder/spi-builder-workspace/Sources/Flows/OAuth2DeviceGrant.swift /Users/admin/builder/spi-builder-workspace/Sources/Flows/OAuth2DynReg.swift /Users/admin/builder/spi-builder-workspace/Sources/Flows/OAuth2ImplicitGrant.swift /Users/admin/builder/spi-builder-workspace/Sources/Flows/OAuth2ImplicitGrantWithQueryParams.swift /Users/admin/builder/spi-builder-workspace/Sources/Flows/OAuth2PasswordGrant.swift -target arm64_32-apple-watchos9.0 -disable-cross-import-overlay-search -load-resolved-plugin /Applications/Xcode-27.0.0-Release.Candidate.app/Contents/Developer/Platforms/WatchOS.platform/Developer/usr/lib/swift/host/plugins/libFoundationMacros.dylib\#/Applications/Xcode-27.0.0-Release.Candidate.app/Contents/Developer/Platforms/WatchOS.platform/Developer/usr/bin/swift-plugin-server\#FoundationMacros -load-resolved-plugin /Applications/Xcode-27.0.0-Release.Candidate.app/Contents/Developer/Platforms/WatchOS.platform/Developer/usr/lib/swift/host/plugins/libObservationMacros.dylib\#/Applications/Xcode-27.0.0-Release.Candidate.app/Contents/Developer/Platforms/WatchOS.platform/Developer/usr/bin/swift-plugin-server\#ObservationMacros -load-resolved-plugin /Applications/Xcode-27.0.0-Release.Candidate.app/Contents/Developer/Platforms/WatchOS.platform/Developer/usr/lib/swift/host/plugins/libSwiftMacros.dylib\#/Applications/Xcode-27.0.0-Release.Candidate.app/Contents/Developer/Platforms/WatchOS.platform/Developer/usr/bin/swift-plugin-server\#SwiftMacros -disable-implicit-swift-modules -Xcc -fno-implicit-modules -Xcc -fno-implicit-module-maps -explicit-swift-module-map-file /Users/admin/builder/spi-builder-workspace/.derivedData/Build/Intermediates.noindex/OAuth2.build/Debug-watchos/Flows-t.build/Objects-normal/arm64_32/Flows-dependencies-1.json -enable-objc-interop -sdk /Applications/Xcode-27.0.0-Release.Candidate.app/Contents/Developer/Platforms/WatchOS.platform/Developer/SDKs/WatchOS27.0.sdk -I /Users/admin/builder/spi-builder-workspace/.derivedData/Build/Products/Debug-watchos -Isystem /Applications/Xcode-27.0.0-Release.Candidate.app/Contents/Developer/Platforms/WatchOS.platform/Developer/usr/lib -F /Users/admin/builder/spi-builder-workspace/.derivedData/Build/Products/Debug-watchos/PackageFrameworks -F /Users/admin/builder/spi-builder-workspace/.derivedData/Build/Products/Debug-watchos -F /Applications/Xcode-27.0.0-Release.Candidate.app/Contents/Developer/Platforms/WatchOS.platform/Developer/Library/Frameworks -F /Applications/Xcode-27.0.0-Release.Candidate.app/Contents/Developer/Platforms/WatchOS.platform/Developer/SDKs/WatchOS27.0.sdk/Developer/Library/Frameworks -module-cache-path /Users/admin/builder/spi-builder-workspace/.derivedData/Build/Intermediates.noindex/SwiftExplicitPrecompiledModules -no-color-diagnostics -Xcc -fno-color-diagnostics -enable-testing -g -debug-info-format\=dwarf -dwarf-version\=4 -profile-generate -profile-coverage-mapping -swift-version 5 -Onone -D SWIFT_PACKAGE -D DEBUG -D SWIFT_MODULE_RESOURCE_BUNDLE_UNAVAILABLE -D Xcode -serialize-debugging-options -enable-experimental-feature DebugDescriptionMacro -empty-abi-descriptor -validate-clang-modules-once -clang-build-session-file /Users/admin/builder/spi-builder-workspace/.derivedData/ModuleCache.noindex/Session.modulevalidation -Xcc -working-directory -Xcc /Users/admin/builder/spi-builder-workspace/.swiftpm/xcode -enable-anonymous-context-mangled-names -file-compilation-dir /Users/admin/builder/spi-builder-workspace/.swiftpm/xcode -Xcc -D_LIBCPP_HARDENING_MODE\=_LIBCPP_HARDENING_MODE_DEBUG -Xcc -ivfsstatcache -Xcc /Users/admin/builder/spi-builder-workspace/.derivedData/SDKStatCaches.noindex/watchos27.0-24R360-e829b21a6f8c9b70876ba0858053c04477534ef55a1706bf4c1112bbb242f0a2.sdkstatcache -Xcc -fmodules-prune-interval\=86400 -Xcc -fmodules-prune-after\=345600 -Xcc -I/Users/admin/builder/spi-builder-workspace/.derivedData/Build/Products/Debug-watchos/include -Xcc -I/Users/admin/builder/spi-builder-workspace/.derivedData/Build/Intermediates.noindex/OAuth2.build/Debug-watchos/Flows-t.build/DerivedSources-normal/arm64_32 -Xcc -I/Users/admin/builder/spi-builder-workspace/.derivedData/Build/Intermediates.noindex/OAuth2.build/Debug-watchos/Flows-t.build/DerivedSources/arm64_32 -Xcc -I/Users/admin/builder/spi-builder-workspace/.derivedData/Build/Intermediates.noindex/OAuth2.build/Debug-watchos/Flows-t.build/DerivedSources -Xcc -DSWIFT_PACKAGE -Xcc -DDEBUG\=1 -no-auto-bridging-header-chaining -module-name Flows -const-gather-protocols-file /Users/admin/builder/spi-builder-workspace/.derivedData/Build/Intermediates.noindex/OAuth2.build/Debug-watchos/Flows-t.build/Objects-normal/arm64_32/Flows_const_extract_protocols.json -disable-clang-spi -clang-target arm64_32-apple-watchos27.0 -target-sdk-version 27.0 -target-sdk-name watchos27.0 -in-process-plugin-server-path /Applications/Xcode-27.0.0-Release.Candidate.app/Contents/Developer/Toolchains/XcodeDefault.xctoolchain/usr/lib/swift/host/libSwiftInProcPluginServer.dylib -emit-module-doc-path /Users/admin/builder/spi-builder-workspace/.derivedData/Build/Intermediates.noindex/OAuth2.build/Debug-watchos/Flows-t.build/Objects-normal/arm64_32/Flows.swiftdoc -emit-module-source-info-path /Users/admin/builder/spi-builder-workspace/.derivedData/Build/Intermediates.noindex/OAuth2.build/Debug-watchos/Flows-t.build/Objects-normal/arm64_32/Flows.swiftsourceinfo -emit-objc-header-path /Users/admin/builder/spi-builder-workspace/.derivedData/Build/Intermediates.noindex/OAuth2.build/Debug-watchos/Flows-t.build/Objects-normal/arm64_32/Flows-Swift.h -serialize-diagnostics-path /Users/admin/builder/spi-builder-workspace/.derivedData/Build/Intermediates.noindex/OAuth2.build/Debug-watchos/Flows-t.build/Objects-normal/arm64_32/Flows-primary-emit-module.dia -emit-dependencies-path /Users/admin/builder/spi-builder-workspace/.derivedData/Build/Intermediates.noindex/OAuth2.build/Debug-watchos/Flows-t.build/Objects-normal/arm64_32/Flows-primary-emit-module.d -parse-as-library -o /Users/admin/builder/spi-builder-workspace/.derivedData/Build/Intermediates.noindex/OAuth2.build/Debug-watchos/Flows-t.build/Objects-normal/arm64_32/Flows.swiftmodule -emit-abi-descriptor-path /Users/admin/builder/spi-builder-workspace/.derivedData/Build/Intermediates.noindex/OAuth2.build/Debug-watchos/Flows-t.build/Objects-normal/arm64_32/Flows.abi.json
SwiftCompile normal arm64_32 (in target 'Flows' from project 'OAuth2')
cd /Users/admin/builder/spi-builder-workspace/.swiftpm/xcode
SwiftCompile normal arm64_32 Compiling\ OAuth2DeviceGrant.swift /Users/admin/builder/spi-builder-workspace/Sources/Flows/OAuth2DeviceGrant.swift (in target 'Flows' from project 'OAuth2')
SwiftCompile normal arm64_32 /Users/admin/builder/spi-builder-workspace/Sources/Flows/OAuth2DeviceGrant.swift (in target 'Flows' from project 'OAuth2')
cd /Users/admin/builder/spi-builder-workspace/.swiftpm/xcode
builtin-SwiftPerFileCompile OAuth2DeviceGrant.swift
PruneExplicitPrecompiledModules /Users/admin/builder/spi-builder-workspace/.derivedData/SDKExplicitPrecompiledModules
PruneExplicitPrecompiledModules /Users/admin/builder/spi-builder-workspace/.derivedData/Build/Intermediates.noindex/ExplicitPrecompiledModules
PruneExplicitPrecompiledModules /Users/admin/builder/spi-builder-workspace/.derivedData/Build/Intermediates.noindex/SwiftExplicitPrecompiledModules
2026-09-20 05:38:21.270 xcodebuild[874:5309] [MT] IDERunDestination: Supported platforms for the buildables in the current scheme is empty.
** BUILD FAILED **
The following build commands failed:
SwiftEmitModule normal arm64 Emitting\ module\ for\ Flows (in target 'Flows' from project 'OAuth2')
SwiftCompile normal arm64 (in target 'Flows' from project 'OAuth2')
SwiftEmitModule normal arm64_32 Emitting\ module\ for\ Flows (in target 'Flows' from project 'OAuth2')
SwiftCompile normal arm64_32 (in target 'Flows' from project 'OAuth2')
Building workspace OAuth2 with scheme OAuth2
(5 failures)
BUILD FAILURE 6.4 watchOS