The Swift Package Index logo.Swift Package Index

Build Information

Failed to build swift-tools-protocols, reference main (527fb1), with Swift 6.3 for watchOS using Xcode 26.4 on 25 Oct 2026 09:53:14 UTC.

Build Command

env DEVELOPER_DIR=/Applications/Xcode-26.5.0.app xcrun xcodebuild -IDEClonedSourcePackagesDirPathOverride=$PWD/.dependencies -skipMacroValidation -skipPackagePluginValidation -derivedDataPath $PWD/.derivedData build -scheme swift-tools-protocols-Package -destination generic/platform=watchOS

Build Log

    cd /Users/admin/builder/spi-builder-workspace
    write-file /Users/admin/builder/spi-builder-workspace/.derivedData/Build/Intermediates.noindex/swift-tools-protocols.build/Debug-watchos/SKLogging.build/Objects-normal/arm64/SKLogging.SwiftConstValuesFileList
WriteAuxiliaryFile /Users/admin/builder/spi-builder-workspace/.derivedData/Build/Intermediates.noindex/swift-tools-protocols.build/Debug-watchos/SKLogging.build/Objects-normal/arm64/SKLogging.LinkFileList (in target 'SKLogging' from project 'swift-tools-protocols')
    cd /Users/admin/builder/spi-builder-workspace
    write-file /Users/admin/builder/spi-builder-workspace/.derivedData/Build/Intermediates.noindex/swift-tools-protocols.build/Debug-watchos/SKLogging.build/Objects-normal/arm64/SKLogging.LinkFileList
WriteAuxiliaryFile /Users/admin/builder/spi-builder-workspace/.derivedData/Build/Intermediates.noindex/swift-tools-protocols.build/Debug-watchos/SKLogging.build/Objects-normal/arm64/SKLogging-OutputFileMap.json (in target 'SKLogging' from project 'swift-tools-protocols')
    cd /Users/admin/builder/spi-builder-workspace
    write-file /Users/admin/builder/spi-builder-workspace/.derivedData/Build/Intermediates.noindex/swift-tools-protocols.build/Debug-watchos/SKLogging.build/Objects-normal/arm64/SKLogging-OutputFileMap.json
Copy /Users/admin/builder/spi-builder-workspace/.derivedData/Build/Intermediates.noindex/GeneratedModuleMaps-watchos/SKLogging.modulemap /Users/admin/builder/spi-builder-workspace/.derivedData/Build/Intermediates.noindex/swift-tools-protocols.build/Debug-watchos/SKLogging.build/SKLogging.modulemap (in target 'SKLogging' from project 'swift-tools-protocols')
    cd /Users/admin/builder/spi-builder-workspace
    builtin-copy -exclude .DS_Store -exclude CVS -exclude .svn -exclude .git -exclude .hg -resolve-src-symlinks /Users/admin/builder/spi-builder-workspace/.derivedData/Build/Intermediates.noindex/swift-tools-protocols.build/Debug-watchos/SKLogging.build/SKLogging.modulemap /Users/admin/builder/spi-builder-workspace/.derivedData/Build/Intermediates.noindex/GeneratedModuleMaps-watchos
WriteAuxiliaryFile /Users/admin/builder/spi-builder-workspace/.derivedData/Build/Intermediates.noindex/swift-tools-protocols.build/Debug-watchos/LanguageServerProtocolTransport.build/Objects-normal/arm64_32/LanguageServerProtocolTransport_const_extract_protocols.json (in target 'LanguageServerProtocolTransport' from project 'swift-tools-protocols')
    cd /Users/admin/builder/spi-builder-workspace
    write-file /Users/admin/builder/spi-builder-workspace/.derivedData/Build/Intermediates.noindex/swift-tools-protocols.build/Debug-watchos/LanguageServerProtocolTransport.build/Objects-normal/arm64_32/LanguageServerProtocolTransport_const_extract_protocols.json
WriteAuxiliaryFile /Users/admin/builder/spi-builder-workspace/.derivedData/Build/Intermediates.noindex/swift-tools-protocols.build/Debug-watchos/LanguageServerProtocolTransport.build/Objects-normal/arm64_32/LanguageServerProtocolTransport.SwiftFileList (in target 'LanguageServerProtocolTransport' from project 'swift-tools-protocols')
    cd /Users/admin/builder/spi-builder-workspace
    write-file /Users/admin/builder/spi-builder-workspace/.derivedData/Build/Intermediates.noindex/swift-tools-protocols.build/Debug-watchos/LanguageServerProtocolTransport.build/Objects-normal/arm64_32/LanguageServerProtocolTransport.SwiftFileList
WriteAuxiliaryFile /Users/admin/builder/spi-builder-workspace/.derivedData/Build/Intermediates.noindex/swift-tools-protocols.build/Debug-watchos/LanguageServerProtocolTransport.build/Objects-normal/arm64_32/LanguageServerProtocolTransport.SwiftConstValuesFileList (in target 'LanguageServerProtocolTransport' from project 'swift-tools-protocols')
    cd /Users/admin/builder/spi-builder-workspace
    write-file /Users/admin/builder/spi-builder-workspace/.derivedData/Build/Intermediates.noindex/swift-tools-protocols.build/Debug-watchos/LanguageServerProtocolTransport.build/Objects-normal/arm64_32/LanguageServerProtocolTransport.SwiftConstValuesFileList
WriteAuxiliaryFile /Users/admin/builder/spi-builder-workspace/.derivedData/Build/Intermediates.noindex/swift-tools-protocols.build/Debug-watchos/LanguageServerProtocolTransport.build/Objects-normal/arm64_32/LanguageServerProtocolTransport.LinkFileList (in target 'LanguageServerProtocolTransport' from project 'swift-tools-protocols')
    cd /Users/admin/builder/spi-builder-workspace
    write-file /Users/admin/builder/spi-builder-workspace/.derivedData/Build/Intermediates.noindex/swift-tools-protocols.build/Debug-watchos/LanguageServerProtocolTransport.build/Objects-normal/arm64_32/LanguageServerProtocolTransport.LinkFileList
WriteAuxiliaryFile /Users/admin/builder/spi-builder-workspace/.derivedData/Build/Intermediates.noindex/swift-tools-protocols.build/Debug-watchos/LanguageServerProtocolTransport.build/Objects-normal/arm64_32/LanguageServerProtocolTransport-OutputFileMap.json (in target 'LanguageServerProtocolTransport' from project 'swift-tools-protocols')
    cd /Users/admin/builder/spi-builder-workspace
    write-file /Users/admin/builder/spi-builder-workspace/.derivedData/Build/Intermediates.noindex/swift-tools-protocols.build/Debug-watchos/LanguageServerProtocolTransport.build/Objects-normal/arm64_32/LanguageServerProtocolTransport-OutputFileMap.json
WriteAuxiliaryFile /Users/admin/builder/spi-builder-workspace/.derivedData/Build/Intermediates.noindex/swift-tools-protocols.build/Debug-watchos/LanguageServerProtocolTransport.build/Objects-normal/arm64/LanguageServerProtocolTransport.SwiftFileList (in target 'LanguageServerProtocolTransport' from project 'swift-tools-protocols')
    cd /Users/admin/builder/spi-builder-workspace
    write-file /Users/admin/builder/spi-builder-workspace/.derivedData/Build/Intermediates.noindex/swift-tools-protocols.build/Debug-watchos/LanguageServerProtocolTransport.build/Objects-normal/arm64/LanguageServerProtocolTransport.SwiftFileList
WriteAuxiliaryFile /Users/admin/builder/spi-builder-workspace/.derivedData/Build/Intermediates.noindex/swift-tools-protocols.build/Debug-watchos/LanguageServerProtocolTransport.build/Objects-normal/arm64/LanguageServerProtocolTransport.SwiftConstValuesFileList (in target 'LanguageServerProtocolTransport' from project 'swift-tools-protocols')
    cd /Users/admin/builder/spi-builder-workspace
    write-file /Users/admin/builder/spi-builder-workspace/.derivedData/Build/Intermediates.noindex/swift-tools-protocols.build/Debug-watchos/LanguageServerProtocolTransport.build/Objects-normal/arm64/LanguageServerProtocolTransport.SwiftConstValuesFileList
WriteAuxiliaryFile /Users/admin/builder/spi-builder-workspace/.derivedData/Build/Intermediates.noindex/swift-tools-protocols.build/Debug-watchos/LanguageServerProtocolTransport.build/Objects-normal/arm64/LanguageServerProtocolTransport_const_extract_protocols.json (in target 'LanguageServerProtocolTransport' from project 'swift-tools-protocols')
    cd /Users/admin/builder/spi-builder-workspace
    write-file /Users/admin/builder/spi-builder-workspace/.derivedData/Build/Intermediates.noindex/swift-tools-protocols.build/Debug-watchos/LanguageServerProtocolTransport.build/Objects-normal/arm64/LanguageServerProtocolTransport_const_extract_protocols.json
WriteAuxiliaryFile /Users/admin/builder/spi-builder-workspace/.derivedData/Build/Intermediates.noindex/swift-tools-protocols.build/Debug-watchos/LanguageServerProtocolTransport.build/Objects-normal/arm64/LanguageServerProtocolTransport.LinkFileList (in target 'LanguageServerProtocolTransport' from project 'swift-tools-protocols')
    cd /Users/admin/builder/spi-builder-workspace
    write-file /Users/admin/builder/spi-builder-workspace/.derivedData/Build/Intermediates.noindex/swift-tools-protocols.build/Debug-watchos/LanguageServerProtocolTransport.build/Objects-normal/arm64/LanguageServerProtocolTransport.LinkFileList
WriteAuxiliaryFile /Users/admin/builder/spi-builder-workspace/.derivedData/Build/Intermediates.noindex/swift-tools-protocols.build/Debug-watchos/LanguageServerProtocolTransport.build/Objects-normal/arm64/LanguageServerProtocolTransport-OutputFileMap.json (in target 'LanguageServerProtocolTransport' from project 'swift-tools-protocols')
    cd /Users/admin/builder/spi-builder-workspace
    write-file /Users/admin/builder/spi-builder-workspace/.derivedData/Build/Intermediates.noindex/swift-tools-protocols.build/Debug-watchos/LanguageServerProtocolTransport.build/Objects-normal/arm64/LanguageServerProtocolTransport-OutputFileMap.json
WriteAuxiliaryFile /Users/admin/builder/spi-builder-workspace/.derivedData/Build/Intermediates.noindex/swift-tools-protocols.build/Debug-watchos/LanguageServerProtocolTransport.build/LanguageServerProtocolTransport.modulemap (in target 'LanguageServerProtocolTransport' from project 'swift-tools-protocols')
    cd /Users/admin/builder/spi-builder-workspace
    write-file /Users/admin/builder/spi-builder-workspace/.derivedData/Build/Intermediates.noindex/swift-tools-protocols.build/Debug-watchos/LanguageServerProtocolTransport.build/LanguageServerProtocolTransport.modulemap
WriteAuxiliaryFile /Users/admin/builder/spi-builder-workspace/.derivedData/Build/Intermediates.noindex/swift-tools-protocols.build/Debug-watchos/LanguageServerProtocolTransport.build/LanguageServerProtocolTransport.DependencyStaticMetadataFileList (in target 'LanguageServerProtocolTransport' from project 'swift-tools-protocols')
    cd /Users/admin/builder/spi-builder-workspace
    write-file /Users/admin/builder/spi-builder-workspace/.derivedData/Build/Intermediates.noindex/swift-tools-protocols.build/Debug-watchos/LanguageServerProtocolTransport.build/LanguageServerProtocolTransport.DependencyStaticMetadataFileList
WriteAuxiliaryFile /Users/admin/builder/spi-builder-workspace/.derivedData/Build/Intermediates.noindex/swift-tools-protocols.build/Debug-watchos/LanguageServerProtocolTransport.build/LanguageServerProtocolTransport.DependencyMetadataFileList (in target 'LanguageServerProtocolTransport' from project 'swift-tools-protocols')
    cd /Users/admin/builder/spi-builder-workspace
    write-file /Users/admin/builder/spi-builder-workspace/.derivedData/Build/Intermediates.noindex/swift-tools-protocols.build/Debug-watchos/LanguageServerProtocolTransport.build/LanguageServerProtocolTransport.DependencyMetadataFileList
WriteAuxiliaryFile /Users/admin/builder/spi-builder-workspace/.derivedData/Build/Intermediates.noindex/swift-tools-protocols.build/Debug-watchos/LanguageServerProtocol.build/Objects-normal/arm64_32/LanguageServerProtocol_const_extract_protocols.json (in target 'LanguageServerProtocol' from project 'swift-tools-protocols')
    cd /Users/admin/builder/spi-builder-workspace
    write-file /Users/admin/builder/spi-builder-workspace/.derivedData/Build/Intermediates.noindex/swift-tools-protocols.build/Debug-watchos/LanguageServerProtocol.build/Objects-normal/arm64_32/LanguageServerProtocol_const_extract_protocols.json
WriteAuxiliaryFile /Users/admin/builder/spi-builder-workspace/.derivedData/Build/Intermediates.noindex/swift-tools-protocols.build/Debug-watchos/LanguageServerProtocol.build/Objects-normal/arm64_32/LanguageServerProtocol.SwiftFileList (in target 'LanguageServerProtocol' from project 'swift-tools-protocols')
    cd /Users/admin/builder/spi-builder-workspace
    write-file /Users/admin/builder/spi-builder-workspace/.derivedData/Build/Intermediates.noindex/swift-tools-protocols.build/Debug-watchos/LanguageServerProtocol.build/Objects-normal/arm64_32/LanguageServerProtocol.SwiftFileList
WriteAuxiliaryFile /Users/admin/builder/spi-builder-workspace/.derivedData/Build/Intermediates.noindex/swift-tools-protocols.build/Debug-watchos/LanguageServerProtocol.build/Objects-normal/arm64_32/LanguageServerProtocol.SwiftConstValuesFileList (in target 'LanguageServerProtocol' from project 'swift-tools-protocols')
    cd /Users/admin/builder/spi-builder-workspace
    write-file /Users/admin/builder/spi-builder-workspace/.derivedData/Build/Intermediates.noindex/swift-tools-protocols.build/Debug-watchos/LanguageServerProtocol.build/Objects-normal/arm64_32/LanguageServerProtocol.SwiftConstValuesFileList
WriteAuxiliaryFile /Users/admin/builder/spi-builder-workspace/.derivedData/Build/Intermediates.noindex/swift-tools-protocols.build/Debug-watchos/LanguageServerProtocol.build/Objects-normal/arm64_32/LanguageServerProtocol.LinkFileList (in target 'LanguageServerProtocol' from project 'swift-tools-protocols')
    cd /Users/admin/builder/spi-builder-workspace
    write-file /Users/admin/builder/spi-builder-workspace/.derivedData/Build/Intermediates.noindex/swift-tools-protocols.build/Debug-watchos/LanguageServerProtocol.build/Objects-normal/arm64_32/LanguageServerProtocol.LinkFileList
WriteAuxiliaryFile /Users/admin/builder/spi-builder-workspace/.derivedData/Build/Intermediates.noindex/swift-tools-protocols.build/Debug-watchos/LanguageServerProtocol.build/Objects-normal/arm64_32/LanguageServerProtocol-OutputFileMap.json (in target 'LanguageServerProtocol' from project 'swift-tools-protocols')
    cd /Users/admin/builder/spi-builder-workspace
    write-file /Users/admin/builder/spi-builder-workspace/.derivedData/Build/Intermediates.noindex/swift-tools-protocols.build/Debug-watchos/LanguageServerProtocol.build/Objects-normal/arm64_32/LanguageServerProtocol-OutputFileMap.json
WriteAuxiliaryFile /Users/admin/builder/spi-builder-workspace/.derivedData/Build/Intermediates.noindex/swift-tools-protocols.build/Debug-watchos/LanguageServerProtocol.build/Objects-normal/arm64/LanguageServerProtocol.SwiftFileList (in target 'LanguageServerProtocol' from project 'swift-tools-protocols')
    cd /Users/admin/builder/spi-builder-workspace
    write-file /Users/admin/builder/spi-builder-workspace/.derivedData/Build/Intermediates.noindex/swift-tools-protocols.build/Debug-watchos/LanguageServerProtocol.build/Objects-normal/arm64/LanguageServerProtocol.SwiftFileList
WriteAuxiliaryFile /Users/admin/builder/spi-builder-workspace/.derivedData/Build/Intermediates.noindex/swift-tools-protocols.build/Debug-watchos/LanguageServerProtocol.build/Objects-normal/arm64/LanguageServerProtocol_const_extract_protocols.json (in target 'LanguageServerProtocol' from project 'swift-tools-protocols')
    cd /Users/admin/builder/spi-builder-workspace
    write-file /Users/admin/builder/spi-builder-workspace/.derivedData/Build/Intermediates.noindex/swift-tools-protocols.build/Debug-watchos/LanguageServerProtocol.build/Objects-normal/arm64/LanguageServerProtocol_const_extract_protocols.json
Copy /Users/admin/builder/spi-builder-workspace/.derivedData/Build/Intermediates.noindex/GeneratedModuleMaps-watchos/LanguageServerProtocolTransport.modulemap /Users/admin/builder/spi-builder-workspace/.derivedData/Build/Intermediates.noindex/swift-tools-protocols.build/Debug-watchos/LanguageServerProtocolTransport.build/LanguageServerProtocolTransport.modulemap (in target 'LanguageServerProtocolTransport' from project 'swift-tools-protocols')
    cd /Users/admin/builder/spi-builder-workspace
    builtin-copy -exclude .DS_Store -exclude CVS -exclude .svn -exclude .git -exclude .hg -resolve-src-symlinks /Users/admin/builder/spi-builder-workspace/.derivedData/Build/Intermediates.noindex/swift-tools-protocols.build/Debug-watchos/LanguageServerProtocolTransport.build/LanguageServerProtocolTransport.modulemap /Users/admin/builder/spi-builder-workspace/.derivedData/Build/Intermediates.noindex/GeneratedModuleMaps-watchos
WriteAuxiliaryFile /Users/admin/builder/spi-builder-workspace/.derivedData/Build/Intermediates.noindex/swift-tools-protocols.build/Debug-watchos/LanguageServerProtocol.build/Objects-normal/arm64/LanguageServerProtocol.SwiftConstValuesFileList (in target 'LanguageServerProtocol' from project 'swift-tools-protocols')
    cd /Users/admin/builder/spi-builder-workspace
    write-file /Users/admin/builder/spi-builder-workspace/.derivedData/Build/Intermediates.noindex/swift-tools-protocols.build/Debug-watchos/LanguageServerProtocol.build/Objects-normal/arm64/LanguageServerProtocol.SwiftConstValuesFileList
WriteAuxiliaryFile /Users/admin/builder/spi-builder-workspace/.derivedData/Build/Intermediates.noindex/swift-tools-protocols.build/Debug-watchos/LanguageServerProtocol.build/Objects-normal/arm64/LanguageServerProtocol.LinkFileList (in target 'LanguageServerProtocol' from project 'swift-tools-protocols')
    cd /Users/admin/builder/spi-builder-workspace
    write-file /Users/admin/builder/spi-builder-workspace/.derivedData/Build/Intermediates.noindex/swift-tools-protocols.build/Debug-watchos/LanguageServerProtocol.build/Objects-normal/arm64/LanguageServerProtocol.LinkFileList
WriteAuxiliaryFile /Users/admin/builder/spi-builder-workspace/.derivedData/Build/Intermediates.noindex/swift-tools-protocols.build/Debug-watchos/LanguageServerProtocol.build/Objects-normal/arm64/LanguageServerProtocol-OutputFileMap.json (in target 'LanguageServerProtocol' from project 'swift-tools-protocols')
    cd /Users/admin/builder/spi-builder-workspace
    write-file /Users/admin/builder/spi-builder-workspace/.derivedData/Build/Intermediates.noindex/swift-tools-protocols.build/Debug-watchos/LanguageServerProtocol.build/Objects-normal/arm64/LanguageServerProtocol-OutputFileMap.json
WriteAuxiliaryFile /Users/admin/builder/spi-builder-workspace/.derivedData/Build/Intermediates.noindex/swift-tools-protocols.build/Debug-watchos/LanguageServerProtocol.build/LanguageServerProtocol.modulemap (in target 'LanguageServerProtocol' from project 'swift-tools-protocols')
    cd /Users/admin/builder/spi-builder-workspace
    write-file /Users/admin/builder/spi-builder-workspace/.derivedData/Build/Intermediates.noindex/swift-tools-protocols.build/Debug-watchos/LanguageServerProtocol.build/LanguageServerProtocol.modulemap
WriteAuxiliaryFile /Users/admin/builder/spi-builder-workspace/.derivedData/Build/Intermediates.noindex/swift-tools-protocols.build/Debug-watchos/LanguageServerProtocol.build/LanguageServerProtocol.DependencyStaticMetadataFileList (in target 'LanguageServerProtocol' from project 'swift-tools-protocols')
    cd /Users/admin/builder/spi-builder-workspace
    write-file /Users/admin/builder/spi-builder-workspace/.derivedData/Build/Intermediates.noindex/swift-tools-protocols.build/Debug-watchos/LanguageServerProtocol.build/LanguageServerProtocol.DependencyStaticMetadataFileList
WriteAuxiliaryFile /Users/admin/builder/spi-builder-workspace/.derivedData/Build/Intermediates.noindex/swift-tools-protocols.build/Debug-watchos/LanguageServerProtocol.build/LanguageServerProtocol.DependencyMetadataFileList (in target 'LanguageServerProtocol' from project 'swift-tools-protocols')
    cd /Users/admin/builder/spi-builder-workspace
    write-file /Users/admin/builder/spi-builder-workspace/.derivedData/Build/Intermediates.noindex/swift-tools-protocols.build/Debug-watchos/LanguageServerProtocol.build/LanguageServerProtocol.DependencyMetadataFileList
Copy /Users/admin/builder/spi-builder-workspace/.derivedData/Build/Intermediates.noindex/GeneratedModuleMaps-watchos/LanguageServerProtocol.modulemap /Users/admin/builder/spi-builder-workspace/.derivedData/Build/Intermediates.noindex/swift-tools-protocols.build/Debug-watchos/LanguageServerProtocol.build/LanguageServerProtocol.modulemap (in target 'LanguageServerProtocol' from project 'swift-tools-protocols')
    cd /Users/admin/builder/spi-builder-workspace
    builtin-copy -exclude .DS_Store -exclude CVS -exclude .svn -exclude .git -exclude .hg -resolve-src-symlinks /Users/admin/builder/spi-builder-workspace/.derivedData/Build/Intermediates.noindex/swift-tools-protocols.build/Debug-watchos/LanguageServerProtocol.build/LanguageServerProtocol.modulemap /Users/admin/builder/spi-builder-workspace/.derivedData/Build/Intermediates.noindex/GeneratedModuleMaps-watchos
CreateBuildDirectory /Users/admin/builder/spi-builder-workspace/.derivedData/Build/Products/Debug-watchos/PackageFrameworks
    cd /Users/admin/builder/spi-builder-workspace/.swiftpm/xcode
    builtin-create-build-directory /Users/admin/builder/spi-builder-workspace/.derivedData/Build/Products/Debug-watchos/PackageFrameworks
WriteAuxiliaryFile /Users/admin/builder/spi-builder-workspace/.derivedData/Build/Intermediates.noindex/swift-tools-protocols.build/Debug-watchos/BuildServerProtocol.build/Objects-normal/arm64_32/BuildServerProtocol_const_extract_protocols.json (in target 'BuildServerProtocol' from project 'swift-tools-protocols')
    cd /Users/admin/builder/spi-builder-workspace
    write-file /Users/admin/builder/spi-builder-workspace/.derivedData/Build/Intermediates.noindex/swift-tools-protocols.build/Debug-watchos/BuildServerProtocol.build/Objects-normal/arm64_32/BuildServerProtocol_const_extract_protocols.json
WriteAuxiliaryFile /Users/admin/builder/spi-builder-workspace/.derivedData/Build/Intermediates.noindex/swift-tools-protocols.build/Debug-watchos/BuildServerProtocol.build/Objects-normal/arm64_32/BuildServerProtocol.SwiftFileList (in target 'BuildServerProtocol' from project 'swift-tools-protocols')
    cd /Users/admin/builder/spi-builder-workspace
    write-file /Users/admin/builder/spi-builder-workspace/.derivedData/Build/Intermediates.noindex/swift-tools-protocols.build/Debug-watchos/BuildServerProtocol.build/Objects-normal/arm64_32/BuildServerProtocol.SwiftFileList
WriteAuxiliaryFile /Users/admin/builder/spi-builder-workspace/.derivedData/Build/Intermediates.noindex/swift-tools-protocols.build/Debug-watchos/BuildServerProtocol.build/Objects-normal/arm64_32/BuildServerProtocol.SwiftConstValuesFileList (in target 'BuildServerProtocol' from project 'swift-tools-protocols')
    cd /Users/admin/builder/spi-builder-workspace
    write-file /Users/admin/builder/spi-builder-workspace/.derivedData/Build/Intermediates.noindex/swift-tools-protocols.build/Debug-watchos/BuildServerProtocol.build/Objects-normal/arm64_32/BuildServerProtocol.SwiftConstValuesFileList
WriteAuxiliaryFile /Users/admin/builder/spi-builder-workspace/.derivedData/Build/Intermediates.noindex/swift-tools-protocols.build/Debug-watchos/BuildServerProtocol.build/Objects-normal/arm64_32/BuildServerProtocol.LinkFileList (in target 'BuildServerProtocol' from project 'swift-tools-protocols')
    cd /Users/admin/builder/spi-builder-workspace
    write-file /Users/admin/builder/spi-builder-workspace/.derivedData/Build/Intermediates.noindex/swift-tools-protocols.build/Debug-watchos/BuildServerProtocol.build/Objects-normal/arm64_32/BuildServerProtocol.LinkFileList
WriteAuxiliaryFile /Users/admin/builder/spi-builder-workspace/.derivedData/Build/Intermediates.noindex/swift-tools-protocols.build/Debug-watchos/BuildServerProtocol.build/Objects-normal/arm64_32/BuildServerProtocol-OutputFileMap.json (in target 'BuildServerProtocol' from project 'swift-tools-protocols')
    cd /Users/admin/builder/spi-builder-workspace
    write-file /Users/admin/builder/spi-builder-workspace/.derivedData/Build/Intermediates.noindex/swift-tools-protocols.build/Debug-watchos/BuildServerProtocol.build/Objects-normal/arm64_32/BuildServerProtocol-OutputFileMap.json
WriteAuxiliaryFile /Users/admin/builder/spi-builder-workspace/.derivedData/Build/Intermediates.noindex/swift-tools-protocols.build/Debug-watchos/BuildServerProtocol.build/Objects-normal/arm64/BuildServerProtocol_const_extract_protocols.json (in target 'BuildServerProtocol' from project 'swift-tools-protocols')
    cd /Users/admin/builder/spi-builder-workspace
    write-file /Users/admin/builder/spi-builder-workspace/.derivedData/Build/Intermediates.noindex/swift-tools-protocols.build/Debug-watchos/BuildServerProtocol.build/Objects-normal/arm64/BuildServerProtocol_const_extract_protocols.json
WriteAuxiliaryFile /Users/admin/builder/spi-builder-workspace/.derivedData/Build/Intermediates.noindex/swift-tools-protocols.build/Debug-watchos/BuildServerProtocol.build/Objects-normal/arm64/BuildServerProtocol.SwiftFileList (in target 'BuildServerProtocol' from project 'swift-tools-protocols')
    cd /Users/admin/builder/spi-builder-workspace
    write-file /Users/admin/builder/spi-builder-workspace/.derivedData/Build/Intermediates.noindex/swift-tools-protocols.build/Debug-watchos/BuildServerProtocol.build/Objects-normal/arm64/BuildServerProtocol.SwiftFileList
WriteAuxiliaryFile /Users/admin/builder/spi-builder-workspace/.derivedData/Build/Intermediates.noindex/swift-tools-protocols.build/Debug-watchos/BuildServerProtocol.build/Objects-normal/arm64/BuildServerProtocol.SwiftConstValuesFileList (in target 'BuildServerProtocol' from project 'swift-tools-protocols')
    cd /Users/admin/builder/spi-builder-workspace
    write-file /Users/admin/builder/spi-builder-workspace/.derivedData/Build/Intermediates.noindex/swift-tools-protocols.build/Debug-watchos/BuildServerProtocol.build/Objects-normal/arm64/BuildServerProtocol.SwiftConstValuesFileList
WriteAuxiliaryFile /Users/admin/builder/spi-builder-workspace/.derivedData/Build/Intermediates.noindex/swift-tools-protocols.build/Debug-watchos/BuildServerProtocol.build/Objects-normal/arm64/BuildServerProtocol.LinkFileList (in target 'BuildServerProtocol' from project 'swift-tools-protocols')
    cd /Users/admin/builder/spi-builder-workspace
    write-file /Users/admin/builder/spi-builder-workspace/.derivedData/Build/Intermediates.noindex/swift-tools-protocols.build/Debug-watchos/BuildServerProtocol.build/Objects-normal/arm64/BuildServerProtocol.LinkFileList
WriteAuxiliaryFile /Users/admin/builder/spi-builder-workspace/.derivedData/Build/Intermediates.noindex/swift-tools-protocols.build/Debug-watchos/BuildServerProtocol.build/Objects-normal/arm64/BuildServerProtocol-OutputFileMap.json (in target 'BuildServerProtocol' from project 'swift-tools-protocols')
    cd /Users/admin/builder/spi-builder-workspace
    write-file /Users/admin/builder/spi-builder-workspace/.derivedData/Build/Intermediates.noindex/swift-tools-protocols.build/Debug-watchos/BuildServerProtocol.build/Objects-normal/arm64/BuildServerProtocol-OutputFileMap.json
WriteAuxiliaryFile /Users/admin/builder/spi-builder-workspace/.derivedData/Build/Intermediates.noindex/swift-tools-protocols.build/Debug-watchos/BuildServerProtocol.build/BuildServerProtocol.modulemap (in target 'BuildServerProtocol' from project 'swift-tools-protocols')
    cd /Users/admin/builder/spi-builder-workspace
    write-file /Users/admin/builder/spi-builder-workspace/.derivedData/Build/Intermediates.noindex/swift-tools-protocols.build/Debug-watchos/BuildServerProtocol.build/BuildServerProtocol.modulemap
WriteAuxiliaryFile /Users/admin/builder/spi-builder-workspace/.derivedData/Build/Intermediates.noindex/swift-tools-protocols.build/Debug-watchos/BuildServerProtocol.build/BuildServerProtocol.DependencyStaticMetadataFileList (in target 'BuildServerProtocol' from project 'swift-tools-protocols')
    cd /Users/admin/builder/spi-builder-workspace
    write-file /Users/admin/builder/spi-builder-workspace/.derivedData/Build/Intermediates.noindex/swift-tools-protocols.build/Debug-watchos/BuildServerProtocol.build/BuildServerProtocol.DependencyStaticMetadataFileList
WriteAuxiliaryFile /Users/admin/builder/spi-builder-workspace/.derivedData/Build/Intermediates.noindex/swift-tools-protocols.build/Debug-watchos/BuildServerProtocol.build/BuildServerProtocol.DependencyMetadataFileList (in target 'BuildServerProtocol' from project 'swift-tools-protocols')
    cd /Users/admin/builder/spi-builder-workspace
    write-file /Users/admin/builder/spi-builder-workspace/.derivedData/Build/Intermediates.noindex/swift-tools-protocols.build/Debug-watchos/BuildServerProtocol.build/BuildServerProtocol.DependencyMetadataFileList
Copy /Users/admin/builder/spi-builder-workspace/.derivedData/Build/Intermediates.noindex/GeneratedModuleMaps-watchos/BuildServerProtocol.modulemap /Users/admin/builder/spi-builder-workspace/.derivedData/Build/Intermediates.noindex/swift-tools-protocols.build/Debug-watchos/BuildServerProtocol.build/BuildServerProtocol.modulemap (in target 'BuildServerProtocol' from project 'swift-tools-protocols')
    cd /Users/admin/builder/spi-builder-workspace
    builtin-copy -exclude .DS_Store -exclude CVS -exclude .svn -exclude .git -exclude .hg -resolve-src-symlinks /Users/admin/builder/spi-builder-workspace/.derivedData/Build/Intermediates.noindex/swift-tools-protocols.build/Debug-watchos/BuildServerProtocol.build/BuildServerProtocol.modulemap /Users/admin/builder/spi-builder-workspace/.derivedData/Build/Intermediates.noindex/GeneratedModuleMaps-watchos
SwiftDriver _ToolsProtocolsSwiftExtensionsForPlugin normal arm64 com.apple.xcode.tools.swift.compiler (in target '_ToolsProtocolsSwiftExtensionsForPlugin' from project 'swift-tools-protocols')
    cd /Users/admin/builder/spi-builder-workspace/.swiftpm/xcode
    builtin-SwiftDriver -- /Applications/Xcode-26.5.0.app/Contents/Developer/Toolchains/XcodeDefault.xctoolchain/usr/bin/swiftc -module-name _ToolsProtocolsSwiftExtensionsForPlugin -Onone @/Users/admin/builder/spi-builder-workspace/.derivedData/Build/Intermediates.noindex/swift-tools-protocols.build/Debug-watchos/_ToolsProtocolsSwiftExtensionsForPlugin.build/Objects-normal/arm64/_ToolsProtocolsSwiftExtensionsForPlugin.SwiftFileList -DSWIFT_PACKAGE -DDEBUG -DSWIFT_MODULE_RESOURCE_BUNDLE_UNAVAILABLE -DXcode -enable-upcoming-feature InternalImportsByDefault -enable-upcoming-feature MemberImportVisibility -enable-upcoming-feature InferIsolatedConformances -enable-upcoming-feature NonisolatedNonsendingByDefault -plugin-path /Applications/Xcode-26.5.0.app/Contents/Developer/Toolchains/XcodeDefault.xctoolchain/usr/lib/swift/host/plugins/testing -enable-experimental-feature DebugDescriptionMacro -sdk /Applications/Xcode-26.5.0.app/Contents/Developer/Platforms/WatchOS.platform/Developer/SDKs/WatchOS26.5.sdk -target arm64-apple-watchos11.0 -g -module-cache-path /Users/admin/builder/spi-builder-workspace/.derivedData/ModuleCache.noindex -Xfrontend -serialize-debugging-options -profile-coverage-mapping -profile-generate -enable-testing -index-store-path /Users/admin/builder/spi-builder-workspace/.derivedData/Index.noindex/DataStore -Xcc -D_LIBCPP_HARDENING_MODE\=_LIBCPP_HARDENING_MODE_DEBUG -swift-version 6 -I /Users/admin/builder/spi-builder-workspace/.derivedData/Build/Products/Debug-watchos -Isystem /Applications/Xcode-26.5.0.app/Contents/Developer/Platforms/WatchOS.platform/Developer/usr/lib -F /Users/admin/builder/spi-builder-workspace/.derivedData/Build/Products/Debug-watchos -F /Applications/Xcode-26.5.0.app/Contents/Developer/Platforms/WatchOS.platform/Developer/Library/Frameworks -F /Applications/Xcode-26.5.0.app/Contents/Developer/Platforms/WatchOS.platform/Developer/SDKs/WatchOS26.5.sdk/Developer/Library/Frameworks -c -j10 -enable-batch-mode -incremental -Xcc -ivfsstatcache -Xcc /Users/admin/builder/spi-builder-workspace/.derivedData/SDKStatCaches.noindex/watchos26.5-23T570-688ef53f1462e2c8f657fdc38a81448f7931b973dfc65d9472806dbbc3af9379.sdkstatcache -output-file-map /Users/admin/builder/spi-builder-workspace/.derivedData/Build/Intermediates.noindex/swift-tools-protocols.build/Debug-watchos/_ToolsProtocolsSwiftExtensionsForPlugin.build/Objects-normal/arm64/_ToolsProtocolsSwiftExtensionsForPlugin-OutputFileMap.json -use-frontend-parseable-output -save-temps -no-color-diagnostics -explicit-module-build -module-cache-path /Users/admin/builder/spi-builder-workspace/.derivedData/Build/Intermediates.noindex/SwiftExplicitPrecompiledModules -clang-scanner-module-cache-path /Users/admin/builder/spi-builder-workspace/.derivedData/ModuleCache.noindex -sdk-module-cache-path /Users/admin/builder/spi-builder-workspace/.derivedData/ModuleCache.noindex -serialize-diagnostics -emit-dependencies -emit-module -emit-module-path /Users/admin/builder/spi-builder-workspace/.derivedData/Build/Intermediates.noindex/swift-tools-protocols.build/Debug-watchos/_ToolsProtocolsSwiftExtensionsForPlugin.build/Objects-normal/arm64/_ToolsProtocolsSwiftExtensionsForPlugin.swiftmodule -validate-clang-modules-once -clang-build-session-file /Users/admin/builder/spi-builder-workspace/.derivedData/ModuleCache.noindex/Session.modulevalidation -package-name spi_builder_workspace -Xcc -I/Users/admin/builder/spi-builder-workspace/.derivedData/Build/Intermediates.noindex/swift-tools-protocols.build/Debug-watchos/_ToolsProtocolsSwiftExtensionsForPlugin.build/swift-overrides.hmap -emit-const-values -Xfrontend -const-gather-protocols-file -Xfrontend /Users/admin/builder/spi-builder-workspace/.derivedData/Build/Intermediates.noindex/swift-tools-protocols.build/Debug-watchos/_ToolsProtocolsSwiftExtensionsForPlugin.build/Objects-normal/arm64/_ToolsProtocolsSwiftExtensionsForPlugin_const_extract_protocols.json -Xcc -I/Users/admin/builder/spi-builder-workspace/.derivedData/Build/Products/Debug-watchos/include -Xcc -I/Users/admin/builder/spi-builder-workspace/.derivedData/Build/Intermediates.noindex/swift-tools-protocols.build/Debug-watchos/_ToolsProtocolsSwiftExtensionsForPlugin.build/DerivedSources-normal/arm64 -Xcc -I/Users/admin/builder/spi-builder-workspace/.derivedData/Build/Intermediates.noindex/swift-tools-protocols.build/Debug-watchos/_ToolsProtocolsSwiftExtensionsForPlugin.build/DerivedSources/arm64 -Xcc -I/Users/admin/builder/spi-builder-workspace/.derivedData/Build/Intermediates.noindex/swift-tools-protocols.build/Debug-watchos/_ToolsProtocolsSwiftExtensionsForPlugin.build/DerivedSources -Xcc -DSWIFT_PACKAGE -Xcc -DDEBUG\=1 -emit-objc-header -emit-objc-header-path /Users/admin/builder/spi-builder-workspace/.derivedData/Build/Intermediates.noindex/swift-tools-protocols.build/Debug-watchos/_ToolsProtocolsSwiftExtensionsForPlugin.build/Objects-normal/arm64/_ToolsProtocolsSwiftExtensionsForPlugin-Swift.h -working-directory /Users/admin/builder/spi-builder-workspace/.swiftpm/xcode -experimental-emit-module-separately -disable-cmo
SwiftDriver _ToolsProtocolsSwiftExtensionsForPlugin normal arm64_32 com.apple.xcode.tools.swift.compiler (in target '_ToolsProtocolsSwiftExtensionsForPlugin' from project 'swift-tools-protocols')
    cd /Users/admin/builder/spi-builder-workspace/.swiftpm/xcode
    builtin-SwiftDriver -- /Applications/Xcode-26.5.0.app/Contents/Developer/Toolchains/XcodeDefault.xctoolchain/usr/bin/swiftc -module-name _ToolsProtocolsSwiftExtensionsForPlugin -Onone @/Users/admin/builder/spi-builder-workspace/.derivedData/Build/Intermediates.noindex/swift-tools-protocols.build/Debug-watchos/_ToolsProtocolsSwiftExtensionsForPlugin.build/Objects-normal/arm64_32/_ToolsProtocolsSwiftExtensionsForPlugin.SwiftFileList -DSWIFT_PACKAGE -DDEBUG -DSWIFT_MODULE_RESOURCE_BUNDLE_UNAVAILABLE -DXcode -enable-upcoming-feature InternalImportsByDefault -enable-upcoming-feature MemberImportVisibility -enable-upcoming-feature InferIsolatedConformances -enable-upcoming-feature NonisolatedNonsendingByDefault -plugin-path /Applications/Xcode-26.5.0.app/Contents/Developer/Toolchains/XcodeDefault.xctoolchain/usr/lib/swift/host/plugins/testing -enable-experimental-feature DebugDescriptionMacro -sdk /Applications/Xcode-26.5.0.app/Contents/Developer/Platforms/WatchOS.platform/Developer/SDKs/WatchOS26.5.sdk -target arm64_32-apple-watchos11.0 -g -module-cache-path /Users/admin/builder/spi-builder-workspace/.derivedData/ModuleCache.noindex -Xfrontend -serialize-debugging-options -profile-coverage-mapping -profile-generate -enable-testing -index-store-path /Users/admin/builder/spi-builder-workspace/.derivedData/Index.noindex/DataStore -Xcc -D_LIBCPP_HARDENING_MODE\=_LIBCPP_HARDENING_MODE_DEBUG -swift-version 6 -I /Users/admin/builder/spi-builder-workspace/.derivedData/Build/Products/Debug-watchos -Isystem /Applications/Xcode-26.5.0.app/Contents/Developer/Platforms/WatchOS.platform/Developer/usr/lib -F /Users/admin/builder/spi-builder-workspace/.derivedData/Build/Products/Debug-watchos -F /Applications/Xcode-26.5.0.app/Contents/Developer/Platforms/WatchOS.platform/Developer/Library/Frameworks -F /Applications/Xcode-26.5.0.app/Contents/Developer/Platforms/WatchOS.platform/Developer/SDKs/WatchOS26.5.sdk/Developer/Library/Frameworks -c -j10 -enable-batch-mode -incremental -Xcc -ivfsstatcache -Xcc /Users/admin/builder/spi-builder-workspace/.derivedData/SDKStatCaches.noindex/watchos26.5-23T570-688ef53f1462e2c8f657fdc38a81448f7931b973dfc65d9472806dbbc3af9379.sdkstatcache -output-file-map /Users/admin/builder/spi-builder-workspace/.derivedData/Build/Intermediates.noindex/swift-tools-protocols.build/Debug-watchos/_ToolsProtocolsSwiftExtensionsForPlugin.build/Objects-normal/arm64_32/_ToolsProtocolsSwiftExtensionsForPlugin-OutputFileMap.json -use-frontend-parseable-output -save-temps -no-color-diagnostics -explicit-module-build -module-cache-path /Users/admin/builder/spi-builder-workspace/.derivedData/Build/Intermediates.noindex/SwiftExplicitPrecompiledModules -clang-scanner-module-cache-path /Users/admin/builder/spi-builder-workspace/.derivedData/ModuleCache.noindex -sdk-module-cache-path /Users/admin/builder/spi-builder-workspace/.derivedData/ModuleCache.noindex -serialize-diagnostics -emit-dependencies -emit-module -emit-module-path /Users/admin/builder/spi-builder-workspace/.derivedData/Build/Intermediates.noindex/swift-tools-protocols.build/Debug-watchos/_ToolsProtocolsSwiftExtensionsForPlugin.build/Objects-normal/arm64_32/_ToolsProtocolsSwiftExtensionsForPlugin.swiftmodule -validate-clang-modules-once -clang-build-session-file /Users/admin/builder/spi-builder-workspace/.derivedData/ModuleCache.noindex/Session.modulevalidation -package-name spi_builder_workspace -Xcc -I/Users/admin/builder/spi-builder-workspace/.derivedData/Build/Intermediates.noindex/swift-tools-protocols.build/Debug-watchos/_ToolsProtocolsSwiftExtensionsForPlugin.build/swift-overrides.hmap -emit-const-values -Xfrontend -const-gather-protocols-file -Xfrontend /Users/admin/builder/spi-builder-workspace/.derivedData/Build/Intermediates.noindex/swift-tools-protocols.build/Debug-watchos/_ToolsProtocolsSwiftExtensionsForPlugin.build/Objects-normal/arm64_32/_ToolsProtocolsSwiftExtensionsForPlugin_const_extract_protocols.json -Xcc -I/Users/admin/builder/spi-builder-workspace/.derivedData/Build/Products/Debug-watchos/include -Xcc -I/Users/admin/builder/spi-builder-workspace/.derivedData/Build/Intermediates.noindex/swift-tools-protocols.build/Debug-watchos/_ToolsProtocolsSwiftExtensionsForPlugin.build/DerivedSources-normal/arm64_32 -Xcc -I/Users/admin/builder/spi-builder-workspace/.derivedData/Build/Intermediates.noindex/swift-tools-protocols.build/Debug-watchos/_ToolsProtocolsSwiftExtensionsForPlugin.build/DerivedSources/arm64_32 -Xcc -I/Users/admin/builder/spi-builder-workspace/.derivedData/Build/Intermediates.noindex/swift-tools-protocols.build/Debug-watchos/_ToolsProtocolsSwiftExtensionsForPlugin.build/DerivedSources -Xcc -DSWIFT_PACKAGE -Xcc -DDEBUG\=1 -emit-objc-header -emit-objc-header-path /Users/admin/builder/spi-builder-workspace/.derivedData/Build/Intermediates.noindex/swift-tools-protocols.build/Debug-watchos/_ToolsProtocolsSwiftExtensionsForPlugin.build/Objects-normal/arm64_32/_ToolsProtocolsSwiftExtensionsForPlugin-Swift.h -working-directory /Users/admin/builder/spi-builder-workspace/.swiftpm/xcode -experimental-emit-module-separately -disable-cmo
SwiftDriver ToolsProtocolsSwiftExtensions normal arm64_32 com.apple.xcode.tools.swift.compiler (in target 'ToolsProtocolsSwiftExtensions' from project 'swift-tools-protocols')
    cd /Users/admin/builder/spi-builder-workspace/.swiftpm/xcode
    builtin-SwiftDriver -- /Applications/Xcode-26.5.0.app/Contents/Developer/Toolchains/XcodeDefault.xctoolchain/usr/bin/swiftc -module-name ToolsProtocolsSwiftExtensions -Onone @/Users/admin/builder/spi-builder-workspace/.derivedData/Build/Intermediates.noindex/swift-tools-protocols.build/Debug-watchos/ToolsProtocolsSwiftExtensions.build/Objects-normal/arm64_32/ToolsProtocolsSwiftExtensions.SwiftFileList -DSWIFT_PACKAGE -DDEBUG -DSWIFT_MODULE_RESOURCE_BUNDLE_UNAVAILABLE -DXcode -enable-upcoming-feature InternalImportsByDefault -enable-upcoming-feature MemberImportVisibility -enable-upcoming-feature InferIsolatedConformances -enable-upcoming-feature NonisolatedNonsendingByDefault -plugin-path /Applications/Xcode-26.5.0.app/Contents/Developer/Toolchains/XcodeDefault.xctoolchain/usr/lib/swift/host/plugins/testing -enable-experimental-feature DebugDescriptionMacro -sdk /Applications/Xcode-26.5.0.app/Contents/Developer/Platforms/WatchOS.platform/Developer/SDKs/WatchOS26.5.sdk -target arm64_32-apple-watchos11.0 -g -module-cache-path /Users/admin/builder/spi-builder-workspace/.derivedData/ModuleCache.noindex -Xfrontend -serialize-debugging-options -profile-coverage-mapping -profile-generate -enable-testing -index-store-path /Users/admin/builder/spi-builder-workspace/.derivedData/Index.noindex/DataStore -Xcc -D_LIBCPP_HARDENING_MODE\=_LIBCPP_HARDENING_MODE_DEBUG -swift-version 6 -I /Users/admin/builder/spi-builder-workspace/.derivedData/Build/Products/Debug-watchos -Isystem /Applications/Xcode-26.5.0.app/Contents/Developer/Platforms/WatchOS.platform/Developer/usr/lib -F /Users/admin/builder/spi-builder-workspace/.derivedData/Build/Products/Debug-watchos -F /Applications/Xcode-26.5.0.app/Contents/Developer/Platforms/WatchOS.platform/Developer/Library/Frameworks -F /Applications/Xcode-26.5.0.app/Contents/Developer/Platforms/WatchOS.platform/Developer/SDKs/WatchOS26.5.sdk/Developer/Library/Frameworks -c -j10 -enable-batch-mode -incremental -Xcc -ivfsstatcache -Xcc /Users/admin/builder/spi-builder-workspace/.derivedData/SDKStatCaches.noindex/watchos26.5-23T570-688ef53f1462e2c8f657fdc38a81448f7931b973dfc65d9472806dbbc3af9379.sdkstatcache -output-file-map /Users/admin/builder/spi-builder-workspace/.derivedData/Build/Intermediates.noindex/swift-tools-protocols.build/Debug-watchos/ToolsProtocolsSwiftExtensions.build/Objects-normal/arm64_32/ToolsProtocolsSwiftExtensions-OutputFileMap.json -use-frontend-parseable-output -save-temps -no-color-diagnostics -explicit-module-build -module-cache-path /Users/admin/builder/spi-builder-workspace/.derivedData/Build/Intermediates.noindex/SwiftExplicitPrecompiledModules -clang-scanner-module-cache-path /Users/admin/builder/spi-builder-workspace/.derivedData/ModuleCache.noindex -sdk-module-cache-path /Users/admin/builder/spi-builder-workspace/.derivedData/ModuleCache.noindex -serialize-diagnostics -emit-dependencies -emit-module -emit-module-path /Users/admin/builder/spi-builder-workspace/.derivedData/Build/Intermediates.noindex/swift-tools-protocols.build/Debug-watchos/ToolsProtocolsSwiftExtensions.build/Objects-normal/arm64_32/ToolsProtocolsSwiftExtensions.swiftmodule -validate-clang-modules-once -clang-build-session-file /Users/admin/builder/spi-builder-workspace/.derivedData/ModuleCache.noindex/Session.modulevalidation -package-name spi_builder_workspace -Xcc -I/Users/admin/builder/spi-builder-workspace/.derivedData/Build/Intermediates.noindex/swift-tools-protocols.build/Debug-watchos/ToolsProtocolsSwiftExtensions.build/swift-overrides.hmap -emit-const-values -Xfrontend -const-gather-protocols-file -Xfrontend /Users/admin/builder/spi-builder-workspace/.derivedData/Build/Intermediates.noindex/swift-tools-protocols.build/Debug-watchos/ToolsProtocolsSwiftExtensions.build/Objects-normal/arm64_32/ToolsProtocolsSwiftExtensions_const_extract_protocols.json -Xcc -I/Users/admin/builder/spi-builder-workspace/.derivedData/Build/Products/Debug-watchos/include -Xcc -I/Users/admin/builder/spi-builder-workspace/.derivedData/Build/Intermediates.noindex/swift-tools-protocols.build/Debug-watchos/ToolsProtocolsSwiftExtensions.build/DerivedSources-normal/arm64_32 -Xcc -I/Users/admin/builder/spi-builder-workspace/.derivedData/Build/Intermediates.noindex/swift-tools-protocols.build/Debug-watchos/ToolsProtocolsSwiftExtensions.build/DerivedSources/arm64_32 -Xcc -I/Users/admin/builder/spi-builder-workspace/.derivedData/Build/Intermediates.noindex/swift-tools-protocols.build/Debug-watchos/ToolsProtocolsSwiftExtensions.build/DerivedSources -Xcc -DSWIFT_PACKAGE -Xcc -DDEBUG\=1 -emit-objc-header -emit-objc-header-path /Users/admin/builder/spi-builder-workspace/.derivedData/Build/Intermediates.noindex/swift-tools-protocols.build/Debug-watchos/ToolsProtocolsSwiftExtensions.build/Objects-normal/arm64_32/ToolsProtocolsSwiftExtensions-Swift.h -working-directory /Users/admin/builder/spi-builder-workspace/.swiftpm/xcode -experimental-emit-module-separately -disable-cmo
SwiftDriver LanguageServerProtocol normal arm64_32 com.apple.xcode.tools.swift.compiler (in target 'LanguageServerProtocol' from project 'swift-tools-protocols')
    cd /Users/admin/builder/spi-builder-workspace/.swiftpm/xcode
    builtin-SwiftDriver -- /Applications/Xcode-26.5.0.app/Contents/Developer/Toolchains/XcodeDefault.xctoolchain/usr/bin/swiftc -module-name LanguageServerProtocol -Onone @/Users/admin/builder/spi-builder-workspace/.derivedData/Build/Intermediates.noindex/swift-tools-protocols.build/Debug-watchos/LanguageServerProtocol.build/Objects-normal/arm64_32/LanguageServerProtocol.SwiftFileList -DSWIFT_PACKAGE -DDEBUG -DSWIFT_MODULE_RESOURCE_BUNDLE_UNAVAILABLE -DXcode -enable-upcoming-feature InternalImportsByDefault -enable-upcoming-feature MemberImportVisibility -enable-upcoming-feature InferIsolatedConformances -enable-upcoming-feature NonisolatedNonsendingByDefault -plugin-path /Applications/Xcode-26.5.0.app/Contents/Developer/Toolchains/XcodeDefault.xctoolchain/usr/lib/swift/host/plugins/testing -enable-experimental-feature DebugDescriptionMacro -sdk /Applications/Xcode-26.5.0.app/Contents/Developer/Platforms/WatchOS.platform/Developer/SDKs/WatchOS26.5.sdk -target arm64_32-apple-watchos11.0 -g -module-cache-path /Users/admin/builder/spi-builder-workspace/.derivedData/ModuleCache.noindex -Xfrontend -serialize-debugging-options -profile-coverage-mapping -profile-generate -enable-testing -index-store-path /Users/admin/builder/spi-builder-workspace/.derivedData/Index.noindex/DataStore -Xcc -D_LIBCPP_HARDENING_MODE\=_LIBCPP_HARDENING_MODE_DEBUG -swift-version 6 -I /Users/admin/builder/spi-builder-workspace/.derivedData/Build/Products/Debug-watchos -Isystem /Applications/Xcode-26.5.0.app/Contents/Developer/Platforms/WatchOS.platform/Developer/usr/lib -F /Users/admin/builder/spi-builder-workspace/.derivedData/Build/Products/Debug-watchos -F /Applications/Xcode-26.5.0.app/Contents/Developer/Platforms/WatchOS.platform/Developer/Library/Frameworks -F /Applications/Xcode-26.5.0.app/Contents/Developer/Platforms/WatchOS.platform/Developer/SDKs/WatchOS26.5.sdk/Developer/Library/Frameworks -c -j10 -enable-batch-mode -incremental -Xcc -ivfsstatcache -Xcc /Users/admin/builder/spi-builder-workspace/.derivedData/SDKStatCaches.noindex/watchos26.5-23T570-688ef53f1462e2c8f657fdc38a81448f7931b973dfc65d9472806dbbc3af9379.sdkstatcache -output-file-map /Users/admin/builder/spi-builder-workspace/.derivedData/Build/Intermediates.noindex/swift-tools-protocols.build/Debug-watchos/LanguageServerProtocol.build/Objects-normal/arm64_32/LanguageServerProtocol-OutputFileMap.json -use-frontend-parseable-output -save-temps -no-color-diagnostics -explicit-module-build -module-cache-path /Users/admin/builder/spi-builder-workspace/.derivedData/Build/Intermediates.noindex/SwiftExplicitPrecompiledModules -clang-scanner-module-cache-path /Users/admin/builder/spi-builder-workspace/.derivedData/ModuleCache.noindex -sdk-module-cache-path /Users/admin/builder/spi-builder-workspace/.derivedData/ModuleCache.noindex -serialize-diagnostics -emit-dependencies -emit-module -emit-module-path /Users/admin/builder/spi-builder-workspace/.derivedData/Build/Intermediates.noindex/swift-tools-protocols.build/Debug-watchos/LanguageServerProtocol.build/Objects-normal/arm64_32/LanguageServerProtocol.swiftmodule -validate-clang-modules-once -clang-build-session-file /Users/admin/builder/spi-builder-workspace/.derivedData/ModuleCache.noindex/Session.modulevalidation -package-name spi_builder_workspace -Xcc -I/Users/admin/builder/spi-builder-workspace/.derivedData/Build/Intermediates.noindex/swift-tools-protocols.build/Debug-watchos/LanguageServerProtocol.build/swift-overrides.hmap -emit-const-values -Xfrontend -const-gather-protocols-file -Xfrontend /Users/admin/builder/spi-builder-workspace/.derivedData/Build/Intermediates.noindex/swift-tools-protocols.build/Debug-watchos/LanguageServerProtocol.build/Objects-normal/arm64_32/LanguageServerProtocol_const_extract_protocols.json -Xcc -I/Users/admin/builder/spi-builder-workspace/.derivedData/Build/Products/Debug-watchos/include -Xcc -I/Users/admin/builder/spi-builder-workspace/.derivedData/Build/Intermediates.noindex/swift-tools-protocols.build/Debug-watchos/LanguageServerProtocol.build/DerivedSources-normal/arm64_32 -Xcc -I/Users/admin/builder/spi-builder-workspace/.derivedData/Build/Intermediates.noindex/swift-tools-protocols.build/Debug-watchos/LanguageServerProtocol.build/DerivedSources/arm64_32 -Xcc -I/Users/admin/builder/spi-builder-workspace/.derivedData/Build/Intermediates.noindex/swift-tools-protocols.build/Debug-watchos/LanguageServerProtocol.build/DerivedSources -Xcc -DSWIFT_PACKAGE -Xcc -DDEBUG\=1 -emit-objc-header -emit-objc-header-path /Users/admin/builder/spi-builder-workspace/.derivedData/Build/Intermediates.noindex/swift-tools-protocols.build/Debug-watchos/LanguageServerProtocol.build/Objects-normal/arm64_32/LanguageServerProtocol-Swift.h -working-directory /Users/admin/builder/spi-builder-workspace/.swiftpm/xcode -experimental-emit-module-separately -disable-cmo
SwiftDriver ToolsProtocolsSwiftExtensions normal arm64 com.apple.xcode.tools.swift.compiler (in target 'ToolsProtocolsSwiftExtensions' from project 'swift-tools-protocols')
    cd /Users/admin/builder/spi-builder-workspace/.swiftpm/xcode
    builtin-SwiftDriver -- /Applications/Xcode-26.5.0.app/Contents/Developer/Toolchains/XcodeDefault.xctoolchain/usr/bin/swiftc -module-name ToolsProtocolsSwiftExtensions -Onone @/Users/admin/builder/spi-builder-workspace/.derivedData/Build/Intermediates.noindex/swift-tools-protocols.build/Debug-watchos/ToolsProtocolsSwiftExtensions.build/Objects-normal/arm64/ToolsProtocolsSwiftExtensions.SwiftFileList -DSWIFT_PACKAGE -DDEBUG -DSWIFT_MODULE_RESOURCE_BUNDLE_UNAVAILABLE -DXcode -enable-upcoming-feature InternalImportsByDefault -enable-upcoming-feature MemberImportVisibility -enable-upcoming-feature InferIsolatedConformances -enable-upcoming-feature NonisolatedNonsendingByDefault -plugin-path /Applications/Xcode-26.5.0.app/Contents/Developer/Toolchains/XcodeDefault.xctoolchain/usr/lib/swift/host/plugins/testing -enable-experimental-feature DebugDescriptionMacro -sdk /Applications/Xcode-26.5.0.app/Contents/Developer/Platforms/WatchOS.platform/Developer/SDKs/WatchOS26.5.sdk -target arm64-apple-watchos11.0 -g -module-cache-path /Users/admin/builder/spi-builder-workspace/.derivedData/ModuleCache.noindex -Xfrontend -serialize-debugging-options -profile-coverage-mapping -profile-generate -enable-testing -index-store-path /Users/admin/builder/spi-builder-workspace/.derivedData/Index.noindex/DataStore -Xcc -D_LIBCPP_HARDENING_MODE\=_LIBCPP_HARDENING_MODE_DEBUG -swift-version 6 -I /Users/admin/builder/spi-builder-workspace/.derivedData/Build/Products/Debug-watchos -Isystem /Applications/Xcode-26.5.0.app/Contents/Developer/Platforms/WatchOS.platform/Developer/usr/lib -F /Users/admin/builder/spi-builder-workspace/.derivedData/Build/Products/Debug-watchos -F /Applications/Xcode-26.5.0.app/Contents/Developer/Platforms/WatchOS.platform/Developer/Library/Frameworks -F /Applications/Xcode-26.5.0.app/Contents/Developer/Platforms/WatchOS.platform/Developer/SDKs/WatchOS26.5.sdk/Developer/Library/Frameworks -c -j10 -enable-batch-mode -incremental -Xcc -ivfsstatcache -Xcc /Users/admin/builder/spi-builder-workspace/.derivedData/SDKStatCaches.noindex/watchos26.5-23T570-688ef53f1462e2c8f657fdc38a81448f7931b973dfc65d9472806dbbc3af9379.sdkstatcache -output-file-map /Users/admin/builder/spi-builder-workspace/.derivedData/Build/Intermediates.noindex/swift-tools-protocols.build/Debug-watchos/ToolsProtocolsSwiftExtensions.build/Objects-normal/arm64/ToolsProtocolsSwiftExtensions-OutputFileMap.json -use-frontend-parseable-output -save-temps -no-color-diagnostics -explicit-module-build -module-cache-path /Users/admin/builder/spi-builder-workspace/.derivedData/Build/Intermediates.noindex/SwiftExplicitPrecompiledModules -clang-scanner-module-cache-path /Users/admin/builder/spi-builder-workspace/.derivedData/ModuleCache.noindex -sdk-module-cache-path /Users/admin/builder/spi-builder-workspace/.derivedData/ModuleCache.noindex -serialize-diagnostics -emit-dependencies -emit-module -emit-module-path /Users/admin/builder/spi-builder-workspace/.derivedData/Build/Intermediates.noindex/swift-tools-protocols.build/Debug-watchos/ToolsProtocolsSwiftExtensions.build/Objects-normal/arm64/ToolsProtocolsSwiftExtensions.swiftmodule -validate-clang-modules-once -clang-build-session-file /Users/admin/builder/spi-builder-workspace/.derivedData/ModuleCache.noindex/Session.modulevalidation -package-name spi_builder_workspace -Xcc -I/Users/admin/builder/spi-builder-workspace/.derivedData/Build/Intermediates.noindex/swift-tools-protocols.build/Debug-watchos/ToolsProtocolsSwiftExtensions.build/swift-overrides.hmap -emit-const-values -Xfrontend -const-gather-protocols-file -Xfrontend /Users/admin/builder/spi-builder-workspace/.derivedData/Build/Intermediates.noindex/swift-tools-protocols.build/Debug-watchos/ToolsProtocolsSwiftExtensions.build/Objects-normal/arm64/ToolsProtocolsSwiftExtensions_const_extract_protocols.json -Xcc -I/Users/admin/builder/spi-builder-workspace/.derivedData/Build/Products/Debug-watchos/include -Xcc -I/Users/admin/builder/spi-builder-workspace/.derivedData/Build/Intermediates.noindex/swift-tools-protocols.build/Debug-watchos/ToolsProtocolsSwiftExtensions.build/DerivedSources-normal/arm64 -Xcc -I/Users/admin/builder/spi-builder-workspace/.derivedData/Build/Intermediates.noindex/swift-tools-protocols.build/Debug-watchos/ToolsProtocolsSwiftExtensions.build/DerivedSources/arm64 -Xcc -I/Users/admin/builder/spi-builder-workspace/.derivedData/Build/Intermediates.noindex/swift-tools-protocols.build/Debug-watchos/ToolsProtocolsSwiftExtensions.build/DerivedSources -Xcc -DSWIFT_PACKAGE -Xcc -DDEBUG\=1 -emit-objc-header -emit-objc-header-path /Users/admin/builder/spi-builder-workspace/.derivedData/Build/Intermediates.noindex/swift-tools-protocols.build/Debug-watchos/ToolsProtocolsSwiftExtensions.build/Objects-normal/arm64/ToolsProtocolsSwiftExtensions-Swift.h -working-directory /Users/admin/builder/spi-builder-workspace/.swiftpm/xcode -experimental-emit-module-separately -disable-cmo
SwiftDriver LanguageServerProtocol normal arm64 com.apple.xcode.tools.swift.compiler (in target 'LanguageServerProtocol' from project 'swift-tools-protocols')
    cd /Users/admin/builder/spi-builder-workspace/.swiftpm/xcode
    builtin-SwiftDriver -- /Applications/Xcode-26.5.0.app/Contents/Developer/Toolchains/XcodeDefault.xctoolchain/usr/bin/swiftc -module-name LanguageServerProtocol -Onone @/Users/admin/builder/spi-builder-workspace/.derivedData/Build/Intermediates.noindex/swift-tools-protocols.build/Debug-watchos/LanguageServerProtocol.build/Objects-normal/arm64/LanguageServerProtocol.SwiftFileList -DSWIFT_PACKAGE -DDEBUG -DSWIFT_MODULE_RESOURCE_BUNDLE_UNAVAILABLE -DXcode -enable-upcoming-feature InternalImportsByDefault -enable-upcoming-feature MemberImportVisibility -enable-upcoming-feature InferIsolatedConformances -enable-upcoming-feature NonisolatedNonsendingByDefault -plugin-path /Applications/Xcode-26.5.0.app/Contents/Developer/Toolchains/XcodeDefault.xctoolchain/usr/lib/swift/host/plugins/testing -enable-experimental-feature DebugDescriptionMacro -sdk /Applications/Xcode-26.5.0.app/Contents/Developer/Platforms/WatchOS.platform/Developer/SDKs/WatchOS26.5.sdk -target arm64-apple-watchos11.0 -g -module-cache-path /Users/admin/builder/spi-builder-workspace/.derivedData/ModuleCache.noindex -Xfrontend -serialize-debugging-options -profile-coverage-mapping -profile-generate -enable-testing -index-store-path /Users/admin/builder/spi-builder-workspace/.derivedData/Index.noindex/DataStore -Xcc -D_LIBCPP_HARDENING_MODE\=_LIBCPP_HARDENING_MODE_DEBUG -swift-version 6 -I /Users/admin/builder/spi-builder-workspace/.derivedData/Build/Products/Debug-watchos -Isystem /Applications/Xcode-26.5.0.app/Contents/Developer/Platforms/WatchOS.platform/Developer/usr/lib -F /Users/admin/builder/spi-builder-workspace/.derivedData/Build/Products/Debug-watchos -F /Applications/Xcode-26.5.0.app/Contents/Developer/Platforms/WatchOS.platform/Developer/Library/Frameworks -F /Applications/Xcode-26.5.0.app/Contents/Developer/Platforms/WatchOS.platform/Developer/SDKs/WatchOS26.5.sdk/Developer/Library/Frameworks -c -j10 -enable-batch-mode -incremental -Xcc -ivfsstatcache -Xcc /Users/admin/builder/spi-builder-workspace/.derivedData/SDKStatCaches.noindex/watchos26.5-23T570-688ef53f1462e2c8f657fdc38a81448f7931b973dfc65d9472806dbbc3af9379.sdkstatcache -output-file-map /Users/admin/builder/spi-builder-workspace/.derivedData/Build/Intermediates.noindex/swift-tools-protocols.build/Debug-watchos/LanguageServerProtocol.build/Objects-normal/arm64/LanguageServerProtocol-OutputFileMap.json -use-frontend-parseable-output -save-temps -no-color-diagnostics -explicit-module-build -module-cache-path /Users/admin/builder/spi-builder-workspace/.derivedData/Build/Intermediates.noindex/SwiftExplicitPrecompiledModules -clang-scanner-module-cache-path /Users/admin/builder/spi-builder-workspace/.derivedData/ModuleCache.noindex -sdk-module-cache-path /Users/admin/builder/spi-builder-workspace/.derivedData/ModuleCache.noindex -serialize-diagnostics -emit-dependencies -emit-module -emit-module-path /Users/admin/builder/spi-builder-workspace/.derivedData/Build/Intermediates.noindex/swift-tools-protocols.build/Debug-watchos/LanguageServerProtocol.build/Objects-normal/arm64/LanguageServerProtocol.swiftmodule -validate-clang-modules-once -clang-build-session-file /Users/admin/builder/spi-builder-workspace/.derivedData/ModuleCache.noindex/Session.modulevalidation -package-name spi_builder_workspace -Xcc -I/Users/admin/builder/spi-builder-workspace/.derivedData/Build/Intermediates.noindex/swift-tools-protocols.build/Debug-watchos/LanguageServerProtocol.build/swift-overrides.hmap -emit-const-values -Xfrontend -const-gather-protocols-file -Xfrontend /Users/admin/builder/spi-builder-workspace/.derivedData/Build/Intermediates.noindex/swift-tools-protocols.build/Debug-watchos/LanguageServerProtocol.build/Objects-normal/arm64/LanguageServerProtocol_const_extract_protocols.json -Xcc -I/Users/admin/builder/spi-builder-workspace/.derivedData/Build/Products/Debug-watchos/include -Xcc -I/Users/admin/builder/spi-builder-workspace/.derivedData/Build/Intermediates.noindex/swift-tools-protocols.build/Debug-watchos/LanguageServerProtocol.build/DerivedSources-normal/arm64 -Xcc -I/Users/admin/builder/spi-builder-workspace/.derivedData/Build/Intermediates.noindex/swift-tools-protocols.build/Debug-watchos/LanguageServerProtocol.build/DerivedSources/arm64 -Xcc -I/Users/admin/builder/spi-builder-workspace/.derivedData/Build/Intermediates.noindex/swift-tools-protocols.build/Debug-watchos/LanguageServerProtocol.build/DerivedSources -Xcc -DSWIFT_PACKAGE -Xcc -DDEBUG\=1 -emit-objc-header -emit-objc-header-path /Users/admin/builder/spi-builder-workspace/.derivedData/Build/Intermediates.noindex/swift-tools-protocols.build/Debug-watchos/LanguageServerProtocol.build/Objects-normal/arm64/LanguageServerProtocol-Swift.h -working-directory /Users/admin/builder/spi-builder-workspace/.swiftpm/xcode -experimental-emit-module-separately -disable-cmo
SwiftExplicitDependencyGeneratePcm arm64_32 /Users/admin/builder/spi-builder-workspace/.derivedData/ModuleCache.noindex/ptrauth-EIGELRNUEL7SAJU41BKCUDR6K.pcm
SwiftExplicitDependencyGeneratePcm arm64_32 /Users/admin/builder/spi-builder-workspace/.derivedData/ModuleCache.noindex/_Builtin_stdarg-2846LW51WR3FJYNEE769BGM54.pcm
SwiftExplicitDependencyGeneratePcm arm64_32 /Users/admin/builder/spi-builder-workspace/.derivedData/ModuleCache.noindex/SwiftShims-Y9UOIV5KSIS0KDX5BDVVAMKQ.pcm
SwiftExplicitDependencyGeneratePcm arm64_32 /Users/admin/builder/spi-builder-workspace/.derivedData/ModuleCache.noindex/_Builtin_stddef-44ZBBCAVH9H95PIUL2R06EPNN.pcm
SwiftExplicitDependencyGeneratePcm arm64_32 /Users/admin/builder/spi-builder-workspace/.derivedData/ModuleCache.noindex/_SwiftConcurrencyShims-49MSOLZ7F449TZ0TRVKQIVZNP.pcm
SwiftExplicitDependencyGeneratePcm arm64_32 /Users/admin/builder/spi-builder-workspace/.derivedData/ModuleCache.noindex/ptrcheck-AUKOWKLJ5LR59DLJDZ0QMNHKP.pcm
SwiftExplicitDependencyGeneratePcm arm64_32 /Users/admin/builder/spi-builder-workspace/.derivedData/ModuleCache.noindex/_AvailabilityInternal-DLHW2QV8S38P9IRN7DKDTHEP9.pcm
SwiftExplicitDependencyGeneratePcm arm64_32 /Users/admin/builder/spi-builder-workspace/.derivedData/ModuleCache.noindex/_Builtin_float-BHCK2B2ROVBMZ91A2DBMECP3P.pcm
SwiftExplicitDependencyGeneratePcm arm64 /Users/admin/builder/spi-builder-workspace/.derivedData/ModuleCache.noindex/_Builtin_stdbool-3K0NS9706ZZKMB26W34N7NRJO.pcm
SwiftExplicitDependencyGeneratePcm arm64 /Users/admin/builder/spi-builder-workspace/.derivedData/ModuleCache.noindex/_AvailabilityInternal-EOZA7RNZF83GHAFYVNANSPB7K.pcm
SwiftExplicitDependencyGeneratePcm arm64 /Users/admin/builder/spi-builder-workspace/.derivedData/ModuleCache.noindex/_Builtin_stddef-7O9IMW3SKT9J5KMH1DFSCTUT2.pcm
SwiftExplicitDependencyGeneratePcm arm64 /Users/admin/builder/spi-builder-workspace/.derivedData/ModuleCache.noindex/_SwiftConcurrencyShims-6JV4TIBCO35VV8QOUUP4HYHU8.pcm
SwiftExplicitDependencyGeneratePcm arm64 /Users/admin/builder/spi-builder-workspace/.derivedData/ModuleCache.noindex/_Builtin_float-2WT5Y9SB362ACJMEXFZK7ZNN2.pcm
SwiftExplicitDependencyGeneratePcm arm64_32 /Users/admin/builder/spi-builder-workspace/.derivedData/ModuleCache.noindex/_Builtin_stdbool-29VZCTHK280GJHA571SXG9ASG.pcm
SwiftExplicitDependencyGeneratePcm arm64 /Users/admin/builder/spi-builder-workspace/.derivedData/ModuleCache.noindex/ptrcheck-B3DWAI23K1VSBZ9B4HQFDUGA9.pcm
SwiftExplicitDependencyGeneratePcm arm64 /Users/admin/builder/spi-builder-workspace/.derivedData/ModuleCache.noindex/SwiftShims-BSAA6BK72NLSMMSC85W2FICHH.pcm
SwiftExplicitDependencyGeneratePcm arm64 /Users/admin/builder/spi-builder-workspace/.derivedData/ModuleCache.noindex/_Builtin_stdarg-30UO0JZ3BZL3UJMXZ8NY7BG2N.pcm
SwiftExplicitDependencyGeneratePcm arm64 /Users/admin/builder/spi-builder-workspace/.derivedData/ModuleCache.noindex/ptrauth-6RRLJFTMP964BUOH3ZA18NCET.pcm
SwiftExplicitDependencyGeneratePcm arm64_32 /Users/admin/builder/spi-builder-workspace/.derivedData/ModuleCache.noindex/_DarwinFoundation1-BH2JKT0EOE6EKNI1RBDKTQWZU.pcm
SwiftExplicitDependencyGeneratePcm arm64 /Users/admin/builder/spi-builder-workspace/.derivedData/ModuleCache.noindex/_DarwinFoundation1-227SNA2OQZAYY2EILOQ4OZWWI.pcm
SwiftExplicitDependencyGeneratePcm arm64_32 /Users/admin/builder/spi-builder-workspace/.derivedData/ModuleCache.noindex/_Builtin_limits-6HWMASE09GWITZD3QJ535CHWD.pcm
SwiftExplicitDependencyGeneratePcm arm64_32 /Users/admin/builder/spi-builder-workspace/.derivedData/ModuleCache.noindex/_DarwinFoundation2-9GSSHE2BT8BHCO2O1DDAW0NKJ.pcm
SwiftExplicitDependencyGeneratePcm arm64 /Users/admin/builder/spi-builder-workspace/.derivedData/ModuleCache.noindex/_Builtin_limits-BZZBOTGJQZJ01O3UJXM4TUTUN.pcm
SwiftExplicitDependencyGeneratePcm arm64 /Users/admin/builder/spi-builder-workspace/.derivedData/ModuleCache.noindex/_DarwinFoundation2-AWB6S4FOQZ2F9R5HPQGPXLQM1.pcm
SwiftExplicitDependencyGeneratePcm arm64_32 /Users/admin/builder/spi-builder-workspace/.derivedData/ModuleCache.noindex/sys_types-7PPBQQMP9WOPXZY9PV3O6HWOJ.pcm
SwiftExplicitDependencyGeneratePcm arm64_32 /Users/admin/builder/spi-builder-workspace/.derivedData/ModuleCache.noindex/_Builtin_stdint-A5GOZXANJIP53GSEWN310YNNY.pcm
SwiftExplicitDependencyGeneratePcm arm64 /Users/admin/builder/spi-builder-workspace/.derivedData/ModuleCache.noindex/_Builtin_stdint-ZZ44XETV7JCUHQPW9HSEGAW0.pcm
SwiftExplicitDependencyGeneratePcm arm64 /Users/admin/builder/spi-builder-workspace/.derivedData/ModuleCache.noindex/sys_types-44TDJXBNABH6YIBIB1L6UJG2A.pcm
SwiftExplicitDependencyGeneratePcm arm64_32 /Users/admin/builder/spi-builder-workspace/.derivedData/ModuleCache.noindex/_DarwinFoundation3-86NTIOJMBO32S9WDN64L1LC6L.pcm
SwiftExplicitDependencyGeneratePcm arm64 /Users/admin/builder/spi-builder-workspace/.derivedData/ModuleCache.noindex/_DarwinFoundation3-DG1LCR8UJOFMAEKZ4QOY33HZX.pcm
SwiftExplicitDependencyGeneratePcm arm64_32 /Users/admin/builder/spi-builder-workspace/.derivedData/ModuleCache.noindex/_Builtin_inttypes-IK3B20A93OGK2P0MVMMPHD49.pcm
SwiftExplicitDependencyGeneratePcm arm64 /Users/admin/builder/spi-builder-workspace/.derivedData/ModuleCache.noindex/_Builtin_inttypes-9RH3ZGRF7L0UFIAA3RWNP3416.pcm
SwiftExplicitDependencyGeneratePcm arm64 /Users/admin/builder/spi-builder-workspace/.derivedData/ModuleCache.noindex/Darwin-16I5UGYPDATFKFISIN5OQGOVM.pcm
SwiftExplicitDependencyGeneratePcm arm64_32 /Users/admin/builder/spi-builder-workspace/.derivedData/ModuleCache.noindex/Darwin-7EOY6B0FYD3NKAS35RMGXP5LK.pcm
SwiftExplicitDependencyGeneratePcm arm64_32 /Users/admin/builder/spi-builder-workspace/.derivedData/ModuleCache.noindex/ObjectiveC-MY1YPPP48ZKLRCFMRI5GO9R.pcm
SwiftExplicitDependencyGeneratePcm arm64 /Users/admin/builder/spi-builder-workspace/.derivedData/ModuleCache.noindex/ObjectiveC-8UETU9VIN6TLHAJS803FFNIGA.pcm
SwiftExplicitDependencyGeneratePcm arm64_32 /Users/admin/builder/spi-builder-workspace/.derivedData/ModuleCache.noindex/os_object-E0CVHB9RT7I5F6HKP5IXA5JJN.pcm
SwiftExplicitDependencyGeneratePcm arm64 /Users/admin/builder/spi-builder-workspace/.derivedData/ModuleCache.noindex/os_object-DJJBVMOS2UUUVOJOUK4V18IDX.pcm
SwiftExplicitDependencyGeneratePcm arm64_32 /Users/admin/builder/spi-builder-workspace/.derivedData/ModuleCache.noindex/os_workgroup-3O8OVEKEFKDEG3VCH3RTEZ94B.pcm
SwiftExplicitDependencyGeneratePcm arm64 /Users/admin/builder/spi-builder-workspace/.derivedData/ModuleCache.noindex/os_workgroup-B77XM89IDYHHAHLL7HI5JSCBX.pcm
SwiftExplicitDependencyGeneratePcm arm64_32 /Users/admin/builder/spi-builder-workspace/.derivedData/ModuleCache.noindex/Dispatch-1FJ1MI5CEQAKDW1VL40ZXGEZX.pcm
SwiftExplicitDependencyGeneratePcm arm64 /Users/admin/builder/spi-builder-workspace/.derivedData/ModuleCache.noindex/Dispatch-VJEF7PUQ9LH822JVM5XG6MK1.pcm
SwiftExplicitDependencyGeneratePcm arm64 /Users/admin/builder/spi-builder-workspace/.derivedData/ModuleCache.noindex/CoreFoundation-DJJGOYJ4YNQ64CSPYCZOO8QAP.pcm
SwiftExplicitDependencyGeneratePcm arm64 /Users/admin/builder/spi-builder-workspace/.derivedData/ModuleCache.noindex/XPC-BSDTMJV05ILJA5FSICCCI2OL5.pcm
SwiftExplicitDependencyGeneratePcm arm64_32 /Users/admin/builder/spi-builder-workspace/.derivedData/ModuleCache.noindex/CoreFoundation-2WN2GWDD3XFIB7PUN7AGTCXVV.pcm
SwiftExplicitDependencyGeneratePcm arm64_32 /Users/admin/builder/spi-builder-workspace/.derivedData/ModuleCache.noindex/XPC-OZIOUFM4EDBR3SQ2IFY2FZJ3.pcm
SwiftExplicitDependencyGeneratePcm arm64_32 /Users/admin/builder/spi-builder-workspace/.derivedData/ModuleCache.noindex/Security-7N2K583MEDYU75HOC5BPDGNTH.pcm
SwiftExplicitDependencyGeneratePcm arm64 /Users/admin/builder/spi-builder-workspace/.derivedData/ModuleCache.noindex/Security-AURWBFXY7JXCFHSY4JJOY36RH.pcm
SwiftExplicitDependencyGeneratePcm arm64 /Users/admin/builder/spi-builder-workspace/.derivedData/ModuleCache.noindex/Foundation-EK2FWRD3ACYA8LSCWDBUAPYS5.pcm
SwiftExplicitDependencyGeneratePcm arm64_32 /Users/admin/builder/spi-builder-workspace/.derivedData/ModuleCache.noindex/Foundation-83JWXXASQB5K8FJA2ZIQES3E6.pcm
SwiftCompile normal arm64 Compiling\ SymbolInfoRequest.swift,\ SynchronizeRequest.swift,\ TriggerReindexRequest.swift,\ TypeDefinitionRequest.swift,\ TypeHierarchyPrepareRequest.swift,\ TypeHierarchySubtypesRequest.swift,\ TypeHierarchySupertypesRequest.swift,\ UnregisterCapabilityRequest.swift,\ WillChangeFilesRequests.swift,\ WillSaveWaitUntilTextDocumentRequest.swift,\ WorkspaceDiagnosticsRequest.swift,\ WorkspaceFoldersRequest.swift,\ WorkspaceMembersRequest.swift,\ WorkspacePlaygroundsRefreshRequest.swift,\ WorkspacePlaygroundsRequest.swift,\ WorkspaceReferencesRequest.swift /Users/admin/builder/spi-builder-workspace/Sources/LanguageServerProtocol/Requests/SymbolInfoRequest.swift /Users/admin/builder/spi-builder-workspace/Sources/LanguageServerProtocol/Requests/SynchronizeRequest.swift /Users/admin/builder/spi-builder-workspace/Sources/LanguageServerProtocol/Requests/TriggerReindexRequest.swift /Users/admin/builder/spi-builder-workspace/Sources/LanguageServerProtocol/Requests/TypeDefinitionRequest.swift /Users/admin/builder/spi-builder-workspace/Sources/LanguageServerProtocol/Requests/TypeHierarchyPrepareRequest.swift /Users/admin/builder/spi-builder-workspace/Sources/LanguageServerProtocol/Requests/TypeHierarchySubtypesRequest.swift /Users/admin/builder/spi-builder-workspace/Sources/LanguageServerProtocol/Requests/TypeHierarchySupertypesRequest.swift /Users/admin/builder/spi-builder-workspace/Sources/LanguageServerProtocol/Requests/UnregisterCapabilityRequest.swift /Users/admin/builder/spi-builder-workspace/Sources/LanguageServerProtocol/Requests/WillChangeFilesRequests.swift /Users/admin/builder/spi-builder-workspace/Sources/LanguageServerProtocol/Requests/WillSaveWaitUntilTextDocumentRequest.swift /Users/admin/builder/spi-builder-workspace/Sources/LanguageServerProtocol/Requests/WorkspaceDiagnosticsRequest.swift /Users/admin/builder/spi-builder-workspace/Sources/LanguageServerProtocol/Requests/WorkspaceFoldersRequest.swift /Users/admin/builder/spi-builder-workspace/Sources/LanguageServerProtocol/Requests/WorkspaceMembersRequest.swift /Users/admin/builder/spi-builder-workspace/Sources/LanguageServerProtocol/Requests/WorkspacePlaygroundsRefreshRequest.swift /Users/admin/builder/spi-builder-workspace/Sources/LanguageServerProtocol/Requests/WorkspacePlaygroundsRequest.swift /Users/admin/builder/spi-builder-workspace/Sources/LanguageServerProtocol/Requests/WorkspaceReferencesRequest.swift (in target 'LanguageServerProtocol' from project 'swift-tools-protocols')
SwiftCompile normal arm64 /Users/admin/builder/spi-builder-workspace/Sources/LanguageServerProtocol/Requests/SymbolInfoRequest.swift (in target 'LanguageServerProtocol' from project 'swift-tools-protocols')
    cd /Users/admin/builder/spi-builder-workspace/.swiftpm/xcode

SwiftCompile normal arm64 /Users/admin/builder/spi-builder-workspace/Sources/LanguageServerProtocol/Requests/SynchronizeRequest.swift (in target 'LanguageServerProtocol' from project 'swift-tools-protocols')
    cd /Users/admin/builder/spi-builder-workspace/.swiftpm/xcode

SwiftCompile normal arm64 /Users/admin/builder/spi-builder-workspace/Sources/LanguageServerProtocol/Requests/TriggerReindexRequest.swift (in target 'LanguageServerProtocol' from project 'swift-tools-protocols')
    cd /Users/admin/builder/spi-builder-workspace/.swiftpm/xcode

SwiftCompile normal arm64 /Users/admin/builder/spi-builder-workspace/Sources/LanguageServerProtocol/Requests/TypeDefinitionRequest.swift (in target 'LanguageServerProtocol' from project 'swift-tools-protocols')
    cd /Users/admin/builder/spi-builder-workspace/.swiftpm/xcode

SwiftCompile normal arm64 /Users/admin/builder/spi-builder-workspace/Sources/LanguageServerProtocol/Requests/TypeHierarchyPrepareRequest.swift (in target 'LanguageServerProtocol' from project 'swift-tools-protocols')
    cd /Users/admin/builder/spi-builder-workspace/.swiftpm/xcode

SwiftCompile normal arm64 /Users/admin/builder/spi-builder-workspace/Sources/LanguageServerProtocol/Requests/TypeHierarchySubtypesRequest.swift (in target 'LanguageServerProtocol' from project 'swift-tools-protocols')
    cd /Users/admin/builder/spi-builder-workspace/.swiftpm/xcode

SwiftCompile normal arm64 /Users/admin/builder/spi-builder-workspace/Sources/LanguageServerProtocol/Requests/TypeHierarchySupertypesRequest.swift (in target 'LanguageServerProtocol' from project 'swift-tools-protocols')
    cd /Users/admin/builder/spi-builder-workspace/.swiftpm/xcode

SwiftCompile normal arm64 /Users/admin/builder/spi-builder-workspace/Sources/LanguageServerProtocol/Requests/UnregisterCapabilityRequest.swift (in target 'LanguageServerProtocol' from project 'swift-tools-protocols')
    cd /Users/admin/builder/spi-builder-workspace/.swiftpm/xcode

SwiftCompile normal arm64 /Users/admin/builder/spi-builder-workspace/Sources/LanguageServerProtocol/Requests/WillChangeFilesRequests.swift (in target 'LanguageServerProtocol' from project 'swift-tools-protocols')
    cd /Users/admin/builder/spi-builder-workspace/.swiftpm/xcode

SwiftCompile normal arm64 /Users/admin/builder/spi-builder-workspace/Sources/LanguageServerProtocol/Requests/WillSaveWaitUntilTextDocumentRequest.swift (in target 'LanguageServerProtocol' from project 'swift-tools-protocols')
    cd /Users/admin/builder/spi-builder-workspace/.swiftpm/xcode

SwiftCompile normal arm64 /Users/admin/builder/spi-builder-workspace/Sources/LanguageServerProtocol/Requests/WorkspaceDiagnosticsRequest.swift (in target 'LanguageServerProtocol' from project 'swift-tools-protocols')
    cd /Users/admin/builder/spi-builder-workspace/.swiftpm/xcode

SwiftCompile normal arm64 /Users/admin/builder/spi-builder-workspace/Sources/LanguageServerProtocol/Requests/WorkspaceFoldersRequest.swift (in target 'LanguageServerProtocol' from project 'swift-tools-protocols')
    cd /Users/admin/builder/spi-builder-workspace/.swiftpm/xcode

SwiftCompile normal arm64 /Users/admin/builder/spi-builder-workspace/Sources/LanguageServerProtocol/Requests/WorkspaceMembersRequest.swift (in target 'LanguageServerProtocol' from project 'swift-tools-protocols')
    cd /Users/admin/builder/spi-builder-workspace/.swiftpm/xcode

SwiftCompile normal arm64 /Users/admin/builder/spi-builder-workspace/Sources/LanguageServerProtocol/Requests/WorkspacePlaygroundsRefreshRequest.swift (in target 'LanguageServerProtocol' from project 'swift-tools-protocols')
    cd /Users/admin/builder/spi-builder-workspace/.swiftpm/xcode

SwiftCompile normal arm64 /Users/admin/builder/spi-builder-workspace/Sources/LanguageServerProtocol/Requests/WorkspacePlaygroundsRequest.swift (in target 'LanguageServerProtocol' from project 'swift-tools-protocols')
    cd /Users/admin/builder/spi-builder-workspace/.swiftpm/xcode

SwiftCompile normal arm64 /Users/admin/builder/spi-builder-workspace/Sources/LanguageServerProtocol/Requests/WorkspaceReferencesRequest.swift (in target 'LanguageServerProtocol' from project 'swift-tools-protocols')
    cd /Users/admin/builder/spi-builder-workspace/.swiftpm/xcode

SwiftEmitModule normal arm64 Emitting\ module\ for\ LanguageServerProtocol (in target 'LanguageServerProtocol' from project 'swift-tools-protocols')
EmitSwiftModule normal arm64 (in target 'LanguageServerProtocol' from project 'swift-tools-protocols')
    cd /Users/admin/builder/spi-builder-workspace/.swiftpm/xcode

SwiftCompile normal arm64 Compiling\ TestItem.swift,\ TextDocumentContentChangeEvent.swift,\ TextDocumentEdit.swift,\ TextDocumentIdentifier.swift,\ TextDocumentItem.swift,\ TextDocumentPlayground.swift,\ TextDocumentSaveReason.swift,\ TextEdit.swift,\ Tracing.swift,\ TypeHierarchyItem.swift,\ VersionedNotebookDocumentIdentifier.swift,\ VersionedTextDocumentIdentifier.swift,\ WindowMessageType.swift,\ WorkspaceEdit.swift,\ WorkspaceFolder.swift,\ WorkspaceSettings.swift /Users/admin/builder/spi-builder-workspace/Sources/LanguageServerProtocol/SupportTypes/TestItem.swift /Users/admin/builder/spi-builder-workspace/Sources/LanguageServerProtocol/SupportTypes/TextDocumentContentChangeEvent.swift /Users/admin/builder/spi-builder-workspace/Sources/LanguageServerProtocol/SupportTypes/TextDocumentEdit.swift /Users/admin/builder/spi-builder-workspace/Sources/LanguageServerProtocol/SupportTypes/TextDocumentIdentifier.swift /Users/admin/builder/spi-builder-workspace/Sources/LanguageServerProtocol/SupportTypes/TextDocumentItem.swift /Users/admin/builder/spi-builder-workspace/Sources/LanguageServerProtocol/SupportTypes/TextDocumentPlayground.swift /Users/admin/builder/spi-builder-workspace/Sources/LanguageServerProtocol/SupportTypes/TextDocumentSaveReason.swift /Users/admin/builder/spi-builder-workspace/Sources/LanguageServerProtocol/SupportTypes/TextEdit.swift /Users/admin/builder/spi-builder-workspace/Sources/LanguageServerProtocol/SupportTypes/Tracing.swift /Users/admin/builder/spi-builder-workspace/Sources/LanguageServerProtocol/SupportTypes/TypeHierarchyItem.swift /Users/admin/builder/spi-builder-workspace/Sources/LanguageServerProtocol/SupportTypes/VersionedNotebookDocumentIdentifier.swift /Users/admin/builder/spi-builder-workspace/Sources/LanguageServerProtocol/SupportTypes/VersionedTextDocumentIdentifier.swift /Users/admin/builder/spi-builder-workspace/Sources/LanguageServerProtocol/SupportTypes/WindowMessageType.swift /Users/admin/builder/spi-builder-workspace/Sources/LanguageServerProtocol/SupportTypes/WorkspaceEdit.swift /Users/admin/builder/spi-builder-workspace/Sources/LanguageServerProtocol/SupportTypes/WorkspaceFolder.swift /Users/admin/builder/spi-builder-workspace/Sources/LanguageServerProtocol/SupportTypes/WorkspaceSettings.swift (in target 'LanguageServerProtocol' from project 'swift-tools-protocols')
SwiftCompile normal arm64 /Users/admin/builder/spi-builder-workspace/Sources/LanguageServerProtocol/SupportTypes/TestItem.swift (in target 'LanguageServerProtocol' from project 'swift-tools-protocols')
    cd /Users/admin/builder/spi-builder-workspace/.swiftpm/xcode

SwiftCompile normal arm64 /Users/admin/builder/spi-builder-workspace/Sources/LanguageServerProtocol/SupportTypes/TextDocumentContentChangeEvent.swift (in target 'LanguageServerProtocol' from project 'swift-tools-protocols')
    cd /Users/admin/builder/spi-builder-workspace/.swiftpm/xcode

SwiftCompile normal arm64 /Users/admin/builder/spi-builder-workspace/Sources/LanguageServerProtocol/SupportTypes/TextDocumentEdit.swift (in target 'LanguageServerProtocol' from project 'swift-tools-protocols')
    cd /Users/admin/builder/spi-builder-workspace/.swiftpm/xcode

SwiftCompile normal arm64 /Users/admin/builder/spi-builder-workspace/Sources/LanguageServerProtocol/SupportTypes/TextDocumentIdentifier.swift (in target 'LanguageServerProtocol' from project 'swift-tools-protocols')
    cd /Users/admin/builder/spi-builder-workspace/.swiftpm/xcode

SwiftCompile normal arm64 /Users/admin/builder/spi-builder-workspace/Sources/LanguageServerProtocol/SupportTypes/TextDocumentItem.swift (in target 'LanguageServerProtocol' from project 'swift-tools-protocols')
    cd /Users/admin/builder/spi-builder-workspace/.swiftpm/xcode

SwiftCompile normal arm64 /Users/admin/builder/spi-builder-workspace/Sources/LanguageServerProtocol/SupportTypes/TextDocumentPlayground.swift (in target 'LanguageServerProtocol' from project 'swift-tools-protocols')
    cd /Users/admin/builder/spi-builder-workspace/.swiftpm/xcode

SwiftCompile normal arm64 /Users/admin/builder/spi-builder-workspace/Sources/LanguageServerProtocol/SupportTypes/TextDocumentSaveReason.swift (in target 'LanguageServerProtocol' from project 'swift-tools-protocols')
    cd /Users/admin/builder/spi-builder-workspace/.swiftpm/xcode

SwiftCompile normal arm64 /Users/admin/builder/spi-builder-workspace/Sources/LanguageServerProtocol/SupportTypes/TextEdit.swift (in target 'LanguageServerProtocol' from project 'swift-tools-protocols')
    cd /Users/admin/builder/spi-builder-workspace/.swiftpm/xcode

SwiftCompile normal arm64 /Users/admin/builder/spi-builder-workspace/Sources/LanguageServerProtocol/SupportTypes/Tracing.swift (in target 'LanguageServerProtocol' from project 'swift-tools-protocols')
    cd /Users/admin/builder/spi-builder-workspace/.swiftpm/xcode

SwiftCompile normal arm64 /Users/admin/builder/spi-builder-workspace/Sources/LanguageServerProtocol/SupportTypes/TypeHierarchyItem.swift (in target 'LanguageServerProtocol' from project 'swift-tools-protocols')
    cd /Users/admin/builder/spi-builder-workspace/.swiftpm/xcode

SwiftCompile normal arm64 /Users/admin/builder/spi-builder-workspace/Sources/LanguageServerProtocol/SupportTypes/VersionedNotebookDocumentIdentifier.swift (in target 'LanguageServerProtocol' from project 'swift-tools-protocols')
    cd /Users/admin/builder/spi-builder-workspace/.swiftpm/xcode

SwiftCompile normal arm64 /Users/admin/builder/spi-builder-workspace/Sources/LanguageServerProtocol/SupportTypes/VersionedTextDocumentIdentifier.swift (in target 'LanguageServerProtocol' from project 'swift-tools-protocols')
    cd /Users/admin/builder/spi-builder-workspace/.swiftpm/xcode

SwiftCompile normal arm64 /Users/admin/builder/spi-builder-workspace/Sources/LanguageServerProtocol/SupportTypes/WindowMessageType.swift (in target 'LanguageServerProtocol' from project 'swift-tools-protocols')
    cd /Users/admin/builder/spi-builder-workspace/.swiftpm/xcode

SwiftCompile normal arm64 /Users/admin/builder/spi-builder-workspace/Sources/LanguageServerProtocol/SupportTypes/WorkspaceEdit.swift (in target 'LanguageServerProtocol' from project 'swift-tools-protocols')
    cd /Users/admin/builder/spi-builder-workspace/.swiftpm/xcode

SwiftCompile normal arm64 /Users/admin/builder/spi-builder-workspace/Sources/LanguageServerProtocol/SupportTypes/WorkspaceFolder.swift (in target 'LanguageServerProtocol' from project 'swift-tools-protocols')
    cd /Users/admin/builder/spi-builder-workspace/.swiftpm/xcode

SwiftCompile normal arm64 /Users/admin/builder/spi-builder-workspace/Sources/LanguageServerProtocol/SupportTypes/WorkspaceSettings.swift (in target 'LanguageServerProtocol' from project 'swift-tools-protocols')
    cd /Users/admin/builder/spi-builder-workspace/.swiftpm/xcode

SwiftCompile normal arm64 Compiling\ FileSystemWatcher.swift,\ FoldingRangeKind.swift,\ InlayHint.swift,\ InsertReplaceEdit.swift,\ LSPAny+Coding.swift,\ LSPAny.swift,\ Language.swift,\ Location.swift,\ LocationLink.swift,\ LocationsOrLocationLinksResponse.swift,\ MarkupContent.swift,\ NotebookCellTextDocumentFilter.swift,\ NotebookDocument.swift,\ NotebookDocumentChangeEvent.swift,\ NotebookDocumentIdentifier.swift,\ Playground.swift /Users/admin/builder/spi-builder-workspace/Sources/LanguageServerProtocol/SupportTypes/FileSystemWatcher.swift /Users/admin/builder/spi-builder-workspace/Sources/LanguageServerProtocol/SupportTypes/FoldingRangeKind.swift /Users/admin/builder/spi-builder-workspace/Sources/LanguageServerProtocol/SupportTypes/InlayHint.swift /Users/admin/builder/spi-builder-workspace/Sources/LanguageServerProtocol/SupportTypes/InsertReplaceEdit.swift /Users/admin/builder/spi-builder-workspace/Sources/LanguageServerProtocol/SupportTypes/LSPAny+Coding.swift /Users/admin/builder/spi-builder-workspace/Sources/LanguageServerProtocol/SupportTypes/LSPAny.swift /Users/admin/builder/spi-builder-workspace/Sources/LanguageServerProtocol/SupportTypes/Language.swift /Users/admin/builder/spi-builder-workspace/Sources/LanguageServerProtocol/SupportTypes/Location.swift /Users/admin/builder/spi-builder-workspace/Sources/LanguageServerProtocol/SupportTypes/LocationLink.swift /Users/admin/builder/spi-builder-workspace/Sources/LanguageServerProtocol/SupportTypes/LocationsOrLocationLinksResponse.swift /Users/admin/builder/spi-builder-workspace/Sources/LanguageServerProtocol/SupportTypes/MarkupContent.swift /Users/admin/builder/spi-builder-workspace/Sources/LanguageServerProtocol/SupportTypes/NotebookCellTextDocumentFilter.swift /Users/admin/builder/spi-builder-workspace/Sources/LanguageServerProtocol/SupportTypes/NotebookDocument.swift /Users/admin/builder/spi-builder-workspace/Sources/LanguageServerProtocol/SupportTypes/NotebookDocumentChangeEvent.swift /Users/admin/builder/spi-builder-workspace/Sources/LanguageServerProtocol/SupportTypes/NotebookDocumentIdentifier.swift /Users/admin/builder/spi-builder-workspace/Sources/LanguageServerProtocol/SupportTypes/Playground.swift (in target 'LanguageServerProtocol' from project 'swift-tools-protocols')
SwiftCompile normal arm64 /Users/admin/builder/spi-builder-workspace/Sources/LanguageServerProtocol/SupportTypes/FileSystemWatcher.swift (in target 'LanguageServerProtocol' from project 'swift-tools-protocols')
    cd /Users/admin/builder/spi-builder-workspace/.swiftpm/xcode

SwiftCompile normal arm64 /Users/admin/builder/spi-builder-workspace/Sources/LanguageServerProtocol/SupportTypes/FoldingRangeKind.swift (in target 'LanguageServerProtocol' from project 'swift-tools-protocols')
    cd /Users/admin/builder/spi-builder-workspace/.swiftpm/xcode

SwiftCompile normal arm64 /Users/admin/builder/spi-builder-workspace/Sources/LanguageServerProtocol/SupportTypes/InlayHint.swift (in target 'LanguageServerProtocol' from project 'swift-tools-protocols')
    cd /Users/admin/builder/spi-builder-workspace/.swiftpm/xcode

SwiftCompile normal arm64 /Users/admin/builder/spi-builder-workspace/Sources/LanguageServerProtocol/SupportTypes/InsertReplaceEdit.swift (in target 'LanguageServerProtocol' from project 'swift-tools-protocols')
    cd /Users/admin/builder/spi-builder-workspace/.swiftpm/xcode

SwiftCompile normal arm64 /Users/admin/builder/spi-builder-workspace/Sources/LanguageServerProtocol/SupportTypes/LSPAny+Coding.swift (in target 'LanguageServerProtocol' from project 'swift-tools-protocols')
    cd /Users/admin/builder/spi-builder-workspace/.swiftpm/xcode

SwiftCompile normal arm64 /Users/admin/builder/spi-builder-workspace/Sources/LanguageServerProtocol/SupportTypes/LSPAny.swift (in target 'LanguageServerProtocol' from project 'swift-tools-protocols')
    cd /Users/admin/builder/spi-builder-workspace/.swiftpm/xcode

SwiftCompile normal arm64 /Users/admin/builder/spi-builder-workspace/Sources/LanguageServerProtocol/SupportTypes/Language.swift (in target 'LanguageServerProtocol' from project 'swift-tools-protocols')
    cd /Users/admin/builder/spi-builder-workspace/.swiftpm/xcode

SwiftCompile normal arm64 /Users/admin/builder/spi-builder-workspace/Sources/LanguageServerProtocol/SupportTypes/Location.swift (in target 'LanguageServerProtocol' from project 'swift-tools-protocols')
    cd /Users/admin/builder/spi-builder-workspace/.swiftpm/xcode

SwiftCompile normal arm64 /Users/admin/builder/spi-builder-workspace/Sources/LanguageServerProtocol/SupportTypes/LocationLink.swift (in target 'LanguageServerProtocol' from project 'swift-tools-protocols')
    cd /Users/admin/builder/spi-builder-workspace/.swiftpm/xcode

SwiftCompile normal arm64 /Users/admin/builder/spi-builder-workspace/Sources/LanguageServerProtocol/SupportTypes/LocationsOrLocationLinksResponse.swift (in target 'LanguageServerProtocol' from project 'swift-tools-protocols')
    cd /Users/admin/builder/spi-builder-workspace/.swiftpm/xcode

SwiftCompile normal arm64 /Users/admin/builder/spi-builder-workspace/Sources/LanguageServerProtocol/SupportTypes/MarkupContent.swift (in target 'LanguageServerProtocol' from project 'swift-tools-protocols')
    cd /Users/admin/builder/spi-builder-workspace/.swiftpm/xcode

SwiftCompile normal arm64 /Users/admin/builder/spi-builder-workspace/Sources/LanguageServerProtocol/SupportTypes/NotebookCellTextDocumentFilter.swift (in target 'LanguageServerProtocol' from project 'swift-tools-protocols')
    cd /Users/admin/builder/spi-builder-workspace/.swiftpm/xcode

SwiftCompile normal arm64 /Users/admin/builder/spi-builder-workspace/Sources/LanguageServerProtocol/SupportTypes/NotebookDocument.swift (in target 'LanguageServerProtocol' from project 'swift-tools-protocols')
    cd /Users/admin/builder/spi-builder-workspace/.swiftpm/xcode

SwiftCompile normal arm64 /Users/admin/builder/spi-builder-workspace/Sources/LanguageServerProtocol/SupportTypes/NotebookDocumentChangeEvent.swift (in target 'LanguageServerProtocol' from project 'swift-tools-protocols')
    cd /Users/admin/builder/spi-builder-workspace/.swiftpm/xcode

SwiftCompile normal arm64 /Users/admin/builder/spi-builder-workspace/Sources/LanguageServerProtocol/SupportTypes/NotebookDocumentIdentifier.swift (in target 'LanguageServerProtocol' from project 'swift-tools-protocols')
    cd /Users/admin/builder/spi-builder-workspace/.swiftpm/xcode

SwiftCompile normal arm64 /Users/admin/builder/spi-builder-workspace/Sources/LanguageServerProtocol/SupportTypes/Playground.swift (in target 'LanguageServerProtocol' from project 'swift-tools-protocols')
    cd /Users/admin/builder/spi-builder-workspace/.swiftpm/xcode

SwiftCompile normal arm64 Compiling\ Position.swift,\ PositionEncoding.swift,\ ProgressToken.swift,\ RegistrationOptions.swift,\ SemanticTokenModifiers.swift,\ SemanticTokenTypes.swift,\ SemanticTokens.swift,\ ServerCapabilities.swift,\ SourceKitCompletionItemData.swift,\ SourceKitCompletionListData.swift,\ SourceKitSymbolIdentifier.swift,\ SourceKitSymbolMember.swift,\ SourceKitSymbolTag.swift,\ StringOrMarkupContent.swift,\ SupportedCodeLensCommand.swift,\ SymbolKind.swift /Users/admin/builder/spi-builder-workspace/Sources/LanguageServerProtocol/SupportTypes/Position.swift /Users/admin/builder/spi-builder-workspace/Sources/LanguageServerProtocol/SupportTypes/PositionEncoding.swift /Users/admin/builder/spi-builder-workspace/Sources/LanguageServerProtocol/SupportTypes/ProgressToken.swift /Users/admin/builder/spi-builder-workspace/Sources/LanguageServerProtocol/SupportTypes/RegistrationOptions.swift /Users/admin/builder/spi-builder-workspace/Sources/LanguageServerProtocol/SupportTypes/SemanticTokenModifiers.swift /Users/admin/builder/spi-builder-workspace/Sources/LanguageServerProtocol/SupportTypes/SemanticTokenTypes.swift /Users/admin/builder/spi-builder-workspace/Sources/LanguageServerProtocol/SupportTypes/SemanticTokens.swift /Users/admin/builder/spi-builder-workspace/Sources/LanguageServerProtocol/SupportTypes/ServerCapabilities.swift /Users/admin/builder/spi-builder-workspace/Sources/LanguageServerProtocol/SupportTypes/SourceKitCompletionItemData.swift /Users/admin/builder/spi-builder-workspace/Sources/LanguageServerProtocol/SupportTypes/SourceKitCompletionListData.swift /Users/admin/builder/spi-builder-workspace/Sources/LanguageServerProtocol/SupportTypes/SourceKitSymbolIdentifier.swift /Users/admin/builder/spi-builder-workspace/Sources/LanguageServerProtocol/SupportTypes/SourceKitSymbolMember.swift /Users/admin/builder/spi-builder-workspace/Sources/LanguageServerProtocol/SupportTypes/SourceKitSymbolTag.swift /Users/admin/builder/spi-builder-workspace/Sources/LanguageServerProtocol/SupportTypes/StringOrMarkupContent.swift /Users/admin/builder/spi-builder-workspace/Sources/LanguageServerProtocol/SupportTypes/SupportedCodeLensCommand.swift /Users/admin/builder/spi-builder-workspace/Sources/LanguageServerProtocol/SupportTypes/SymbolKind.swift (in target 'LanguageServerProtocol' from project 'swift-tools-protocols')
SwiftCompile normal arm64 /Users/admin/builder/spi-builder-workspace/Sources/LanguageServerProtocol/SupportTypes/Position.swift (in target 'LanguageServerProtocol' from project 'swift-tools-protocols')
    cd /Users/admin/builder/spi-builder-workspace/.swiftpm/xcode

SwiftCompile normal arm64 /Users/admin/builder/spi-builder-workspace/Sources/LanguageServerProtocol/SupportTypes/PositionEncoding.swift (in target 'LanguageServerProtocol' from project 'swift-tools-protocols')
    cd /Users/admin/builder/spi-builder-workspace/.swiftpm/xcode

SwiftCompile normal arm64 /Users/admin/builder/spi-builder-workspace/Sources/LanguageServerProtocol/SupportTypes/ProgressToken.swift (in target 'LanguageServerProtocol' from project 'swift-tools-protocols')
    cd /Users/admin/builder/spi-builder-workspace/.swiftpm/xcode

SwiftCompile normal arm64 /Users/admin/builder/spi-builder-workspace/Sources/LanguageServerProtocol/SupportTypes/RegistrationOptions.swift (in target 'LanguageServerProtocol' from project 'swift-tools-protocols')
    cd /Users/admin/builder/spi-builder-workspace/.swiftpm/xcode

SwiftCompile normal arm64 /Users/admin/builder/spi-builder-workspace/Sources/LanguageServerProtocol/SupportTypes/SemanticTokenModifiers.swift (in target 'LanguageServerProtocol' from project 'swift-tools-protocols')
    cd /Users/admin/builder/spi-builder-workspace/.swiftpm/xcode

SwiftCompile normal arm64 /Users/admin/builder/spi-builder-workspace/Sources/LanguageServerProtocol/SupportTypes/SemanticTokenTypes.swift (in target 'LanguageServerProtocol' from project 'swift-tools-protocols')
    cd /Users/admin/builder/spi-builder-workspace/.swiftpm/xcode

SwiftCompile normal arm64 /Users/admin/builder/spi-builder-workspace/Sources/LanguageServerProtocol/SupportTypes/SemanticTokens.swift (in target 'LanguageServerProtocol' from project 'swift-tools-protocols')
    cd /Users/admin/builder/spi-builder-workspace/.swiftpm/xcode

SwiftCompile normal arm64 /Users/admin/builder/spi-builder-workspace/Sources/LanguageServerProtocol/SupportTypes/ServerCapabilities.swift (in target 'LanguageServerProtocol' from project 'swift-tools-protocols')
    cd /Users/admin/builder/spi-builder-workspace/.swiftpm/xcode

SwiftCompile normal arm64 /Users/admin/builder/spi-builder-workspace/Sources/LanguageServerProtocol/SupportTypes/SourceKitCompletionItemData.swift (in target 'LanguageServerProtocol' from project 'swift-tools-protocols')
    cd /Users/admin/builder/spi-builder-workspace/.swiftpm/xcode

SwiftCompile normal arm64 /Users/admin/builder/spi-builder-workspace/Sources/LanguageServerProtocol/SupportTypes/SourceKitCompletionListData.swift (in target 'LanguageServerProtocol' from project 'swift-tools-protocols')
    cd /Users/admin/builder/spi-builder-workspace/.swiftpm/xcode

SwiftCompile normal arm64 /Users/admin/builder/spi-builder-workspace/Sources/LanguageServerProtocol/SupportTypes/SourceKitSymbolIdentifier.swift (in target 'LanguageServerProtocol' from project 'swift-tools-protocols')
    cd /Users/admin/builder/spi-builder-workspace/.swiftpm/xcode

SwiftCompile normal arm64 /Users/admin/builder/spi-builder-workspace/Sources/LanguageServerProtocol/SupportTypes/SourceKitSymbolMember.swift (in target 'LanguageServerProtocol' from project 'swift-tools-protocols')
    cd /Users/admin/builder/spi-builder-workspace/.swiftpm/xcode

SwiftCompile normal arm64 /Users/admin/builder/spi-builder-workspace/Sources/LanguageServerProtocol/SupportTypes/SourceKitSymbolTag.swift (in target 'LanguageServerProtocol' from project 'swift-tools-protocols')
    cd /Users/admin/builder/spi-builder-workspace/.swiftpm/xcode

SwiftCompile normal arm64 /Users/admin/builder/spi-builder-workspace/Sources/LanguageServerProtocol/SupportTypes/StringOrMarkupContent.swift (in target 'LanguageServerProtocol' from project 'swift-tools-protocols')
    cd /Users/admin/builder/spi-builder-workspace/.swiftpm/xcode

SwiftCompile normal arm64 /Users/admin/builder/spi-builder-workspace/Sources/LanguageServerProtocol/SupportTypes/SupportedCodeLensCommand.swift (in target 'LanguageServerProtocol' from project 'swift-tools-protocols')
    cd /Users/admin/builder/spi-builder-workspace/.swiftpm/xcode

SwiftCompile normal arm64 /Users/admin/builder/spi-builder-workspace/Sources/LanguageServerProtocol/SupportTypes/SymbolKind.swift (in target 'LanguageServerProtocol' from project 'swift-tools-protocols')
    cd /Users/admin/builder/spi-builder-workspace/.swiftpm/xcode

SwiftCompile normal arm64 Compiling\ WorkspaceSemanticTokensRefreshRequest.swift,\ WorkspaceSymbolInfoRequest.swift,\ WorkspaceSymbolNamesRequest.swift,\ WorkspaceSymbolResolveRequest.swift,\ WorkspaceSymbolsRequest.swift,\ WorkspaceTestsRefreshRequest.swift,\ WorkspaceTestsRequest.swift,\ CallHierarchyItem.swift,\ ClientCapabilities.swift,\ CodeActionKind.swift,\ Command.swift,\ CompletionItem.swift,\ CompletionItemKind.swift,\ Diagnostic.swift,\ DocumentURI.swift,\ FileEvent.swift /Users/admin/builder/spi-builder-workspace/Sources/LanguageServerProtocol/Requests/WorkspaceSemanticTokensRefreshRequest.swift /Users/admin/builder/spi-builder-workspace/Sources/LanguageServerProtocol/Requests/WorkspaceSymbolInfoRequest.swift /Users/admin/builder/spi-builder-workspace/Sources/LanguageServerProtocol/Requests/WorkspaceSymbolNamesRequest.swift /Users/admin/builder/spi-builder-workspace/Sources/LanguageServerProtocol/Requests/WorkspaceSymbolResolveRequest.swift /Users/admin/builder/spi-builder-workspace/Sources/LanguageServerProtocol/Requests/WorkspaceSymbolsRequest.swift /Users/admin/builder/spi-builder-workspace/Sources/LanguageServerProtocol/Requests/WorkspaceTestsRefreshRequest.swift /Users/admin/builder/spi-builder-workspace/Sources/LanguageServerProtocol/Requests/WorkspaceTestsRequest.swift /Users/admin/builder/spi-builder-workspace/Sources/LanguageServerProtocol/SupportTypes/CallHierarchyItem.swift /Users/admin/builder/spi-builder-workspace/Sources/LanguageServerProtocol/SupportTypes/ClientCapabilities.swift /Users/admin/builder/spi-builder-workspace/Sources/LanguageServerProtocol/SupportTypes/CodeActionKind.swift /Users/admin/builder/spi-builder-workspace/Sources/LanguageServerProtocol/SupportTypes/Command.swift /Users/admin/builder/spi-builder-workspace/Sources/LanguageServerProtocol/SupportTypes/CompletionItem.swift /Users/admin/builder/spi-builder-workspace/Sources/LanguageServerProtocol/SupportTypes/CompletionItemKind.swift /Users/admin/builder/spi-builder-workspace/Sources/LanguageServerProtocol/SupportTypes/Diagnostic.swift /Users/admin/builder/spi-builder-workspace/Sources/LanguageServerProtocol/SupportTypes/DocumentURI.swift /Users/admin/builder/spi-builder-workspace/Sources/LanguageServerProtocol/SupportTypes/FileEvent.swift (in target 'LanguageServerProtocol' from project 'swift-tools-protocols')
SwiftCompile normal arm64 /Users/admin/builder/spi-builder-workspace/Sources/LanguageServerProtocol/Requests/WorkspaceSemanticTokensRefreshRequest.swift (in target 'LanguageServerProtocol' from project 'swift-tools-protocols')
    cd /Users/admin/builder/spi-builder-workspace/.swiftpm/xcode

SwiftCompile normal arm64 /Users/admin/builder/spi-builder-workspace/Sources/LanguageServerProtocol/Requests/WorkspaceSymbolInfoRequest.swift (in target 'LanguageServerProtocol' from project 'swift-tools-protocols')
    cd /Users/admin/builder/spi-builder-workspace/.swiftpm/xcode

SwiftCompile normal arm64 /Users/admin/builder/spi-builder-workspace/Sources/LanguageServerProtocol/Requests/WorkspaceSymbolNamesRequest.swift (in target 'LanguageServerProtocol' from project 'swift-tools-protocols')
    cd /Users/admin/builder/spi-builder-workspace/.swiftpm/xcode

SwiftCompile normal arm64 /Users/admin/builder/spi-builder-workspace/Sources/LanguageServerProtocol/Requests/WorkspaceSymbolResolveRequest.swift (in target 'LanguageServerProtocol' from project 'swift-tools-protocols')
    cd /Users/admin/builder/spi-builder-workspace/.swiftpm/xcode

SwiftCompile normal arm64 /Users/admin/builder/spi-builder-workspace/Sources/LanguageServerProtocol/Requests/WorkspaceSymbolsRequest.swift (in target 'LanguageServerProtocol' from project 'swift-tools-protocols')
    cd /Users/admin/builder/spi-builder-workspace/.swiftpm/xcode

SwiftCompile normal arm64 /Users/admin/builder/spi-builder-workspace/Sources/LanguageServerProtocol/Requests/WorkspaceTestsRefreshRequest.swift (in target 'LanguageServerProtocol' from project 'swift-tools-protocols')
    cd /Users/admin/builder/spi-builder-workspace/.swiftpm/xcode

SwiftCompile normal arm64 /Users/admin/builder/spi-builder-workspace/Sources/LanguageServerProtocol/Requests/WorkspaceTestsRequest.swift (in target 'LanguageServerProtocol' from project 'swift-tools-protocols')
    cd /Users/admin/builder/spi-builder-workspace/.swiftpm/xcode

SwiftCompile normal arm64 /Users/admin/builder/spi-builder-workspace/Sources/LanguageServerProtocol/SupportTypes/CallHierarchyItem.swift (in target 'LanguageServerProtocol' from project 'swift-tools-protocols')
    cd /Users/admin/builder/spi-builder-workspace/.swiftpm/xcode

SwiftCompile normal arm64 /Users/admin/builder/spi-builder-workspace/Sources/LanguageServerProtocol/SupportTypes/ClientCapabilities.swift (in target 'LanguageServerProtocol' from project 'swift-tools-protocols')
    cd /Users/admin/builder/spi-builder-workspace/.swiftpm/xcode

SwiftCompile normal arm64 /Users/admin/builder/spi-builder-workspace/Sources/LanguageServerProtocol/SupportTypes/CodeActionKind.swift (in target 'LanguageServerProtocol' from project 'swift-tools-protocols')
    cd /Users/admin/builder/spi-builder-workspace/.swiftpm/xcode

SwiftCompile normal arm64 /Users/admin/builder/spi-builder-workspace/Sources/LanguageServerProtocol/SupportTypes/Command.swift (in target 'LanguageServerProtocol' from project 'swift-tools-protocols')
    cd /Users/admin/builder/spi-builder-workspace/.swiftpm/xcode

SwiftCompile normal arm64 /Users/admin/builder/spi-builder-workspace/Sources/LanguageServerProtocol/SupportTypes/CompletionItem.swift (in target 'LanguageServerProtocol' from project 'swift-tools-protocols')
    cd /Users/admin/builder/spi-builder-workspace/.swiftpm/xcode

SwiftCompile normal arm64 /Users/admin/builder/spi-builder-workspace/Sources/LanguageServerProtocol/SupportTypes/CompletionItemKind.swift (in target 'LanguageServerProtocol' from project 'swift-tools-protocols')
    cd /Users/admin/builder/spi-builder-workspace/.swiftpm/xcode

SwiftCompile normal arm64 /Users/admin/builder/spi-builder-workspace/Sources/LanguageServerProtocol/SupportTypes/Diagnostic.swift (in target 'LanguageServerProtocol' from project 'swift-tools-protocols')
    cd /Users/admin/builder/spi-builder-workspace/.swiftpm/xcode

SwiftCompile normal arm64 /Users/admin/builder/spi-builder-workspace/Sources/LanguageServerProtocol/SupportTypes/DocumentURI.swift (in target 'LanguageServerProtocol' from project 'swift-tools-protocols')
    cd /Users/admin/builder/spi-builder-workspace/.swiftpm/xcode

SwiftCompile normal arm64 /Users/admin/builder/spi-builder-workspace/Sources/LanguageServerProtocol/SupportTypes/FileEvent.swift (in target 'LanguageServerProtocol' from project 'swift-tools-protocols')
    cd /Users/admin/builder/spi-builder-workspace/.swiftpm/xcode

SwiftCompile normal arm64 Compiling\ PublishDiagnosticsNotification.swift,\ ReopenTextDocumentNotifications.swift,\ SetTraceNotification.swift,\ ShowMessageNotification.swift,\ TextSynchronizationNotifications.swift,\ WorkDoneProgress.swift,\ PositionRange.swift,\ RequestID.swift,\ ApplyEditRequest.swift,\ CallHierarchyIncomingCallsRequest.swift,\ CallHierarchyOutgoingCallsRequest.swift,\ CallHierarchyPrepareRequest.swift,\ CodeActionRequest.swift,\ CodeActionResolveRequest.swift,\ CodeLensRefreshRequest.swift,\ CodeLensRequest.swift /Users/admin/builder/spi-builder-workspace/Sources/LanguageServerProtocol/Notifications/PublishDiagnosticsNotification.swift /Users/admin/builder/spi-builder-workspace/Sources/LanguageServerProtocol/Notifications/ReopenTextDocumentNotifications.swift /Users/admin/builder/spi-builder-workspace/Sources/LanguageServerProtocol/Notifications/SetTraceNotification.swift /Users/admin/builder/spi-builder-workspace/Sources/LanguageServerProtocol/Notifications/ShowMessageNotification.swift /Users/admin/builder/spi-builder-workspace/Sources/LanguageServerProtocol/Notifications/TextSynchronizationNotifications.swift /Users/admin/builder/spi-builder-workspace/Sources/LanguageServerProtocol/Notifications/WorkDoneProgress.swift /Users/admin/builder/spi-builder-workspace/Sources/LanguageServerProtocol/PositionRange.swift /Users/admin/builder/spi-builder-workspace/Sources/LanguageServerProtocol/RequestID.swift /Users/admin/builder/spi-builder-workspace/Sources/LanguageServerProtocol/Requests/ApplyEditRequest.swift /Users/admin/builder/spi-builder-workspace/Sources/LanguageServerProtocol/Requests/CallHierarchyIncomingCallsRequest.swift /Users/admin/builder/spi-builder-workspace/Sources/LanguageServerProtocol/Requests/CallHierarchyOutgoingCallsRequest.swift /Users/admin/builder/spi-builder-workspace/Sources/LanguageServerProtocol/Requests/CallHierarchyPrepareRequest.swift /Users/admin/builder/spi-builder-workspace/Sources/LanguageServerProtocol/Requests/CodeActionRequest.swift /Users/admin/builder/spi-builder-workspace/Sources/LanguageServerProtocol/Requests/CodeActionResolveRequest.swift /Users/admin/builder/spi-builder-workspace/Sources/LanguageServerProtocol/Requests/CodeLensRefreshRequest.swift /Users/admin/builder/spi-builder-workspace/Sources/LanguageServerProtocol/Requests/CodeLensRequest.swift (in target 'LanguageServerProtocol' from project 'swift-tools-protocols')
SwiftCompile normal arm64 /Users/admin/builder/spi-builder-workspace/Sources/LanguageServerProtocol/Notifications/PublishDiagnosticsNotification.swift (in target 'LanguageServerProtocol' from project 'swift-tools-protocols')
    cd /Users/admin/builder/spi-builder-workspace/.swiftpm/xcode

SwiftCompile normal arm64 /Users/admin/builder/spi-builder-workspace/Sources/LanguageServerProtocol/Notifications/ReopenTextDocumentNotifications.swift (in target 'LanguageServerProtocol' from project 'swift-tools-protocols')
    cd /Users/admin/builder/spi-builder-workspace/.swiftpm/xcode

SwiftCompile normal arm64 /Users/admin/builder/spi-builder-workspace/Sources/LanguageServerProtocol/Notifications/SetTraceNotification.swift (in target 'LanguageServerProtocol' from project 'swift-tools-protocols')
    cd /Users/admin/builder/spi-builder-workspace/.swiftpm/xcode

SwiftCompile normal arm64 /Users/admin/builder/spi-builder-workspace/Sources/LanguageServerProtocol/Notifications/ShowMessageNotification.swift (in target 'LanguageServerProtocol' from project 'swift-tools-protocols')
    cd /Users/admin/builder/spi-builder-workspace/.swiftpm/xcode

SwiftCompile normal arm64 /Users/admin/builder/spi-builder-workspace/Sources/LanguageServerProtocol/Notifications/TextSynchronizationNotifications.swift (in target 'LanguageServerProtocol' from project 'swift-tools-protocols')
    cd /Users/admin/builder/spi-builder-workspace/.swiftpm/xcode

SwiftCompile normal arm64 /Users/admin/builder/spi-builder-workspace/Sources/LanguageServerProtocol/Notifications/WorkDoneProgress.swift (in target 'LanguageServerProtocol' from project 'swift-tools-protocols')
    cd /Users/admin/builder/spi-builder-workspace/.swiftpm/xcode

SwiftCompile normal arm64 /Users/admin/builder/spi-builder-workspace/Sources/LanguageServerProtocol/PositionRange.swift (in target 'LanguageServerProtocol' from project 'swift-tools-protocols')
    cd /Users/admin/builder/spi-builder-workspace/.swiftpm/xcode

SwiftCompile normal arm64 /Users/admin/builder/spi-builder-workspace/Sources/LanguageServerProtocol/RequestID.swift (in target 'LanguageServerProtocol' from project 'swift-tools-protocols')
    cd /Users/admin/builder/spi-builder-workspace/.swiftpm/xcode

SwiftCompile normal arm64 /Users/admin/builder/spi-builder-workspace/Sources/LanguageServerProtocol/Requests/ApplyEditRequest.swift (in target 'LanguageServerProtocol' from project 'swift-tools-protocols')
    cd /Users/admin/builder/spi-builder-workspace/.swiftpm/xcode

SwiftCompile normal arm64 /Users/admin/builder/spi-builder-workspace/Sources/LanguageServerProtocol/Requests/CallHierarchyIncomingCallsRequest.swift (in target 'LanguageServerProtocol' from project 'swift-tools-protocols')
    cd /Users/admin/builder/spi-builder-workspace/.swiftpm/xcode

SwiftCompile normal arm64 /Users/admin/builder/spi-builder-workspace/Sources/LanguageServerProtocol/Requests/CallHierarchyOutgoingCallsRequest.swift (in target 'LanguageServerProtocol' from project 'swift-tools-protocols')
    cd /Users/admin/builder/spi-builder-workspace/.swiftpm/xcode

SwiftCompile normal arm64 /Users/admin/builder/spi-builder-workspace/Sources/LanguageServerProtocol/Requests/CallHierarchyPrepareRequest.swift (in target 'LanguageServerProtocol' from project 'swift-tools-protocols')
    cd /Users/admin/builder/spi-builder-workspace/.swiftpm/xcode

SwiftCompile normal arm64 /Users/admin/builder/spi-builder-workspace/Sources/LanguageServerProtocol/Requests/CodeActionRequest.swift (in target 'LanguageServerProtocol' from project 'swift-tools-protocols')
    cd /Users/admin/builder/spi-builder-workspace/.swiftpm/xcode

SwiftCompile normal arm64 /Users/admin/builder/spi-builder-workspace/Sources/LanguageServerProtocol/Requests/CodeActionResolveRequest.swift (in target 'LanguageServerProtocol' from project 'swift-tools-protocols')
    cd /Users/admin/builder/spi-builder-workspace/.swiftpm/xcode

SwiftCompile normal arm64 /Users/admin/builder/spi-builder-workspace/Sources/LanguageServerProtocol/Requests/CodeLensRefreshRequest.swift (in target 'LanguageServerProtocol' from project 'swift-tools-protocols')
    cd /Users/admin/builder/spi-builder-workspace/.swiftpm/xcode

SwiftCompile normal arm64 /Users/admin/builder/spi-builder-workspace/Sources/LanguageServerProtocol/Requests/CodeLensRequest.swift (in target 'LanguageServerProtocol' from project 'swift-tools-protocols')
    cd /Users/admin/builder/spi-builder-workspace/.swiftpm/xcode

SwiftEmitModule normal arm64 Emitting\ module\ for\ ToolsProtocolsSwiftExtensions (in target 'ToolsProtocolsSwiftExtensions' from project 'swift-tools-protocols')
Failed frontend command:
/Applications/Xcode-26.5.0.app/Contents/Developer/Toolchains/XcodeDefault.xctoolchain/usr/bin/swift-frontend -frontend -emit-module -experimental-skip-non-inlinable-function-bodies-without-types /Users/admin/builder/spi-builder-workspace/Sources/ToolsProtocolsSwiftExtensions/AsyncQueue.swift /Users/admin/builder/spi-builder-workspace/Sources/ToolsProtocolsSwiftExtensions/AsyncUtils.swift /Users/admin/builder/spi-builder-workspace/Sources/ToolsProtocolsSwiftExtensions/Collection+Only.swift /Users/admin/builder/spi-builder-workspace/Sources/ToolsProtocolsSwiftExtensions/Duration+Seconds.swift /Users/admin/builder/spi-builder-workspace/Sources/ToolsProtocolsSwiftExtensions/FileManagerExtensions.swift /Users/admin/builder/spi-builder-workspace/Sources/ToolsProtocolsSwiftExtensions/PipeAsStringHandler.swift /Users/admin/builder/spi-builder-workspace/Sources/ToolsProtocolsSwiftExtensions/RefBox.swift /Users/admin/builder/spi-builder-workspace/Sources/ToolsProtocolsSwiftExtensions/Task+WithPriorityChangedHandler.swift /Users/admin/builder/spi-builder-workspace/Sources/ToolsProtocolsSwiftExtensions/ThreadSafeBox.swift /Users/admin/builder/spi-builder-workspace/Sources/ToolsProtocolsSwiftExtensions/URLExtensions.swift -target arm64-apple-watchos11.0 -module-can-import-version Darwin 377.120.8 0 -load-resolved-plugin /Applications/Xcode-26.5.0.app/Contents/Developer/Platforms/WatchOS.platform/Developer/usr/lib/swift/host/plugins/libFoundationMacros.dylib\#/Applications/Xcode-26.5.0.app/Contents/Developer/Platforms/WatchOS.platform/Developer/usr/bin/swift-plugin-server\#FoundationMacros -load-resolved-plugin /Applications/Xcode-26.5.0.app/Contents/Developer/Platforms/WatchOS.platform/Developer/usr/lib/swift/host/plugins/libObservationMacros.dylib\#/Applications/Xcode-26.5.0.app/Contents/Developer/Platforms/WatchOS.platform/Developer/usr/bin/swift-plugin-server\#ObservationMacros -load-resolved-plugin /Applications/Xcode-26.5.0.app/Contents/Developer/Platforms/WatchOS.platform/Developer/usr/lib/swift/host/plugins/libSwiftMacros.dylib\#/Applications/Xcode-26.5.0.app/Contents/Developer/Platforms/WatchOS.platform/Developer/usr/bin/swift-plugin-server\#SwiftMacros -disable-implicit-swift-modules -Xcc -fno-implicit-modules -Xcc -fno-implicit-module-maps -explicit-swift-module-map-file /Users/admin/builder/spi-builder-workspace/.derivedData/Build/Intermediates.noindex/swift-tools-protocols.build/Debug-watchos/ToolsProtocolsSwiftExtensions.build/Objects-normal/arm64/ToolsProtocolsSwiftExtensions-dependencies-2.json -Xllvm -aarch64-use-tbi -enable-objc-interop -stack-check -sdk /Applications/Xcode-26.5.0.app/Contents/Developer/Platforms/WatchOS.platform/Developer/SDKs/WatchOS26.5.sdk -I /Users/admin/builder/spi-builder-workspace/.derivedData/Build/Products/Debug-watchos -Isystem /Applications/Xcode-26.5.0.app/Contents/Developer/Platforms/WatchOS.platform/Developer/usr/lib -F /Users/admin/builder/spi-builder-workspace/.derivedData/Build/Products/Debug-watchos -F /Applications/Xcode-26.5.0.app/Contents/Developer/Platforms/WatchOS.platform/Developer/Library/Frameworks -F /Applications/Xcode-26.5.0.app/Contents/Developer/Platforms/WatchOS.platform/Developer/SDKs/WatchOS26.5.sdk/Developer/Library/Frameworks -no-color-diagnostics -Xcc -fno-color-diagnostics -enable-testing -g -debug-info-format\=dwarf -dwarf-version\=5 -module-cache-path /Users/admin/builder/spi-builder-workspace/.derivedData/Build/Intermediates.noindex/SwiftExplicitPrecompiledModules -profile-generate -profile-coverage-mapping -swift-version 6 -Onone -D SWIFT_PACKAGE -D DEBUG -D SWIFT_MODULE_RESOURCE_BUNDLE_UNAVAILABLE -D Xcode -serialize-debugging-options -const-gather-protocols-file /Users/admin/builder/spi-builder-workspace/.derivedData/Build/Intermediates.noindex/swift-tools-protocols.build/Debug-watchos/ToolsProtocolsSwiftExtensions.build/Objects-normal/arm64/ToolsProtocolsSwiftExtensions_const_extract_protocols.json -enable-upcoming-feature InternalImportsByDefault -enable-upcoming-feature MemberImportVisibility -enable-upcoming-feature InferIsolatedConformances -enable-upcoming-feature NonisolatedNonsendingByDefault -enable-experimental-feature DebugDescriptionMacro -empty-abi-descriptor -validate-clang-modules-once -clang-build-session-file /Users/admin/builder/spi-builder-workspace/.derivedData/ModuleCache.noindex/Session.modulevalidation -Xcc -working-directory -Xcc /Users/admin/builder/spi-builder-workspace/.swiftpm/xcode -enable-anonymous-context-mangled-names -file-compilation-dir /Users/admin/builder/spi-builder-workspace/.swiftpm/xcode -Xcc -D_LIBCPP_HARDENING_MODE\=_LIBCPP_HARDENING_MODE_DEBUG -Xcc -ivfsstatcache -Xcc /Users/admin/builder/spi-builder-workspace/.derivedData/SDKStatCaches.noindex/watchos26.5-23T570-688ef53f1462e2c8f657fdc38a81448f7931b973dfc65d9472806dbbc3af9379.sdkstatcache -Xcc -I/Users/admin/builder/spi-builder-workspace/.derivedData/Build/Intermediates.noindex/swift-tools-protocols.build/Debug-watchos/ToolsProtocolsSwiftExtensions.build/swift-overrides.hmap -Xcc -I/Users/admin/builder/spi-builder-workspace/.derivedData/Build/Products/Debug-watchos/include -Xcc -I/Users/admin/builder/spi-builder-workspace/.derivedData/Build/Intermediates.noindex/swift-tools-protocols.build/Debug-watchos/ToolsProtocolsSwiftExtensions.build/DerivedSources-normal/arm64 -Xcc -I/Users/admin/builder/spi-builder-workspace/.derivedData/Build/Intermediates.noindex/swift-tools-protocols.build/Debug-watchos/ToolsProtocolsSwiftExtensions.build/DerivedSources/arm64 -Xcc -I/Users/admin/builder/spi-builder-workspace/.derivedData/Build/Intermediates.noindex/swift-tools-protocols.build/Debug-watchos/ToolsProtocolsSwiftExtensions.build/DerivedSources -Xcc -DSWIFT_PACKAGE -Xcc -DDEBUG\=1 -no-auto-bridging-header-chaining -module-name ToolsProtocolsSwiftExtensions -package-name spi_builder_workspace -frontend-parseable-output -disable-clang-spi -clang-target arm64-apple-watchos26.5 -target-sdk-version 26.5 -target-sdk-name watchos26.5 -in-process-plugin-server-path /Applications/Xcode-26.5.0.app/Contents/Developer/Toolchains/XcodeDefault.xctoolchain/usr/lib/swift/host/libSwiftInProcPluginServer.dylib -emit-module-doc-path /Users/admin/builder/spi-builder-workspace/.derivedData/Build/Intermediates.noindex/swift-tools-protocols.build/Debug-watchos/ToolsProtocolsSwiftExtensions.build/Objects-normal/arm64/ToolsProtocolsSwiftExtensions.swiftdoc -emit-module-source-info-path /Users/admin/builder/spi-builder-workspace/.derivedData/Build/Intermediates.noindex/swift-tools-protocols.build/Debug-watchos/ToolsProtocolsSwiftExtensions.build/Objects-normal/arm64/ToolsProtocolsSwiftExtensions.swiftsourceinfo -emit-objc-header-path /Users/admin/builder/spi-builder-workspace/.derivedData/Build/Intermediates.noindex/swift-tools-protocols.build/Debug-watchos/ToolsProtocolsSwiftExtensions.build/Objects-normal/arm64/ToolsProtocolsSwiftExtensions-Swift.h -serialize-diagnostics-path /Users/admin/builder/spi-builder-workspace/.derivedData/Build/Intermediates.noindex/swift-tools-protocols.build/Debug-watchos/ToolsProtocolsSwiftExtensions.build/Objects-normal/arm64/ToolsProtocolsSwiftExtensions-primary-emit-module.dia -emit-dependencies-path /Users/admin/builder/spi-builder-workspace/.derivedData/Build/Intermediates.noindex/swift-tools-protocols.build/Debug-watchos/ToolsProtocolsSwiftExtensions.build/Objects-normal/arm64/ToolsProtocolsSwiftExtensions-primary-emit-module.d -o /Users/admin/builder/spi-builder-workspace/.derivedData/Build/Intermediates.noindex/swift-tools-protocols.build/Debug-watchos/ToolsProtocolsSwiftExtensions.build/Objects-normal/arm64/ToolsProtocolsSwiftExtensions.swiftmodule -emit-abi-descriptor-path /Users/admin/builder/spi-builder-workspace/.derivedData/Build/Intermediates.noindex/swift-tools-protocols.build/Debug-watchos/ToolsProtocolsSwiftExtensions.build/Objects-normal/arm64/ToolsProtocolsSwiftExtensions.abi.json
EmitSwiftModule normal arm64 (in target 'ToolsProtocolsSwiftExtensions' from project 'swift-tools-protocols')
    cd /Users/admin/builder/spi-builder-workspace/.swiftpm/xcode

/Users/admin/builder/spi-builder-workspace/Sources/ToolsProtocolsSwiftExtensions/Task+WithPriorityChangedHandler.swift:32:22: error: 'withTaskPriorityEscalationHandler(operation:onPriorityEscalated:)' is only available in watchOS 26.0 or newer
    return try await withTaskPriorityEscalationHandler(
                     ^
/Users/admin/builder/spi-builder-workspace/Sources/ToolsProtocolsSwiftExtensions/Task+WithPriorityChangedHandler.swift:32:22: note: add 'if #available' version check
    return try await withTaskPriorityEscalationHandler(
                     ^
/Users/admin/builder/spi-builder-workspace/Sources/ToolsProtocolsSwiftExtensions/Task+WithPriorityChangedHandler.swift:25:13: note: add '@available' attribute to enclosing global function
public func withTaskPriorityChangedHandler<T: Sendable>(
            ^
SwiftCompile normal arm64 Compiling\ ThreadSafeBox.swift /Users/admin/builder/spi-builder-workspace/Sources/ToolsProtocolsSwiftExtensions/ThreadSafeBox.swift (in target 'ToolsProtocolsSwiftExtensions' from project 'swift-tools-protocols')
SwiftCompile normal arm64 /Users/admin/builder/spi-builder-workspace/Sources/ToolsProtocolsSwiftExtensions/ThreadSafeBox.swift (in target 'ToolsProtocolsSwiftExtensions' from project 'swift-tools-protocols')
    cd /Users/admin/builder/spi-builder-workspace/.swiftpm/xcode

SwiftEmitModule normal arm64 Emitting\ module\ for\ _ToolsProtocolsSwiftExtensionsForPlugin (in target '_ToolsProtocolsSwiftExtensionsForPlugin' from project 'swift-tools-protocols')
Failed frontend command:
/Applications/Xcode-26.5.0.app/Contents/Developer/Toolchains/XcodeDefault.xctoolchain/usr/bin/swift-frontend -frontend -emit-module -experimental-skip-non-inlinable-function-bodies-without-types /Users/admin/builder/spi-builder-workspace/Sources/ToolsProtocolsSwiftExtensions/AsyncQueue.swift /Users/admin/builder/spi-builder-workspace/Sources/ToolsProtocolsSwiftExtensions/AsyncUtils.swift /Users/admin/builder/spi-builder-workspace/Sources/ToolsProtocolsSwiftExtensions/Collection+Only.swift /Users/admin/builder/spi-builder-workspace/Sources/ToolsProtocolsSwiftExtensions/Duration+Seconds.swift /Users/admin/builder/spi-builder-workspace/Sources/ToolsProtocolsSwiftExtensions/FileManagerExtensions.swift /Users/admin/builder/spi-builder-workspace/Sources/ToolsProtocolsSwiftExtensions/PipeAsStringHandler.swift /Users/admin/builder/spi-builder-workspace/Sources/ToolsProtocolsSwiftExtensions/RefBox.swift /Users/admin/builder/spi-builder-workspace/Sources/ToolsProtocolsSwiftExtensions/Task+WithPriorityChangedHandler.swift /Users/admin/builder/spi-builder-workspace/Sources/ToolsProtocolsSwiftExtensions/ThreadSafeBox.swift /Users/admin/builder/spi-builder-workspace/Sources/ToolsProtocolsSwiftExtensions/URLExtensions.swift -target arm64-apple-watchos11.0 -module-can-import-version Darwin 377.120.8 0 -load-resolved-plugin /Applications/Xcode-26.5.0.app/Contents/Developer/Platforms/WatchOS.platform/Developer/usr/lib/swift/host/plugins/libFoundationMacros.dylib\#/Applications/Xcode-26.5.0.app/Contents/Developer/Platforms/WatchOS.platform/Developer/usr/bin/swift-plugin-server\#FoundationMacros -load-resolved-plugin /Applications/Xcode-26.5.0.app/Contents/Developer/Platforms/WatchOS.platform/Developer/usr/lib/swift/host/plugins/libObservationMacros.dylib\#/Applications/Xcode-26.5.0.app/Contents/Developer/Platforms/WatchOS.platform/Developer/usr/bin/swift-plugin-server\#ObservationMacros -load-resolved-plugin /Applications/Xcode-26.5.0.app/Contents/Developer/Platforms/WatchOS.platform/Developer/usr/lib/swift/host/plugins/libSwiftMacros.dylib\#/Applications/Xcode-26.5.0.app/Contents/Developer/Platforms/WatchOS.platform/Developer/usr/bin/swift-plugin-server\#SwiftMacros -disable-implicit-swift-modules -Xcc -fno-implicit-modules -Xcc -fno-implicit-module-maps -explicit-swift-module-map-file /Users/admin/builder/spi-builder-workspace/.derivedData/Build/Intermediates.noindex/swift-tools-protocols.build/Debug-watchos/_ToolsProtocolsSwiftExtensionsForPlugin.build/Objects-normal/arm64/_ToolsProtocolsSwiftExtensionsForPlugin-dependencies-2.json -Xllvm -aarch64-use-tbi -enable-objc-interop -stack-check -sdk /Applications/Xcode-26.5.0.app/Contents/Developer/Platforms/WatchOS.platform/Developer/SDKs/WatchOS26.5.sdk -I /Users/admin/builder/spi-builder-workspace/.derivedData/Build/Products/Debug-watchos -Isystem /Applications/Xcode-26.5.0.app/Contents/Developer/Platforms/WatchOS.platform/Developer/usr/lib -F /Users/admin/builder/spi-builder-workspace/.derivedData/Build/Products/Debug-watchos -F /Applications/Xcode-26.5.0.app/Contents/Developer/Platforms/WatchOS.platform/Developer/Library/Frameworks -F /Applications/Xcode-26.5.0.app/Contents/Developer/Platforms/WatchOS.platform/Developer/SDKs/WatchOS26.5.sdk/Developer/Library/Frameworks -no-color-diagnostics -Xcc -fno-color-diagnostics -enable-testing -g -debug-info-format\=dwarf -dwarf-version\=5 -module-cache-path /Users/admin/builder/spi-builder-workspace/.derivedData/Build/Intermediates.noindex/SwiftExplicitPrecompiledModules -profile-generate -profile-coverage-mapping -swift-version 6 -Onone -D SWIFT_PACKAGE -D DEBUG -D SWIFT_MODULE_RESOURCE_BUNDLE_UNAVAILABLE -D Xcode -serialize-debugging-options -const-gather-protocols-file /Users/admin/builder/spi-builder-workspace/.derivedData/Build/Intermediates.noindex/swift-tools-protocols.build/Debug-watchos/_ToolsProtocolsSwiftExtensionsForPlugin.build/Objects-normal/arm64/_ToolsProtocolsSwiftExtensionsForPlugin_const_extract_protocols.json -enable-upcoming-feature InternalImportsByDefault -enable-upcoming-feature MemberImportVisibility -enable-upcoming-feature InferIsolatedConformances -enable-upcoming-feature NonisolatedNonsendingByDefault -enable-experimental-feature DebugDescriptionMacro -empty-abi-descriptor -validate-clang-modules-once -clang-build-session-file /Users/admin/builder/spi-builder-workspace/.derivedData/ModuleCache.noindex/Session.modulevalidation -Xcc -working-directory -Xcc /Users/admin/builder/spi-builder-workspace/.swiftpm/xcode -enable-anonymous-context-mangled-names -file-compilation-dir /Users/admin/builder/spi-builder-workspace/.swiftpm/xcode -Xcc -D_LIBCPP_HARDENING_MODE\=_LIBCPP_HARDENING_MODE_DEBUG -Xcc -ivfsstatcache -Xcc /Users/admin/builder/spi-builder-workspace/.derivedData/SDKStatCaches.noindex/watchos26.5-23T570-688ef53f1462e2c8f657fdc38a81448f7931b973dfc65d9472806dbbc3af9379.sdkstatcache -Xcc -I/Users/admin/builder/spi-builder-workspace/.derivedData/Build/Intermediates.noindex/swift-tools-protocols.build/Debug-watchos/_ToolsProtocolsSwiftExtensionsForPlugin.build/swift-overrides.hmap -Xcc -I/Users/admin/builder/spi-builder-workspace/.derivedData/Build/Products/Debug-watchos/include -Xcc -I/Users/admin/builder/spi-builder-workspace/.derivedData/Build/Intermediates.noindex/swift-tools-protocols.build/Debug-watchos/_ToolsProtocolsSwiftExtensionsForPlugin.build/DerivedSources-normal/arm64 -Xcc -I/Users/admin/builder/spi-builder-workspace/.derivedData/Build/Intermediates.noindex/swift-tools-protocols.build/Debug-watchos/_ToolsProtocolsSwiftExtensionsForPlugin.build/DerivedSources/arm64 -Xcc -I/Users/admin/builder/spi-builder-workspace/.derivedData/Build/Intermediates.noindex/swift-tools-protocols.build/Debug-watchos/_ToolsProtocolsSwiftExtensionsForPlugin.build/DerivedSources -Xcc -DSWIFT_PACKAGE -Xcc -DDEBUG\=1 -no-auto-bridging-header-chaining -module-name _ToolsProtocolsSwiftExtensionsForPlugin -package-name spi_builder_workspace -frontend-parseable-output -disable-clang-spi -clang-target arm64-apple-watchos26.5 -target-sdk-version 26.5 -target-sdk-name watchos26.5 -in-process-plugin-server-path /Applications/Xcode-26.5.0.app/Contents/Developer/Toolchains/XcodeDefault.xctoolchain/usr/lib/swift/host/libSwiftInProcPluginServer.dylib -emit-module-doc-path /Users/admin/builder/spi-builder-workspace/.derivedData/Build/Intermediates.noindex/swift-tools-protocols.build/Debug-watchos/_ToolsProtocolsSwiftExtensionsForPlugin.build/Objects-normal/arm64/_ToolsProtocolsSwiftExtensionsForPlugin.swiftdoc -emit-module-source-info-path /Users/admin/builder/spi-builder-workspace/.derivedData/Build/Intermediates.noindex/swift-tools-protocols.build/Debug-watchos/_ToolsProtocolsSwiftExtensionsForPlugin.build/Objects-normal/arm64/_ToolsProtocolsSwiftExtensionsForPlugin.swiftsourceinfo -emit-objc-header-path /Users/admin/builder/spi-builder-workspace/.derivedData/Build/Intermediates.noindex/swift-tools-protocols.build/Debug-watchos/_ToolsProtocolsSwiftExtensionsForPlugin.build/Objects-normal/arm64/_ToolsProtocolsSwiftExtensionsForPlugin-Swift.h -serialize-diagnostics-path /Users/admin/builder/spi-builder-workspace/.derivedData/Build/Intermediates.noindex/swift-tools-protocols.build/Debug-watchos/_ToolsProtocolsSwiftExtensionsForPlugin.build/Objects-normal/arm64/_ToolsProtocolsSwiftExtensionsForPlugin-primary-emit-module.dia -emit-dependencies-path /Users/admin/builder/spi-builder-workspace/.derivedData/Build/Intermediates.noindex/swift-tools-protocols.build/Debug-watchos/_ToolsProtocolsSwiftExtensionsForPlugin.build/Objects-normal/arm64/_ToolsProtocolsSwiftExtensionsForPlugin-primary-emit-module.d -o /Users/admin/builder/spi-builder-workspace/.derivedData/Build/Intermediates.noindex/swift-tools-protocols.build/Debug-watchos/_ToolsProtocolsSwiftExtensionsForPlugin.build/Objects-normal/arm64/_ToolsProtocolsSwiftExtensionsForPlugin.swiftmodule -emit-abi-descriptor-path /Users/admin/builder/spi-builder-workspace/.derivedData/Build/Intermediates.noindex/swift-tools-protocols.build/Debug-watchos/_ToolsProtocolsSwiftExtensionsForPlugin.build/Objects-normal/arm64/_ToolsProtocolsSwiftExtensionsForPlugin.abi.json
EmitSwiftModule normal arm64 (in target '_ToolsProtocolsSwiftExtensionsForPlugin' from project 'swift-tools-protocols')
    cd /Users/admin/builder/spi-builder-workspace/.swiftpm/xcode

/Users/admin/builder/spi-builder-workspace/Sources/ToolsProtocolsSwiftExtensions/Task+WithPriorityChangedHandler.swift:32:22: error: 'withTaskPriorityEscalationHandler(operation:onPriorityEscalated:)' is only available in watchOS 26.0 or newer
    return try await withTaskPriorityEscalationHandler(
                     ^
/Users/admin/builder/spi-builder-workspace/Sources/ToolsProtocolsSwiftExtensions/Task+WithPriorityChangedHandler.swift:32:22: note: add 'if #available' version check
    return try await withTaskPriorityEscalationHandler(
                     ^
/Users/admin/builder/spi-builder-workspace/Sources/ToolsProtocolsSwiftExtensions/Task+WithPriorityChangedHandler.swift:25:13: note: add '@available' attribute to enclosing global function
public func withTaskPriorityChangedHandler<T: Sendable>(
            ^
SwiftEmitModule normal arm64_32 Emitting\ module\ for\ _ToolsProtocolsSwiftExtensionsForPlugin (in target '_ToolsProtocolsSwiftExtensionsForPlugin' from project 'swift-tools-protocols')
2026-10-25 05:52:58.059 xcodebuild[945:5309] [MT] IDERunDestination: Supported platforms for the buildables in the current scheme is empty.
** BUILD FAILED **
The following build commands failed:
	SwiftEmitModule normal arm64 Emitting\ module\ for\ ToolsProtocolsSwiftExtensions (in target 'ToolsProtocolsSwiftExtensions' from project 'swift-tools-protocols')
	EmitSwiftModule normal arm64 (in target 'ToolsProtocolsSwiftExtensions' from project 'swift-tools-protocols')
	SwiftEmitModule normal arm64 Emitting\ module\ for\ _ToolsProtocolsSwiftExtensionsForPlugin (in target '_ToolsProtocolsSwiftExtensionsForPlugin' from project 'swift-tools-protocols')
	EmitSwiftModule normal arm64 (in target '_ToolsProtocolsSwiftExtensionsForPlugin' from project 'swift-tools-protocols')
	Building workspace spi-builder-workspace with scheme swift-tools-protocols-Package
(5 failures)
Command line invocation:
    /Applications/Xcode-26.5.0.app/Contents/Developer/usr/bin/xcodebuild -IDEClonedSourcePackagesDirPathOverride=/Users/admin/builder/spi-builder-workspace/.dependencies -resolvePackageDependencies
Resolve Package Graph
Resolved source packages:
  swift-tools-protocols: /Users/admin/builder/spi-builder-workspace
  swift-syntax: https://github.com/swiftlang/swift-syntax.git @ main (1ea16ff)
  cmark-gfm: https://github.com/swiftlang/swift-cmark.git @ 0.9.0
  swift-argument-parser: https://github.com/apple/swift-argument-parser.git @ 1.8.2
  swift-markdown: https://github.com/swiftlang/swift-markdown.git @ 0.9.0
  swift-format: https://github.com/swiftlang/swift-format.git @ main (b15dd59)
resolved source packages: swift-tools-protocols, swift-syntax, cmark-gfm, swift-argument-parser, swift-markdown, swift-format
2026-10-25 05:53:07.301 xcodebuild[1112:6216] [MT] IDERunDestination: Supported platforms for the buildables in the current scheme is empty.
{
  "dependencies" : [
    {
      "identity" : "swift-format",
      "requirement" : {
        "branch" : [
          "main"
        ]
      },
      "type" : "sourceControl",
      "url" : "https://github.com/swiftlang/swift-format.git"
    }
  ],
  "manifest_display_name" : "swift-tools-protocols",
  "name" : "swift-tools-protocols",
  "path" : "/Users/admin/builder/spi-builder-workspace",
  "platforms" : [
    {
      "name" : "macos",
      "version" : "15.0"
    },
    {
      "name" : "ios",
      "version" : "18.0"
    },
    {
      "name" : "maccatalyst",
      "version" : "18.0"
    }
  ],
  "products" : [
    {
      "name" : "BuildServerProtocol",
      "targets" : [
        "BuildServerProtocol"
      ],
      "type" : {
        "library" : [
          "automatic"
        ]
      }
    },
    {
      "name" : "LanguageServerProtocol",
      "targets" : [
        "LanguageServerProtocol"
      ],
      "type" : {
        "library" : [
          "automatic"
        ]
      }
    },
    {
      "name" : "LanguageServerProtocolTransport",
      "targets" : [
        "LanguageServerProtocolTransport"
      ],
      "type" : {
        "library" : [
          "automatic"
        ]
      }
    },
    {
      "name" : "SKLogging",
      "targets" : [
        "SKLogging"
      ],
      "type" : {
        "library" : [
          "automatic"
        ]
      }
    },
    {
      "name" : "_SKLoggingForPlugin",
      "targets" : [
        "_SKLoggingForPlugin"
      ],
      "type" : {
        "library" : [
          "automatic"
        ]
      }
    },
    {
      "name" : "ToolsProtocolsSwiftExtensions",
      "targets" : [
        "ToolsProtocolsSwiftExtensions"
      ],
      "type" : {
        "library" : [
          "automatic"
        ]
      }
    },
    {
      "name" : "_ToolsProtocolsSwiftExtensionsForPlugin",
      "targets" : [
        "_ToolsProtocolsSwiftExtensionsForPlugin"
      ],
      "type" : {
        "library" : [
          "automatic"
        ]
      }
    }
  ],
  "swift_languages_versions" : [
    "6"
  ],
  "targets" : [
    {
      "c99name" : "_ToolsProtocolsSwiftExtensionsForPlugin",
      "module_type" : "SwiftTarget",
      "name" : "_ToolsProtocolsSwiftExtensionsForPlugin",
      "path" : "Sources/_ToolsProtocolsSwiftExtensionsForPlugin",
      "product_memberships" : [
        "_SKLoggingForPlugin",
        "_ToolsProtocolsSwiftExtensionsForPlugin"
      ],
      "sources" : [
        "AsyncQueue.swift",
        "AsyncUtils.swift",
        "Collection+Only.swift",
        "Duration+Seconds.swift",
        "FileManagerExtensions.swift",
        "PipeAsStringHandler.swift",
        "RefBox.swift",
        "Task+WithPriorityChangedHandler.swift",
        "ThreadSafeBox.swift",
        "URLExtensions.swift"
      ],
      "type" : "library"
    },
    {
      "c99name" : "_SKLoggingForPlugin",
      "module_type" : "SwiftTarget",
      "name" : "_SKLoggingForPlugin",
      "path" : "Sources/_SKLoggingForPlugin",
      "product_memberships" : [
        "_SKLoggingForPlugin"
      ],
      "sources" : [
        "CustomLogStringConvertible.swift",
        "Error+ForLogging.swift",
        "Logging.swift",
        "LoggingScope.swift",
        "NonDarwinLogging.swift",
        "OrLog.swift",
        "SetGlobalLogFileHandler.swift",
        "SplitLogMessage.swift"
      ],
      "target_dependencies" : [
        "_ToolsProtocolsSwiftExtensionsForPlugin"
      ],
      "type" : "library"
    },
    {
      "c99name" : "ToolsProtocolsTestSupport",
      "module_type" : "SwiftTarget",
      "name" : "ToolsProtocolsTestSupport",
      "path" : "Sources/ToolsProtocolsTestSupport",
      "sources" : [
        "Assertions.swift",
        "CheckCoding.swift",
        "PerfTestCase.swift",
        "RepeatUntilExpectedResult.swift",
        "String+TrimTrailingWhitespace.swift",
        "TestJSONRPCConnection.swift",
        "Timeouts.swift"
      ],
      "target_dependencies" : [
        "LanguageServerProtocol",
        "LanguageServerProtocolTransport",
        "SKLogging",
        "ToolsProtocolsSwiftExtensions"
      ],
      "type" : "library"
    },
    {
      "c99name" : "ToolsProtocolsSwiftExtensionsTests",
      "module_type" : "SwiftTarget",
      "name" : "ToolsProtocolsSwiftExtensionsTests",
      "path" : "Tests/ToolsProtocolsSwiftExtensionsTests",
      "sources" : [
        "AsyncQueueTests.swift",
        "AsyncUtilsTests.swift",
        "RefBoxTests.swift"
      ],
      "target_dependencies" : [
        "SKLogging",
        "ToolsProtocolsTestSupport",
        "ToolsProtocolsSwiftExtensions"
      ],
      "type" : "test"
    },
    {
      "c99name" : "ToolsProtocolsSwiftExtensions",
      "module_type" : "SwiftTarget",
      "name" : "ToolsProtocolsSwiftExtensions",
      "path" : "Sources/ToolsProtocolsSwiftExtensions",
      "product_memberships" : [
        "LanguageServerProtocolTransport",
        "SKLogging",
        "ToolsProtocolsSwiftExtensions"
      ],
      "sources" : [
        "AsyncQueue.swift",
        "AsyncUtils.swift",
        "Collection+Only.swift",
        "Duration+Seconds.swift",
        "FileManagerExtensions.swift",
        "PipeAsStringHandler.swift",
        "RefBox.swift",
        "Task+WithPriorityChangedHandler.swift",
        "ThreadSafeBox.swift",
        "URLExtensions.swift"
      ],
      "type" : "library"
    },
    {
      "c99name" : "SKLoggingTests",
      "module_type" : "SwiftTarget",
      "name" : "SKLoggingTests",
      "path" : "Tests/SKLoggingTests",
      "sources" : [
        "LoggingTests.swift",
        "PrettyPrintedRedactedJSONTests.swift"
      ],
      "target_dependencies" : [
        "SKLogging",
        "ToolsProtocolsTestSupport"
      ],
      "type" : "test"
    },
    {
      "c99name" : "SKLogging",
      "module_type" : "SwiftTarget",
      "name" : "SKLogging",
      "path" : "Sources/SKLogging",
      "product_memberships" : [
        "LanguageServerProtocolTransport",
        "SKLogging"
      ],
      "sources" : [
        "CustomLogStringConvertible.swift",
        "Error+ForLogging.swift",
        "Logging.swift",
        "LoggingScope.swift",
        "NonDarwinLogging.swift",
        "OrLog.swift",
        "SetGlobalLogFileHandler.swift",
        "SplitLogMessage.swift"
      ],
      "target_dependencies" : [
        "ToolsProtocolsSwiftExtensions"
      ],
      "type" : "library"
    },
    {
      "c99name" : "LanguageServerProtocolTransportTests",
      "module_type" : "SwiftTarget",
      "name" : "LanguageServerProtocolTransportTests",
      "path" : "Tests/LanguageServerProtocolTransportTests",
      "sources" : [
        "CodingTests.swift",
        "ConnectionPerfTests.swift",
        "ConnectionTests.swift",
        "LegacyNameFallbackConnectionTests.swift",
        "MessageParsingTests.swift",
        "PipeForwardingTests.swift"
      ],
      "target_dependencies" : [
        "LanguageServerProtocol",
        "LanguageServerProtocolTransport",
        "SKLogging",
        "ToolsProtocolsSwiftExtensions",
        "ToolsProtocolsTestSupport"
      ],
      "type" : "test"
    },
    {
      "c99name" : "LanguageServerProtocolTransport",
      "module_type" : "SwiftTarget",
      "name" : "LanguageServerProtocolTransport",
      "path" : "Sources/LanguageServerProtocolTransport",
      "product_memberships" : [
        "LanguageServerProtocolTransport"
      ],
      "sources" : [
        "BuildServerMessageDependencyTracker.swift",
        "Connection+Send.swift",
        "DisableSigpipe.swift",
        "DocumentURI+CustomLogStringConvertible.swift",
        "JSONRPCConnection.swift",
        "LegacyNameFallbackConnection.swift",
        "LocalConnection.swift",
        "LoggableMessageTypes.swift",
        "MessageCoding.swift",
        "MessageSplitting.swift",
        "QueueBasedMessageHandler.swift",
        "RequestAndReply.swift",
        "ResponseError+Init.swift"
      ],
      "target_dependencies" : [
        "BuildServerProtocol",
        "LanguageServerProtocol",
        "SKLogging",
        "ToolsProtocolsSwiftExtensions"
      ],
      "type" : "library"
    },
    {
      "c99name" : "LanguageServerProtocolTests",
      "module_type" : "SwiftTarget",
      "name" : "LanguageServerProtocolTests",
      "path" : "Tests/LanguageServerProtocolTests",
      "sources" : [
        "CodingTests.swift",
        "ConnectionTests.swift",
        "LSPAnyCodingTests.swift",
        "LanguageServerProtocolTests.swift"
      ],
      "target_dependencies" : [
        "LanguageServerProtocol",
        "SKLogging",
        "ToolsProtocolsTestSupport"
      ],
      "type" : "test"
    },
    {
      "c99name" : "LanguageServerProtocol",
      "module_type" : "SwiftTarget",
      "name" : "LanguageServerProtocol",
      "path" : "Sources/LanguageServerProtocol",
      "product_memberships" : [
        "BuildServerProtocol",
        "LanguageServerProtocol",
        "LanguageServerProtocolTransport"
      ],
      "sources" : [
        "Connection.swift",
        "CustomCodable.swift",
        "Error.swift",
        "Message.swift",
        "MessageRegistry.swift",
        "Messages.swift",
        "Notifications/CancelRequestNotification.swift",
        "Notifications/CancelWorkDoneProgressNotification.swift",
        "Notifications/ConfigurationNotification.swift",
        "Notifications/DidChangeActiveDocumentNotification.swift",
        "Notifications/DidChangeFileNotifications.swift",
        "Notifications/DidChangeWatchedFilesNotification.swift",
        "Notifications/DidChangeWorkspaceFoldersNotification.swift",
        "Notifications/ExitNotification.swift",
        "Notifications/InitializedNotification.swift",
        "Notifications/LogMessageNotification.swift",
        "Notifications/LogTraceNotification.swift",
        "Notifications/PublishDiagnosticsNotification.swift",
        "Notifications/ReopenTextDocumentNotifications.swift",
        "Notifications/SetTraceNotification.swift",
        "Notifications/ShowMessageNotification.swift",
        "Notifications/TextSynchronizationNotifications.swift",
        "Notifications/WorkDoneProgress.swift",
        "PositionRange.swift",
        "RequestID.swift",
        "Requests/ApplyEditRequest.swift",
        "Requests/CallHierarchyIncomingCallsRequest.swift",
        "Requests/CallHierarchyOutgoingCallsRequest.swift",
        "Requests/CallHierarchyPrepareRequest.swift",
        "Requests/CodeActionRequest.swift",
        "Requests/CodeActionResolveRequest.swift",
        "Requests/CodeLensRefreshRequest.swift",
        "Requests/CodeLensRequest.swift",
        "Requests/CodeLensResolveRequest.swift",
        "Requests/ColorPresentationRequest.swift",
        "Requests/CompletionItemResolveRequest.swift",
        "Requests/CompletionRequest.swift",
        "Requests/CreateWorkDoneProgressRequest.swift",
        "Requests/DeclarationRequest.swift",
        "Requests/DefinitionRequest.swift",
        "Requests/DiagnosticsRefreshRequest.swift",
        "Requests/DoccDocumentationRequest.swift",
        "Requests/DocumentColorRequest.swift",
        "Requests/DocumentDiagnosticsRequest.swift",
        "Requests/DocumentHighlightRequest.swift",
        "Requests/DocumentLinkRequest.swift",
        "Requests/DocumentLinkResolveRequest.swift",
        "Requests/DocumentSemanticTokensDeltaRequest.swift",
        "Requests/DocumentSemanticTokensRangeRequest.swift",
        "Requests/DocumentSemanticTokensRequest.swift",
        "Requests/DocumentSymbolRequest.swift",
        "Requests/DocumentTestsRequest.swift",
        "Requests/ExecuteCommandRequest.swift",
        "Requests/FoldingRangeRequest.swift",
        "Requests/FormattingRequests.swift",
        "Requests/GetReferenceDocumentRequest.swift",
        "Requests/HoverRequest.swift",
        "Requests/ImplementationRequest.swift",
        "Requests/IndexedRenameRequest.swift",
        "Requests/InitializeRequest.swift",
        "Requests/InlayHintRefreshRequest.swift",
        "Requests/InlayHintRequest.swift",
        "Requests/InlayHintResolveRequest.swift",
        "Requests/InlineValueRefreshRequest.swift",
        "Requests/InlineValueRequest.swift",
        "Requests/IsIndexingRequest.swift",
        "Requests/LinkedEditingRangeRequest.swift",
        "Requests/MonikersRequest.swift",
        "Requests/OutputPathsRequest.swift",
        "Requests/PeekDocumentsRequest.swift",
        "Requests/PrepareRenameRequest.swift",
        "Requests/ReferencesRequest.swift",
        "Requests/RegisterCapabilityRequest.swift",
        "Requests/RenameRequest.swift",
        "Requests/SelectionRangeRequest.swift",
        "Requests/SetOptionsRequest.swift",
        "Requests/ShowDocumentRequest.swift",
        "Requests/ShowMessageRequest.swift",
        "Requests/ShutdownRequest.swift",
        "Requests/SignatureHelpRequest.swift",
        "Requests/SourceKitOptionsRequest.swift",
        "Requests/SymbolInfoRequest.swift",
        "Requests/SynchronizeRequest.swift",
        "Requests/TriggerReindexRequest.swift",
        "Requests/TypeDefinitionRequest.swift",
        "Requests/TypeHierarchyPrepareRequest.swift",
        "Requests/TypeHierarchySubtypesRequest.swift",
        "Requests/TypeHierarchySupertypesRequest.swift",
        "Requests/UnregisterCapabilityRequest.swift",
        "Requests/WillChangeFilesRequests.swift",
        "Requests/WillSaveWaitUntilTextDocumentRequest.swift",
        "Requests/WorkspaceDiagnosticsRequest.swift",
        "Requests/WorkspaceFoldersRequest.swift",
        "Requests/WorkspaceMembersRequest.swift",
        "Requests/WorkspacePlaygroundsRefreshRequest.swift",
        "Requests/WorkspacePlaygroundsRequest.swift",
        "Requests/WorkspaceReferencesRequest.swift",
        "Requests/WorkspaceSemanticTokensRefreshRequest.swift",
        "Requests/WorkspaceSymbolInfoRequest.swift",
        "Requests/WorkspaceSymbolNamesRequest.swift",
        "Requests/WorkspaceSymbolResolveRequest.swift",
        "Requests/WorkspaceSymbolsRequest.swift",
        "Requests/WorkspaceTestsRefreshRequest.swift",
        "Requests/WorkspaceTestsRequest.swift",
        "SupportTypes/CallHierarchyItem.swift",
        "SupportTypes/ClientCapabilities.swift",
        "SupportTypes/CodeActionKind.swift",
        "SupportTypes/Command.swift",
        "SupportTypes/CompletionItem.swift",
        "SupportTypes/CompletionItemKind.swift",
        "SupportTypes/Diagnostic.swift",
        "SupportTypes/DocumentURI.swift",
        "SupportTypes/FileEvent.swift",
        "SupportTypes/FileSystemWatcher.swift",
        "SupportTypes/FoldingRangeKind.swift",
        "SupportTypes/InlayHint.swift",
        "SupportTypes/InsertReplaceEdit.swift",
        "SupportTypes/LSPAny+Coding.swift",
        "SupportTypes/LSPAny.swift",
        "SupportTypes/Language.swift",
        "SupportTypes/Location.swift",
        "SupportTypes/LocationLink.swift",
        "SupportTypes/LocationsOrLocationLinksResponse.swift",
        "SupportTypes/MarkupContent.swift",
        "SupportTypes/NotebookCellTextDocumentFilter.swift",
        "SupportTypes/NotebookDocument.swift",
        "SupportTypes/NotebookDocumentChangeEvent.swift",
        "SupportTypes/NotebookDocumentIdentifier.swift",
        "SupportTypes/Playground.swift",
        "SupportTypes/Position.swift",
        "SupportTypes/PositionEncoding.swift",
        "SupportTypes/ProgressToken.swift",
        "SupportTypes/RegistrationOptions.swift",
        "SupportTypes/SemanticTokenModifiers.swift",
        "SupportTypes/SemanticTokenTypes.swift",
        "SupportTypes/SemanticTokens.swift",
        "SupportTypes/ServerCapabilities.swift",
        "SupportTypes/SourceKitCompletionItemData.swift",
        "SupportTypes/SourceKitCompletionListData.swift",
        "SupportTypes/SourceKitSymbolIdentifier.swift",
        "SupportTypes/SourceKitSymbolMember.swift",
        "SupportTypes/SourceKitSymbolTag.swift",
        "SupportTypes/StringOrMarkupContent.swift",
        "SupportTypes/SupportedCodeLensCommand.swift",
        "SupportTypes/SymbolKind.swift",
        "SupportTypes/TestItem.swift",
        "SupportTypes/TextDocumentContentChangeEvent.swift",
        "SupportTypes/TextDocumentEdit.swift",
        "SupportTypes/TextDocumentIdentifier.swift",
        "SupportTypes/TextDocumentItem.swift",
        "SupportTypes/TextDocumentPlayground.swift",
        "SupportTypes/TextDocumentSaveReason.swift",
        "SupportTypes/TextEdit.swift",
        "SupportTypes/Tracing.swift",
        "SupportTypes/TypeHierarchyItem.swift",
        "SupportTypes/VersionedNotebookDocumentIdentifier.swift",
        "SupportTypes/VersionedTextDocumentIdentifier.swift",
        "SupportTypes/WindowMessageType.swift",
        "SupportTypes/WorkspaceEdit.swift",
        "SupportTypes/WorkspaceFolder.swift",
        "SupportTypes/WorkspaceSettings.swift"
      ],
      "type" : "library"
    },
    {
      "c99name" : "BuildServerProtocolTests",
      "module_type" : "SwiftTarget",
      "name" : "BuildServerProtocolTests",
      "path" : "Tests/BuildServerProtocolTests",
      "sources" : [
        "CodingTests.swift"
      ],
      "target_dependencies" : [
        "BuildServerProtocol",
        "LanguageServerProtocol",
        "ToolsProtocolsTestSupport"
      ],
      "type" : "test"
    },
    {
      "c99name" : "BuildServerProtocol",
      "module_type" : "SwiftTarget",
      "name" : "BuildServerProtocol",
      "path" : "Sources/BuildServerProtocol",
      "product_memberships" : [
        "BuildServerProtocol",
        "LanguageServerProtocolTransport"
      ],
      "sources" : [
        "Messages.swift",
        "Messages/BuildShutdownRequest.swift",
        "Messages/BuildTargetPrepareRequest.swift",
        "Messages/BuildTargetSourcesRequest.swift",
        "Messages/CancelRequestNotification.swift",
        "Messages/InitializeBuildRequest.swift",
        "Messages/OnBuildExitNotification.swift",
        "Messages/OnBuildInitializedNotification.swift",
        "Messages/OnBuildLogMessageNotification.swift",
        "Messages/OnBuildTargetDidChangeNotification.swift",
        "Messages/OnWatchedFilesDidChangeNotification.swift",
        "Messages/RegisterForChangeNotifications.swift",
        "Messages/TaskFinishNotification.swift",
        "Messages/TaskProgressNotification.swift",
        "Messages/TaskStartNotification.swift",
        "Messages/TextDocumentSourceKitOptionsRequest.swift",
        "Messages/WorkspaceBuildTargetsRequest.swift",
        "Messages/WorkspaceWaitForBuildSystemUpdates.swift",
        "SupportTypes/BuildTarget.swift",
        "SupportTypes/MessageType.swift",
        "SupportTypes/MillisecondsSince1970Date.swift",
        "SupportTypes/StatusCode.swift",
        "SupportTypes/TaskId.swift",
        "SupportTypes/TextDocumentIdentifier.swift"
      ],
      "target_dependencies" : [
        "LanguageServerProtocol"
      ],
      "type" : "library"
    }
  ],
  "tools_version" : "6.2"
}
{
  "workspace" : {
    "name" : "spi-builder-workspace",
    "schemes" : [
      "_SKLoggingForPlugin",
      "_ToolsProtocolsSwiftExtensionsForPlugin",
      "BuildServerProtocol",
      "LanguageServerProtocol",
      "LanguageServerProtocolTransport",
      "SKLogging",
      "swift-tools-protocols-Package",
      "ToolsProtocolsSwiftExtensions"
    ]
  }
}
2026-10-25 05:53:10.133 xcodebuild[1147:6396] [MT] IDERunDestination: Supported platforms for the buildables in the current scheme is empty.
Running build ...
env DEVELOPER_DIR=/Applications/Xcode-26.5.0.app xcrun xcodebuild -IDEClonedSourcePackagesDirPathOverride=$PWD/.dependencies -skipMacroValidation -skipPackagePluginValidation -derivedDataPath $PWD/.derivedData build -scheme swift-tools-protocols-Package -destination generic/platform=watchOS
Command line invocation:
    /Applications/Xcode-26.5.0.app/Contents/Developer/usr/bin/xcodebuild -IDEClonedSourcePackagesDirPathOverride=/Users/admin/builder/spi-builder-workspace/.dependencies -skipMacroValidation -skipPackagePluginValidation -derivedDataPath /Users/admin/builder/spi-builder-workspace/.derivedData build -scheme swift-tools-protocols-Package -destination generic/platform=watchOS
Resolve Package Graph
Resolved source packages:
  swift-format: https://github.com/swiftlang/swift-format.git @ main (b15dd59)
  swift-markdown: https://github.com/swiftlang/swift-markdown.git @ 0.9.0
  cmark-gfm: https://github.com/swiftlang/swift-cmark.git @ 0.9.0
  swift-argument-parser: https://github.com/apple/swift-argument-parser.git @ 1.8.2
  swift-syntax: https://github.com/swiftlang/swift-syntax.git @ main (1ea16ff)
  swift-tools-protocols: /Users/admin/builder/spi-builder-workspace
ComputePackagePrebuildTargetDependencyGraph
Prepare packages
CreateBuildRequest
SendProjectDescription
CreateBuildOperation
ComputeTargetDependencyGraph
note: Building targets in dependency order
note: Target dependency graph (14 targets)
    Target '_ToolsProtocolsSwiftExtensionsForPlugin' in project 'swift-tools-protocols'
        ➜ Explicit dependency on target '_ToolsProtocolsSwiftExtensionsForPlugin' in project 'swift-tools-protocols'
    Target '_SKLoggingForPlugin' in project 'swift-tools-protocols'
        ➜ Explicit dependency on target '_SKLoggingForPlugin' in project 'swift-tools-protocols'
        ➜ Explicit dependency on target '_ToolsProtocolsSwiftExtensionsForPlugin' in project 'swift-tools-protocols'
    Target '_SKLoggingForPlugin' in project 'swift-tools-protocols'
        ➜ Explicit dependency on target '_ToolsProtocolsSwiftExtensionsForPlugin' in project 'swift-tools-protocols'
    Target '_ToolsProtocolsSwiftExtensionsForPlugin' in project 'swift-tools-protocols' (no dependencies)
    Target 'ToolsProtocolsSwiftExtensions' in project 'swift-tools-protocols'
        ➜ Explicit dependency on target 'ToolsProtocolsSwiftExtensions' in project 'swift-tools-protocols'
    Target 'SKLogging' in project 'swift-tools-protocols'
        ➜ Explicit dependency on target 'SKLogging' in project 'swift-tools-protocols'
        ➜ Explicit dependency on target 'ToolsProtocolsSwiftExtensions' in project 'swift-tools-protocols'
    Target 'LanguageServerProtocolTransport' in project 'swift-tools-protocols'
        ➜ Explicit dependency on target 'LanguageServerProtocolTransport' in project 'swift-tools-protocols'
        ➜ Explicit dependency on target 'LanguageServerProtocol' in project 'swift-tools-protocols'
        ➜ Explicit dependency on target 'BuildServerProtocol' in project 'swift-tools-protocols'
        ➜ Explicit dependency on target 'ToolsProtocolsSwiftExtensions' in project 'swift-tools-protocols'
        ➜ Explicit dependency on target 'SKLogging' in project 'swift-tools-protocols'
    Target 'LanguageServerProtocolTransport' in project 'swift-tools-protocols'
        ➜ Explicit dependency on target 'LanguageServerProtocol' in project 'swift-tools-protocols'
        ➜ Explicit dependency on target 'BuildServerProtocol' in project 'swift-tools-protocols'
        ➜ Explicit dependency on target 'ToolsProtocolsSwiftExtensions' in project 'swift-tools-protocols'
        ➜ Explicit dependency on target 'SKLogging' in project 'swift-tools-protocols'
    Target 'SKLogging' in project 'swift-tools-protocols'
        ➜ Explicit dependency on target 'ToolsProtocolsSwiftExtensions' in project 'swift-tools-protocols'
    Target 'ToolsProtocolsSwiftExtensions' in project 'swift-tools-protocols' (no dependencies)
    Target 'LanguageServerProtocol' in project 'swift-tools-protocols'
        ➜ Explicit dependency on target 'LanguageServerProtocol' in project 'swift-tools-protocols'
    Target 'BuildServerProtocol' in project 'swift-tools-protocols'
        ➜ Explicit dependency on target 'BuildServerProtocol' in project 'swift-tools-protocols'
        ➜ Explicit dependency on target 'LanguageServerProtocol' in project 'swift-tools-protocols'
    Target 'BuildServerProtocol' in project 'swift-tools-protocols'
        ➜ Explicit dependency on target 'LanguageServerProtocol' in project 'swift-tools-protocols'
    Target 'LanguageServerProtocol' in project 'swift-tools-protocols' (no dependencies)
GatherProvisioningInputs
CreateBuildDescription
ClangStatCache /Applications/Xcode-26.5.0.app/Contents/Developer/Toolchains/XcodeDefault.xctoolchain/usr/bin/clang-stat-cache /Applications/Xcode-26.5.0.app/Contents/Developer/Platforms/WatchOS.platform/Developer/SDKs/WatchOS26.5.sdk /Users/admin/builder/spi-builder-workspace/.derivedData/SDKStatCaches.noindex/watchos26.5-23T570-688ef53f1462e2c8f657fdc38a81448f7931b973dfc65d9472806dbbc3af9379.sdkstatcache
    cd /Users/admin/builder/spi-builder-workspace/.swiftpm/xcode
    /Applications/Xcode-26.5.0.app/Contents/Developer/Toolchains/XcodeDefault.xctoolchain/usr/bin/clang-stat-cache /Applications/Xcode-26.5.0.app/Contents/Developer/Platforms/WatchOS.platform/Developer/SDKs/WatchOS26.5.sdk -o /Users/admin/builder/spi-builder-workspace/.derivedData/SDKStatCaches.noindex/watchos26.5-23T570-688ef53f1462e2c8f657fdc38a81448f7931b973dfc65d9472806dbbc3af9379.sdkstatcache
SwiftDriver _ToolsProtocolsSwiftExtensionsForPlugin normal arm64 com.apple.xcode.tools.swift.compiler (in target '_ToolsProtocolsSwiftExtensionsForPlugin' from project 'swift-tools-protocols')
    cd /Users/admin/builder/spi-builder-workspace/.swiftpm/xcode
    builtin-SwiftDriver -- /Applications/Xcode-26.5.0.app/Contents/Developer/Toolchains/XcodeDefault.xctoolchain/usr/bin/swiftc -module-name _ToolsProtocolsSwiftExtensionsForPlugin -Onone @/Users/admin/builder/spi-builder-workspace/.derivedData/Build/Intermediates.noindex/swift-tools-protocols.build/Debug-watchos/_ToolsProtocolsSwiftExtensionsForPlugin.build/Objects-normal/arm64/_ToolsProtocolsSwiftExtensionsForPlugin.SwiftFileList -DSWIFT_PACKAGE -DDEBUG -DSWIFT_MODULE_RESOURCE_BUNDLE_UNAVAILABLE -DXcode -enable-upcoming-feature InternalImportsByDefault -enable-upcoming-feature MemberImportVisibility -enable-upcoming-feature InferIsolatedConformances -enable-upcoming-feature NonisolatedNonsendingByDefault -plugin-path /Applications/Xcode-26.5.0.app/Contents/Developer/Toolchains/XcodeDefault.xctoolchain/usr/lib/swift/host/plugins/testing -enable-experimental-feature DebugDescriptionMacro -sdk /Applications/Xcode-26.5.0.app/Contents/Developer/Platforms/WatchOS.platform/Developer/SDKs/WatchOS26.5.sdk -target arm64-apple-watchos11.0 -g -module-cache-path /Users/admin/builder/spi-builder-workspace/.derivedData/ModuleCache.noindex -Xfrontend -serialize-debugging-options -profile-coverage-mapping -profile-generate -enable-testing -index-store-path /Users/admin/builder/spi-builder-workspace/.derivedData/Index.noindex/DataStore -Xcc -D_LIBCPP_HARDENING_MODE\=_LIBCPP_HARDENING_MODE_DEBUG -swift-version 6 -I /Users/admin/builder/spi-builder-workspace/.derivedData/Build/Products/Debug-watchos -Isystem /Applications/Xcode-26.5.0.app/Contents/Developer/Platforms/WatchOS.platform/Developer/usr/lib -F /Users/admin/builder/spi-builder-workspace/.derivedData/Build/Products/Debug-watchos -F /Applications/Xcode-26.5.0.app/Contents/Developer/Platforms/WatchOS.platform/Developer/Library/Frameworks -F /Applications/Xcode-26.5.0.app/Contents/Developer/Platforms/WatchOS.platform/Developer/SDKs/WatchOS26.5.sdk/Developer/Library/Frameworks -c -j10 -enable-batch-mode -incremental -Xcc -ivfsstatcache -Xcc /Users/admin/builder/spi-builder-workspace/.derivedData/SDKStatCaches.noindex/watchos26.5-23T570-688ef53f1462e2c8f657fdc38a81448f7931b973dfc65d9472806dbbc3af9379.sdkstatcache -output-file-map /Users/admin/builder/spi-builder-workspace/.derivedData/Build/Intermediates.noindex/swift-tools-protocols.build/Debug-watchos/_ToolsProtocolsSwiftExtensionsForPlugin.build/Objects-normal/arm64/_ToolsProtocolsSwiftExtensionsForPlugin-OutputFileMap.json -use-frontend-parseable-output -save-temps -no-color-diagnostics -explicit-module-build -module-cache-path /Users/admin/builder/spi-builder-workspace/.derivedData/Build/Intermediates.noindex/SwiftExplicitPrecompiledModules -clang-scanner-module-cache-path /Users/admin/builder/spi-builder-workspace/.derivedData/ModuleCache.noindex -sdk-module-cache-path /Users/admin/builder/spi-builder-workspace/.derivedData/ModuleCache.noindex -serialize-diagnostics -emit-dependencies -emit-module -emit-module-path /Users/admin/builder/spi-builder-workspace/.derivedData/Build/Intermediates.noindex/swift-tools-protocols.build/Debug-watchos/_ToolsProtocolsSwiftExtensionsForPlugin.build/Objects-normal/arm64/_ToolsProtocolsSwiftExtensionsForPlugin.swiftmodule -validate-clang-modules-once -clang-build-session-file /Users/admin/builder/spi-builder-workspace/.derivedData/ModuleCache.noindex/Session.modulevalidation -package-name spi_builder_workspace -Xcc -I/Users/admin/builder/spi-builder-workspace/.derivedData/Build/Intermediates.noindex/swift-tools-protocols.build/Debug-watchos/_ToolsProtocolsSwiftExtensionsForPlugin.build/swift-overrides.hmap -emit-const-values -Xfrontend -const-gather-protocols-file -Xfrontend /Users/admin/builder/spi-builder-workspace/.derivedData/Build/Intermediates.noindex/swift-tools-protocols.build/Debug-watchos/_ToolsProtocolsSwiftExtensionsForPlugin.build/Objects-normal/arm64/_ToolsProtocolsSwiftExtensionsForPlugin_const_extract_protocols.json -Xcc -I/Users/admin/builder/spi-builder-workspace/.derivedData/Build/Products/Debug-watchos/include -Xcc -I/Users/admin/builder/spi-builder-workspace/.derivedData/Build/Intermediates.noindex/swift-tools-protocols.build/Debug-watchos/_ToolsProtocolsSwiftExtensionsForPlugin.build/DerivedSources-normal/arm64 -Xcc -I/Users/admin/builder/spi-builder-workspace/.derivedData/Build/Intermediates.noindex/swift-tools-protocols.build/Debug-watchos/_ToolsProtocolsSwiftExtensionsForPlugin.build/DerivedSources/arm64 -Xcc -I/Users/admin/builder/spi-builder-workspace/.derivedData/Build/Intermediates.noindex/swift-tools-protocols.build/Debug-watchos/_ToolsProtocolsSwiftExtensionsForPlugin.build/DerivedSources -Xcc -DSWIFT_PACKAGE -Xcc -DDEBUG\=1 -emit-objc-header -emit-objc-header-path /Users/admin/builder/spi-builder-workspace/.derivedData/Build/Intermediates.noindex/swift-tools-protocols.build/Debug-watchos/_ToolsProtocolsSwiftExtensionsForPlugin.build/Objects-normal/arm64/_ToolsProtocolsSwiftExtensionsForPlugin-Swift.h -working-directory /Users/admin/builder/spi-builder-workspace/.swiftpm/xcode -experimental-emit-module-separately -disable-cmo
SwiftDriver ToolsProtocolsSwiftExtensions normal arm64 com.apple.xcode.tools.swift.compiler (in target 'ToolsProtocolsSwiftExtensions' from project 'swift-tools-protocols')
    cd /Users/admin/builder/spi-builder-workspace/.swiftpm/xcode
    builtin-SwiftDriver -- /Applications/Xcode-26.5.0.app/Contents/Developer/Toolchains/XcodeDefault.xctoolchain/usr/bin/swiftc -module-name ToolsProtocolsSwiftExtensions -Onone @/Users/admin/builder/spi-builder-workspace/.derivedData/Build/Intermediates.noindex/swift-tools-protocols.build/Debug-watchos/ToolsProtocolsSwiftExtensions.build/Objects-normal/arm64/ToolsProtocolsSwiftExtensions.SwiftFileList -DSWIFT_PACKAGE -DDEBUG -DSWIFT_MODULE_RESOURCE_BUNDLE_UNAVAILABLE -DXcode -enable-upcoming-feature InternalImportsByDefault -enable-upcoming-feature MemberImportVisibility -enable-upcoming-feature InferIsolatedConformances -enable-upcoming-feature NonisolatedNonsendingByDefault -plugin-path /Applications/Xcode-26.5.0.app/Contents/Developer/Toolchains/XcodeDefault.xctoolchain/usr/lib/swift/host/plugins/testing -enable-experimental-feature DebugDescriptionMacro -sdk /Applications/Xcode-26.5.0.app/Contents/Developer/Platforms/WatchOS.platform/Developer/SDKs/WatchOS26.5.sdk -target arm64-apple-watchos11.0 -g -module-cache-path /Users/admin/builder/spi-builder-workspace/.derivedData/ModuleCache.noindex -Xfrontend -serialize-debugging-options -profile-coverage-mapping -profile-generate -enable-testing -index-store-path /Users/admin/builder/spi-builder-workspace/.derivedData/Index.noindex/DataStore -Xcc -D_LIBCPP_HARDENING_MODE\=_LIBCPP_HARDENING_MODE_DEBUG -swift-version 6 -I /Users/admin/builder/spi-builder-workspace/.derivedData/Build/Products/Debug-watchos -Isystem /Applications/Xcode-26.5.0.app/Contents/Developer/Platforms/WatchOS.platform/Developer/usr/lib -F /Users/admin/builder/spi-builder-workspace/.derivedData/Build/Products/Debug-watchos -F /Applications/Xcode-26.5.0.app/Contents/Developer/Platforms/WatchOS.platform/Developer/Library/Frameworks -F /Applications/Xcode-26.5.0.app/Contents/Developer/Platforms/WatchOS.platform/Developer/SDKs/WatchOS26.5.sdk/Developer/Library/Frameworks -c -j10 -enable-batch-mode -incremental -Xcc -ivfsstatcache -Xcc /Users/admin/builder/spi-builder-workspace/.derivedData/SDKStatCaches.noindex/watchos26.5-23T570-688ef53f1462e2c8f657fdc38a81448f7931b973dfc65d9472806dbbc3af9379.sdkstatcache -output-file-map /Users/admin/builder/spi-builder-workspace/.derivedData/Build/Intermediates.noindex/swift-tools-protocols.build/Debug-watchos/ToolsProtocolsSwiftExtensions.build/Objects-normal/arm64/ToolsProtocolsSwiftExtensions-OutputFileMap.json -use-frontend-parseable-output -save-temps -no-color-diagnostics -explicit-module-build -module-cache-path /Users/admin/builder/spi-builder-workspace/.derivedData/Build/Intermediates.noindex/SwiftExplicitPrecompiledModules -clang-scanner-module-cache-path /Users/admin/builder/spi-builder-workspace/.derivedData/ModuleCache.noindex -sdk-module-cache-path /Users/admin/builder/spi-builder-workspace/.derivedData/ModuleCache.noindex -serialize-diagnostics -emit-dependencies -emit-module -emit-module-path /Users/admin/builder/spi-builder-workspace/.derivedData/Build/Intermediates.noindex/swift-tools-protocols.build/Debug-watchos/ToolsProtocolsSwiftExtensions.build/Objects-normal/arm64/ToolsProtocolsSwiftExtensions.swiftmodule -validate-clang-modules-once -clang-build-session-file /Users/admin/builder/spi-builder-workspace/.derivedData/ModuleCache.noindex/Session.modulevalidation -package-name spi_builder_workspace -Xcc -I/Users/admin/builder/spi-builder-workspace/.derivedData/Build/Intermediates.noindex/swift-tools-protocols.build/Debug-watchos/ToolsProtocolsSwiftExtensions.build/swift-overrides.hmap -emit-const-values -Xfrontend -const-gather-protocols-file -Xfrontend /Users/admin/builder/spi-builder-workspace/.derivedData/Build/Intermediates.noindex/swift-tools-protocols.build/Debug-watchos/ToolsProtocolsSwiftExtensions.build/Objects-normal/arm64/ToolsProtocolsSwiftExtensions_const_extract_protocols.json -Xcc -I/Users/admin/builder/spi-builder-workspace/.derivedData/Build/Products/Debug-watchos/include -Xcc -I/Users/admin/builder/spi-builder-workspace/.derivedData/Build/Intermediates.noindex/swift-tools-protocols.build/Debug-watchos/ToolsProtocolsSwiftExtensions.build/DerivedSources-normal/arm64 -Xcc -I/Users/admin/builder/spi-builder-workspace/.derivedData/Build/Intermediates.noindex/swift-tools-protocols.build/Debug-watchos/ToolsProtocolsSwiftExtensions.build/DerivedSources/arm64 -Xcc -I/Users/admin/builder/spi-builder-workspace/.derivedData/Build/Intermediates.noindex/swift-tools-protocols.build/Debug-watchos/ToolsProtocolsSwiftExtensions.build/DerivedSources -Xcc -DSWIFT_PACKAGE -Xcc -DDEBUG\=1 -emit-objc-header -emit-objc-header-path /Users/admin/builder/spi-builder-workspace/.derivedData/Build/Intermediates.noindex/swift-tools-protocols.build/Debug-watchos/ToolsProtocolsSwiftExtensions.build/Objects-normal/arm64/ToolsProtocolsSwiftExtensions-Swift.h -working-directory /Users/admin/builder/spi-builder-workspace/.swiftpm/xcode -experimental-emit-module-separately -disable-cmo
SwiftDriver _ToolsProtocolsSwiftExtensionsForPlugin normal arm64_32 com.apple.xcode.tools.swift.compiler (in target '_ToolsProtocolsSwiftExtensionsForPlugin' from project 'swift-tools-protocols')
    cd /Users/admin/builder/spi-builder-workspace/.swiftpm/xcode
    builtin-SwiftDriver -- /Applications/Xcode-26.5.0.app/Contents/Developer/Toolchains/XcodeDefault.xctoolchain/usr/bin/swiftc -module-name _ToolsProtocolsSwiftExtensionsForPlugin -Onone @/Users/admin/builder/spi-builder-workspace/.derivedData/Build/Intermediates.noindex/swift-tools-protocols.build/Debug-watchos/_ToolsProtocolsSwiftExtensionsForPlugin.build/Objects-normal/arm64_32/_ToolsProtocolsSwiftExtensionsForPlugin.SwiftFileList -DSWIFT_PACKAGE -DDEBUG -DSWIFT_MODULE_RESOURCE_BUNDLE_UNAVAILABLE -DXcode -enable-upcoming-feature InternalImportsByDefault -enable-upcoming-feature MemberImportVisibility -enable-upcoming-feature InferIsolatedConformances -enable-upcoming-feature NonisolatedNonsendingByDefault -plugin-path /Applications/Xcode-26.5.0.app/Contents/Developer/Toolchains/XcodeDefault.xctoolchain/usr/lib/swift/host/plugins/testing -enable-experimental-feature DebugDescriptionMacro -sdk /Applications/Xcode-26.5.0.app/Contents/Developer/Platforms/WatchOS.platform/Developer/SDKs/WatchOS26.5.sdk -target arm64_32-apple-watchos11.0 -g -module-cache-path /Users/admin/builder/spi-builder-workspace/.derivedData/ModuleCache.noindex -Xfrontend -serialize-debugging-options -profile-coverage-mapping -profile-generate -enable-testing -index-store-path /Users/admin/builder/spi-builder-workspace/.derivedData/Index.noindex/DataStore -Xcc -D_LIBCPP_HARDENING_MODE\=_LIBCPP_HARDENING_MODE_DEBUG -swift-version 6 -I /Users/admin/builder/spi-builder-workspace/.derivedData/Build/Products/Debug-watchos -Isystem /Applications/Xcode-26.5.0.app/Contents/Developer/Platforms/WatchOS.platform/Developer/usr/lib -F /Users/admin/builder/spi-builder-workspace/.derivedData/Build/Products/Debug-watchos -F /Applications/Xcode-26.5.0.app/Contents/Developer/Platforms/WatchOS.platform/Developer/Library/Frameworks -F /Applications/Xcode-26.5.0.app/Contents/Developer/Platforms/WatchOS.platform/Developer/SDKs/WatchOS26.5.sdk/Developer/Library/Frameworks -c -j10 -enable-batch-mode -incremental -Xcc -ivfsstatcache -Xcc /Users/admin/builder/spi-builder-workspace/.derivedData/SDKStatCaches.noindex/watchos26.5-23T570-688ef53f1462e2c8f657fdc38a81448f7931b973dfc65d9472806dbbc3af9379.sdkstatcache -output-file-map /Users/admin/builder/spi-builder-workspace/.derivedData/Build/Intermediates.noindex/swift-tools-protocols.build/Debug-watchos/_ToolsProtocolsSwiftExtensionsForPlugin.build/Objects-normal/arm64_32/_ToolsProtocolsSwiftExtensionsForPlugin-OutputFileMap.json -use-frontend-parseable-output -save-temps -no-color-diagnostics -explicit-module-build -module-cache-path /Users/admin/builder/spi-builder-workspace/.derivedData/Build/Intermediates.noindex/SwiftExplicitPrecompiledModules -clang-scanner-module-cache-path /Users/admin/builder/spi-builder-workspace/.derivedData/ModuleCache.noindex -sdk-module-cache-path /Users/admin/builder/spi-builder-workspace/.derivedData/ModuleCache.noindex -serialize-diagnostics -emit-dependencies -emit-module -emit-module-path /Users/admin/builder/spi-builder-workspace/.derivedData/Build/Intermediates.noindex/swift-tools-protocols.build/Debug-watchos/_ToolsProtocolsSwiftExtensionsForPlugin.build/Objects-normal/arm64_32/_ToolsProtocolsSwiftExtensionsForPlugin.swiftmodule -validate-clang-modules-once -clang-build-session-file /Users/admin/builder/spi-builder-workspace/.derivedData/ModuleCache.noindex/Session.modulevalidation -package-name spi_builder_workspace -Xcc -I/Users/admin/builder/spi-builder-workspace/.derivedData/Build/Intermediates.noindex/swift-tools-protocols.build/Debug-watchos/_ToolsProtocolsSwiftExtensionsForPlugin.build/swift-overrides.hmap -emit-const-values -Xfrontend -const-gather-protocols-file -Xfrontend /Users/admin/builder/spi-builder-workspace/.derivedData/Build/Intermediates.noindex/swift-tools-protocols.build/Debug-watchos/_ToolsProtocolsSwiftExtensionsForPlugin.build/Objects-normal/arm64_32/_ToolsProtocolsSwiftExtensionsForPlugin_const_extract_protocols.json -Xcc -I/Users/admin/builder/spi-builder-workspace/.derivedData/Build/Products/Debug-watchos/include -Xcc -I/Users/admin/builder/spi-builder-workspace/.derivedData/Build/Intermediates.noindex/swift-tools-protocols.build/Debug-watchos/_ToolsProtocolsSwiftExtensionsForPlugin.build/DerivedSources-normal/arm64_32 -Xcc -I/Users/admin/builder/spi-builder-workspace/.derivedData/Build/Intermediates.noindex/swift-tools-protocols.build/Debug-watchos/_ToolsProtocolsSwiftExtensionsForPlugin.build/DerivedSources/arm64_32 -Xcc -I/Users/admin/builder/spi-builder-workspace/.derivedData/Build/Intermediates.noindex/swift-tools-protocols.build/Debug-watchos/_ToolsProtocolsSwiftExtensionsForPlugin.build/DerivedSources -Xcc -DSWIFT_PACKAGE -Xcc -DDEBUG\=1 -emit-objc-header -emit-objc-header-path /Users/admin/builder/spi-builder-workspace/.derivedData/Build/Intermediates.noindex/swift-tools-protocols.build/Debug-watchos/_ToolsProtocolsSwiftExtensionsForPlugin.build/Objects-normal/arm64_32/_ToolsProtocolsSwiftExtensionsForPlugin-Swift.h -working-directory /Users/admin/builder/spi-builder-workspace/.swiftpm/xcode -experimental-emit-module-separately -disable-cmo
SwiftDriver LanguageServerProtocol normal arm64_32 com.apple.xcode.tools.swift.compiler (in target 'LanguageServerProtocol' from project 'swift-tools-protocols')
    cd /Users/admin/builder/spi-builder-workspace/.swiftpm/xcode
    builtin-SwiftDriver -- /Applications/Xcode-26.5.0.app/Contents/Developer/Toolchains/XcodeDefault.xctoolchain/usr/bin/swiftc -module-name LanguageServerProtocol -Onone @/Users/admin/builder/spi-builder-workspace/.derivedData/Build/Intermediates.noindex/swift-tools-protocols.build/Debug-watchos/LanguageServerProtocol.build/Objects-normal/arm64_32/LanguageServerProtocol.SwiftFileList -DSWIFT_PACKAGE -DDEBUG -DSWIFT_MODULE_RESOURCE_BUNDLE_UNAVAILABLE -DXcode -enable-upcoming-feature InternalImportsByDefault -enable-upcoming-feature MemberImportVisibility -enable-upcoming-feature InferIsolatedConformances -enable-upcoming-feature NonisolatedNonsendingByDefault -plugin-path /Applications/Xcode-26.5.0.app/Contents/Developer/Toolchains/XcodeDefault.xctoolchain/usr/lib/swift/host/plugins/testing -enable-experimental-feature DebugDescriptionMacro -sdk /Applications/Xcode-26.5.0.app/Contents/Developer/Platforms/WatchOS.platform/Developer/SDKs/WatchOS26.5.sdk -target arm64_32-apple-watchos11.0 -g -module-cache-path /Users/admin/builder/spi-builder-workspace/.derivedData/ModuleCache.noindex -Xfrontend -serialize-debugging-options -profile-coverage-mapping -profile-generate -enable-testing -index-store-path /Users/admin/builder/spi-builder-workspace/.derivedData/Index.noindex/DataStore -Xcc -D_LIBCPP_HARDENING_MODE\=_LIBCPP_HARDENING_MODE_DEBUG -swift-version 6 -I /Users/admin/builder/spi-builder-workspace/.derivedData/Build/Products/Debug-watchos -Isystem /Applications/Xcode-26.5.0.app/Contents/Developer/Platforms/WatchOS.platform/Developer/usr/lib -F /Users/admin/builder/spi-builder-workspace/.derivedData/Build/Products/Debug-watchos -F /Applications/Xcode-26.5.0.app/Contents/Developer/Platforms/WatchOS.platform/Developer/Library/Frameworks -F /Applications/Xcode-26.5.0.app/Contents/Developer/Platforms/WatchOS.platform/Developer/SDKs/WatchOS26.5.sdk/Developer/Library/Frameworks -c -j10 -enable-batch-mode -incremental -Xcc -ivfsstatcache -Xcc /Users/admin/builder/spi-builder-workspace/.derivedData/SDKStatCaches.noindex/watchos26.5-23T570-688ef53f1462e2c8f657fdc38a81448f7931b973dfc65d9472806dbbc3af9379.sdkstatcache -output-file-map /Users/admin/builder/spi-builder-workspace/.derivedData/Build/Intermediates.noindex/swift-tools-protocols.build/Debug-watchos/LanguageServerProtocol.build/Objects-normal/arm64_32/LanguageServerProtocol-OutputFileMap.json -use-frontend-parseable-output -save-temps -no-color-diagnostics -explicit-module-build -module-cache-path /Users/admin/builder/spi-builder-workspace/.derivedData/Build/Intermediates.noindex/SwiftExplicitPrecompiledModules -clang-scanner-module-cache-path /Users/admin/builder/spi-builder-workspace/.derivedData/ModuleCache.noindex -sdk-module-cache-path /Users/admin/builder/spi-builder-workspace/.derivedData/ModuleCache.noindex -serialize-diagnostics -emit-dependencies -emit-module -emit-module-path /Users/admin/builder/spi-builder-workspace/.derivedData/Build/Intermediates.noindex/swift-tools-protocols.build/Debug-watchos/LanguageServerProtocol.build/Objects-normal/arm64_32/LanguageServerProtocol.swiftmodule -validate-clang-modules-once -clang-build-session-file /Users/admin/builder/spi-builder-workspace/.derivedData/ModuleCache.noindex/Session.modulevalidation -package-name spi_builder_workspace -Xcc -I/Users/admin/builder/spi-builder-workspace/.derivedData/Build/Intermediates.noindex/swift-tools-protocols.build/Debug-watchos/LanguageServerProtocol.build/swift-overrides.hmap -emit-const-values -Xfrontend -const-gather-protocols-file -Xfrontend /Users/admin/builder/spi-builder-workspace/.derivedData/Build/Intermediates.noindex/swift-tools-protocols.build/Debug-watchos/LanguageServerProtocol.build/Objects-normal/arm64_32/LanguageServerProtocol_const_extract_protocols.json -Xcc -I/Users/admin/builder/spi-builder-workspace/.derivedData/Build/Products/Debug-watchos/include -Xcc -I/Users/admin/builder/spi-builder-workspace/.derivedData/Build/Intermediates.noindex/swift-tools-protocols.build/Debug-watchos/LanguageServerProtocol.build/DerivedSources-normal/arm64_32 -Xcc -I/Users/admin/builder/spi-builder-workspace/.derivedData/Build/Intermediates.noindex/swift-tools-protocols.build/Debug-watchos/LanguageServerProtocol.build/DerivedSources/arm64_32 -Xcc -I/Users/admin/builder/spi-builder-workspace/.derivedData/Build/Intermediates.noindex/swift-tools-protocols.build/Debug-watchos/LanguageServerProtocol.build/DerivedSources -Xcc -DSWIFT_PACKAGE -Xcc -DDEBUG\=1 -emit-objc-header -emit-objc-header-path /Users/admin/builder/spi-builder-workspace/.derivedData/Build/Intermediates.noindex/swift-tools-protocols.build/Debug-watchos/LanguageServerProtocol.build/Objects-normal/arm64_32/LanguageServerProtocol-Swift.h -working-directory /Users/admin/builder/spi-builder-workspace/.swiftpm/xcode -experimental-emit-module-separately -disable-cmo
SwiftDriver ToolsProtocolsSwiftExtensions normal arm64_32 com.apple.xcode.tools.swift.compiler (in target 'ToolsProtocolsSwiftExtensions' from project 'swift-tools-protocols')
    cd /Users/admin/builder/spi-builder-workspace/.swiftpm/xcode
    builtin-SwiftDriver -- /Applications/Xcode-26.5.0.app/Contents/Developer/Toolchains/XcodeDefault.xctoolchain/usr/bin/swiftc -module-name ToolsProtocolsSwiftExtensions -Onone @/Users/admin/builder/spi-builder-workspace/.derivedData/Build/Intermediates.noindex/swift-tools-protocols.build/Debug-watchos/ToolsProtocolsSwiftExtensions.build/Objects-normal/arm64_32/ToolsProtocolsSwiftExtensions.SwiftFileList -DSWIFT_PACKAGE -DDEBUG -DSWIFT_MODULE_RESOURCE_BUNDLE_UNAVAILABLE -DXcode -enable-upcoming-feature InternalImportsByDefault -enable-upcoming-feature MemberImportVisibility -enable-upcoming-feature InferIsolatedConformances -enable-upcoming-feature NonisolatedNonsendingByDefault -plugin-path /Applications/Xcode-26.5.0.app/Contents/Developer/Toolchains/XcodeDefault.xctoolchain/usr/lib/swift/host/plugins/testing -enable-experimental-feature DebugDescriptionMacro -sdk /Applications/Xcode-26.5.0.app/Contents/Developer/Platforms/WatchOS.platform/Developer/SDKs/WatchOS26.5.sdk -target arm64_32-apple-watchos11.0 -g -module-cache-path /Users/admin/builder/spi-builder-workspace/.derivedData/ModuleCache.noindex -Xfrontend -serialize-debugging-options -profile-coverage-mapping -profile-generate -enable-testing -index-store-path /Users/admin/builder/spi-builder-workspace/.derivedData/Index.noindex/DataStore -Xcc -D_LIBCPP_HARDENING_MODE\=_LIBCPP_HARDENING_MODE_DEBUG -swift-version 6 -I /Users/admin/builder/spi-builder-workspace/.derivedData/Build/Products/Debug-watchos -Isystem /Applications/Xcode-26.5.0.app/Contents/Developer/Platforms/WatchOS.platform/Developer/usr/lib -F /Users/admin/builder/spi-builder-workspace/.derivedData/Build/Products/Debug-watchos -F /Applications/Xcode-26.5.0.app/Contents/Developer/Platforms/WatchOS.platform/Developer/Library/Frameworks -F /Applications/Xcode-26.5.0.app/Contents/Developer/Platforms/WatchOS.platform/Developer/SDKs/WatchOS26.5.sdk/Developer/Library/Frameworks -c -j10 -enable-batch-mode -incremental -Xcc -ivfsstatcache -Xcc /Users/admin/builder/spi-builder-workspace/.derivedData/SDKStatCaches.noindex/watchos26.5-23T570-688ef53f1462e2c8f657fdc38a81448f7931b973dfc65d9472806dbbc3af9379.sdkstatcache -output-file-map /Users/admin/builder/spi-builder-workspace/.derivedData/Build/Intermediates.noindex/swift-tools-protocols.build/Debug-watchos/ToolsProtocolsSwiftExtensions.build/Objects-normal/arm64_32/ToolsProtocolsSwiftExtensions-OutputFileMap.json -use-frontend-parseable-output -save-temps -no-color-diagnostics -explicit-module-build -module-cache-path /Users/admin/builder/spi-builder-workspace/.derivedData/Build/Intermediates.noindex/SwiftExplicitPrecompiledModules -clang-scanner-module-cache-path /Users/admin/builder/spi-builder-workspace/.derivedData/ModuleCache.noindex -sdk-module-cache-path /Users/admin/builder/spi-builder-workspace/.derivedData/ModuleCache.noindex -serialize-diagnostics -emit-dependencies -emit-module -emit-module-path /Users/admin/builder/spi-builder-workspace/.derivedData/Build/Intermediates.noindex/swift-tools-protocols.build/Debug-watchos/ToolsProtocolsSwiftExtensions.build/Objects-normal/arm64_32/ToolsProtocolsSwiftExtensions.swiftmodule -validate-clang-modules-once -clang-build-session-file /Users/admin/builder/spi-builder-workspace/.derivedData/ModuleCache.noindex/Session.modulevalidation -package-name spi_builder_workspace -Xcc -I/Users/admin/builder/spi-builder-workspace/.derivedData/Build/Intermediates.noindex/swift-tools-protocols.build/Debug-watchos/ToolsProtocolsSwiftExtensions.build/swift-overrides.hmap -emit-const-values -Xfrontend -const-gather-protocols-file -Xfrontend /Users/admin/builder/spi-builder-workspace/.derivedData/Build/Intermediates.noindex/swift-tools-protocols.build/Debug-watchos/ToolsProtocolsSwiftExtensions.build/Objects-normal/arm64_32/ToolsProtocolsSwiftExtensions_const_extract_protocols.json -Xcc -I/Users/admin/builder/spi-builder-workspace/.derivedData/Build/Products/Debug-watchos/include -Xcc -I/Users/admin/builder/spi-builder-workspace/.derivedData/Build/Intermediates.noindex/swift-tools-protocols.build/Debug-watchos/ToolsProtocolsSwiftExtensions.build/DerivedSources-normal/arm64_32 -Xcc -I/Users/admin/builder/spi-builder-workspace/.derivedData/Build/Intermediates.noindex/swift-tools-protocols.build/Debug-watchos/ToolsProtocolsSwiftExtensions.build/DerivedSources/arm64_32 -Xcc -I/Users/admin/builder/spi-builder-workspace/.derivedData/Build/Intermediates.noindex/swift-tools-protocols.build/Debug-watchos/ToolsProtocolsSwiftExtensions.build/DerivedSources -Xcc -DSWIFT_PACKAGE -Xcc -DDEBUG\=1 -emit-objc-header -emit-objc-header-path /Users/admin/builder/spi-builder-workspace/.derivedData/Build/Intermediates.noindex/swift-tools-protocols.build/Debug-watchos/ToolsProtocolsSwiftExtensions.build/Objects-normal/arm64_32/ToolsProtocolsSwiftExtensions-Swift.h -working-directory /Users/admin/builder/spi-builder-workspace/.swiftpm/xcode -experimental-emit-module-separately -disable-cmo
SwiftDriver LanguageServerProtocol normal arm64 com.apple.xcode.tools.swift.compiler (in target 'LanguageServerProtocol' from project 'swift-tools-protocols')
    cd /Users/admin/builder/spi-builder-workspace/.swiftpm/xcode
    builtin-SwiftDriver -- /Applications/Xcode-26.5.0.app/Contents/Developer/Toolchains/XcodeDefault.xctoolchain/usr/bin/swiftc -module-name LanguageServerProtocol -Onone @/Users/admin/builder/spi-builder-workspace/.derivedData/Build/Intermediates.noindex/swift-tools-protocols.build/Debug-watchos/LanguageServerProtocol.build/Objects-normal/arm64/LanguageServerProtocol.SwiftFileList -DSWIFT_PACKAGE -DDEBUG -DSWIFT_MODULE_RESOURCE_BUNDLE_UNAVAILABLE -DXcode -enable-upcoming-feature InternalImportsByDefault -enable-upcoming-feature MemberImportVisibility -enable-upcoming-feature InferIsolatedConformances -enable-upcoming-feature NonisolatedNonsendingByDefault -plugin-path /Applications/Xcode-26.5.0.app/Contents/Developer/Toolchains/XcodeDefault.xctoolchain/usr/lib/swift/host/plugins/testing -enable-experimental-feature DebugDescriptionMacro -sdk /Applications/Xcode-26.5.0.app/Contents/Developer/Platforms/WatchOS.platform/Developer/SDKs/WatchOS26.5.sdk -target arm64-apple-watchos11.0 -g -module-cache-path /Users/admin/builder/spi-builder-workspace/.derivedData/ModuleCache.noindex -Xfrontend -serialize-debugging-options -profile-coverage-mapping -profile-generate -enable-testing -index-store-path /Users/admin/builder/spi-builder-workspace/.derivedData/Index.noindex/DataStore -Xcc -D_LIBCPP_HARDENING_MODE\=_LIBCPP_HARDENING_MODE_DEBUG -swift-version 6 -I /Users/admin/builder/spi-builder-workspace/.derivedData/Build/Products/Debug-watchos -Isystem /Applications/Xcode-26.5.0.app/Contents/Developer/Platforms/WatchOS.platform/Developer/usr/lib -F /Users/admin/builder/spi-builder-workspace/.derivedData/Build/Products/Debug-watchos -F /Applications/Xcode-26.5.0.app/Contents/Developer/Platforms/WatchOS.platform/Developer/Library/Frameworks -F /Applications/Xcode-26.5.0.app/Contents/Developer/Platforms/WatchOS.platform/Developer/SDKs/WatchOS26.5.sdk/Developer/Library/Frameworks -c -j10 -enable-batch-mode -incremental -Xcc -ivfsstatcache -Xcc /Users/admin/builder/spi-builder-workspace/.derivedData/SDKStatCaches.noindex/watchos26.5-23T570-688ef53f1462e2c8f657fdc38a81448f7931b973dfc65d9472806dbbc3af9379.sdkstatcache -output-file-map /Users/admin/builder/spi-builder-workspace/.derivedData/Build/Intermediates.noindex/swift-tools-protocols.build/Debug-watchos/LanguageServerProtocol.build/Objects-normal/arm64/LanguageServerProtocol-OutputFileMap.json -use-frontend-parseable-output -save-temps -no-color-diagnostics -explicit-module-build -module-cache-path /Users/admin/builder/spi-builder-workspace/.derivedData/Build/Intermediates.noindex/SwiftExplicitPrecompiledModules -clang-scanner-module-cache-path /Users/admin/builder/spi-builder-workspace/.derivedData/ModuleCache.noindex -sdk-module-cache-path /Users/admin/builder/spi-builder-workspace/.derivedData/ModuleCache.noindex -serialize-diagnostics -emit-dependencies -emit-module -emit-module-path /Users/admin/builder/spi-builder-workspace/.derivedData/Build/Intermediates.noindex/swift-tools-protocols.build/Debug-watchos/LanguageServerProtocol.build/Objects-normal/arm64/LanguageServerProtocol.swiftmodule -validate-clang-modules-once -clang-build-session-file /Users/admin/builder/spi-builder-workspace/.derivedData/ModuleCache.noindex/Session.modulevalidation -package-name spi_builder_workspace -Xcc -I/Users/admin/builder/spi-builder-workspace/.derivedData/Build/Intermediates.noindex/swift-tools-protocols.build/Debug-watchos/LanguageServerProtocol.build/swift-overrides.hmap -emit-const-values -Xfrontend -const-gather-protocols-file -Xfrontend /Users/admin/builder/spi-builder-workspace/.derivedData/Build/Intermediates.noindex/swift-tools-protocols.build/Debug-watchos/LanguageServerProtocol.build/Objects-normal/arm64/LanguageServerProtocol_const_extract_protocols.json -Xcc -I/Users/admin/builder/spi-builder-workspace/.derivedData/Build/Products/Debug-watchos/include -Xcc -I/Users/admin/builder/spi-builder-workspace/.derivedData/Build/Intermediates.noindex/swift-tools-protocols.build/Debug-watchos/LanguageServerProtocol.build/DerivedSources-normal/arm64 -Xcc -I/Users/admin/builder/spi-builder-workspace/.derivedData/Build/Intermediates.noindex/swift-tools-protocols.build/Debug-watchos/LanguageServerProtocol.build/DerivedSources/arm64 -Xcc -I/Users/admin/builder/spi-builder-workspace/.derivedData/Build/Intermediates.noindex/swift-tools-protocols.build/Debug-watchos/LanguageServerProtocol.build/DerivedSources -Xcc -DSWIFT_PACKAGE -Xcc -DDEBUG\=1 -emit-objc-header -emit-objc-header-path /Users/admin/builder/spi-builder-workspace/.derivedData/Build/Intermediates.noindex/swift-tools-protocols.build/Debug-watchos/LanguageServerProtocol.build/Objects-normal/arm64/LanguageServerProtocol-Swift.h -working-directory /Users/admin/builder/spi-builder-workspace/.swiftpm/xcode -experimental-emit-module-separately -disable-cmo
SwiftEmitModule normal arm64_32 Emitting\ module\ for\ ToolsProtocolsSwiftExtensions (in target 'ToolsProtocolsSwiftExtensions' from project 'swift-tools-protocols')
Failed frontend command:
/Applications/Xcode-26.5.0.app/Contents/Developer/Toolchains/XcodeDefault.xctoolchain/usr/bin/swift-frontend -frontend -emit-module -experimental-skip-non-inlinable-function-bodies-without-types /Users/admin/builder/spi-builder-workspace/Sources/ToolsProtocolsSwiftExtensions/AsyncQueue.swift /Users/admin/builder/spi-builder-workspace/Sources/ToolsProtocolsSwiftExtensions/AsyncUtils.swift /Users/admin/builder/spi-builder-workspace/Sources/ToolsProtocolsSwiftExtensions/Collection+Only.swift /Users/admin/builder/spi-builder-workspace/Sources/ToolsProtocolsSwiftExtensions/Duration+Seconds.swift /Users/admin/builder/spi-builder-workspace/Sources/ToolsProtocolsSwiftExtensions/FileManagerExtensions.swift /Users/admin/builder/spi-builder-workspace/Sources/ToolsProtocolsSwiftExtensions/PipeAsStringHandler.swift /Users/admin/builder/spi-builder-workspace/Sources/ToolsProtocolsSwiftExtensions/RefBox.swift /Users/admin/builder/spi-builder-workspace/Sources/ToolsProtocolsSwiftExtensions/Task+WithPriorityChangedHandler.swift /Users/admin/builder/spi-builder-workspace/Sources/ToolsProtocolsSwiftExtensions/ThreadSafeBox.swift /Users/admin/builder/spi-builder-workspace/Sources/ToolsProtocolsSwiftExtensions/URLExtensions.swift -target arm64_32-apple-watchos11.0 -module-can-import-version Darwin 377.120.8 0 -load-resolved-plugin /Applications/Xcode-26.5.0.app/Contents/Developer/Platforms/WatchOS.platform/Developer/usr/lib/swift/host/plugins/libFoundationMacros.dylib\#/Applications/Xcode-26.5.0.app/Contents/Developer/Platforms/WatchOS.platform/Developer/usr/bin/swift-plugin-server\#FoundationMacros -load-resolved-plugin /Applications/Xcode-26.5.0.app/Contents/Developer/Platforms/WatchOS.platform/Developer/usr/lib/swift/host/plugins/libObservationMacros.dylib\#/Applications/Xcode-26.5.0.app/Contents/Developer/Platforms/WatchOS.platform/Developer/usr/bin/swift-plugin-server\#ObservationMacros -load-resolved-plugin /Applications/Xcode-26.5.0.app/Contents/Developer/Platforms/WatchOS.platform/Developer/usr/lib/swift/host/plugins/libSwiftMacros.dylib\#/Applications/Xcode-26.5.0.app/Contents/Developer/Platforms/WatchOS.platform/Developer/usr/bin/swift-plugin-server\#SwiftMacros -disable-implicit-swift-modules -Xcc -fno-implicit-modules -Xcc -fno-implicit-module-maps -explicit-swift-module-map-file /Users/admin/builder/spi-builder-workspace/.derivedData/Build/Intermediates.noindex/swift-tools-protocols.build/Debug-watchos/ToolsProtocolsSwiftExtensions.build/Objects-normal/arm64_32/ToolsProtocolsSwiftExtensions-dependencies-1.json -enable-objc-interop -sdk /Applications/Xcode-26.5.0.app/Contents/Developer/Platforms/WatchOS.platform/Developer/SDKs/WatchOS26.5.sdk -I /Users/admin/builder/spi-builder-workspace/.derivedData/Build/Products/Debug-watchos -Isystem /Applications/Xcode-26.5.0.app/Contents/Developer/Platforms/WatchOS.platform/Developer/usr/lib -F /Users/admin/builder/spi-builder-workspace/.derivedData/Build/Products/Debug-watchos -F /Applications/Xcode-26.5.0.app/Contents/Developer/Platforms/WatchOS.platform/Developer/Library/Frameworks -F /Applications/Xcode-26.5.0.app/Contents/Developer/Platforms/WatchOS.platform/Developer/SDKs/WatchOS26.5.sdk/Developer/Library/Frameworks -no-color-diagnostics -Xcc -fno-color-diagnostics -enable-testing -g -debug-info-format\=dwarf -dwarf-version\=5 -module-cache-path /Users/admin/builder/spi-builder-workspace/.derivedData/Build/Intermediates.noindex/SwiftExplicitPrecompiledModules -profile-generate -profile-coverage-mapping -swift-version 6 -Onone -D SWIFT_PACKAGE -D DEBUG -D SWIFT_MODULE_RESOURCE_BUNDLE_UNAVAILABLE -D Xcode -serialize-debugging-options -const-gather-protocols-file /Users/admin/builder/spi-builder-workspace/.derivedData/Build/Intermediates.noindex/swift-tools-protocols.build/Debug-watchos/ToolsProtocolsSwiftExtensions.build/Objects-normal/arm64_32/ToolsProtocolsSwiftExtensions_const_extract_protocols.json -enable-upcoming-feature InternalImportsByDefault -enable-upcoming-feature MemberImportVisibility -enable-upcoming-feature InferIsolatedConformances -enable-upcoming-feature NonisolatedNonsendingByDefault -enable-experimental-feature DebugDescriptionMacro -empty-abi-descriptor -validate-clang-modules-once -clang-build-session-file /Users/admin/builder/spi-builder-workspace/.derivedData/ModuleCache.noindex/Session.modulevalidation -Xcc -working-directory -Xcc /Users/admin/builder/spi-builder-workspace/.swiftpm/xcode -enable-anonymous-context-mangled-names -file-compilation-dir /Users/admin/builder/spi-builder-workspace/.swiftpm/xcode -Xcc -D_LIBCPP_HARDENING_MODE\=_LIBCPP_HARDENING_MODE_DEBUG -Xcc -ivfsstatcache -Xcc /Users/admin/builder/spi-builder-workspace/.derivedData/SDKStatCaches.noindex/watchos26.5-23T570-688ef53f1462e2c8f657fdc38a81448f7931b973dfc65d9472806dbbc3af9379.sdkstatcache -Xcc -I/Users/admin/builder/spi-builder-workspace/.derivedData/Build/Intermediates.noindex/swift-tools-protocols.build/Debug-watchos/ToolsProtocolsSwiftExtensions.build/swift-overrides.hmap -Xcc -I/Users/admin/builder/spi-builder-workspace/.derivedData/Build/Products/Debug-watchos/include -Xcc -I/Users/admin/builder/spi-builder-workspace/.derivedData/Build/Intermediates.noindex/swift-tools-protocols.build/Debug-watchos/ToolsProtocolsSwiftExtensions.build/DerivedSources-normal/arm64_32 -Xcc -I/Users/admin/builder/spi-builder-workspace/.derivedData/Build/Intermediates.noindex/swift-tools-protocols.build/Debug-watchos/ToolsProtocolsSwiftExtensions.build/DerivedSources/arm64_32 -Xcc -I/Users/admin/builder/spi-builder-workspace/.derivedData/Build/Intermediates.noindex/swift-tools-protocols.build/Debug-watchos/ToolsProtocolsSwiftExtensions.build/DerivedSources -Xcc -DSWIFT_PACKAGE -Xcc -DDEBUG\=1 -no-auto-bridging-header-chaining -module-name ToolsProtocolsSwiftExtensions -package-name spi_builder_workspace -frontend-parseable-output -disable-clang-spi -clang-target arm64_32-apple-watchos26.5 -target-sdk-version 26.5 -target-sdk-name watchos26.5 -in-process-plugin-server-path /Applications/Xcode-26.5.0.app/Contents/Developer/Toolchains/XcodeDefault.xctoolchain/usr/lib/swift/host/libSwiftInProcPluginServer.dylib -emit-module-doc-path /Users/admin/builder/spi-builder-workspace/.derivedData/Build/Intermediates.noindex/swift-tools-protocols.build/Debug-watchos/ToolsProtocolsSwiftExtensions.build/Objects-normal/arm64_32/ToolsProtocolsSwiftExtensions.swiftdoc -emit-module-source-info-path /Users/admin/builder/spi-builder-workspace/.derivedData/Build/Intermediates.noindex/swift-tools-protocols.build/Debug-watchos/ToolsProtocolsSwiftExtensions.build/Objects-normal/arm64_32/ToolsProtocolsSwiftExtensions.swiftsourceinfo -emit-objc-header-path /Users/admin/builder/spi-builder-workspace/.derivedData/Build/Intermediates.noindex/swift-tools-protocols.build/Debug-watchos/ToolsProtocolsSwiftExtensions.build/Objects-normal/arm64_32/ToolsProtocolsSwiftExtensions-Swift.h -serialize-diagnostics-path /Users/admin/builder/spi-builder-workspace/.derivedData/Build/Intermediates.noindex/swift-tools-protocols.build/Debug-watchos/ToolsProtocolsSwiftExtensions.build/Objects-normal/arm64_32/ToolsProtocolsSwiftExtensions-primary-emit-module.dia -emit-dependencies-path /Users/admin/builder/spi-builder-workspace/.derivedData/Build/Intermediates.noindex/swift-tools-protocols.build/Debug-watchos/ToolsProtocolsSwiftExtensions.build/Objects-normal/arm64_32/ToolsProtocolsSwiftExtensions-primary-emit-module.d -o /Users/admin/builder/spi-builder-workspace/.derivedData/Build/Intermediates.noindex/swift-tools-protocols.build/Debug-watchos/ToolsProtocolsSwiftExtensions.build/Objects-normal/arm64_32/ToolsProtocolsSwiftExtensions.swiftmodule -emit-abi-descriptor-path /Users/admin/builder/spi-builder-workspace/.derivedData/Build/Intermediates.noindex/swift-tools-protocols.build/Debug-watchos/ToolsProtocolsSwiftExtensions.build/Objects-normal/arm64_32/ToolsProtocolsSwiftExtensions.abi.json
EmitSwiftModule normal arm64_32 (in target 'ToolsProtocolsSwiftExtensions' from project 'swift-tools-protocols')
    cd /Users/admin/builder/spi-builder-workspace/.swiftpm/xcode

/Users/admin/builder/spi-builder-workspace/Sources/ToolsProtocolsSwiftExtensions/Task+WithPriorityChangedHandler.swift:32:22: error: 'withTaskPriorityEscalationHandler(operation:onPriorityEscalated:)' is only available in watchOS 26.0 or newer
    return try await withTaskPriorityEscalationHandler(
                     ^
/Users/admin/builder/spi-builder-workspace/Sources/ToolsProtocolsSwiftExtensions/Task+WithPriorityChangedHandler.swift:32:22: note: add 'if #available' version check
    return try await withTaskPriorityEscalationHandler(
                     ^
/Users/admin/builder/spi-builder-workspace/Sources/ToolsProtocolsSwiftExtensions/Task+WithPriorityChangedHandler.swift:25:13: note: add '@available' attribute to enclosing global function
public func withTaskPriorityChangedHandler<T: Sendable>(
            ^
SwiftCompile normal arm64_32 Compiling\ AsyncQueue.swift /Users/admin/builder/spi-builder-workspace/Sources/ToolsProtocolsSwiftExtensions/AsyncQueue.swift (in target 'ToolsProtocolsSwiftExtensions' from project 'swift-tools-protocols')
SwiftCompile normal arm64_32 /Users/admin/builder/spi-builder-workspace/Sources/ToolsProtocolsSwiftExtensions/AsyncQueue.swift (in target 'ToolsProtocolsSwiftExtensions' from project 'swift-tools-protocols')
    cd /Users/admin/builder/spi-builder-workspace/.swiftpm/xcode

SwiftCompile normal arm64_32 Compiling\ Duration+Seconds.swift /Users/admin/builder/spi-builder-workspace/Sources/ToolsProtocolsSwiftExtensions/Duration+Seconds.swift (in target 'ToolsProtocolsSwiftExtensions' from project 'swift-tools-protocols')
SwiftCompile normal arm64_32 /Users/admin/builder/spi-builder-workspace/Sources/ToolsProtocolsSwiftExtensions/Duration+Seconds.swift (in target 'ToolsProtocolsSwiftExtensions' from project 'swift-tools-protocols')
    cd /Users/admin/builder/spi-builder-workspace/.swiftpm/xcode

SwiftCompile normal arm64_32 Compiling\ Task+WithPriorityChangedHandler.swift /Users/admin/builder/spi-builder-workspace/Sources/ToolsProtocolsSwiftExtensions/Task+WithPriorityChangedHandler.swift (in target 'ToolsProtocolsSwiftExtensions' from project 'swift-tools-protocols')
SwiftCompile normal arm64_32 /Users/admin/builder/spi-builder-workspace/Sources/ToolsProtocolsSwiftExtensions/Task+WithPriorityChangedHandler.swift (in target 'ToolsProtocolsSwiftExtensions' from project 'swift-tools-protocols')
    cd /Users/admin/builder/spi-builder-workspace/.swiftpm/xcode

SwiftCompile normal arm64_32 Compiling\ FileManagerExtensions.swift /Users/admin/builder/spi-builder-workspace/Sources/ToolsProtocolsSwiftExtensions/FileManagerExtensions.swift (in target 'ToolsProtocolsSwiftExtensions' from project 'swift-tools-protocols')
SwiftCompile normal arm64_32 /Users/admin/builder/spi-builder-workspace/Sources/ToolsProtocolsSwiftExtensions/FileManagerExtensions.swift (in target 'ToolsProtocolsSwiftExtensions' from project 'swift-tools-protocols')
    cd /Users/admin/builder/spi-builder-workspace/.swiftpm/xcode

SwiftCompile normal arm64_32 Compiling\ RefBox.swift /Users/admin/builder/spi-builder-workspace/Sources/ToolsProtocolsSwiftExtensions/RefBox.swift (in target 'ToolsProtocolsSwiftExtensions' from project 'swift-tools-protocols')
SwiftCompile normal arm64_32 /Users/admin/builder/spi-builder-workspace/Sources/ToolsProtocolsSwiftExtensions/RefBox.swift (in target 'ToolsProtocolsSwiftExtensions' from project 'swift-tools-protocols')
    cd /Users/admin/builder/spi-builder-workspace/.swiftpm/xcode

SwiftCompile normal arm64_32 Compiling\ Collection+Only.swift /Users/admin/builder/spi-builder-workspace/Sources/ToolsProtocolsSwiftExtensions/Collection+Only.swift (in target 'ToolsProtocolsSwiftExtensions' from project 'swift-tools-protocols')
SwiftCompile normal arm64_32 /Users/admin/builder/spi-builder-workspace/Sources/ToolsProtocolsSwiftExtensions/Collection+Only.swift (in target 'ToolsProtocolsSwiftExtensions' from project 'swift-tools-protocols')
    cd /Users/admin/builder/spi-builder-workspace/.swiftpm/xcode

SwiftCompile normal arm64_32 Compiling\ AsyncUtils.swift /Users/admin/builder/spi-builder-workspace/Sources/ToolsProtocolsSwiftExtensions/AsyncUtils.swift (in target 'ToolsProtocolsSwiftExtensions' from project 'swift-tools-protocols')
SwiftCompile normal arm64_32 /Users/admin/builder/spi-builder-workspace/Sources/ToolsProtocolsSwiftExtensions/AsyncUtils.swift (in target 'ToolsProtocolsSwiftExtensions' from project 'swift-tools-protocols')
    cd /Users/admin/builder/spi-builder-workspace/.swiftpm/xcode

SwiftEmitModule normal arm64_32 Emitting\ module\ for\ _ToolsProtocolsSwiftExtensionsForPlugin (in target '_ToolsProtocolsSwiftExtensionsForPlugin' from project 'swift-tools-protocols')
2026-10-25 05:53:12.660 xcodebuild[1175:6538] [MT] IDERunDestination: Supported platforms for the buildables in the current scheme is empty.
** BUILD FAILED **
The following build commands failed:
	SwiftEmitModule normal arm64_32 Emitting\ module\ for\ ToolsProtocolsSwiftExtensions (in target 'ToolsProtocolsSwiftExtensions' from project 'swift-tools-protocols')
	EmitSwiftModule normal arm64_32 (in target 'ToolsProtocolsSwiftExtensions' from project 'swift-tools-protocols')
	Building workspace spi-builder-workspace with scheme swift-tools-protocols-Package
(3 failures)
BUILD FAILURE 6.3 watchOS