The Swift Package Index logo.Swift Package Index

Build Information

Failed to build ComScore, reference master (a375bf), with Swift 6.2 for macOS (Xcode) using Xcode 26.3 on 28 Sep 2026 18:54:21 UTC.

Build Command

env DEVELOPER_DIR=/Applications/Xcode-26.3.0.app xcrun xcodebuild -IDEClonedSourcePackagesDirPathOverride=$PWD/.dependencies -skipMacroValidation -skipPackagePluginValidation -derivedDataPath $PWD/.derivedData build -scheme ComScore -destination platform=macOS,arch=arm64

Build Log

========================================
RunAll
========================================
Builder version: 5.1.0
Interrupt handler set up.
========================================
Checkout
========================================
Clone URL: https://github.com/comScore/Comscore-Swift-Package-Manager.git
Reference: master
Initialized empty Git repository in /Users/admin/builder/spi-builder-workspace/.git/
From https://github.com/comScore/Comscore-Swift-Package-Manager
 * branch            master     -> FETCH_HEAD
 * [new branch]      master     -> origin/master
HEAD is now at a375bfe TAG-9780: New build ready with version 6.18.0
Cloned https://github.com/comScore/Comscore-Swift-Package-Manager.git
Revision (git rev-parse @):
a375bfe4f686b1d329fa2f028b92cf856687c81e
SUCCESS checkout https://github.com/comScore/Comscore-Swift-Package-Manager.git at master
========================================
Build
========================================
Selected platform:         macosXcodebuild
Swift version:             6.2
Building package at path:  $PWD
https://github.com/comScore/Comscore-Swift-Package-Manager.git
Command line invocation:
    /Applications/Xcode-26.3.0.app/Contents/Developer/usr/bin/xcodebuild -IDEClonedSourcePackagesDirPathOverride=/Users/admin/builder/spi-builder-workspace/.dependencies -resolvePackageDependencies
Resolve Package Graph
Resolve Package Graph
Resolved source packages:
  ComScore: /Users/admin/builder/spi-builder-workspace
resolved source packages: ComScore
2026-09-28 14:53:54.905 xcodebuild[538:3125] [MT] IDERunDestination: Supported platforms for the buildables in the current scheme is empty.
{
  "dependencies" : [
  ],
  "manifest_display_name" : "ComScore",
  "name" : "ComScore",
  "path" : "/Users/admin/builder/spi-builder-workspace",
  "platforms" : [
    {
      "name" : "ios",
      "version" : "9.0"
    },
    {
      "name" : "tvos",
      "version" : "9.0"
    }
  ],
  "products" : [
    {
      "name" : "ComScore",
      "targets" : [
        "ComScore"
      ],
      "type" : {
        "library" : [
          "automatic"
        ]
      }
    }
  ],
  "targets" : [
    {
      "c99name" : "ComScore",
      "module_type" : "BinaryTarget",
      "name" : "ComScore",
      "path" : "remote/archive/ComScore.xcframework.zip",
      "product_memberships" : [
        "ComScore"
      ],
      "sources" : [
      ],
      "type" : "binary"
    }
  ],
  "tools_version" : "5.3"
}
{
  "workspace" : {
    "name" : "spi-builder-workspace",
    "schemes" : [
      "ComScore"
    ]
  }
}
2026-09-28 14:54:15.153 xcodebuild[739:4543] [MT] IDERunDestination: Supported platforms for the buildables in the current scheme is empty.
Running build ...
env DEVELOPER_DIR=/Applications/Xcode-26.3.0.app xcrun xcodebuild -IDEClonedSourcePackagesDirPathOverride=$PWD/.dependencies -skipMacroValidation -skipPackagePluginValidation -derivedDataPath $PWD/.derivedData build -scheme ComScore -destination platform=macOS,arch=arm64
Command line invocation:
    /Applications/Xcode-26.3.0.app/Contents/Developer/usr/bin/xcodebuild -IDEClonedSourcePackagesDirPathOverride=/Users/admin/builder/spi-builder-workspace/.dependencies -skipMacroValidation -skipPackagePluginValidation -derivedDataPath /Users/admin/builder/spi-builder-workspace/.derivedData build -scheme ComScore -destination platform=macOS,arch=arm64
Resolve Package Graph
Resolved source packages:
  ComScore: /Users/admin/builder/spi-builder-workspace
ComputePackagePrebuildTargetDependencyGraph
Prepare packages
CreateBuildRequest
SendProjectDescription
CreateBuildOperation
ComputeTargetDependencyGraph
note: Building targets in dependency order
note: Target dependency graph (1 target)
    Target 'ComScore' in project 'ComScore' (no dependencies)
GatherProvisioningInputs
CreateBuildDescription
ExecuteExternalTool /Applications/Xcode-26.3.0.app/Contents/Developer/Toolchains/XcodeDefault.xctoolchain/usr/bin/clang -v -E -dM -isysroot /Applications/Xcode-26.3.0.app/Contents/Developer/Platforms/MacOSX.platform/Developer/SDKs/MacOSX26.2.sdk -x c -c /dev/null
Build description signature: 395eb30f4ba60e73648ca6cab4b94637
Build description path: /Users/admin/builder/spi-builder-workspace/.derivedData/Build/Intermediates.noindex/XCBuildData/395eb30f4ba60e73648ca6cab4b94637.xcbuilddata
/Users/admin/builder/spi-builder-workspace/.dependencies/artifacts/spi-builder-workspace/ComScore/ComScore.xcframework:1:1: error: While building for macOS, no library for this platform was found in '/Users/admin/builder/spi-builder-workspace/.dependencies/artifacts/spi-builder-workspace/ComScore/ComScore.xcframework'. (in target 'ComScore' from project 'ComScore')
2026-09-28 14:54:16.660 xcodebuild[741:4595] [MT] IDERunDestination: Supported platforms for the buildables in the current scheme is empty.
--- xcodebuild: WARNING: Using the first of multiple matching destinations:
{ platform:macOS, arch:arm64, id:207506a83357dca51fc84d8229cdca2eb0384f05, name:My Mac }
{ platform:macOS, arch:arm64, variant:Mac Catalyst, id:207506a83357dca51fc84d8229cdca2eb0384f05, name:My Mac }
{ platform:macOS, arch:arm64, variant:DriverKit, id:207506a83357dca51fc84d8229cdca2eb0384f05, name:My Mac }
{ platform:macOS, arch:arm64, variant:Designed for [iPad,iPhone], id:207506a83357dca51fc84d8229cdca2eb0384f05, name:My Mac }
** BUILD FAILED **
The following build commands failed:
	Building workspace spi-builder-workspace with scheme ComScore
(1 failure)
Command line invocation:
    /Applications/Xcode-26.3.0.app/Contents/Developer/usr/bin/xcodebuild -IDEClonedSourcePackagesDirPathOverride=/Users/admin/builder/spi-builder-workspace/.dependencies -resolvePackageDependencies
Resolve Package Graph
Resolved source packages:
  ComScore: /Users/admin/builder/spi-builder-workspace
resolved source packages: ComScore
2026-09-28 14:54:18.992 xcodebuild[754:4698] [MT] IDERunDestination: Supported platforms for the buildables in the current scheme is empty.
{
  "dependencies" : [
  ],
  "manifest_display_name" : "ComScore",
  "name" : "ComScore",
  "path" : "/Users/admin/builder/spi-builder-workspace",
  "platforms" : [
    {
      "name" : "ios",
      "version" : "9.0"
    },
    {
      "name" : "tvos",
      "version" : "9.0"
    }
  ],
  "products" : [
    {
      "name" : "ComScore",
      "targets" : [
        "ComScore"
      ],
      "type" : {
        "library" : [
          "automatic"
        ]
      }
    }
  ],
  "targets" : [
    {
      "c99name" : "ComScore",
      "module_type" : "BinaryTarget",
      "name" : "ComScore",
      "path" : "remote/archive/ComScore.xcframework.zip",
      "product_memberships" : [
        "ComScore"
      ],
      "sources" : [
      ],
      "type" : "binary"
    }
  ],
  "tools_version" : "5.3"
}
{
  "workspace" : {
    "name" : "spi-builder-workspace",
    "schemes" : [
      "ComScore"
    ]
  }
}
2026-09-28 14:54:20.075 xcodebuild[762:4760] [MT] IDERunDestination: Supported platforms for the buildables in the current scheme is empty.
Running build ...
env DEVELOPER_DIR=/Applications/Xcode-26.3.0.app xcrun xcodebuild -IDEClonedSourcePackagesDirPathOverride=$PWD/.dependencies -skipMacroValidation -skipPackagePluginValidation -derivedDataPath $PWD/.derivedData build -scheme ComScore -destination platform=macOS,arch=arm64
Command line invocation:
    /Applications/Xcode-26.3.0.app/Contents/Developer/usr/bin/xcodebuild -IDEClonedSourcePackagesDirPathOverride=/Users/admin/builder/spi-builder-workspace/.dependencies -skipMacroValidation -skipPackagePluginValidation -derivedDataPath /Users/admin/builder/spi-builder-workspace/.derivedData build -scheme ComScore -destination platform=macOS,arch=arm64
Resolve Package Graph
Resolved source packages:
  ComScore: /Users/admin/builder/spi-builder-workspace
ComputePackagePrebuildTargetDependencyGraph
Prepare packages
CreateBuildRequest
SendProjectDescription
CreateBuildOperation
ComputeTargetDependencyGraph
note: Building targets in dependency order
note: Target dependency graph (1 target)
    Target 'ComScore' in project 'ComScore' (no dependencies)
GatherProvisioningInputs
CreateBuildDescription
ExecuteExternalTool /Applications/Xcode-26.3.0.app/Contents/Developer/Toolchains/XcodeDefault.xctoolchain/usr/bin/clang -v -E -dM -isysroot /Applications/Xcode-26.3.0.app/Contents/Developer/Platforms/MacOSX.platform/Developer/SDKs/MacOSX26.2.sdk -x c -c /dev/null
Build description signature: 395eb30f4ba60e73648ca6cab4b94637
Build description path: /Users/admin/builder/spi-builder-workspace/.derivedData/Build/Intermediates.noindex/XCBuildData/395eb30f4ba60e73648ca6cab4b94637.xcbuilddata
/Users/admin/builder/spi-builder-workspace/.dependencies/artifacts/spi-builder-workspace/ComScore/ComScore.xcframework:1:1: error: While building for macOS, no library for this platform was found in '/Users/admin/builder/spi-builder-workspace/.dependencies/artifacts/spi-builder-workspace/ComScore/ComScore.xcframework'. (in target 'ComScore' from project 'ComScore')
2026-09-28 14:54:20.921 xcodebuild[764:4792] [MT] IDERunDestination: Supported platforms for the buildables in the current scheme is empty.
--- xcodebuild: WARNING: Using the first of multiple matching destinations:
{ platform:macOS, arch:arm64, id:207506a83357dca51fc84d8229cdca2eb0384f05, name:My Mac }
{ platform:macOS, arch:arm64, variant:Mac Catalyst, id:207506a83357dca51fc84d8229cdca2eb0384f05, name:My Mac }
{ platform:macOS, arch:arm64, variant:DriverKit, id:207506a83357dca51fc84d8229cdca2eb0384f05, name:My Mac }
{ platform:macOS, arch:arm64, variant:Designed for [iPad,iPhone], id:207506a83357dca51fc84d8229cdca2eb0384f05, name:My Mac }
** BUILD FAILED **
The following build commands failed:
	Building workspace spi-builder-workspace with scheme ComScore
(1 failure)
BUILD FAILURE 6.2 macosXcodebuild