Build Information
Failed to build ClaudeCodeSDK, reference main (f626d1), with Swift 6.4 for watchOS using Xcode 27.0 on 23 Sep 2026 16:52:02 UTC.
Build Command
env DEVELOPER_DIR=/Applications/Xcode-27.0.0-Release.Candidate.app xcrun xcodebuild -IDEClonedSourcePackagesDirPathOverride=$PWD/.dependencies -skipMacroValidation -skipPackagePluginValidation -derivedDataPath $PWD/.derivedData build -scheme ClaudeCodeSDK-Package -destination generic/platform=watchOSBuild Log
SwiftExplicitDependencyGeneratePcm arm64_32 /Users/admin/builder/spi-builder-workspace/.derivedData/SDKExplicitPrecompiledModules/_Builtin_stdatomic-1TY035TURL76BF2U98PZPPZRX.pcm
SwiftExplicitDependencyGeneratePcm arm64_32 /Users/admin/builder/spi-builder-workspace/.derivedData/SDKExplicitPrecompiledModules/_Builtin_intrinsics-196IIAKDQVU42DLOZP9OQCV76.pcm
SwiftExplicitDependencyGeneratePcm arm64_32 /Users/admin/builder/spi-builder-workspace/.derivedData/SDKExplicitPrecompiledModules/_DarwinFoundation3-3DUTYQDQSD9HUAAVY947NMWOI.pcm
SwiftExplicitDependencyGeneratePcm arm64_32 /Users/admin/builder/spi-builder-workspace/.derivedData/SDKExplicitPrecompiledModules/_Builtin_inttypes-D2KPCR4PEX9AQA33NGLUT5SBR.pcm
SwiftExplicitDependencyGeneratePcm arm64 /Users/admin/builder/spi-builder-workspace/.derivedData/SDKExplicitPrecompiledModules/_Builtin_inttypes-3UQSCM7WNM9EK4HZML8TY5J3D.pcm
SwiftExplicitDependencyGeneratePcm arm64 /Users/admin/builder/spi-builder-workspace/.derivedData/SDKExplicitPrecompiledModules/Darwin-3984OXKFNSPE77NT743WK8SEX.pcm
SwiftExplicitDependencyGeneratePcm arm64_32 /Users/admin/builder/spi-builder-workspace/.derivedData/SDKExplicitPrecompiledModules/Darwin-3FVT1SKLN2ZQ5RVOABMTQBB34.pcm
SwiftExplicitDependencyGeneratePcm arm64_32 /Users/admin/builder/spi-builder-workspace/.derivedData/SDKExplicitPrecompiledModules/simd-21UNWYOBUZI1LVSQ99S1XBLMO.pcm
SwiftExplicitDependencyGeneratePcm arm64 /Users/admin/builder/spi-builder-workspace/.derivedData/SDKExplicitPrecompiledModules/simd-EH08NODU6574T74ZKU61VP9BW.pcm
SwiftExplicitDependencyGeneratePcm arm64_32 /Users/admin/builder/spi-builder-workspace/.derivedData/SDKExplicitPrecompiledModules/ObjectiveC-6IJNELR2E80E7LUKESVCP2KET.pcm
SwiftExplicitDependencyGeneratePcm arm64_32 /Users/admin/builder/spi-builder-workspace/.derivedData/SDKExplicitPrecompiledModules/MachO-56838ZJ0NC1EBAJ0O6O8QMPDX.pcm
SwiftExplicitDependencyGeneratePcm arm64 /Users/admin/builder/spi-builder-workspace/.derivedData/SDKExplicitPrecompiledModules/MachO-2U90NNSAQILBNBPS1SA4F8TYP.pcm
SwiftExplicitDependencyGeneratePcm arm64 /Users/admin/builder/spi-builder-workspace/.derivedData/SDKExplicitPrecompiledModules/ObjectiveC-72IVD3VS2RS8Q28D9PIMY0KQP.pcm
SwiftExplicitDependencyGeneratePcm arm64_32 /Users/admin/builder/spi-builder-workspace/.derivedData/SDKExplicitPrecompiledModules/os_object-5YWTC6L4756IWSTPGXS5NM0D0.pcm
SwiftExplicitDependencyGeneratePcm arm64 /Users/admin/builder/spi-builder-workspace/.derivedData/SDKExplicitPrecompiledModules/os_object-3SDKD7F87FTZ26OON37DRYT6O.pcm
SwiftExplicitDependencyGeneratePcm arm64 /Users/admin/builder/spi-builder-workspace/.derivedData/SDKExplicitPrecompiledModules/os_workgroup-89GG5G7YC2D0ZTK6AZXXQ20DH.pcm
SwiftExplicitDependencyGeneratePcm arm64_32 /Users/admin/builder/spi-builder-workspace/.derivedData/SDKExplicitPrecompiledModules/os_workgroup-5JHTPDMNBUNHLJI8LPHKQK1JK.pcm
SwiftExplicitDependencyGeneratePcm arm64_32 /Users/admin/builder/spi-builder-workspace/.derivedData/SDKExplicitPrecompiledModules/Spatial-CWVWNML3T0NXVHZDKVLD3X1YZ.pcm
SwiftExplicitDependencyGeneratePcm arm64 /Users/admin/builder/spi-builder-workspace/.derivedData/SDKExplicitPrecompiledModules/Spatial-44FJGYXFAT2AQAW9Z6T7YS02U.pcm
SwiftExplicitDependencyGeneratePcm arm64 /Users/admin/builder/spi-builder-workspace/.derivedData/SDKExplicitPrecompiledModules/Dispatch-1NLJOVAK60XP0DUB05XA59EIM.pcm
SwiftExplicitDependencyGeneratePcm arm64_32 /Users/admin/builder/spi-builder-workspace/.derivedData/SDKExplicitPrecompiledModules/Dispatch-2P62F1T4XV63S4P99TUDTOK2Q.pcm
SwiftExplicitDependencyGeneratePcm arm64_32 /Users/admin/builder/spi-builder-workspace/.derivedData/SDKExplicitPrecompiledModules/CoreFoundation-8E6Y4BA3EXYKUGJ24GT9LGV3N.pcm
SwiftExplicitDependencyGeneratePcm arm64_32 /Users/admin/builder/spi-builder-workspace/.derivedData/SDKExplicitPrecompiledModules/XPC-81Y45QFY96XYYFCW2GT6FY8S4.pcm
SwiftExplicitDependencyGeneratePcm arm64 /Users/admin/builder/spi-builder-workspace/.derivedData/SDKExplicitPrecompiledModules/XPC-40DR0X1DHKGCV4J1IOLFS8MOU.pcm
SwiftExplicitDependencyGeneratePcm arm64 /Users/admin/builder/spi-builder-workspace/.derivedData/SDKExplicitPrecompiledModules/CoreFoundation-8T2L24YC5NU7WO6WQJWRY7W08.pcm
SwiftExplicitDependencyGeneratePcm arm64_32 /Users/admin/builder/spi-builder-workspace/.derivedData/SDKExplicitPrecompiledModules/os-E5IGB442IA6SBB25TTCOLK2OC.pcm
SwiftExplicitDependencyGeneratePcm arm64 /Users/admin/builder/spi-builder-workspace/.derivedData/SDKExplicitPrecompiledModules/os-5DIL6Z9LFIGLMZAHM7X2T5435.pcm
SwiftExplicitDependencyGeneratePcm arm64 /Users/admin/builder/spi-builder-workspace/.derivedData/SDKExplicitPrecompiledModules/CoreGraphics-DWNZ73GEH98SBJXZ7DEXB420K.pcm
SwiftExplicitDependencyGeneratePcm arm64 /Users/admin/builder/spi-builder-workspace/.derivedData/SDKExplicitPrecompiledModules/Security-6RZ6YBRU8WCUHRFFRVUK5WKMM.pcm
SwiftExplicitDependencyGeneratePcm arm64_32 /Users/admin/builder/spi-builder-workspace/.derivedData/SDKExplicitPrecompiledModules/Security-D7TOWF88VWF67TB9HAFP5UWB1.pcm
SwiftExplicitDependencyGeneratePcm arm64_32 /Users/admin/builder/spi-builder-workspace/.derivedData/SDKExplicitPrecompiledModules/CoreGraphics-9FDXYX6BKBUT6TJ2VF819E7T5.pcm
SwiftExplicitDependencyGeneratePcm arm64_32 /Users/admin/builder/spi-builder-workspace/.derivedData/SDKExplicitPrecompiledModules/Foundation-BJ2VQGI3OGR34500MEQ1VKHPH.pcm
SwiftExplicitDependencyGeneratePcm arm64 /Users/admin/builder/spi-builder-workspace/.derivedData/SDKExplicitPrecompiledModules/Foundation-DLBKUSGXN8QHAT8W0OARR9S8A.pcm
SwiftExplicitDependencyGeneratePcm arm64_32 /Users/admin/builder/spi-builder-workspace/.derivedData/SDKExplicitPrecompiledModules/CoreText-C9X2REPZN2V5BSU4G80FCETDR.pcm
SwiftExplicitDependencyGeneratePcm arm64_32 /Users/admin/builder/spi-builder-workspace/.derivedData/SDKExplicitPrecompiledModules/CoreVideo-2P8HI0403J99LBDPKNFJ5D4DL.pcm
SwiftExplicitDependencyGeneratePcm arm64 /Users/admin/builder/spi-builder-workspace/.derivedData/SDKExplicitPrecompiledModules/CoreText-970YJN6NIYGK1316L35Z0O8QT.pcm
SwiftExplicitDependencyGeneratePcm arm64 /Users/admin/builder/spi-builder-workspace/.derivedData/SDKExplicitPrecompiledModules/CoreVideo-8MRR5MNWUOAW2DBPGUQ8FKK4.pcm
SwiftExplicitDependencyGeneratePcm arm64_32 /Users/admin/builder/spi-builder-workspace/.derivedData/SDKExplicitPrecompiledModules/SceneKit-DKNLHKM5FJBQ79LSNMSSMBUBR.pcm
SwiftExplicitDependencyGeneratePcm arm64_32 /Users/admin/builder/spi-builder-workspace/.derivedData/SDKExplicitPrecompiledModules/OSLog-D9AVFY0KWO7RVBIQ73CBIJVCN.pcm
SwiftExplicitDependencyGeneratePcm arm64_32 /Users/admin/builder/spi-builder-workspace/.derivedData/SDKExplicitPrecompiledModules/_LocationEssentials-AQ1OL9QKC3LQLY5CNSRM1HB53.pcm
SwiftExplicitDependencyGeneratePcm arm64_32 /Users/admin/builder/spi-builder-workspace/.derivedData/SDKExplicitPrecompiledModules/QuartzCore-6375NPYACK5NYVHPMC1QQ8MC2.pcm
SwiftExplicitDependencyGeneratePcm arm64_32 /Users/admin/builder/spi-builder-workspace/.derivedData/SDKExplicitPrecompiledModules/UniformTypeIdentifiers-CJZ3NTHPSBH4XWX5EVOG56UZS.pcm
SwiftExplicitDependencyGeneratePcm arm64_32 /Users/admin/builder/spi-builder-workspace/.derivedData/SDKExplicitPrecompiledModules/DeviceCheck-71JCHXZDFOQNMBG6AD1NB65NN.pcm
SwiftExplicitDependencyGeneratePcm arm64_32 /Users/admin/builder/spi-builder-workspace/.derivedData/SDKExplicitPrecompiledModules/Accessibility-F385OMZ5GYBUY5O4QAJB4NRII.pcm
SwiftExplicitDependencyGeneratePcm arm64_32 /Users/admin/builder/spi-builder-workspace/.derivedData/SDKExplicitPrecompiledModules/UserNotifications-6TBN8TEAKO014N1T2QD926XED.pcm
SwiftExplicitDependencyGeneratePcm arm64_32 /Users/admin/builder/spi-builder-workspace/.derivedData/SDKExplicitPrecompiledModules/UIUtilities-9YFVNIMRC5HRVOIARNWHP1E3H.pcm
SwiftExplicitDependencyGeneratePcm arm64_32 /Users/admin/builder/spi-builder-workspace/.derivedData/SDKExplicitPrecompiledModules/CoreTransferable-5D4IR6X37682FPHJ5CBPTKQV6.pcm
SwiftExplicitDependencyGeneratePcm arm64 /Users/admin/builder/spi-builder-workspace/.derivedData/SDKExplicitPrecompiledModules/DataDetection-7BNVI1SZW5ISQL5SX4WL2X7I5.pcm
SwiftExplicitDependencyGeneratePcm arm64 /Users/admin/builder/spi-builder-workspace/.derivedData/SDKExplicitPrecompiledModules/Symbols-3EFABTJ9L5PQDJ7RQCYQWEJMM.pcm
SwiftExplicitDependencyGeneratePcm arm64 /Users/admin/builder/spi-builder-workspace/.derivedData/SDKExplicitPrecompiledModules/UIUtilities-IR7RNW23VAUKYI9MLCS9NL9A.pcm
SwiftExplicitDependencyGeneratePcm arm64 /Users/admin/builder/spi-builder-workspace/.derivedData/SDKExplicitPrecompiledModules/Accessibility-27QMG6ZQ1NKYTNBYFPM1XKNFC.pcm
SwiftExplicitDependencyGeneratePcm arm64 /Users/admin/builder/spi-builder-workspace/.derivedData/SDKExplicitPrecompiledModules/OSLog-B7VGO357Y3GJG35TST7DKDSI3.pcm
SwiftExplicitDependencyGeneratePcm arm64 /Users/admin/builder/spi-builder-workspace/.derivedData/SDKExplicitPrecompiledModules/QuartzCore-94KFMWNOU7ZLUZNB4T5DLZC9D.pcm
SwiftExplicitDependencyGeneratePcm arm64 /Users/admin/builder/spi-builder-workspace/.derivedData/SDKExplicitPrecompiledModules/CoreTransferable-9PPG3SLJ55T4LITIFYX2M0NOZ.pcm
SwiftExplicitDependencyGeneratePcm arm64_32 /Users/admin/builder/spi-builder-workspace/.derivedData/SDKExplicitPrecompiledModules/CoreLocation-8XU5YMYM4P11RQMYCQAG65ITK.pcm
SwiftExplicitDependencyGeneratePcm arm64 /Users/admin/builder/spi-builder-workspace/.derivedData/SDKExplicitPrecompiledModules/UserNotifications-ARAH8MEQ0C2L0FBO39HITJMAO.pcm
SwiftExplicitDependencyGeneratePcm arm64_32 /Users/admin/builder/spi-builder-workspace/.derivedData/SDKExplicitPrecompiledModules/SwiftUICore-3Q7WLRD8MR9R3NGIPUBQCP6F6.pcm
SwiftExplicitDependencyGeneratePcm arm64 /Users/admin/builder/spi-builder-workspace/.derivedData/SDKExplicitPrecompiledModules/UniformTypeIdentifiers-8L08Q8DQJV8C4AW84YVGFGTRN.pcm
SwiftExplicitDependencyGeneratePcm arm64 /Users/admin/builder/spi-builder-workspace/.derivedData/SDKExplicitPrecompiledModules/SceneKit-5HZKIL7XETTTD8TOHYPN8JKRJ.pcm
SwiftExplicitDependencyGeneratePcm arm64_32 /Users/admin/builder/spi-builder-workspace/.derivedData/SDKExplicitPrecompiledModules/Symbols-1H97WMG76HU94F5VGJR19PXFY.pcm
SwiftExplicitDependencyGeneratePcm arm64_32 /Users/admin/builder/spi-builder-workspace/.derivedData/SDKExplicitPrecompiledModules/DataDetection-U9BF7WHFVA6BZGFXXXP272PS.pcm
SwiftExplicitDependencyGeneratePcm arm64 /Users/admin/builder/spi-builder-workspace/.derivedData/SDKExplicitPrecompiledModules/DeviceCheck-8LAGETFUC4CDEI7008RTXXLZ.pcm
SwiftExplicitDependencyGeneratePcm arm64 /Users/admin/builder/spi-builder-workspace/.derivedData/SDKExplicitPrecompiledModules/_LocationEssentials-5ZZDGDXB6HLQUC72SJW7YJ7MK.pcm
SwiftExplicitDependencyGeneratePcm arm64_32 /Users/admin/builder/spi-builder-workspace/.derivedData/SDKExplicitPrecompiledModules/CoreMotion-1XGTVTE5PP32UHME8AC63TL6.pcm
SwiftExplicitDependencyGeneratePcm arm64 /Users/admin/builder/spi-builder-workspace/.derivedData/SDKExplicitPrecompiledModules/SwiftUICore-C1DST1IX2Z0PTH5SJJZ1IULRB.pcm
SwiftExplicitDependencyGeneratePcm arm64 /Users/admin/builder/spi-builder-workspace/.derivedData/SDKExplicitPrecompiledModules/CoreLocation-ACKJ9K7ABI14F97Y46Y6SRR17.pcm
SwiftExplicitDependencyGeneratePcm arm64_32 /Users/admin/builder/spi-builder-workspace/.derivedData/SDKExplicitPrecompiledModules/UIKit-6PPV7YPZ89CZPHYAP072QH8B6.pcm
SwiftExplicitDependencyGeneratePcm arm64 /Users/admin/builder/spi-builder-workspace/.derivedData/SDKExplicitPrecompiledModules/CoreMotion-6RD5K48QT1F4L9CATNFD2O7YB.pcm
SwiftExplicitDependencyGeneratePcm arm64 /Users/admin/builder/spi-builder-workspace/.derivedData/SDKExplicitPrecompiledModules/UIKit-27R3P1YMV4C6JLDT661G3MRIA.pcm
SwiftExplicitDependencyGeneratePcm arm64_32 /Users/admin/builder/spi-builder-workspace/.derivedData/SDKExplicitPrecompiledModules/MapKit-CWGB4YMP1VX1NYQN5FULFD5DR.pcm
SwiftExplicitDependencyGeneratePcm arm64_32 /Users/admin/builder/spi-builder-workspace/.derivedData/SDKExplicitPrecompiledModules/HomeKit-DUDZOMSN3UK8GNTNBNMPIWJRN.pcm
SwiftExplicitDependencyGeneratePcm arm64 /Users/admin/builder/spi-builder-workspace/.derivedData/SDKExplicitPrecompiledModules/MapKit-EJJWC7IL56MPLQMI93GJRE5OG.pcm
SwiftExplicitDependencyGeneratePcm arm64 /Users/admin/builder/spi-builder-workspace/.derivedData/SDKExplicitPrecompiledModules/HomeKit-DTS1N4AWILAL1URZ5IOXV5221.pcm
SwiftExplicitDependencyGeneratePcm arm64_32 /Users/admin/builder/spi-builder-workspace/.derivedData/SDKExplicitPrecompiledModules/WatchKit-FHF6WTKLC2APGK3LA2XJ6516.pcm
SwiftCompile normal arm64_32 Compiling\ TextCompletionResponse.swift,\ TextCompletionStreamResponse.swift /Users/admin/builder/spi-builder-workspace/.dependencies/checkouts/SwiftAnthropic/Sources/Anthropic/Public/ResponseModels/TextCompletion/TextCompletionResponse.swift /Users/admin/builder/spi-builder-workspace/.dependencies/checkouts/SwiftAnthropic/Sources/Anthropic/Public/ResponseModels/TextCompletion/TextCompletionStreamResponse.swift (in target 'SwiftAnthropic' from project 'SwiftAnthropic')
SwiftCompile normal arm64_32 /Users/admin/builder/spi-builder-workspace/.dependencies/checkouts/SwiftAnthropic/Sources/Anthropic/Public/ResponseModels/TextCompletion/TextCompletionResponse.swift (in target 'SwiftAnthropic' from project 'SwiftAnthropic')
cd /Users/admin/builder/spi-builder-workspace/.swiftpm/xcode
builtin-SwiftPerFileCompile TextCompletionResponse.swift
SwiftCompile normal arm64_32 /Users/admin/builder/spi-builder-workspace/.dependencies/checkouts/SwiftAnthropic/Sources/Anthropic/Public/ResponseModels/TextCompletion/TextCompletionStreamResponse.swift (in target 'SwiftAnthropic' from project 'SwiftAnthropic')
cd /Users/admin/builder/spi-builder-workspace/.swiftpm/xcode
builtin-SwiftPerFileCompile TextCompletionStreamResponse.swift
SwiftCompile normal arm64_32 Compiling\ StreamHandler.swift,\ AnthropicService.swift /Users/admin/builder/spi-builder-workspace/.dependencies/checkouts/SwiftAnthropic/Sources/Anthropic/Public/StreamHandler.swift /Users/admin/builder/spi-builder-workspace/.dependencies/checkouts/SwiftAnthropic/Sources/Anthropic/Service/AnthropicService.swift (in target 'SwiftAnthropic' from project 'SwiftAnthropic')
SwiftCompile normal arm64_32 /Users/admin/builder/spi-builder-workspace/.dependencies/checkouts/SwiftAnthropic/Sources/Anthropic/Public/StreamHandler.swift (in target 'SwiftAnthropic' from project 'SwiftAnthropic')
cd /Users/admin/builder/spi-builder-workspace/.swiftpm/xcode
builtin-SwiftPerFileCompile StreamHandler.swift
SwiftCompile normal arm64_32 /Users/admin/builder/spi-builder-workspace/.dependencies/checkouts/SwiftAnthropic/Sources/Anthropic/Service/AnthropicService.swift (in target 'SwiftAnthropic' from project 'SwiftAnthropic')
cd /Users/admin/builder/spi-builder-workspace/.swiftpm/xcode
builtin-SwiftPerFileCompile AnthropicService.swift
SwiftCompile normal arm64_32 Compiling\ MessageTokenCountParameter.swift,\ SkillParameter.swift,\ TextCompletionParameter.swift /Users/admin/builder/spi-builder-workspace/.dependencies/checkouts/SwiftAnthropic/Sources/Anthropic/Public/Parameters/Message/MessageTokenCountParameter.swift /Users/admin/builder/spi-builder-workspace/.dependencies/checkouts/SwiftAnthropic/Sources/Anthropic/Public/Parameters/Skill/SkillParameter.swift /Users/admin/builder/spi-builder-workspace/.dependencies/checkouts/SwiftAnthropic/Sources/Anthropic/Public/Parameters/TextCompletion/TextCompletionParameter.swift (in target 'SwiftAnthropic' from project 'SwiftAnthropic')
SwiftCompile normal arm64_32 /Users/admin/builder/spi-builder-workspace/.dependencies/checkouts/SwiftAnthropic/Sources/Anthropic/Public/Parameters/Message/MessageTokenCountParameter.swift (in target 'SwiftAnthropic' from project 'SwiftAnthropic')
cd /Users/admin/builder/spi-builder-workspace/.swiftpm/xcode
builtin-SwiftPerFileCompile MessageTokenCountParameter.swift
SwiftCompile normal arm64_32 /Users/admin/builder/spi-builder-workspace/.dependencies/checkouts/SwiftAnthropic/Sources/Anthropic/Public/Parameters/Skill/SkillParameter.swift (in target 'SwiftAnthropic' from project 'SwiftAnthropic')
cd /Users/admin/builder/spi-builder-workspace/.swiftpm/xcode
builtin-SwiftPerFileCompile SkillParameter.swift
SwiftCompile normal arm64_32 /Users/admin/builder/spi-builder-workspace/.dependencies/checkouts/SwiftAnthropic/Sources/Anthropic/Public/Parameters/TextCompletion/TextCompletionParameter.swift (in target 'SwiftAnthropic' from project 'SwiftAnthropic')
cd /Users/admin/builder/spi-builder-workspace/.swiftpm/xcode
builtin-SwiftPerFileCompile TextCompletionParameter.swift
SwiftCompile normal arm64_32 Compiling\ ErrorResponse.swift,\ MessageInputTokens.swift,\ MessageResponse+DynamicContent.swift /Users/admin/builder/spi-builder-workspace/.dependencies/checkouts/SwiftAnthropic/Sources/Anthropic/Public/ResponseModels/ErrorResponse.swift /Users/admin/builder/spi-builder-workspace/.dependencies/checkouts/SwiftAnthropic/Sources/Anthropic/Public/ResponseModels/Message/MessageInputTokens.swift /Users/admin/builder/spi-builder-workspace/.dependencies/checkouts/SwiftAnthropic/Sources/Anthropic/Public/ResponseModels/Message/MessageResponse+DynamicContent.swift (in target 'SwiftAnthropic' from project 'SwiftAnthropic')
SwiftCompile normal arm64_32 /Users/admin/builder/spi-builder-workspace/.dependencies/checkouts/SwiftAnthropic/Sources/Anthropic/Public/ResponseModels/ErrorResponse.swift (in target 'SwiftAnthropic' from project 'SwiftAnthropic')
cd /Users/admin/builder/spi-builder-workspace/.swiftpm/xcode
builtin-SwiftPerFileCompile ErrorResponse.swift
SwiftCompile normal arm64_32 /Users/admin/builder/spi-builder-workspace/.dependencies/checkouts/SwiftAnthropic/Sources/Anthropic/Public/ResponseModels/Message/MessageInputTokens.swift (in target 'SwiftAnthropic' from project 'SwiftAnthropic')
cd /Users/admin/builder/spi-builder-workspace/.swiftpm/xcode
builtin-SwiftPerFileCompile MessageInputTokens.swift
SwiftCompile normal arm64_32 /Users/admin/builder/spi-builder-workspace/.dependencies/checkouts/SwiftAnthropic/Sources/Anthropic/Public/ResponseModels/Message/MessageResponse+DynamicContent.swift (in target 'SwiftAnthropic' from project 'SwiftAnthropic')
cd /Users/admin/builder/spi-builder-workspace/.swiftpm/xcode
builtin-SwiftPerFileCompile MessageResponse+DynamicContent.swift
SwiftCompile normal arm64_32 Compiling\ AnthropicServiceFactory.swift,\ DefaultAnthropicService.swift /Users/admin/builder/spi-builder-workspace/.dependencies/checkouts/SwiftAnthropic/Sources/Anthropic/Service/AnthropicServiceFactory.swift /Users/admin/builder/spi-builder-workspace/.dependencies/checkouts/SwiftAnthropic/Sources/Anthropic/Service/DefaultAnthropicService.swift (in target 'SwiftAnthropic' from project 'SwiftAnthropic')
SwiftCompile normal arm64_32 /Users/admin/builder/spi-builder-workspace/.dependencies/checkouts/SwiftAnthropic/Sources/Anthropic/Service/AnthropicServiceFactory.swift (in target 'SwiftAnthropic' from project 'SwiftAnthropic')
cd /Users/admin/builder/spi-builder-workspace/.swiftpm/xcode
builtin-SwiftPerFileCompile AnthropicServiceFactory.swift
SwiftCompile normal arm64_32 /Users/admin/builder/spi-builder-workspace/.dependencies/checkouts/SwiftAnthropic/Sources/Anthropic/Service/DefaultAnthropicService.swift (in target 'SwiftAnthropic' from project 'SwiftAnthropic')
cd /Users/admin/builder/spi-builder-workspace/.swiftpm/xcode
builtin-SwiftPerFileCompile DefaultAnthropicService.swift
SwiftEmitModule normal arm64_32 Emitting\ module\ for\ SwiftAnthropic (in target 'SwiftAnthropic' from project 'SwiftAnthropic')
SwiftCompile normal arm64_32 (in target 'SwiftAnthropic' from project 'SwiftAnthropic')
cd /Users/admin/builder/spi-builder-workspace/.swiftpm/xcode
SwiftCompile normal arm64_32 Compiling\ MessageResponse.swift,\ MessageStreamResponse.swift,\ SkillResponse.swift /Users/admin/builder/spi-builder-workspace/.dependencies/checkouts/SwiftAnthropic/Sources/Anthropic/Public/ResponseModels/Message/MessageResponse.swift /Users/admin/builder/spi-builder-workspace/.dependencies/checkouts/SwiftAnthropic/Sources/Anthropic/Public/ResponseModels/Message/MessageStreamResponse.swift /Users/admin/builder/spi-builder-workspace/.dependencies/checkouts/SwiftAnthropic/Sources/Anthropic/Public/ResponseModels/Skill/SkillResponse.swift (in target 'SwiftAnthropic' from project 'SwiftAnthropic')
SwiftCompile normal arm64_32 /Users/admin/builder/spi-builder-workspace/.dependencies/checkouts/SwiftAnthropic/Sources/Anthropic/Public/ResponseModels/Message/MessageResponse.swift (in target 'SwiftAnthropic' from project 'SwiftAnthropic')
cd /Users/admin/builder/spi-builder-workspace/.swiftpm/xcode
builtin-SwiftPerFileCompile MessageResponse.swift
SwiftCompile normal arm64_32 /Users/admin/builder/spi-builder-workspace/.dependencies/checkouts/SwiftAnthropic/Sources/Anthropic/Public/ResponseModels/Message/MessageStreamResponse.swift (in target 'SwiftAnthropic' from project 'SwiftAnthropic')
cd /Users/admin/builder/spi-builder-workspace/.swiftpm/xcode
builtin-SwiftPerFileCompile MessageStreamResponse.swift
SwiftCompile normal arm64_32 /Users/admin/builder/spi-builder-workspace/.dependencies/checkouts/SwiftAnthropic/Sources/Anthropic/Public/ResponseModels/Skill/SkillResponse.swift (in target 'SwiftAnthropic' from project 'SwiftAnthropic')
cd /Users/admin/builder/spi-builder-workspace/.swiftpm/xcode
builtin-SwiftPerFileCompile SkillResponse.swift
SwiftCompile normal arm64_32 Compiling\ HTTPClient.swift,\ URLSessionHTTPClientAdapter.swift,\ Model.swift /Users/admin/builder/spi-builder-workspace/.dependencies/checkouts/SwiftAnthropic/Sources/Anthropic/Private/Networking/HTTPClient.swift /Users/admin/builder/spi-builder-workspace/.dependencies/checkouts/SwiftAnthropic/Sources/Anthropic/Private/Networking/URLSessionHTTPClientAdapter.swift /Users/admin/builder/spi-builder-workspace/.dependencies/checkouts/SwiftAnthropic/Sources/Anthropic/Public/Model.swift (in target 'SwiftAnthropic' from project 'SwiftAnthropic')
SwiftCompile normal arm64_32 /Users/admin/builder/spi-builder-workspace/.dependencies/checkouts/SwiftAnthropic/Sources/Anthropic/Private/Networking/HTTPClient.swift (in target 'SwiftAnthropic' from project 'SwiftAnthropic')
cd /Users/admin/builder/spi-builder-workspace/.swiftpm/xcode
builtin-SwiftPerFileCompile HTTPClient.swift
SwiftCompile normal arm64_32 /Users/admin/builder/spi-builder-workspace/.dependencies/checkouts/SwiftAnthropic/Sources/Anthropic/Private/Networking/URLSessionHTTPClientAdapter.swift (in target 'SwiftAnthropic' from project 'SwiftAnthropic')
cd /Users/admin/builder/spi-builder-workspace/.swiftpm/xcode
builtin-SwiftPerFileCompile URLSessionHTTPClientAdapter.swift
SwiftCompile normal arm64_32 /Users/admin/builder/spi-builder-workspace/.dependencies/checkouts/SwiftAnthropic/Sources/Anthropic/Public/Model.swift (in target 'SwiftAnthropic' from project 'SwiftAnthropic')
cd /Users/admin/builder/spi-builder-workspace/.swiftpm/xcode
builtin-SwiftPerFileCompile Model.swift
SwiftCompile normal arm64_32 Compiling\ JSONSchema.swift,\ MessageParameter+Web.swift,\ MessageParameter.swift /Users/admin/builder/spi-builder-workspace/.dependencies/checkouts/SwiftAnthropic/Sources/Anthropic/Public/Parameters/Message/JSONSchema.swift /Users/admin/builder/spi-builder-workspace/.dependencies/checkouts/SwiftAnthropic/Sources/Anthropic/Public/Parameters/Message/MessageParameter+Web.swift /Users/admin/builder/spi-builder-workspace/.dependencies/checkouts/SwiftAnthropic/Sources/Anthropic/Public/Parameters/Message/MessageParameter.swift (in target 'SwiftAnthropic' from project 'SwiftAnthropic')
SwiftCompile normal arm64_32 /Users/admin/builder/spi-builder-workspace/.dependencies/checkouts/SwiftAnthropic/Sources/Anthropic/Public/Parameters/Message/JSONSchema.swift (in target 'SwiftAnthropic' from project 'SwiftAnthropic')
cd /Users/admin/builder/spi-builder-workspace/.swiftpm/xcode
builtin-SwiftPerFileCompile JSONSchema.swift
SwiftCompile normal arm64_32 /Users/admin/builder/spi-builder-workspace/.dependencies/checkouts/SwiftAnthropic/Sources/Anthropic/Public/Parameters/Message/MessageParameter+Web.swift (in target 'SwiftAnthropic' from project 'SwiftAnthropic')
cd /Users/admin/builder/spi-builder-workspace/.swiftpm/xcode
builtin-SwiftPerFileCompile MessageParameter+Web.swift
SwiftCompile normal arm64_32 /Users/admin/builder/spi-builder-workspace/.dependencies/checkouts/SwiftAnthropic/Sources/Anthropic/Public/Parameters/Message/MessageParameter.swift (in target 'SwiftAnthropic' from project 'SwiftAnthropic')
cd /Users/admin/builder/spi-builder-workspace/.swiftpm/xcode
builtin-SwiftPerFileCompile MessageParameter.swift
SwiftCompile normal arm64_32 Compiling\ AIProxyCertificatePinning.swift,\ AIProxyService.swift,\ Endpoint+AIProxy.swift /Users/admin/builder/spi-builder-workspace/.dependencies/checkouts/SwiftAnthropic/Sources/Anthropic/AIProxy/AIProxyCertificatePinning.swift /Users/admin/builder/spi-builder-workspace/.dependencies/checkouts/SwiftAnthropic/Sources/Anthropic/AIProxy/AIProxyService.swift /Users/admin/builder/spi-builder-workspace/.dependencies/checkouts/SwiftAnthropic/Sources/Anthropic/AIProxy/Endpoint+AIProxy.swift (in target 'SwiftAnthropic' from project 'SwiftAnthropic')
SwiftCompile normal arm64_32 /Users/admin/builder/spi-builder-workspace/.dependencies/checkouts/SwiftAnthropic/Sources/Anthropic/AIProxy/AIProxyCertificatePinning.swift (in target 'SwiftAnthropic' from project 'SwiftAnthropic')
cd /Users/admin/builder/spi-builder-workspace/.swiftpm/xcode
builtin-SwiftPerFileCompile AIProxyCertificatePinning.swift
SwiftCompile normal arm64_32 /Users/admin/builder/spi-builder-workspace/.dependencies/checkouts/SwiftAnthropic/Sources/Anthropic/AIProxy/AIProxyService.swift (in target 'SwiftAnthropic' from project 'SwiftAnthropic')
cd /Users/admin/builder/spi-builder-workspace/.swiftpm/xcode
builtin-SwiftPerFileCompile AIProxyService.swift
SwiftCompile normal arm64_32 /Users/admin/builder/spi-builder-workspace/.dependencies/checkouts/SwiftAnthropic/Sources/Anthropic/AIProxy/Endpoint+AIProxy.swift (in target 'SwiftAnthropic' from project 'SwiftAnthropic')
cd /Users/admin/builder/spi-builder-workspace/.swiftpm/xcode
builtin-SwiftPerFileCompile Endpoint+AIProxy.swift
SwiftExplicitDependencyGeneratePcm arm64 /Users/admin/builder/spi-builder-workspace/.derivedData/SDKExplicitPrecompiledModules/WatchKit-3VT3K8YON6FJ6OWSUFJMFMP8J.pcm
SwiftDriverJobDiscovery normal arm64_32 Emitting module for SwiftAnthropic (in target 'SwiftAnthropic' from project 'SwiftAnthropic')
SwiftDriver\ Compilation\ Requirements SwiftAnthropic normal arm64_32 com.apple.xcode.tools.swift.compiler (in target 'SwiftAnthropic' from project 'SwiftAnthropic')
cd /Users/admin/builder/spi-builder-workspace/.swiftpm/xcode
builtin-Swift-Compilation-Requirements -- /Applications/Xcode-27.0.0-Release.Candidate.app/Contents/Developer/Toolchains/XcodeDefault.xctoolchain/usr/bin/swiftc -parse-as-library -module-name SwiftAnthropic -Onone @/Users/admin/builder/spi-builder-workspace/.derivedData/Build/Intermediates.noindex/SwiftAnthropic.build/Debug-watchos/SwiftAnthropic-t.build/Objects-normal/arm64_32/SwiftAnthropic.SwiftFileList -DSWIFT_PACKAGE -DDEBUG -DSWIFT_MODULE_RESOURCE_BUNDLE_UNAVAILABLE -DXcode -plugin-path /Applications/Xcode-27.0.0-Release.Candidate.app/Contents/Developer/Toolchains/XcodeDefault.xctoolchain/usr/lib/swift/host/plugins/testing -enable-experimental-feature DebugDescriptionMacro -sdk /Applications/Xcode-27.0.0-Release.Candidate.app/Contents/Developer/Platforms/WatchOS.platform/Developer/SDKs/WatchOS27.0.sdk -target arm64_32-apple-watchos9.0 -g -module-cache-path /Users/admin/builder/spi-builder-workspace/.derivedData/ModuleCache.noindex -Xfrontend -serialize-debugging-options -profile-coverage-mapping -profile-generate -enable-testing -suppress-warnings -index-store-path /Users/admin/builder/spi-builder-workspace/.derivedData/Index.noindex/DataStore -Xcc -D_LIBCPP_HARDENING_MODE\=_LIBCPP_HARDENING_MODE_DEBUG -swift-version 5 -I /Users/admin/builder/spi-builder-workspace/.derivedData/Build/Products/Debug-watchos -Isystem /Applications/Xcode-27.0.0-Release.Candidate.app/Contents/Developer/Platforms/WatchOS.platform/Developer/usr/lib -F /Users/admin/builder/spi-builder-workspace/.derivedData/Build/Products/Debug-watchos -F /Applications/Xcode-27.0.0-Release.Candidate.app/Contents/Developer/Platforms/WatchOS.platform/Developer/Library/Frameworks -F /Applications/Xcode-27.0.0-Release.Candidate.app/Contents/Developer/Platforms/WatchOS.platform/Developer/SDKs/WatchOS27.0.sdk/Developer/Library/Frameworks -c -j10 -enable-batch-mode -incremental -Xcc -ivfsstatcache -Xcc /Users/admin/builder/spi-builder-workspace/.derivedData/SDKStatCaches.noindex/watchos27.0-24R360-e829b21a6f8c9b70876ba0858053c04477534ef55a1706bf4c1112bbb242f0a2.sdkstatcache -output-file-map /Users/admin/builder/spi-builder-workspace/.derivedData/Build/Intermediates.noindex/SwiftAnthropic.build/Debug-watchos/SwiftAnthropic-t.build/Objects-normal/arm64_32/SwiftAnthropic-OutputFileMap.json -save-temps -no-color-diagnostics -explicit-module-build -module-cache-path /Users/admin/builder/spi-builder-workspace/.derivedData/Build/Intermediates.noindex/SwiftExplicitPrecompiledModules -clang-scanner-module-cache-path /Users/admin/builder/spi-builder-workspace/.derivedData/ModuleCache.noindex -sdk-module-cache-path /Users/admin/builder/spi-builder-workspace/.derivedData/SDKExplicitPrecompiledModules -emit-dependencies -emit-module -emit-module-path /Users/admin/builder/spi-builder-workspace/.derivedData/Build/Intermediates.noindex/SwiftAnthropic.build/Debug-watchos/SwiftAnthropic-t.build/Objects-normal/arm64_32/SwiftAnthropic.swiftmodule -serialize-diagnostics -dependency-scan-serialize-diagnostics-path /Users/admin/builder/spi-builder-workspace/.derivedData/Build/Intermediates.noindex/SwiftAnthropic.build/Debug-watchos/SwiftAnthropic-t.build/Objects-normal/arm64_32/SwiftAnthropic-dependency-scan.dia -validate-clang-modules-once -clang-build-session-file /Users/admin/builder/spi-builder-workspace/.derivedData/ModuleCache.noindex/Session.modulevalidation -Xcc -fmodules-prune-interval\=86400 -Xcc -fmodules-prune-after\=345600 -package-name swiftanthropic -emit-const-values -const-gather-protocols-list /Users/admin/builder/spi-builder-workspace/.derivedData/Build/Intermediates.noindex/SwiftAnthropic.build/Debug-watchos/SwiftAnthropic-t.build/Objects-normal/arm64_32/SwiftAnthropic_const_extract_protocols.json -Xcc -I/Users/admin/builder/spi-builder-workspace/.derivedData/Build/Products/Debug-watchos/include -Xcc -I/Users/admin/builder/spi-builder-workspace/.derivedData/Build/Intermediates.noindex/SwiftAnthropic.build/Debug-watchos/SwiftAnthropic-t.build/DerivedSources-normal/arm64_32 -Xcc -I/Users/admin/builder/spi-builder-workspace/.derivedData/Build/Intermediates.noindex/SwiftAnthropic.build/Debug-watchos/SwiftAnthropic-t.build/DerivedSources/arm64_32 -Xcc -I/Users/admin/builder/spi-builder-workspace/.derivedData/Build/Intermediates.noindex/SwiftAnthropic.build/Debug-watchos/SwiftAnthropic-t.build/DerivedSources -Xcc -DSWIFT_PACKAGE -Xcc -DDEBUG\=1 -emit-objc-header -emit-objc-header-path /Users/admin/builder/spi-builder-workspace/.derivedData/Build/Intermediates.noindex/SwiftAnthropic.build/Debug-watchos/SwiftAnthropic-t.build/Objects-normal/arm64_32/SwiftAnthropic-Swift.h -working-directory /Users/admin/builder/spi-builder-workspace/.swiftpm/xcode -experimental-emit-module-separately -disable-cmo
SwiftEmitModule normal arm64 Emitting\ module\ for\ SwiftAnthropic (in target 'SwiftAnthropic' from project 'SwiftAnthropic')
SwiftCompile normal arm64 (in target 'SwiftAnthropic' from project 'SwiftAnthropic')
cd /Users/admin/builder/spi-builder-workspace/.swiftpm/xcode
Copy /Users/admin/builder/spi-builder-workspace/.derivedData/Build/Products/Debug-watchos/SwiftAnthropic.swiftmodule/arm64_32-apple-watchos.swiftmodule /Users/admin/builder/spi-builder-workspace/.derivedData/Build/Intermediates.noindex/SwiftAnthropic.build/Debug-watchos/SwiftAnthropic-t.build/Objects-normal/arm64_32/SwiftAnthropic.swiftmodule (in target 'SwiftAnthropic' from project 'SwiftAnthropic')
cd /Users/admin/builder/spi-builder-workspace/.dependencies/checkouts/SwiftAnthropic
builtin-copy -exclude .DS_Store -exclude CVS -exclude .svn -exclude .git -exclude .hg -resolve-src-symlinks -rename /Users/admin/builder/spi-builder-workspace/.derivedData/Build/Intermediates.noindex/SwiftAnthropic.build/Debug-watchos/SwiftAnthropic-t.build/Objects-normal/arm64_32/SwiftAnthropic.swiftmodule /Users/admin/builder/spi-builder-workspace/.derivedData/Build/Products/Debug-watchos/SwiftAnthropic.swiftmodule/arm64_32-apple-watchos.swiftmodule
SwiftDriverJobDiscovery normal arm64 Emitting module for SwiftAnthropic (in target 'SwiftAnthropic' from project 'SwiftAnthropic')
SwiftDriver\ Compilation\ Requirements SwiftAnthropic normal arm64 com.apple.xcode.tools.swift.compiler (in target 'SwiftAnthropic' from project 'SwiftAnthropic')
cd /Users/admin/builder/spi-builder-workspace/.swiftpm/xcode
builtin-Swift-Compilation-Requirements -- /Applications/Xcode-27.0.0-Release.Candidate.app/Contents/Developer/Toolchains/XcodeDefault.xctoolchain/usr/bin/swiftc -parse-as-library -module-name SwiftAnthropic -Onone @/Users/admin/builder/spi-builder-workspace/.derivedData/Build/Intermediates.noindex/SwiftAnthropic.build/Debug-watchos/SwiftAnthropic-t.build/Objects-normal/arm64/SwiftAnthropic.SwiftFileList -DSWIFT_PACKAGE -DDEBUG -DSWIFT_MODULE_RESOURCE_BUNDLE_UNAVAILABLE -DXcode -plugin-path /Applications/Xcode-27.0.0-Release.Candidate.app/Contents/Developer/Toolchains/XcodeDefault.xctoolchain/usr/lib/swift/host/plugins/testing -enable-experimental-feature DebugDescriptionMacro -sdk /Applications/Xcode-27.0.0-Release.Candidate.app/Contents/Developer/Platforms/WatchOS.platform/Developer/SDKs/WatchOS27.0.sdk -target arm64-apple-watchos9.0 -g -module-cache-path /Users/admin/builder/spi-builder-workspace/.derivedData/ModuleCache.noindex -Xfrontend -serialize-debugging-options -profile-coverage-mapping -profile-generate -enable-testing -suppress-warnings -index-store-path /Users/admin/builder/spi-builder-workspace/.derivedData/Index.noindex/DataStore -Xcc -D_LIBCPP_HARDENING_MODE\=_LIBCPP_HARDENING_MODE_DEBUG -swift-version 5 -I /Users/admin/builder/spi-builder-workspace/.derivedData/Build/Products/Debug-watchos -Isystem /Applications/Xcode-27.0.0-Release.Candidate.app/Contents/Developer/Platforms/WatchOS.platform/Developer/usr/lib -F /Users/admin/builder/spi-builder-workspace/.derivedData/Build/Products/Debug-watchos -F /Applications/Xcode-27.0.0-Release.Candidate.app/Contents/Developer/Platforms/WatchOS.platform/Developer/Library/Frameworks -F /Applications/Xcode-27.0.0-Release.Candidate.app/Contents/Developer/Platforms/WatchOS.platform/Developer/SDKs/WatchOS27.0.sdk/Developer/Library/Frameworks -c -j10 -enable-batch-mode -incremental -Xcc -ivfsstatcache -Xcc /Users/admin/builder/spi-builder-workspace/.derivedData/SDKStatCaches.noindex/watchos27.0-24R360-e829b21a6f8c9b70876ba0858053c04477534ef55a1706bf4c1112bbb242f0a2.sdkstatcache -output-file-map /Users/admin/builder/spi-builder-workspace/.derivedData/Build/Intermediates.noindex/SwiftAnthropic.build/Debug-watchos/SwiftAnthropic-t.build/Objects-normal/arm64/SwiftAnthropic-OutputFileMap.json -save-temps -no-color-diagnostics -explicit-module-build -module-cache-path /Users/admin/builder/spi-builder-workspace/.derivedData/Build/Intermediates.noindex/SwiftExplicitPrecompiledModules -clang-scanner-module-cache-path /Users/admin/builder/spi-builder-workspace/.derivedData/ModuleCache.noindex -sdk-module-cache-path /Users/admin/builder/spi-builder-workspace/.derivedData/SDKExplicitPrecompiledModules -emit-dependencies -emit-module -emit-module-path /Users/admin/builder/spi-builder-workspace/.derivedData/Build/Intermediates.noindex/SwiftAnthropic.build/Debug-watchos/SwiftAnthropic-t.build/Objects-normal/arm64/SwiftAnthropic.swiftmodule -serialize-diagnostics -dependency-scan-serialize-diagnostics-path /Users/admin/builder/spi-builder-workspace/.derivedData/Build/Intermediates.noindex/SwiftAnthropic.build/Debug-watchos/SwiftAnthropic-t.build/Objects-normal/arm64/SwiftAnthropic-dependency-scan.dia -validate-clang-modules-once -clang-build-session-file /Users/admin/builder/spi-builder-workspace/.derivedData/ModuleCache.noindex/Session.modulevalidation -Xcc -fmodules-prune-interval\=86400 -Xcc -fmodules-prune-after\=345600 -package-name swiftanthropic -emit-const-values -const-gather-protocols-list /Users/admin/builder/spi-builder-workspace/.derivedData/Build/Intermediates.noindex/SwiftAnthropic.build/Debug-watchos/SwiftAnthropic-t.build/Objects-normal/arm64/SwiftAnthropic_const_extract_protocols.json -Xcc -I/Users/admin/builder/spi-builder-workspace/.derivedData/Build/Products/Debug-watchos/include -Xcc -I/Users/admin/builder/spi-builder-workspace/.derivedData/Build/Intermediates.noindex/SwiftAnthropic.build/Debug-watchos/SwiftAnthropic-t.build/DerivedSources-normal/arm64 -Xcc -I/Users/admin/builder/spi-builder-workspace/.derivedData/Build/Intermediates.noindex/SwiftAnthropic.build/Debug-watchos/SwiftAnthropic-t.build/DerivedSources/arm64 -Xcc -I/Users/admin/builder/spi-builder-workspace/.derivedData/Build/Intermediates.noindex/SwiftAnthropic.build/Debug-watchos/SwiftAnthropic-t.build/DerivedSources -Xcc -DSWIFT_PACKAGE -Xcc -DDEBUG\=1 -emit-objc-header -emit-objc-header-path /Users/admin/builder/spi-builder-workspace/.derivedData/Build/Intermediates.noindex/SwiftAnthropic.build/Debug-watchos/SwiftAnthropic-t.build/Objects-normal/arm64/SwiftAnthropic-Swift.h -working-directory /Users/admin/builder/spi-builder-workspace/.swiftpm/xcode -experimental-emit-module-separately -disable-cmo
Copy /Users/admin/builder/spi-builder-workspace/.derivedData/Build/Products/Debug-watchos/SwiftAnthropic.swiftmodule/arm64_32-apple-watchos.swiftdoc /Users/admin/builder/spi-builder-workspace/.derivedData/Build/Intermediates.noindex/SwiftAnthropic.build/Debug-watchos/SwiftAnthropic-t.build/Objects-normal/arm64_32/SwiftAnthropic.swiftdoc (in target 'SwiftAnthropic' from project 'SwiftAnthropic')
cd /Users/admin/builder/spi-builder-workspace/.dependencies/checkouts/SwiftAnthropic
builtin-copy -exclude .DS_Store -exclude CVS -exclude .svn -exclude .git -exclude .hg -resolve-src-symlinks -rename /Users/admin/builder/spi-builder-workspace/.derivedData/Build/Intermediates.noindex/SwiftAnthropic.build/Debug-watchos/SwiftAnthropic-t.build/Objects-normal/arm64_32/SwiftAnthropic.swiftdoc /Users/admin/builder/spi-builder-workspace/.derivedData/Build/Products/Debug-watchos/SwiftAnthropic.swiftmodule/arm64_32-apple-watchos.swiftdoc
SwiftMergeGeneratedHeaders /Users/admin/builder/spi-builder-workspace/.derivedData/Build/Intermediates.noindex/GeneratedModuleMaps-watchos/SwiftAnthropic-Swift.h /Users/admin/builder/spi-builder-workspace/.derivedData/Build/Intermediates.noindex/SwiftAnthropic.build/Debug-watchos/SwiftAnthropic-t.build/Objects-normal/arm64/SwiftAnthropic-Swift.h /Users/admin/builder/spi-builder-workspace/.derivedData/Build/Intermediates.noindex/SwiftAnthropic.build/Debug-watchos/SwiftAnthropic-t.build/Objects-normal/arm64_32/SwiftAnthropic-Swift.h (in target 'SwiftAnthropic' from project 'SwiftAnthropic')
cd /Users/admin/builder/spi-builder-workspace/.dependencies/checkouts/SwiftAnthropic
builtin-swiftHeaderTool -arch arm64 /Users/admin/builder/spi-builder-workspace/.derivedData/Build/Intermediates.noindex/SwiftAnthropic.build/Debug-watchos/SwiftAnthropic-t.build/Objects-normal/arm64/SwiftAnthropic-Swift.h -arch arm64_32 /Users/admin/builder/spi-builder-workspace/.derivedData/Build/Intermediates.noindex/SwiftAnthropic.build/Debug-watchos/SwiftAnthropic-t.build/Objects-normal/arm64_32/SwiftAnthropic-Swift.h -o /Users/admin/builder/spi-builder-workspace/.derivedData/Build/Intermediates.noindex/GeneratedModuleMaps-watchos/SwiftAnthropic-Swift.h
Copy /Users/admin/builder/spi-builder-workspace/.derivedData/Build/Products/Debug-watchos/SwiftAnthropic.swiftmodule/arm64_32-apple-watchos.abi.json /Users/admin/builder/spi-builder-workspace/.derivedData/Build/Intermediates.noindex/SwiftAnthropic.build/Debug-watchos/SwiftAnthropic-t.build/Objects-normal/arm64_32/SwiftAnthropic.abi.json (in target 'SwiftAnthropic' from project 'SwiftAnthropic')
cd /Users/admin/builder/spi-builder-workspace/.dependencies/checkouts/SwiftAnthropic
builtin-copy -exclude .DS_Store -exclude CVS -exclude .svn -exclude .git -exclude .hg -resolve-src-symlinks -rename /Users/admin/builder/spi-builder-workspace/.derivedData/Build/Intermediates.noindex/SwiftAnthropic.build/Debug-watchos/SwiftAnthropic-t.build/Objects-normal/arm64_32/SwiftAnthropic.abi.json /Users/admin/builder/spi-builder-workspace/.derivedData/Build/Products/Debug-watchos/SwiftAnthropic.swiftmodule/arm64_32-apple-watchos.abi.json
Copy /Users/admin/builder/spi-builder-workspace/.derivedData/Build/Products/Debug-watchos/SwiftAnthropic.swiftmodule/arm64-apple-watchos.swiftmodule /Users/admin/builder/spi-builder-workspace/.derivedData/Build/Intermediates.noindex/SwiftAnthropic.build/Debug-watchos/SwiftAnthropic-t.build/Objects-normal/arm64/SwiftAnthropic.swiftmodule (in target 'SwiftAnthropic' from project 'SwiftAnthropic')
cd /Users/admin/builder/spi-builder-workspace/.dependencies/checkouts/SwiftAnthropic
builtin-copy -exclude .DS_Store -exclude CVS -exclude .svn -exclude .git -exclude .hg -resolve-src-symlinks -rename /Users/admin/builder/spi-builder-workspace/.derivedData/Build/Intermediates.noindex/SwiftAnthropic.build/Debug-watchos/SwiftAnthropic-t.build/Objects-normal/arm64/SwiftAnthropic.swiftmodule /Users/admin/builder/spi-builder-workspace/.derivedData/Build/Products/Debug-watchos/SwiftAnthropic.swiftmodule/arm64-apple-watchos.swiftmodule
Copy /Users/admin/builder/spi-builder-workspace/.derivedData/Build/Products/Debug-watchos/SwiftAnthropic.swiftmodule/arm64-apple-watchos.swiftdoc /Users/admin/builder/spi-builder-workspace/.derivedData/Build/Intermediates.noindex/SwiftAnthropic.build/Debug-watchos/SwiftAnthropic-t.build/Objects-normal/arm64/SwiftAnthropic.swiftdoc (in target 'SwiftAnthropic' from project 'SwiftAnthropic')
cd /Users/admin/builder/spi-builder-workspace/.dependencies/checkouts/SwiftAnthropic
builtin-copy -exclude .DS_Store -exclude CVS -exclude .svn -exclude .git -exclude .hg -resolve-src-symlinks -rename /Users/admin/builder/spi-builder-workspace/.derivedData/Build/Intermediates.noindex/SwiftAnthropic.build/Debug-watchos/SwiftAnthropic-t.build/Objects-normal/arm64/SwiftAnthropic.swiftdoc /Users/admin/builder/spi-builder-workspace/.derivedData/Build/Products/Debug-watchos/SwiftAnthropic.swiftmodule/arm64-apple-watchos.swiftdoc
Copy /Users/admin/builder/spi-builder-workspace/.derivedData/Build/Products/Debug-watchos/SwiftAnthropic.swiftmodule/arm64-apple-watchos.abi.json /Users/admin/builder/spi-builder-workspace/.derivedData/Build/Intermediates.noindex/SwiftAnthropic.build/Debug-watchos/SwiftAnthropic-t.build/Objects-normal/arm64/SwiftAnthropic.abi.json (in target 'SwiftAnthropic' from project 'SwiftAnthropic')
cd /Users/admin/builder/spi-builder-workspace/.dependencies/checkouts/SwiftAnthropic
builtin-copy -exclude .DS_Store -exclude CVS -exclude .svn -exclude .git -exclude .hg -resolve-src-symlinks -rename /Users/admin/builder/spi-builder-workspace/.derivedData/Build/Intermediates.noindex/SwiftAnthropic.build/Debug-watchos/SwiftAnthropic-t.build/Objects-normal/arm64/SwiftAnthropic.abi.json /Users/admin/builder/spi-builder-workspace/.derivedData/Build/Products/Debug-watchos/SwiftAnthropic.swiftmodule/arm64-apple-watchos.abi.json
Copy /Users/admin/builder/spi-builder-workspace/.derivedData/Build/Products/Debug-watchos/SwiftAnthropic.swiftmodule/Project/arm64_32-apple-watchos.swiftsourceinfo /Users/admin/builder/spi-builder-workspace/.derivedData/Build/Intermediates.noindex/SwiftAnthropic.build/Debug-watchos/SwiftAnthropic-t.build/Objects-normal/arm64_32/SwiftAnthropic.swiftsourceinfo (in target 'SwiftAnthropic' from project 'SwiftAnthropic')
cd /Users/admin/builder/spi-builder-workspace/.dependencies/checkouts/SwiftAnthropic
builtin-copy -exclude .DS_Store -exclude CVS -exclude .svn -exclude .git -exclude .hg -resolve-src-symlinks -rename /Users/admin/builder/spi-builder-workspace/.derivedData/Build/Intermediates.noindex/SwiftAnthropic.build/Debug-watchos/SwiftAnthropic-t.build/Objects-normal/arm64_32/SwiftAnthropic.swiftsourceinfo /Users/admin/builder/spi-builder-workspace/.derivedData/Build/Products/Debug-watchos/SwiftAnthropic.swiftmodule/Project/arm64_32-apple-watchos.swiftsourceinfo
Copy /Users/admin/builder/spi-builder-workspace/.derivedData/Build/Products/Debug-watchos/SwiftAnthropic.swiftmodule/Project/arm64-apple-watchos.swiftsourceinfo /Users/admin/builder/spi-builder-workspace/.derivedData/Build/Intermediates.noindex/SwiftAnthropic.build/Debug-watchos/SwiftAnthropic-t.build/Objects-normal/arm64/SwiftAnthropic.swiftsourceinfo (in target 'SwiftAnthropic' from project 'SwiftAnthropic')
cd /Users/admin/builder/spi-builder-workspace/.dependencies/checkouts/SwiftAnthropic
builtin-copy -exclude .DS_Store -exclude CVS -exclude .svn -exclude .git -exclude .hg -resolve-src-symlinks -rename /Users/admin/builder/spi-builder-workspace/.derivedData/Build/Intermediates.noindex/SwiftAnthropic.build/Debug-watchos/SwiftAnthropic-t.build/Objects-normal/arm64/SwiftAnthropic.swiftsourceinfo /Users/admin/builder/spi-builder-workspace/.derivedData/Build/Products/Debug-watchos/SwiftAnthropic.swiftmodule/Project/arm64-apple-watchos.swiftsourceinfo
SwiftCompile normal arm64 Compiling\ TextCompletionResponse.swift,\ TextCompletionStreamResponse.swift /Users/admin/builder/spi-builder-workspace/.dependencies/checkouts/SwiftAnthropic/Sources/Anthropic/Public/ResponseModels/TextCompletion/TextCompletionResponse.swift /Users/admin/builder/spi-builder-workspace/.dependencies/checkouts/SwiftAnthropic/Sources/Anthropic/Public/ResponseModels/TextCompletion/TextCompletionStreamResponse.swift (in target 'SwiftAnthropic' from project 'SwiftAnthropic')
SwiftCompile normal arm64 /Users/admin/builder/spi-builder-workspace/.dependencies/checkouts/SwiftAnthropic/Sources/Anthropic/Public/ResponseModels/TextCompletion/TextCompletionResponse.swift (in target 'SwiftAnthropic' from project 'SwiftAnthropic')
cd /Users/admin/builder/spi-builder-workspace/.swiftpm/xcode
builtin-SwiftPerFileCompile TextCompletionResponse.swift
SwiftCompile normal arm64 /Users/admin/builder/spi-builder-workspace/.dependencies/checkouts/SwiftAnthropic/Sources/Anthropic/Public/ResponseModels/TextCompletion/TextCompletionStreamResponse.swift (in target 'SwiftAnthropic' from project 'SwiftAnthropic')
cd /Users/admin/builder/spi-builder-workspace/.swiftpm/xcode
builtin-SwiftPerFileCompile TextCompletionStreamResponse.swift
SwiftCompile normal arm64 Compiling\ AnthropicServiceFactory.swift,\ DefaultAnthropicService.swift /Users/admin/builder/spi-builder-workspace/.dependencies/checkouts/SwiftAnthropic/Sources/Anthropic/Service/AnthropicServiceFactory.swift /Users/admin/builder/spi-builder-workspace/.dependencies/checkouts/SwiftAnthropic/Sources/Anthropic/Service/DefaultAnthropicService.swift (in target 'SwiftAnthropic' from project 'SwiftAnthropic')
SwiftCompile normal arm64 /Users/admin/builder/spi-builder-workspace/.dependencies/checkouts/SwiftAnthropic/Sources/Anthropic/Service/AnthropicServiceFactory.swift (in target 'SwiftAnthropic' from project 'SwiftAnthropic')
cd /Users/admin/builder/spi-builder-workspace/.swiftpm/xcode
builtin-SwiftPerFileCompile AnthropicServiceFactory.swift
SwiftCompile normal arm64 /Users/admin/builder/spi-builder-workspace/.dependencies/checkouts/SwiftAnthropic/Sources/Anthropic/Service/DefaultAnthropicService.swift (in target 'SwiftAnthropic' from project 'SwiftAnthropic')
cd /Users/admin/builder/spi-builder-workspace/.swiftpm/xcode
builtin-SwiftPerFileCompile DefaultAnthropicService.swift
SwiftDriverJobDiscovery normal arm64_32 Compiling TextCompletionResponse.swift, TextCompletionStreamResponse.swift (in target 'SwiftAnthropic' from project 'SwiftAnthropic')
SwiftCompile normal arm64 Compiling\ AIProxyCertificatePinning.swift,\ AIProxyService.swift,\ Endpoint+AIProxy.swift /Users/admin/builder/spi-builder-workspace/.dependencies/checkouts/SwiftAnthropic/Sources/Anthropic/AIProxy/AIProxyCertificatePinning.swift /Users/admin/builder/spi-builder-workspace/.dependencies/checkouts/SwiftAnthropic/Sources/Anthropic/AIProxy/AIProxyService.swift /Users/admin/builder/spi-builder-workspace/.dependencies/checkouts/SwiftAnthropic/Sources/Anthropic/AIProxy/Endpoint+AIProxy.swift (in target 'SwiftAnthropic' from project 'SwiftAnthropic')
SwiftCompile normal arm64 /Users/admin/builder/spi-builder-workspace/.dependencies/checkouts/SwiftAnthropic/Sources/Anthropic/AIProxy/AIProxyCertificatePinning.swift (in target 'SwiftAnthropic' from project 'SwiftAnthropic')
cd /Users/admin/builder/spi-builder-workspace/.swiftpm/xcode
builtin-SwiftPerFileCompile AIProxyCertificatePinning.swift
SwiftCompile normal arm64 /Users/admin/builder/spi-builder-workspace/.dependencies/checkouts/SwiftAnthropic/Sources/Anthropic/AIProxy/AIProxyService.swift (in target 'SwiftAnthropic' from project 'SwiftAnthropic')
cd /Users/admin/builder/spi-builder-workspace/.swiftpm/xcode
builtin-SwiftPerFileCompile AIProxyService.swift
SwiftCompile normal arm64 /Users/admin/builder/spi-builder-workspace/.dependencies/checkouts/SwiftAnthropic/Sources/Anthropic/AIProxy/Endpoint+AIProxy.swift (in target 'SwiftAnthropic' from project 'SwiftAnthropic')
cd /Users/admin/builder/spi-builder-workspace/.swiftpm/xcode
builtin-SwiftPerFileCompile Endpoint+AIProxy.swift
SwiftDriverJobDiscovery normal arm64_32 Compiling AnthropicServiceFactory.swift, DefaultAnthropicService.swift (in target 'SwiftAnthropic' from project 'SwiftAnthropic')
SwiftCompile normal arm64 Compiling\ AnthropicAPI.swift,\ Endpoint.swift,\ AsyncHTTPClientAdapter.swift /Users/admin/builder/spi-builder-workspace/.dependencies/checkouts/SwiftAnthropic/Sources/Anthropic/Private/Network/AnthropicAPI.swift /Users/admin/builder/spi-builder-workspace/.dependencies/checkouts/SwiftAnthropic/Sources/Anthropic/Private/Network/Endpoint.swift /Users/admin/builder/spi-builder-workspace/.dependencies/checkouts/SwiftAnthropic/Sources/Anthropic/Private/Networking/AsyncHTTPClientAdapter.swift (in target 'SwiftAnthropic' from project 'SwiftAnthropic')
SwiftCompile normal arm64 /Users/admin/builder/spi-builder-workspace/.dependencies/checkouts/SwiftAnthropic/Sources/Anthropic/Private/Network/AnthropicAPI.swift (in target 'SwiftAnthropic' from project 'SwiftAnthropic')
cd /Users/admin/builder/spi-builder-workspace/.swiftpm/xcode
builtin-SwiftPerFileCompile AnthropicAPI.swift
SwiftCompile normal arm64 /Users/admin/builder/spi-builder-workspace/.dependencies/checkouts/SwiftAnthropic/Sources/Anthropic/Private/Network/Endpoint.swift (in target 'SwiftAnthropic' from project 'SwiftAnthropic')
cd /Users/admin/builder/spi-builder-workspace/.swiftpm/xcode
builtin-SwiftPerFileCompile Endpoint.swift
SwiftCompile normal arm64 /Users/admin/builder/spi-builder-workspace/.dependencies/checkouts/SwiftAnthropic/Sources/Anthropic/Private/Networking/AsyncHTTPClientAdapter.swift (in target 'SwiftAnthropic' from project 'SwiftAnthropic')
cd /Users/admin/builder/spi-builder-workspace/.swiftpm/xcode
builtin-SwiftPerFileCompile AsyncHTTPClientAdapter.swift
SwiftCompile normal arm64 Compiling\ StreamHandler.swift,\ AnthropicService.swift /Users/admin/builder/spi-builder-workspace/.dependencies/checkouts/SwiftAnthropic/Sources/Anthropic/Public/StreamHandler.swift /Users/admin/builder/spi-builder-workspace/.dependencies/checkouts/SwiftAnthropic/Sources/Anthropic/Service/AnthropicService.swift (in target 'SwiftAnthropic' from project 'SwiftAnthropic')
SwiftCompile normal arm64 /Users/admin/builder/spi-builder-workspace/.dependencies/checkouts/SwiftAnthropic/Sources/Anthropic/Public/StreamHandler.swift (in target 'SwiftAnthropic' from project 'SwiftAnthropic')
cd /Users/admin/builder/spi-builder-workspace/.swiftpm/xcode
builtin-SwiftPerFileCompile StreamHandler.swift
SwiftCompile normal arm64 /Users/admin/builder/spi-builder-workspace/.dependencies/checkouts/SwiftAnthropic/Sources/Anthropic/Service/AnthropicService.swift (in target 'SwiftAnthropic' from project 'SwiftAnthropic')
cd /Users/admin/builder/spi-builder-workspace/.swiftpm/xcode
builtin-SwiftPerFileCompile AnthropicService.swift
SwiftCompile normal arm64 Compiling\ MessageTokenCountParameter.swift,\ SkillParameter.swift,\ TextCompletionParameter.swift /Users/admin/builder/spi-builder-workspace/.dependencies/checkouts/SwiftAnthropic/Sources/Anthropic/Public/Parameters/Message/MessageTokenCountParameter.swift /Users/admin/builder/spi-builder-workspace/.dependencies/checkouts/SwiftAnthropic/Sources/Anthropic/Public/Parameters/Skill/SkillParameter.swift /Users/admin/builder/spi-builder-workspace/.dependencies/checkouts/SwiftAnthropic/Sources/Anthropic/Public/Parameters/TextCompletion/TextCompletionParameter.swift (in target 'SwiftAnthropic' from project 'SwiftAnthropic')
SwiftCompile normal arm64 /Users/admin/builder/spi-builder-workspace/.dependencies/checkouts/SwiftAnthropic/Sources/Anthropic/Public/Parameters/Message/MessageTokenCountParameter.swift (in target 'SwiftAnthropic' from project 'SwiftAnthropic')
cd /Users/admin/builder/spi-builder-workspace/.swiftpm/xcode
builtin-SwiftPerFileCompile MessageTokenCountParameter.swift
SwiftCompile normal arm64 /Users/admin/builder/spi-builder-workspace/.dependencies/checkouts/SwiftAnthropic/Sources/Anthropic/Public/Parameters/Skill/SkillParameter.swift (in target 'SwiftAnthropic' from project 'SwiftAnthropic')
cd /Users/admin/builder/spi-builder-workspace/.swiftpm/xcode
builtin-SwiftPerFileCompile SkillParameter.swift
SwiftCompile normal arm64 /Users/admin/builder/spi-builder-workspace/.dependencies/checkouts/SwiftAnthropic/Sources/Anthropic/Public/Parameters/TextCompletion/TextCompletionParameter.swift (in target 'SwiftAnthropic' from project 'SwiftAnthropic')
cd /Users/admin/builder/spi-builder-workspace/.swiftpm/xcode
builtin-SwiftPerFileCompile TextCompletionParameter.swift
SwiftCompile normal arm64 Compiling\ JSONSchema.swift,\ MessageParameter+Web.swift,\ MessageParameter.swift /Users/admin/builder/spi-builder-workspace/.dependencies/checkouts/SwiftAnthropic/Sources/Anthropic/Public/Parameters/Message/JSONSchema.swift /Users/admin/builder/spi-builder-workspace/.dependencies/checkouts/SwiftAnthropic/Sources/Anthropic/Public/Parameters/Message/MessageParameter+Web.swift /Users/admin/builder/spi-builder-workspace/.dependencies/checkouts/SwiftAnthropic/Sources/Anthropic/Public/Parameters/Message/MessageParameter.swift (in target 'SwiftAnthropic' from project 'SwiftAnthropic')
SwiftCompile normal arm64 /Users/admin/builder/spi-builder-workspace/.dependencies/checkouts/SwiftAnthropic/Sources/Anthropic/Public/Parameters/Message/JSONSchema.swift (in target 'SwiftAnthropic' from project 'SwiftAnthropic')
cd /Users/admin/builder/spi-builder-workspace/.swiftpm/xcode
builtin-SwiftPerFileCompile JSONSchema.swift
SwiftCompile normal arm64 /Users/admin/builder/spi-builder-workspace/.dependencies/checkouts/SwiftAnthropic/Sources/Anthropic/Public/Parameters/Message/MessageParameter+Web.swift (in target 'SwiftAnthropic' from project 'SwiftAnthropic')
cd /Users/admin/builder/spi-builder-workspace/.swiftpm/xcode
builtin-SwiftPerFileCompile MessageParameter+Web.swift
SwiftCompile normal arm64 /Users/admin/builder/spi-builder-workspace/.dependencies/checkouts/SwiftAnthropic/Sources/Anthropic/Public/Parameters/Message/MessageParameter.swift (in target 'SwiftAnthropic' from project 'SwiftAnthropic')
cd /Users/admin/builder/spi-builder-workspace/.swiftpm/xcode
builtin-SwiftPerFileCompile MessageParameter.swift
SwiftDriverJobDiscovery normal arm64_32 Compiling ErrorResponse.swift, MessageInputTokens.swift, MessageResponse+DynamicContent.swift (in target 'SwiftAnthropic' from project 'SwiftAnthropic')
SwiftCompile normal arm64 Compiling\ HTTPClient.swift,\ URLSessionHTTPClientAdapter.swift,\ Model.swift /Users/admin/builder/spi-builder-workspace/.dependencies/checkouts/SwiftAnthropic/Sources/Anthropic/Private/Networking/HTTPClient.swift /Users/admin/builder/spi-builder-workspace/.dependencies/checkouts/SwiftAnthropic/Sources/Anthropic/Private/Networking/URLSessionHTTPClientAdapter.swift /Users/admin/builder/spi-builder-workspace/.dependencies/checkouts/SwiftAnthropic/Sources/Anthropic/Public/Model.swift (in target 'SwiftAnthropic' from project 'SwiftAnthropic')
SwiftCompile normal arm64 /Users/admin/builder/spi-builder-workspace/.dependencies/checkouts/SwiftAnthropic/Sources/Anthropic/Private/Networking/HTTPClient.swift (in target 'SwiftAnthropic' from project 'SwiftAnthropic')
cd /Users/admin/builder/spi-builder-workspace/.swiftpm/xcode
builtin-SwiftPerFileCompile HTTPClient.swift
SwiftCompile normal arm64 /Users/admin/builder/spi-builder-workspace/.dependencies/checkouts/SwiftAnthropic/Sources/Anthropic/Private/Networking/URLSessionHTTPClientAdapter.swift (in target 'SwiftAnthropic' from project 'SwiftAnthropic')
cd /Users/admin/builder/spi-builder-workspace/.swiftpm/xcode
builtin-SwiftPerFileCompile URLSessionHTTPClientAdapter.swift
SwiftCompile normal arm64 /Users/admin/builder/spi-builder-workspace/.dependencies/checkouts/SwiftAnthropic/Sources/Anthropic/Public/Model.swift (in target 'SwiftAnthropic' from project 'SwiftAnthropic')
cd /Users/admin/builder/spi-builder-workspace/.swiftpm/xcode
builtin-SwiftPerFileCompile Model.swift
SwiftDriverJobDiscovery normal arm64_32 Compiling MessageTokenCountParameter.swift, SkillParameter.swift, TextCompletionParameter.swift (in target 'SwiftAnthropic' from project 'SwiftAnthropic')
SwiftDriverJobDiscovery normal arm64_32 Compiling HTTPClient.swift, URLSessionHTTPClientAdapter.swift, Model.swift (in target 'SwiftAnthropic' from project 'SwiftAnthropic')
SwiftDriverJobDiscovery normal arm64_32 Compiling StreamHandler.swift, AnthropicService.swift (in target 'SwiftAnthropic' from project 'SwiftAnthropic')
SwiftDriverJobDiscovery normal arm64_32 Compiling JSONSchema.swift, MessageParameter+Web.swift, MessageParameter.swift (in target 'SwiftAnthropic' from project 'SwiftAnthropic')
SwiftCompile normal arm64 Compiling\ ErrorResponse.swift,\ MessageInputTokens.swift,\ MessageResponse+DynamicContent.swift /Users/admin/builder/spi-builder-workspace/.dependencies/checkouts/SwiftAnthropic/Sources/Anthropic/Public/ResponseModels/ErrorResponse.swift /Users/admin/builder/spi-builder-workspace/.dependencies/checkouts/SwiftAnthropic/Sources/Anthropic/Public/ResponseModels/Message/MessageInputTokens.swift /Users/admin/builder/spi-builder-workspace/.dependencies/checkouts/SwiftAnthropic/Sources/Anthropic/Public/ResponseModels/Message/MessageResponse+DynamicContent.swift (in target 'SwiftAnthropic' from project 'SwiftAnthropic')
SwiftCompile normal arm64 /Users/admin/builder/spi-builder-workspace/.dependencies/checkouts/SwiftAnthropic/Sources/Anthropic/Public/ResponseModels/ErrorResponse.swift (in target 'SwiftAnthropic' from project 'SwiftAnthropic')
cd /Users/admin/builder/spi-builder-workspace/.swiftpm/xcode
builtin-SwiftPerFileCompile ErrorResponse.swift
SwiftCompile normal arm64 /Users/admin/builder/spi-builder-workspace/.dependencies/checkouts/SwiftAnthropic/Sources/Anthropic/Public/ResponseModels/Message/MessageInputTokens.swift (in target 'SwiftAnthropic' from project 'SwiftAnthropic')
cd /Users/admin/builder/spi-builder-workspace/.swiftpm/xcode
builtin-SwiftPerFileCompile MessageInputTokens.swift
SwiftCompile normal arm64 /Users/admin/builder/spi-builder-workspace/.dependencies/checkouts/SwiftAnthropic/Sources/Anthropic/Public/ResponseModels/Message/MessageResponse+DynamicContent.swift (in target 'SwiftAnthropic' from project 'SwiftAnthropic')
cd /Users/admin/builder/spi-builder-workspace/.swiftpm/xcode
builtin-SwiftPerFileCompile MessageResponse+DynamicContent.swift
SwiftDriverJobDiscovery normal arm64_32 Compiling MessageResponse.swift, MessageStreamResponse.swift, SkillResponse.swift (in target 'SwiftAnthropic' from project 'SwiftAnthropic')
SwiftDriverJobDiscovery normal arm64 Compiling TextCompletionResponse.swift, TextCompletionStreamResponse.swift (in target 'SwiftAnthropic' from project 'SwiftAnthropic')
SwiftCompile normal arm64 Compiling\ MessageResponse.swift,\ MessageStreamResponse.swift,\ SkillResponse.swift /Users/admin/builder/spi-builder-workspace/.dependencies/checkouts/SwiftAnthropic/Sources/Anthropic/Public/ResponseModels/Message/MessageResponse.swift /Users/admin/builder/spi-builder-workspace/.dependencies/checkouts/SwiftAnthropic/Sources/Anthropic/Public/ResponseModels/Message/MessageStreamResponse.swift /Users/admin/builder/spi-builder-workspace/.dependencies/checkouts/SwiftAnthropic/Sources/Anthropic/Public/ResponseModels/Skill/SkillResponse.swift (in target 'SwiftAnthropic' from project 'SwiftAnthropic')
SwiftCompile normal arm64 /Users/admin/builder/spi-builder-workspace/.dependencies/checkouts/SwiftAnthropic/Sources/Anthropic/Public/ResponseModels/Message/MessageResponse.swift (in target 'SwiftAnthropic' from project 'SwiftAnthropic')
cd /Users/admin/builder/spi-builder-workspace/.swiftpm/xcode
builtin-SwiftPerFileCompile MessageResponse.swift
SwiftCompile normal arm64 /Users/admin/builder/spi-builder-workspace/.dependencies/checkouts/SwiftAnthropic/Sources/Anthropic/Public/ResponseModels/Message/MessageStreamResponse.swift (in target 'SwiftAnthropic' from project 'SwiftAnthropic')
cd /Users/admin/builder/spi-builder-workspace/.swiftpm/xcode
builtin-SwiftPerFileCompile MessageStreamResponse.swift
SwiftCompile normal arm64 /Users/admin/builder/spi-builder-workspace/.dependencies/checkouts/SwiftAnthropic/Sources/Anthropic/Public/ResponseModels/Skill/SkillResponse.swift (in target 'SwiftAnthropic' from project 'SwiftAnthropic')
cd /Users/admin/builder/spi-builder-workspace/.swiftpm/xcode
builtin-SwiftPerFileCompile SkillResponse.swift
SwiftDriverJobDiscovery normal arm64 Compiling ErrorResponse.swift, MessageInputTokens.swift, MessageResponse+DynamicContent.swift (in target 'SwiftAnthropic' from project 'SwiftAnthropic')
SwiftCompile normal arm64_32 Compiling\ AnthropicAPI.swift,\ Endpoint.swift,\ AsyncHTTPClientAdapter.swift /Users/admin/builder/spi-builder-workspace/.dependencies/checkouts/SwiftAnthropic/Sources/Anthropic/Private/Network/AnthropicAPI.swift /Users/admin/builder/spi-builder-workspace/.dependencies/checkouts/SwiftAnthropic/Sources/Anthropic/Private/Network/Endpoint.swift /Users/admin/builder/spi-builder-workspace/.dependencies/checkouts/SwiftAnthropic/Sources/Anthropic/Private/Networking/AsyncHTTPClientAdapter.swift (in target 'SwiftAnthropic' from project 'SwiftAnthropic')
SwiftCompile normal arm64_32 /Users/admin/builder/spi-builder-workspace/.dependencies/checkouts/SwiftAnthropic/Sources/Anthropic/Private/Network/AnthropicAPI.swift (in target 'SwiftAnthropic' from project 'SwiftAnthropic')
cd /Users/admin/builder/spi-builder-workspace/.swiftpm/xcode
builtin-SwiftPerFileCompile AnthropicAPI.swift
SwiftCompile normal arm64_32 /Users/admin/builder/spi-builder-workspace/.dependencies/checkouts/SwiftAnthropic/Sources/Anthropic/Private/Network/Endpoint.swift (in target 'SwiftAnthropic' from project 'SwiftAnthropic')
cd /Users/admin/builder/spi-builder-workspace/.swiftpm/xcode
builtin-SwiftPerFileCompile Endpoint.swift
SwiftCompile normal arm64_32 /Users/admin/builder/spi-builder-workspace/.dependencies/checkouts/SwiftAnthropic/Sources/Anthropic/Private/Networking/AsyncHTTPClientAdapter.swift (in target 'SwiftAnthropic' from project 'SwiftAnthropic')
cd /Users/admin/builder/spi-builder-workspace/.swiftpm/xcode
builtin-SwiftPerFileCompile AsyncHTTPClientAdapter.swift
SwiftDriverJobDiscovery normal arm64 Compiling AnthropicServiceFactory.swift, DefaultAnthropicService.swift (in target 'SwiftAnthropic' from project 'SwiftAnthropic')
SwiftDriver ClaudeCodeSDK normal arm64_32 com.apple.xcode.tools.swift.compiler (in target 'ClaudeCodeSDK' from project 'ClaudeCodeSDK')
cd /Users/admin/builder/spi-builder-workspace/.swiftpm/xcode
builtin-SwiftDriver -- /Applications/Xcode-27.0.0-Release.Candidate.app/Contents/Developer/Toolchains/XcodeDefault.xctoolchain/usr/bin/swiftc -parse-as-library -module-name ClaudeCodeSDK -Onone @/Users/admin/builder/spi-builder-workspace/.derivedData/Build/Intermediates.noindex/ClaudeCodeSDK.build/Debug-watchos/ClaudeCodeSDK-t.build/Objects-normal/arm64_32/ClaudeCodeSDK.SwiftFileList -DSWIFT_PACKAGE -DDEBUG -DSWIFT_MODULE_RESOURCE_BUNDLE_AVAILABLE -DXcode -plugin-path /Applications/Xcode-27.0.0-Release.Candidate.app/Contents/Developer/Toolchains/XcodeDefault.xctoolchain/usr/lib/swift/host/plugins/testing -enable-experimental-feature DebugDescriptionMacro -sdk /Applications/Xcode-27.0.0-Release.Candidate.app/Contents/Developer/Platforms/WatchOS.platform/Developer/SDKs/WatchOS27.0.sdk -target arm64_32-apple-watchos9.0 -g -module-cache-path /Users/admin/builder/spi-builder-workspace/.derivedData/ModuleCache.noindex -Xfrontend -serialize-debugging-options -profile-coverage-mapping -profile-generate -enable-testing -index-store-path /Users/admin/builder/spi-builder-workspace/.derivedData/Index.noindex/DataStore -Xcc -D_LIBCPP_HARDENING_MODE\=_LIBCPP_HARDENING_MODE_DEBUG -swift-version 6 -I /Users/admin/builder/spi-builder-workspace/.derivedData/Build/Products/Debug-watchos -Isystem /Applications/Xcode-27.0.0-Release.Candidate.app/Contents/Developer/Platforms/WatchOS.platform/Developer/usr/lib -F /Users/admin/builder/spi-builder-workspace/.derivedData/Build/Products/Debug-watchos/PackageFrameworks -F /Users/admin/builder/spi-builder-workspace/.derivedData/Build/Products/Debug-watchos -F /Applications/Xcode-27.0.0-Release.Candidate.app/Contents/Developer/Platforms/WatchOS.platform/Developer/Library/Frameworks -F /Applications/Xcode-27.0.0-Release.Candidate.app/Contents/Developer/Platforms/WatchOS.platform/Developer/SDKs/WatchOS27.0.sdk/Developer/Library/Frameworks -c -j10 -enable-batch-mode -incremental -Xcc -ivfsstatcache -Xcc /Users/admin/builder/spi-builder-workspace/.derivedData/SDKStatCaches.noindex/watchos27.0-24R360-e829b21a6f8c9b70876ba0858053c04477534ef55a1706bf4c1112bbb242f0a2.sdkstatcache -output-file-map /Users/admin/builder/spi-builder-workspace/.derivedData/Build/Intermediates.noindex/ClaudeCodeSDK.build/Debug-watchos/ClaudeCodeSDK-t.build/Objects-normal/arm64_32/ClaudeCodeSDK-OutputFileMap.json -save-temps -no-color-diagnostics -explicit-module-build -module-cache-path /Users/admin/builder/spi-builder-workspace/.derivedData/Build/Intermediates.noindex/SwiftExplicitPrecompiledModules -clang-scanner-module-cache-path /Users/admin/builder/spi-builder-workspace/.derivedData/ModuleCache.noindex -sdk-module-cache-path /Users/admin/builder/spi-builder-workspace/.derivedData/SDKExplicitPrecompiledModules -emit-dependencies -emit-module -emit-module-path /Users/admin/builder/spi-builder-workspace/.derivedData/Build/Intermediates.noindex/ClaudeCodeSDK.build/Debug-watchos/ClaudeCodeSDK-t.build/Objects-normal/arm64_32/ClaudeCodeSDK.swiftmodule -serialize-diagnostics -dependency-scan-serialize-diagnostics-path /Users/admin/builder/spi-builder-workspace/.derivedData/Build/Intermediates.noindex/ClaudeCodeSDK.build/Debug-watchos/ClaudeCodeSDK-t.build/Objects-normal/arm64_32/ClaudeCodeSDK-dependency-scan.dia -validate-clang-modules-once -clang-build-session-file /Users/admin/builder/spi-builder-workspace/.derivedData/ModuleCache.noindex/Session.modulevalidation -Xcc -fmodules-prune-interval\=86400 -Xcc -fmodules-prune-after\=345600 -package-name spi_builder_workspace -emit-const-values -const-gather-protocols-list /Users/admin/builder/spi-builder-workspace/.derivedData/Build/Intermediates.noindex/ClaudeCodeSDK.build/Debug-watchos/ClaudeCodeSDK-t.build/Objects-normal/arm64_32/ClaudeCodeSDK_const_extract_protocols.json -Xcc -I/Users/admin/builder/spi-builder-workspace/.derivedData/Build/Products/Debug-watchos/include -Xcc -I/Users/admin/builder/spi-builder-workspace/.derivedData/Build/Intermediates.noindex/ClaudeCodeSDK.build/Debug-watchos/ClaudeCodeSDK-t.build/DerivedSources-normal/arm64_32 -Xcc -I/Users/admin/builder/spi-builder-workspace/.derivedData/Build/Intermediates.noindex/ClaudeCodeSDK.build/Debug-watchos/ClaudeCodeSDK-t.build/DerivedSources/arm64_32 -Xcc -I/Users/admin/builder/spi-builder-workspace/.derivedData/Build/Intermediates.noindex/ClaudeCodeSDK.build/Debug-watchos/ClaudeCodeSDK-t.build/DerivedSources -Xcc -DSWIFT_PACKAGE -Xcc -DDEBUG\=1 -emit-objc-header -emit-objc-header-path /Users/admin/builder/spi-builder-workspace/.derivedData/Build/Intermediates.noindex/ClaudeCodeSDK.build/Debug-watchos/ClaudeCodeSDK-t.build/Objects-normal/arm64_32/ClaudeCodeSDK-Swift.h -working-directory /Users/admin/builder/spi-builder-workspace/.swiftpm/xcode -experimental-emit-module-separately -disable-cmo
SwiftDriver ClaudeCodeSDK normal arm64 com.apple.xcode.tools.swift.compiler (in target 'ClaudeCodeSDK' from project 'ClaudeCodeSDK')
cd /Users/admin/builder/spi-builder-workspace/.swiftpm/xcode
builtin-SwiftDriver -- /Applications/Xcode-27.0.0-Release.Candidate.app/Contents/Developer/Toolchains/XcodeDefault.xctoolchain/usr/bin/swiftc -parse-as-library -module-name ClaudeCodeSDK -Onone @/Users/admin/builder/spi-builder-workspace/.derivedData/Build/Intermediates.noindex/ClaudeCodeSDK.build/Debug-watchos/ClaudeCodeSDK-t.build/Objects-normal/arm64/ClaudeCodeSDK.SwiftFileList -DSWIFT_PACKAGE -DDEBUG -DSWIFT_MODULE_RESOURCE_BUNDLE_AVAILABLE -DXcode -plugin-path /Applications/Xcode-27.0.0-Release.Candidate.app/Contents/Developer/Toolchains/XcodeDefault.xctoolchain/usr/lib/swift/host/plugins/testing -enable-experimental-feature DebugDescriptionMacro -sdk /Applications/Xcode-27.0.0-Release.Candidate.app/Contents/Developer/Platforms/WatchOS.platform/Developer/SDKs/WatchOS27.0.sdk -target arm64-apple-watchos9.0 -g -module-cache-path /Users/admin/builder/spi-builder-workspace/.derivedData/ModuleCache.noindex -Xfrontend -serialize-debugging-options -profile-coverage-mapping -profile-generate -enable-testing -index-store-path /Users/admin/builder/spi-builder-workspace/.derivedData/Index.noindex/DataStore -Xcc -D_LIBCPP_HARDENING_MODE\=_LIBCPP_HARDENING_MODE_DEBUG -swift-version 6 -I /Users/admin/builder/spi-builder-workspace/.derivedData/Build/Products/Debug-watchos -Isystem /Applications/Xcode-27.0.0-Release.Candidate.app/Contents/Developer/Platforms/WatchOS.platform/Developer/usr/lib -F /Users/admin/builder/spi-builder-workspace/.derivedData/Build/Products/Debug-watchos/PackageFrameworks -F /Users/admin/builder/spi-builder-workspace/.derivedData/Build/Products/Debug-watchos -F /Applications/Xcode-27.0.0-Release.Candidate.app/Contents/Developer/Platforms/WatchOS.platform/Developer/Library/Frameworks -F /Applications/Xcode-27.0.0-Release.Candidate.app/Contents/Developer/Platforms/WatchOS.platform/Developer/SDKs/WatchOS27.0.sdk/Developer/Library/Frameworks -c -j10 -enable-batch-mode -incremental -Xcc -ivfsstatcache -Xcc /Users/admin/builder/spi-builder-workspace/.derivedData/SDKStatCaches.noindex/watchos27.0-24R360-e829b21a6f8c9b70876ba0858053c04477534ef55a1706bf4c1112bbb242f0a2.sdkstatcache -output-file-map /Users/admin/builder/spi-builder-workspace/.derivedData/Build/Intermediates.noindex/ClaudeCodeSDK.build/Debug-watchos/ClaudeCodeSDK-t.build/Objects-normal/arm64/ClaudeCodeSDK-OutputFileMap.json -save-temps -no-color-diagnostics -explicit-module-build -module-cache-path /Users/admin/builder/spi-builder-workspace/.derivedData/Build/Intermediates.noindex/SwiftExplicitPrecompiledModules -clang-scanner-module-cache-path /Users/admin/builder/spi-builder-workspace/.derivedData/ModuleCache.noindex -sdk-module-cache-path /Users/admin/builder/spi-builder-workspace/.derivedData/SDKExplicitPrecompiledModules -emit-dependencies -emit-module -emit-module-path /Users/admin/builder/spi-builder-workspace/.derivedData/Build/Intermediates.noindex/ClaudeCodeSDK.build/Debug-watchos/ClaudeCodeSDK-t.build/Objects-normal/arm64/ClaudeCodeSDK.swiftmodule -serialize-diagnostics -dependency-scan-serialize-diagnostics-path /Users/admin/builder/spi-builder-workspace/.derivedData/Build/Intermediates.noindex/ClaudeCodeSDK.build/Debug-watchos/ClaudeCodeSDK-t.build/Objects-normal/arm64/ClaudeCodeSDK-dependency-scan.dia -validate-clang-modules-once -clang-build-session-file /Users/admin/builder/spi-builder-workspace/.derivedData/ModuleCache.noindex/Session.modulevalidation -Xcc -fmodules-prune-interval\=86400 -Xcc -fmodules-prune-after\=345600 -package-name spi_builder_workspace -emit-const-values -const-gather-protocols-list /Users/admin/builder/spi-builder-workspace/.derivedData/Build/Intermediates.noindex/ClaudeCodeSDK.build/Debug-watchos/ClaudeCodeSDK-t.build/Objects-normal/arm64/ClaudeCodeSDK_const_extract_protocols.json -Xcc -I/Users/admin/builder/spi-builder-workspace/.derivedData/Build/Products/Debug-watchos/include -Xcc -I/Users/admin/builder/spi-builder-workspace/.derivedData/Build/Intermediates.noindex/ClaudeCodeSDK.build/Debug-watchos/ClaudeCodeSDK-t.build/DerivedSources-normal/arm64 -Xcc -I/Users/admin/builder/spi-builder-workspace/.derivedData/Build/Intermediates.noindex/ClaudeCodeSDK.build/Debug-watchos/ClaudeCodeSDK-t.build/DerivedSources/arm64 -Xcc -I/Users/admin/builder/spi-builder-workspace/.derivedData/Build/Intermediates.noindex/ClaudeCodeSDK.build/Debug-watchos/ClaudeCodeSDK-t.build/DerivedSources -Xcc -DSWIFT_PACKAGE -Xcc -DDEBUG\=1 -emit-objc-header -emit-objc-header-path /Users/admin/builder/spi-builder-workspace/.derivedData/Build/Intermediates.noindex/ClaudeCodeSDK.build/Debug-watchos/ClaudeCodeSDK-t.build/Objects-normal/arm64/ClaudeCodeSDK-Swift.h -working-directory /Users/admin/builder/spi-builder-workspace/.swiftpm/xcode -experimental-emit-module-separately -disable-cmo
SwiftDriverJobDiscovery normal arm64 Compiling StreamHandler.swift, AnthropicService.swift (in target 'SwiftAnthropic' from project 'SwiftAnthropic')
SwiftDriverJobDiscovery normal arm64 Compiling AnthropicAPI.swift, Endpoint.swift, AsyncHTTPClientAdapter.swift (in target 'SwiftAnthropic' from project 'SwiftAnthropic')
SwiftDriverJobDiscovery normal arm64_32 Compiling AnthropicAPI.swift, Endpoint.swift, AsyncHTTPClientAdapter.swift (in target 'SwiftAnthropic' from project 'SwiftAnthropic')
SwiftDriverJobDiscovery normal arm64 Compiling HTTPClient.swift, URLSessionHTTPClientAdapter.swift, Model.swift (in target 'SwiftAnthropic' from project 'SwiftAnthropic')
SwiftDriverJobDiscovery normal arm64 Compiling MessageTokenCountParameter.swift, SkillParameter.swift, TextCompletionParameter.swift (in target 'SwiftAnthropic' from project 'SwiftAnthropic')
SwiftExplicitDependencyGeneratePcm arm64_32 /Users/admin/builder/spi-builder-workspace/.derivedData/SDKExplicitPrecompiledModules/DeveloperToolsSupport-3FQKKPF3BW0SWE1YUZ86OZWIB.pcm
SwiftExplicitDependencyGeneratePcm arm64_32 /Users/admin/builder/spi-builder-workspace/.derivedData/SDKExplicitPrecompiledModules/ptrauth-EW7YZZ7LEZE1QZF2T8148IPSA.pcm
SwiftExplicitDependencyGeneratePcm arm64_32 /Users/admin/builder/spi-builder-workspace/.derivedData/SDKExplicitPrecompiledModules/_Builtin_stdbool-84ZA1VDW90AGWZ2LF5KOCM8DZ.pcm
SwiftExplicitDependencyGeneratePcm arm64_32 /Users/admin/builder/spi-builder-workspace/.derivedData/SDKExplicitPrecompiledModules/_Builtin_stddef-2F9BFIPBQ5EWNSK5G7G7V4EKL.pcm
SwiftExplicitDependencyGeneratePcm arm64_32 /Users/admin/builder/spi-builder-workspace/.derivedData/SDKExplicitPrecompiledModules/_SwiftConcurrencyShims-58G4ISYSYDV3AT1DDGEE0QCUF.pcm
SwiftExplicitDependencyGeneratePcm arm64_32 /Users/admin/builder/spi-builder-workspace/.derivedData/SDKExplicitPrecompiledModules/ptrcheck-EAZ3I917ZFA9H6ZCL6PGLG4TR.pcm
SwiftExplicitDependencyGeneratePcm arm64_32 /Users/admin/builder/spi-builder-workspace/.derivedData/SDKExplicitPrecompiledModules/_AvailabilityInternal-22ZP1ILSQW16KHXZS5GBZHOCS.pcm
SwiftExplicitDependencyGeneratePcm arm64_32 /Users/admin/builder/spi-builder-workspace/.derivedData/SDKExplicitPrecompiledModules/SwiftShims-D9VBB138U50XYYGW2C2V21N3L.pcm
SwiftExplicitDependencyGeneratePcm arm64_32 /Users/admin/builder/spi-builder-workspace/.derivedData/SDKExplicitPrecompiledModules/_Builtin_stdarg-EYJP6DFYQL9GJLH1TJ84A8MHV.pcm
SwiftExplicitDependencyGeneratePcm arm64_32 /Users/admin/builder/spi-builder-workspace/.derivedData/SDKExplicitPrecompiledModules/_Builtin_float-372PLGDQ1U3B6Z5EA5DJMDORJ.pcm
SwiftExplicitDependencyGeneratePcm arm64_32 /Users/admin/builder/spi-builder-workspace/.derivedData/SDKExplicitPrecompiledModules/_DarwinFoundation1-5SNIO0SFHX9KJZTLQGIPAPXUZ.pcm
SwiftExplicitDependencyGeneratePcm arm64 /Users/admin/builder/spi-builder-workspace/.derivedData/SDKExplicitPrecompiledModules/ptrauth-C7VQASAJ967Q4Q6SRD4I3CFWZ.pcm
SwiftExplicitDependencyGeneratePcm arm64 /Users/admin/builder/spi-builder-workspace/.derivedData/SDKExplicitPrecompiledModules/_Builtin_stdbool-B692L2PMR118794VVYBG37897.pcm
SwiftExplicitDependencyGeneratePcm arm64 /Users/admin/builder/spi-builder-workspace/.derivedData/SDKExplicitPrecompiledModules/_Builtin_stddef-5OH846KKUPSJJT7GCX9XU1TKG.pcm
SwiftExplicitDependencyGeneratePcm arm64 /Users/admin/builder/spi-builder-workspace/.derivedData/SDKExplicitPrecompiledModules/DeveloperToolsSupport-CL5QT3CW0ZM498PFTWG64QMLA.pcm
SwiftExplicitDependencyGeneratePcm arm64 /Users/admin/builder/spi-builder-workspace/.derivedData/SDKExplicitPrecompiledModules/ptrcheck-8K07997SIHO7YGY7UQ3LOQ3TJ.pcm
SwiftExplicitDependencyGeneratePcm arm64 /Users/admin/builder/spi-builder-workspace/.derivedData/SDKExplicitPrecompiledModules/_Builtin_float-E4M4A8689VXF1T7P7BV56IKBT.pcm
SwiftExplicitDependencyGeneratePcm arm64 /Users/admin/builder/spi-builder-workspace/.derivedData/SDKExplicitPrecompiledModules/_Builtin_stdarg-3X4KLXUYEI0UGBILP4X7D0CYW.pcm
SwiftDriverJobDiscovery normal arm64 Compiling JSONSchema.swift, MessageParameter+Web.swift, MessageParameter.swift (in target 'SwiftAnthropic' from project 'SwiftAnthropic')
SwiftExplicitDependencyGeneratePcm arm64_32 /Users/admin/builder/spi-builder-workspace/.derivedData/SDKExplicitPrecompiledModules/_Builtin_limits-AQMEC9CLG0FZQN6TLGDQ6WF78.pcm
SwiftExplicitDependencyGeneratePcm arm64 /Users/admin/builder/spi-builder-workspace/.derivedData/SDKExplicitPrecompiledModules/_SwiftConcurrencyShims-CTPSFSTDCBVSSQFHL6I305U72.pcm
SwiftExplicitDependencyGeneratePcm arm64 /Users/admin/builder/spi-builder-workspace/.derivedData/SDKExplicitPrecompiledModules/SwiftShims-AJ4AZYHQNC33R5RLN7AGEIOMP.pcm
SwiftExplicitDependencyGeneratePcm arm64 /Users/admin/builder/spi-builder-workspace/.derivedData/SDKExplicitPrecompiledModules/_AvailabilityInternal-42EVAC8Q6P1ZT6G3A168N97G4.pcm
SwiftExplicitDependencyGeneratePcm arm64_32 /Users/admin/builder/spi-builder-workspace/.derivedData/SDKExplicitPrecompiledModules/_DarwinFoundation2-FP2Q8F1Q2HR151SBYKTU6Q8B.pcm
SwiftDriverJobDiscovery normal arm64_32 Compiling AIProxyCertificatePinning.swift, AIProxyService.swift, Endpoint+AIProxy.swift (in target 'SwiftAnthropic' from project 'SwiftAnthropic')
SwiftDriver\ Compilation SwiftAnthropic normal arm64_32 com.apple.xcode.tools.swift.compiler (in target 'SwiftAnthropic' from project 'SwiftAnthropic')
cd /Users/admin/builder/spi-builder-workspace/.swiftpm/xcode
builtin-Swift-Compilation -- /Applications/Xcode-27.0.0-Release.Candidate.app/Contents/Developer/Toolchains/XcodeDefault.xctoolchain/usr/bin/swiftc -parse-as-library -module-name SwiftAnthropic -Onone @/Users/admin/builder/spi-builder-workspace/.derivedData/Build/Intermediates.noindex/SwiftAnthropic.build/Debug-watchos/SwiftAnthropic-t.build/Objects-normal/arm64_32/SwiftAnthropic.SwiftFileList -DSWIFT_PACKAGE -DDEBUG -DSWIFT_MODULE_RESOURCE_BUNDLE_UNAVAILABLE -DXcode -plugin-path /Applications/Xcode-27.0.0-Release.Candidate.app/Contents/Developer/Toolchains/XcodeDefault.xctoolchain/usr/lib/swift/host/plugins/testing -enable-experimental-feature DebugDescriptionMacro -sdk /Applications/Xcode-27.0.0-Release.Candidate.app/Contents/Developer/Platforms/WatchOS.platform/Developer/SDKs/WatchOS27.0.sdk -target arm64_32-apple-watchos9.0 -g -module-cache-path /Users/admin/builder/spi-builder-workspace/.derivedData/ModuleCache.noindex -Xfrontend -serialize-debugging-options -profile-coverage-mapping -profile-generate -enable-testing -suppress-warnings -index-store-path /Users/admin/builder/spi-builder-workspace/.derivedData/Index.noindex/DataStore -Xcc -D_LIBCPP_HARDENING_MODE\=_LIBCPP_HARDENING_MODE_DEBUG -swift-version 5 -I /Users/admin/builder/spi-builder-workspace/.derivedData/Build/Products/Debug-watchos -Isystem /Applications/Xcode-27.0.0-Release.Candidate.app/Contents/Developer/Platforms/WatchOS.platform/Developer/usr/lib -F /Users/admin/builder/spi-builder-workspace/.derivedData/Build/Products/Debug-watchos -F /Applications/Xcode-27.0.0-Release.Candidate.app/Contents/Developer/Platforms/WatchOS.platform/Developer/Library/Frameworks -F /Applications/Xcode-27.0.0-Release.Candidate.app/Contents/Developer/Platforms/WatchOS.platform/Developer/SDKs/WatchOS27.0.sdk/Developer/Library/Frameworks -c -j10 -enable-batch-mode -incremental -Xcc -ivfsstatcache -Xcc /Users/admin/builder/spi-builder-workspace/.derivedData/SDKStatCaches.noindex/watchos27.0-24R360-e829b21a6f8c9b70876ba0858053c04477534ef55a1706bf4c1112bbb242f0a2.sdkstatcache -output-file-map /Users/admin/builder/spi-builder-workspace/.derivedData/Build/Intermediates.noindex/SwiftAnthropic.build/Debug-watchos/SwiftAnthropic-t.build/Objects-normal/arm64_32/SwiftAnthropic-OutputFileMap.json -save-temps -no-color-diagnostics -explicit-module-build -module-cache-path /Users/admin/builder/spi-builder-workspace/.derivedData/Build/Intermediates.noindex/SwiftExplicitPrecompiledModules -clang-scanner-module-cache-path /Users/admin/builder/spi-builder-workspace/.derivedData/ModuleCache.noindex -sdk-module-cache-path /Users/admin/builder/spi-builder-workspace/.derivedData/SDKExplicitPrecompiledModules -emit-dependencies -emit-module -emit-module-path /Users/admin/builder/spi-builder-workspace/.derivedData/Build/Intermediates.noindex/SwiftAnthropic.build/Debug-watchos/SwiftAnthropic-t.build/Objects-normal/arm64_32/SwiftAnthropic.swiftmodule -serialize-diagnostics -dependency-scan-serialize-diagnostics-path /Users/admin/builder/spi-builder-workspace/.derivedData/Build/Intermediates.noindex/SwiftAnthropic.build/Debug-watchos/SwiftAnthropic-t.build/Objects-normal/arm64_32/SwiftAnthropic-dependency-scan.dia -validate-clang-modules-once -clang-build-session-file /Users/admin/builder/spi-builder-workspace/.derivedData/ModuleCache.noindex/Session.modulevalidation -Xcc -fmodules-prune-interval\=86400 -Xcc -fmodules-prune-after\=345600 -package-name swiftanthropic -emit-const-values -const-gather-protocols-list /Users/admin/builder/spi-builder-workspace/.derivedData/Build/Intermediates.noindex/SwiftAnthropic.build/Debug-watchos/SwiftAnthropic-t.build/Objects-normal/arm64_32/SwiftAnthropic_const_extract_protocols.json -Xcc -I/Users/admin/builder/spi-builder-workspace/.derivedData/Build/Products/Debug-watchos/include -Xcc -I/Users/admin/builder/spi-builder-workspace/.derivedData/Build/Intermediates.noindex/SwiftAnthropic.build/Debug-watchos/SwiftAnthropic-t.build/DerivedSources-normal/arm64_32 -Xcc -I/Users/admin/builder/spi-builder-workspace/.derivedData/Build/Intermediates.noindex/SwiftAnthropic.build/Debug-watchos/SwiftAnthropic-t.build/DerivedSources/arm64_32 -Xcc -I/Users/admin/builder/spi-builder-workspace/.derivedData/Build/Intermediates.noindex/SwiftAnthropic.build/Debug-watchos/SwiftAnthropic-t.build/DerivedSources -Xcc -DSWIFT_PACKAGE -Xcc -DDEBUG\=1 -emit-objc-header -emit-objc-header-path /Users/admin/builder/spi-builder-workspace/.derivedData/Build/Intermediates.noindex/SwiftAnthropic.build/Debug-watchos/SwiftAnthropic-t.build/Objects-normal/arm64_32/SwiftAnthropic-Swift.h -working-directory /Users/admin/builder/spi-builder-workspace/.swiftpm/xcode -experimental-emit-module-separately -disable-cmo
Ld /Users/admin/builder/spi-builder-workspace/.derivedData/Build/Intermediates.noindex/SwiftAnthropic.build/Debug-watchos/SwiftAnthropic-t.build/Objects-normal/arm64_32/Binary/SwiftAnthropic.o normal arm64_32 (in target 'SwiftAnthropic' from project 'SwiftAnthropic')
cd /Users/admin/builder/spi-builder-workspace/.dependencies/checkouts/SwiftAnthropic
/Applications/Xcode-27.0.0-Release.Candidate.app/Contents/Developer/Toolchains/XcodeDefault.xctoolchain/usr/bin/clang -Xlinker -reproducible -target arm64_32-apple-watchos9.0 -r -isysroot /Applications/Xcode-27.0.0-Release.Candidate.app/Contents/Developer/Platforms/WatchOS.platform/Developer/SDKs/WatchOS27.0.sdk -O0 -w -Xlinker -no_warn_duplicate_libraries -F/Users/admin/builder/spi-builder-workspace/.derivedData/Build/Intermediates.noindex/EagerLinkingTBDs/Debug-watchos -F/Users/admin/builder/spi-builder-workspace/.derivedData/Build/Products/Debug-watchos -iframework /Applications/Xcode-27.0.0-Release.Candidate.app/Contents/Developer/Platforms/WatchOS.platform/Developer/Library/Frameworks -iframework /Applications/Xcode-27.0.0-Release.Candidate.app/Contents/Developer/Platforms/WatchOS.platform/Developer/SDKs/WatchOS27.0.sdk/Developer/Library/Frameworks -filelist /Users/admin/builder/spi-builder-workspace/.derivedData/Build/Intermediates.noindex/SwiftAnthropic.build/Debug-watchos/SwiftAnthropic-t.build/Objects-normal/arm64_32/SwiftAnthropic.LinkFileList -nostdlib -Xlinker -object_path_lto -Xlinker /Users/admin/builder/spi-builder-workspace/.derivedData/Build/Intermediates.noindex/SwiftAnthropic.build/Debug-watchos/SwiftAnthropic-t.build/Objects-normal/arm64_32/SwiftAnthropic_lto.o -Xlinker -no_deduplicate -Xlinker -debug_variant -Xlinker -dependency_info -Xlinker /Users/admin/builder/spi-builder-workspace/.derivedData/Build/Intermediates.noindex/SwiftAnthropic.build/Debug-watchos/SwiftAnthropic-t.build/Objects-normal/arm64_32/SwiftAnthropic_dependency_info.dat -fobjc-link-runtime -L/Applications/Xcode-27.0.0-Release.Candidate.app/Contents/Developer/Toolchains/XcodeDefault.xctoolchain/usr/lib/swift/watchos -L/usr/lib/swift -Xlinker -add_ast_path -Xlinker /Users/admin/builder/spi-builder-workspace/.derivedData/Build/Intermediates.noindex/SwiftAnthropic.build/Debug-watchos/SwiftAnthropic-t.build/Objects-normal/arm64_32/SwiftAnthropic.swiftmodule -o /Users/admin/builder/spi-builder-workspace/.derivedData/Build/Intermediates.noindex/SwiftAnthropic.build/Debug-watchos/SwiftAnthropic-t.build/Objects-normal/arm64_32/Binary/SwiftAnthropic.o
SwiftExplicitDependencyGeneratePcm arm64 /Users/admin/builder/spi-builder-workspace/.derivedData/SDKExplicitPrecompiledModules/_DarwinFoundation1-7YQ9TVI7XTOGQU9OADRXP33D1.pcm
SwiftExplicitDependencyGeneratePcm arm64_32 /Users/admin/builder/spi-builder-workspace/.derivedData/SDKExplicitPrecompiledModules/_Builtin_stdint-6IWJLTRH2WB6RCG4THPA65RDS.pcm
SwiftExplicitDependencyGeneratePcm arm64_32 /Users/admin/builder/spi-builder-workspace/.derivedData/SDKExplicitPrecompiledModules/_Builtin_tgmath-414CVW1GW3IL0HRLCNNCS6Q0U.pcm
SwiftExplicitDependencyGeneratePcm arm64_32 /Users/admin/builder/spi-builder-workspace/.derivedData/SDKExplicitPrecompiledModules/sys_types-65NN51P1G7GN2GUAUPC53JJ7N.pcm
SwiftExplicitDependencyGeneratePcm arm64_32 /Users/admin/builder/spi-builder-workspace/.derivedData/SDKExplicitPrecompiledModules/string_h-8QY7P4ZQXQAF14WVDITTM4R70.pcm
SwiftExplicitDependencyGeneratePcm arm64 /Users/admin/builder/spi-builder-workspace/.derivedData/SDKExplicitPrecompiledModules/_DarwinFoundation2-CUPL4FH2SA95GMALQP4M6O8UA.pcm
SwiftExplicitDependencyGeneratePcm arm64 /Users/admin/builder/spi-builder-workspace/.derivedData/SDKExplicitPrecompiledModules/_Builtin_limits-75TRA1C7IHYOFCG3KJXQVTHJ4.pcm
SwiftExplicitDependencyGeneratePcm arm64_32 /Users/admin/builder/spi-builder-workspace/.derivedData/SDKExplicitPrecompiledModules/_DarwinFoundation3-3YOBOPIW2MF1LRNQH7JBUBY4G.pcm
SwiftExplicitDependencyGeneratePcm arm64_32 /Users/admin/builder/spi-builder-workspace/.derivedData/SDKExplicitPrecompiledModules/_Builtin_stdatomic-D2FE5M7JS5NQA5JDADVERWJM4.pcm
SwiftExplicitDependencyGeneratePcm arm64_32 /Users/admin/builder/spi-builder-workspace/.derivedData/SDKExplicitPrecompiledModules/_Builtin_intrinsics-2K07JIG9ZANIKHSNPO3O6L1K6.pcm
SwiftDriverJobDiscovery normal arm64 Compiling MessageResponse.swift, MessageStreamResponse.swift, SkillResponse.swift (in target 'SwiftAnthropic' from project 'SwiftAnthropic')
SwiftExplicitDependencyGeneratePcm arm64 /Users/admin/builder/spi-builder-workspace/.derivedData/SDKExplicitPrecompiledModules/sys_types-9KPVYINL86WUSHF45TU8PWZZ1.pcm
SwiftExplicitDependencyGeneratePcm arm64 /Users/admin/builder/spi-builder-workspace/.derivedData/SDKExplicitPrecompiledModules/_Builtin_tgmath-7JP2AE1NQHA1DV5JYP2OHQ3BF.pcm
SwiftExplicitDependencyGeneratePcm arm64 /Users/admin/builder/spi-builder-workspace/.derivedData/SDKExplicitPrecompiledModules/_Builtin_stdint-6TUACK4YPMARFT56PLIO388SJ.pcm
SwiftExplicitDependencyGeneratePcm arm64 /Users/admin/builder/spi-builder-workspace/.derivedData/SDKExplicitPrecompiledModules/string_h-4N9Z22C0HUO8GV7GFPCLZRZA2.pcm
SwiftExplicitDependencyGeneratePcm arm64_32 /Users/admin/builder/spi-builder-workspace/.derivedData/SDKExplicitPrecompiledModules/_Builtin_inttypes-BPZJ68HW1IMYWSHROAZ0IMUJP.pcm
SwiftExplicitDependencyGeneratePcm arm64 /Users/admin/builder/spi-builder-workspace/.derivedData/SDKExplicitPrecompiledModules/_Builtin_intrinsics-SQV576LJA0QE7RW5HF7CQ1BX.pcm
SwiftExplicitDependencyGeneratePcm arm64 /Users/admin/builder/spi-builder-workspace/.derivedData/SDKExplicitPrecompiledModules/_Builtin_stdatomic-25T9UW3XDYID74302F31PX0RP.pcm
SwiftExplicitDependencyGeneratePcm arm64 /Users/admin/builder/spi-builder-workspace/.derivedData/SDKExplicitPrecompiledModules/_DarwinFoundation3-EJXZKD8LN9EYM9OWP9VLJ49PK.pcm
SwiftExplicitDependencyGeneratePcm arm64_32 /Users/admin/builder/spi-builder-workspace/.derivedData/SDKExplicitPrecompiledModules/Darwin-10D35ZJWCWG7LJAF579U7I5V7.pcm
SwiftExplicitDependencyGeneratePcm arm64_32 /Users/admin/builder/spi-builder-workspace/.derivedData/SDKExplicitPrecompiledModules/simd-1W6O8NR1QUSWJGAN44DNNWVHX.pcm
SwiftDriverJobDiscovery normal arm64 Compiling AIProxyCertificatePinning.swift, AIProxyService.swift, Endpoint+AIProxy.swift (in target 'SwiftAnthropic' from project 'SwiftAnthropic')
SwiftDriver\ Compilation SwiftAnthropic normal arm64 com.apple.xcode.tools.swift.compiler (in target 'SwiftAnthropic' from project 'SwiftAnthropic')
cd /Users/admin/builder/spi-builder-workspace/.swiftpm/xcode
builtin-Swift-Compilation -- /Applications/Xcode-27.0.0-Release.Candidate.app/Contents/Developer/Toolchains/XcodeDefault.xctoolchain/usr/bin/swiftc -parse-as-library -module-name SwiftAnthropic -Onone @/Users/admin/builder/spi-builder-workspace/.derivedData/Build/Intermediates.noindex/SwiftAnthropic.build/Debug-watchos/SwiftAnthropic-t.build/Objects-normal/arm64/SwiftAnthropic.SwiftFileList -DSWIFT_PACKAGE -DDEBUG -DSWIFT_MODULE_RESOURCE_BUNDLE_UNAVAILABLE -DXcode -plugin-path /Applications/Xcode-27.0.0-Release.Candidate.app/Contents/Developer/Toolchains/XcodeDefault.xctoolchain/usr/lib/swift/host/plugins/testing -enable-experimental-feature DebugDescriptionMacro -sdk /Applications/Xcode-27.0.0-Release.Candidate.app/Contents/Developer/Platforms/WatchOS.platform/Developer/SDKs/WatchOS27.0.sdk -target arm64-apple-watchos9.0 -g -module-cache-path /Users/admin/builder/spi-builder-workspace/.derivedData/ModuleCache.noindex -Xfrontend -serialize-debugging-options -profile-coverage-mapping -profile-generate -enable-testing -suppress-warnings -index-store-path /Users/admin/builder/spi-builder-workspace/.derivedData/Index.noindex/DataStore -Xcc -D_LIBCPP_HARDENING_MODE\=_LIBCPP_HARDENING_MODE_DEBUG -swift-version 5 -I /Users/admin/builder/spi-builder-workspace/.derivedData/Build/Products/Debug-watchos -Isystem /Applications/Xcode-27.0.0-Release.Candidate.app/Contents/Developer/Platforms/WatchOS.platform/Developer/usr/lib -F /Users/admin/builder/spi-builder-workspace/.derivedData/Build/Products/Debug-watchos -F /Applications/Xcode-27.0.0-Release.Candidate.app/Contents/Developer/Platforms/WatchOS.platform/Developer/Library/Frameworks -F /Applications/Xcode-27.0.0-Release.Candidate.app/Contents/Developer/Platforms/WatchOS.platform/Developer/SDKs/WatchOS27.0.sdk/Developer/Library/Frameworks -c -j10 -enable-batch-mode -incremental -Xcc -ivfsstatcache -Xcc /Users/admin/builder/spi-builder-workspace/.derivedData/SDKStatCaches.noindex/watchos27.0-24R360-e829b21a6f8c9b70876ba0858053c04477534ef55a1706bf4c1112bbb242f0a2.sdkstatcache -output-file-map /Users/admin/builder/spi-builder-workspace/.derivedData/Build/Intermediates.noindex/SwiftAnthropic.build/Debug-watchos/SwiftAnthropic-t.build/Objects-normal/arm64/SwiftAnthropic-OutputFileMap.json -save-temps -no-color-diagnostics -explicit-module-build -module-cache-path /Users/admin/builder/spi-builder-workspace/.derivedData/Build/Intermediates.noindex/SwiftExplicitPrecompiledModules -clang-scanner-module-cache-path /Users/admin/builder/spi-builder-workspace/.derivedData/ModuleCache.noindex -sdk-module-cache-path /Users/admin/builder/spi-builder-workspace/.derivedData/SDKExplicitPrecompiledModules -emit-dependencies -emit-module -emit-module-path /Users/admin/builder/spi-builder-workspace/.derivedData/Build/Intermediates.noindex/SwiftAnthropic.build/Debug-watchos/SwiftAnthropic-t.build/Objects-normal/arm64/SwiftAnthropic.swiftmodule -serialize-diagnostics -dependency-scan-serialize-diagnostics-path /Users/admin/builder/spi-builder-workspace/.derivedData/Build/Intermediates.noindex/SwiftAnthropic.build/Debug-watchos/SwiftAnthropic-t.build/Objects-normal/arm64/SwiftAnthropic-dependency-scan.dia -validate-clang-modules-once -clang-build-session-file /Users/admin/builder/spi-builder-workspace/.derivedData/ModuleCache.noindex/Session.modulevalidation -Xcc -fmodules-prune-interval\=86400 -Xcc -fmodules-prune-after\=345600 -package-name swiftanthropic -emit-const-values -const-gather-protocols-list /Users/admin/builder/spi-builder-workspace/.derivedData/Build/Intermediates.noindex/SwiftAnthropic.build/Debug-watchos/SwiftAnthropic-t.build/Objects-normal/arm64/SwiftAnthropic_const_extract_protocols.json -Xcc -I/Users/admin/builder/spi-builder-workspace/.derivedData/Build/Products/Debug-watchos/include -Xcc -I/Users/admin/builder/spi-builder-workspace/.derivedData/Build/Intermediates.noindex/SwiftAnthropic.build/Debug-watchos/SwiftAnthropic-t.build/DerivedSources-normal/arm64 -Xcc -I/Users/admin/builder/spi-builder-workspace/.derivedData/Build/Intermediates.noindex/SwiftAnthropic.build/Debug-watchos/SwiftAnthropic-t.build/DerivedSources/arm64 -Xcc -I/Users/admin/builder/spi-builder-workspace/.derivedData/Build/Intermediates.noindex/SwiftAnthropic.build/Debug-watchos/SwiftAnthropic-t.build/DerivedSources -Xcc -DSWIFT_PACKAGE -Xcc -DDEBUG\=1 -emit-objc-header -emit-objc-header-path /Users/admin/builder/spi-builder-workspace/.derivedData/Build/Intermediates.noindex/SwiftAnthropic.build/Debug-watchos/SwiftAnthropic-t.build/Objects-normal/arm64/SwiftAnthropic-Swift.h -working-directory /Users/admin/builder/spi-builder-workspace/.swiftpm/xcode -experimental-emit-module-separately -disable-cmo
Ld /Users/admin/builder/spi-builder-workspace/.derivedData/Build/Intermediates.noindex/SwiftAnthropic.build/Debug-watchos/SwiftAnthropic-t.build/Objects-normal/arm64/Binary/SwiftAnthropic.o normal arm64 (in target 'SwiftAnthropic' from project 'SwiftAnthropic')
cd /Users/admin/builder/spi-builder-workspace/.dependencies/checkouts/SwiftAnthropic
/Applications/Xcode-27.0.0-Release.Candidate.app/Contents/Developer/Toolchains/XcodeDefault.xctoolchain/usr/bin/clang -Xlinker -reproducible -target arm64-apple-watchos9.0 -r -isysroot /Applications/Xcode-27.0.0-Release.Candidate.app/Contents/Developer/Platforms/WatchOS.platform/Developer/SDKs/WatchOS27.0.sdk -O0 -w -Xlinker -no_warn_duplicate_libraries -F/Users/admin/builder/spi-builder-workspace/.derivedData/Build/Intermediates.noindex/EagerLinkingTBDs/Debug-watchos -F/Users/admin/builder/spi-builder-workspace/.derivedData/Build/Products/Debug-watchos -iframework /Applications/Xcode-27.0.0-Release.Candidate.app/Contents/Developer/Platforms/WatchOS.platform/Developer/Library/Frameworks -iframework /Applications/Xcode-27.0.0-Release.Candidate.app/Contents/Developer/Platforms/WatchOS.platform/Developer/SDKs/WatchOS27.0.sdk/Developer/Library/Frameworks -filelist /Users/admin/builder/spi-builder-workspace/.derivedData/Build/Intermediates.noindex/SwiftAnthropic.build/Debug-watchos/SwiftAnthropic-t.build/Objects-normal/arm64/SwiftAnthropic.LinkFileList -nostdlib -Xlinker -object_path_lto -Xlinker /Users/admin/builder/spi-builder-workspace/.derivedData/Build/Intermediates.noindex/SwiftAnthropic.build/Debug-watchos/SwiftAnthropic-t.build/Objects-normal/arm64/SwiftAnthropic_lto.o -Xlinker -no_deduplicate -Xlinker -debug_variant -Xlinker -dependency_info -Xlinker /Users/admin/builder/spi-builder-workspace/.derivedData/Build/Intermediates.noindex/SwiftAnthropic.build/Debug-watchos/SwiftAnthropic-t.build/Objects-normal/arm64/SwiftAnthropic_dependency_info.dat -fobjc-link-runtime -L/Applications/Xcode-27.0.0-Release.Candidate.app/Contents/Developer/Toolchains/XcodeDefault.xctoolchain/usr/lib/swift/watchos -L/usr/lib/swift -Xlinker -add_ast_path -Xlinker /Users/admin/builder/spi-builder-workspace/.derivedData/Build/Intermediates.noindex/SwiftAnthropic.build/Debug-watchos/SwiftAnthropic-t.build/Objects-normal/arm64/SwiftAnthropic.swiftmodule -o /Users/admin/builder/spi-builder-workspace/.derivedData/Build/Intermediates.noindex/SwiftAnthropic.build/Debug-watchos/SwiftAnthropic-t.build/Objects-normal/arm64/Binary/SwiftAnthropic.o
SwiftExplicitDependencyGeneratePcm arm64 /Users/admin/builder/spi-builder-workspace/.derivedData/SDKExplicitPrecompiledModules/_Builtin_inttypes-86YTNV5YADPJXFMJ82N3R4GWQ.pcm
CreateUniversalBinary /Users/admin/builder/spi-builder-workspace/.derivedData/Build/Products/Debug-watchos/SwiftAnthropic.o normal arm64\ arm64_32 (in target 'SwiftAnthropic' from project 'SwiftAnthropic')
cd /Users/admin/builder/spi-builder-workspace/.dependencies/checkouts/SwiftAnthropic
/Applications/Xcode-27.0.0-Release.Candidate.app/Contents/Developer/Toolchains/XcodeDefault.xctoolchain/usr/bin/lipo -create /Users/admin/builder/spi-builder-workspace/.derivedData/Build/Intermediates.noindex/SwiftAnthropic.build/Debug-watchos/SwiftAnthropic-t.build/Objects-normal/arm64/Binary/SwiftAnthropic.o /Users/admin/builder/spi-builder-workspace/.derivedData/Build/Intermediates.noindex/SwiftAnthropic.build/Debug-watchos/SwiftAnthropic-t.build/Objects-normal/arm64_32/Binary/SwiftAnthropic.o -output /Users/admin/builder/spi-builder-workspace/.derivedData/Build/Products/Debug-watchos/SwiftAnthropic.o
ExtractAppIntentsMetadata (in target 'SwiftAnthropic' from project 'SwiftAnthropic')
cd /Users/admin/builder/spi-builder-workspace/.dependencies/checkouts/SwiftAnthropic
/Applications/Xcode-27.0.0-Release.Candidate.app/Contents/Developer/Toolchains/XcodeDefault.xctoolchain/usr/bin/appintentsmetadataprocessor --toolchain-dir /var/run/com.apple.security.cryptexd/mnt/com.apple.MobileAsset.MetalToolchain-v27.1.266.1.fvXOQ7/Metal.xctoolchain --module-name SwiftAnthropic --sdk-root /Applications/Xcode-27.0.0-Release.Candidate.app/Contents/Developer/Platforms/WatchOS.platform/Developer/SDKs/WatchOS27.0.sdk --xcode-version 27A266a --platform-family watchOS --deployment-target 9.0 --bundle-identifier swiftanthropic.SwiftAnthropic --output /Users/admin/builder/spi-builder-workspace/.derivedData/Build/Products/Debug-watchos/SwiftAnthropic.appintents --target-triple arm64-apple-watchos9.0 --target-triple arm64_32-apple-watchos9.0 --binary-file /Users/admin/builder/spi-builder-workspace/.derivedData/Build/Products/Debug-watchos/SwiftAnthropic.o --dependency-file /Users/admin/builder/spi-builder-workspace/.derivedData/Build/Intermediates.noindex/SwiftAnthropic.build/Debug-watchos/SwiftAnthropic-t.build/Objects-normal/arm64/SwiftAnthropic_dependency_info.dat --dependency-file /Users/admin/builder/spi-builder-workspace/.derivedData/Build/Intermediates.noindex/SwiftAnthropic.build/Debug-watchos/SwiftAnthropic-t.build/Objects-normal/arm64_32/SwiftAnthropic_dependency_info.dat --stringsdata-file /Users/admin/builder/spi-builder-workspace/.derivedData/Build/Intermediates.noindex/SwiftAnthropic.build/Debug-watchos/SwiftAnthropic-t.build/Objects-normal/arm64/ExtractedAppShortcutsMetadata.stringsdata --stringsdata-file /Users/admin/builder/spi-builder-workspace/.derivedData/Build/Intermediates.noindex/SwiftAnthropic.build/Debug-watchos/SwiftAnthropic-t.build/Objects-normal/arm64_32/ExtractedAppShortcutsMetadata.stringsdata --source-file-list /Users/admin/builder/spi-builder-workspace/.derivedData/Build/Intermediates.noindex/SwiftAnthropic.build/Debug-watchos/SwiftAnthropic-t.build/Objects-normal/arm64/SwiftAnthropic.SwiftFileList --source-file-list /Users/admin/builder/spi-builder-workspace/.derivedData/Build/Intermediates.noindex/SwiftAnthropic.build/Debug-watchos/SwiftAnthropic-t.build/Objects-normal/arm64_32/SwiftAnthropic.SwiftFileList --metadata-file-list /Users/admin/builder/spi-builder-workspace/.derivedData/Build/Intermediates.noindex/SwiftAnthropic.build/Debug-watchos/SwiftAnthropic-t.build/SwiftAnthropic.DependencyMetadataFileList --static-metadata-file-list /Users/admin/builder/spi-builder-workspace/.derivedData/Build/Intermediates.noindex/SwiftAnthropic.build/Debug-watchos/SwiftAnthropic-t.build/SwiftAnthropic.DependencyStaticMetadataFileList --swift-const-vals-list /Users/admin/builder/spi-builder-workspace/.derivedData/Build/Intermediates.noindex/SwiftAnthropic.build/Debug-watchos/SwiftAnthropic-t.build/Objects-normal/arm64/SwiftAnthropic.SwiftConstValuesFileList --swift-const-vals-list /Users/admin/builder/spi-builder-workspace/.derivedData/Build/Intermediates.noindex/SwiftAnthropic.build/Debug-watchos/SwiftAnthropic-t.build/Objects-normal/arm64_32/SwiftAnthropic.SwiftConstValuesFileList --force --compile-time-extraction --deployment-aware-processing --no-app-shortcuts-localization
2026-09-23 12:51:50.145 appintentsmetadataprocessor[1890:9546] Starting appintentsmetadataprocessor export
2026-09-23 12:51:50.249 appintentsmetadataprocessor[1890:9546] Extracted no relevant App Intents symbols, skipping writing output
SwiftExplicitDependencyGeneratePcm arm64 /Users/admin/builder/spi-builder-workspace/.derivedData/SDKExplicitPrecompiledModules/Darwin-CSB8C43KELVSFIQVR0803IZPN.pcm
SwiftExplicitDependencyGeneratePcm arm64 /Users/admin/builder/spi-builder-workspace/.derivedData/SDKExplicitPrecompiledModules/simd-2C11HKTI5TJB05T724EWNFZXD.pcm
SwiftExplicitDependencyGeneratePcm arm64_32 /Users/admin/builder/spi-builder-workspace/.derivedData/SDKExplicitPrecompiledModules/MachO-F47JQRYVH1SLPOQSJD8RK9MSX.pcm
SwiftExplicitDependencyGeneratePcm arm64_32 /Users/admin/builder/spi-builder-workspace/.derivedData/SDKExplicitPrecompiledModules/ObjectiveC-71AGZNHLBMR2QK817EJNUN54E.pcm
SwiftExplicitDependencyGeneratePcm arm64_32 /Users/admin/builder/spi-builder-workspace/.derivedData/SDKExplicitPrecompiledModules/os_object-CTXVQBCWDOH6JHUXIFDUOWFRL.pcm
SwiftExplicitDependencyGeneratePcm arm64_32 /Users/admin/builder/spi-builder-workspace/.derivedData/SDKExplicitPrecompiledModules/os_workgroup-9L9R05BT5LTFRZ2NM68BZTVV2.pcm
SwiftExplicitDependencyGeneratePcm arm64 /Users/admin/builder/spi-builder-workspace/.derivedData/SDKExplicitPrecompiledModules/MachO-4RYXFVY68ZDEUZYFMVL57WEKU.pcm
SwiftExplicitDependencyGeneratePcm arm64 /Users/admin/builder/spi-builder-workspace/.derivedData/SDKExplicitPrecompiledModules/ObjectiveC-22CZPC4WYQC9G8T393WT2KKLW.pcm
SwiftExplicitDependencyGeneratePcm arm64_32 /Users/admin/builder/spi-builder-workspace/.derivedData/SDKExplicitPrecompiledModules/Spatial-4XS0QRL16224ZE9KE9TMKASKT.pcm
SwiftExplicitDependencyGeneratePcm arm64_32 /Users/admin/builder/spi-builder-workspace/.derivedData/SDKExplicitPrecompiledModules/Dispatch-CGIMI9KQKHNRQHR2IECIPRG14.pcm
SwiftExplicitDependencyGeneratePcm arm64 /Users/admin/builder/spi-builder-workspace/.derivedData/SDKExplicitPrecompiledModules/os_object-6KYGGZ4DPVZ3BBAZ6QICZN8LI.pcm
SwiftExplicitDependencyGeneratePcm arm64_32 /Users/admin/builder/spi-builder-workspace/.derivedData/SDKExplicitPrecompiledModules/XPC-7SLKI45KYLKXH9QET2WYS3UZ4.pcm
SwiftExplicitDependencyGeneratePcm arm64_32 /Users/admin/builder/spi-builder-workspace/.derivedData/SDKExplicitPrecompiledModules/CoreFoundation-76B9WJP9MDYT33HZQVSNNZQZD.pcm
SwiftExplicitDependencyGeneratePcm arm64 /Users/admin/builder/spi-builder-workspace/.derivedData/SDKExplicitPrecompiledModules/os_workgroup-AHE7ULDQBKER38CYPIKDTZF4M.pcm
SwiftExplicitDependencyGeneratePcm arm64 /Users/admin/builder/spi-builder-workspace/.derivedData/SDKExplicitPrecompiledModules/Spatial-EZKKX4XFW72RZCTOIG80Z93AP.pcm
SwiftExplicitDependencyGeneratePcm arm64 /Users/admin/builder/spi-builder-workspace/.derivedData/SDKExplicitPrecompiledModules/Dispatch-39VR0G01IUJ09PQKMFGOHXZ4L.pcm
SwiftExplicitDependencyGeneratePcm arm64_32 /Users/admin/builder/spi-builder-workspace/.derivedData/SDKExplicitPrecompiledModules/os-D9NWGT7PQGY2OD43XMA2KGLJK.pcm
SwiftExplicitDependencyGeneratePcm arm64_32 /Users/admin/builder/spi-builder-workspace/.derivedData/SDKExplicitPrecompiledModules/CoreGraphics-A4WOQTM8SYZAQP223LI6RRPEK.pcm
SwiftExplicitDependencyGeneratePcm arm64_32 /Users/admin/builder/spi-builder-workspace/.derivedData/SDKExplicitPrecompiledModules/Security-1W411BS4UH2UNMNII2341429S.pcm
SwiftExplicitDependencyGeneratePcm arm64 /Users/admin/builder/spi-builder-workspace/.derivedData/SDKExplicitPrecompiledModules/CoreFoundation-59XKO8YNRGGYNC5U5LK8B4EM.pcm
SwiftExplicitDependencyGeneratePcm arm64 /Users/admin/builder/spi-builder-workspace/.derivedData/SDKExplicitPrecompiledModules/XPC-650JAZBTM6I0OMHYO6CKM0CWJ.pcm
SwiftExplicitDependencyGeneratePcm arm64_32 /Users/admin/builder/spi-builder-workspace/.derivedData/SDKExplicitPrecompiledModules/Foundation-AIQ30TCDC2B0LBUU6FPQZ0HWI.pcm
SwiftExplicitDependencyGeneratePcm arm64 /Users/admin/builder/spi-builder-workspace/.derivedData/SDKExplicitPrecompiledModules/os-6BCTB8I5DCBBKFJ0Y0G4WQDDJ.pcm
SwiftExplicitDependencyGeneratePcm arm64_32 /Users/admin/builder/spi-builder-workspace/.derivedData/SDKExplicitPrecompiledModules/CoreText-34U50N378SZT64826L0B62MN6.pcm
SwiftExplicitDependencyGeneratePcm arm64_32 /Users/admin/builder/spi-builder-workspace/.derivedData/SDKExplicitPrecompiledModules/CoreVideo-BX0NALWCB2F1YOTF0NZGV9FWU.pcm
SwiftExplicitDependencyGeneratePcm arm64 /Users/admin/builder/spi-builder-workspace/.derivedData/SDKExplicitPrecompiledModules/CoreGraphics-5488DA9QVJJ7QOFXPYOYIYFUX.pcm
SwiftExplicitDependencyGeneratePcm arm64 /Users/admin/builder/spi-builder-workspace/.derivedData/SDKExplicitPrecompiledModules/Security-69WNGEAVQP55EDBQHP3BLE8QU.pcm
SwiftExplicitDependencyGeneratePcm arm64 /Users/admin/builder/spi-builder-workspace/.derivedData/SDKExplicitPrecompiledModules/Foundation-B3IXODHI7VO4VRX2RWRXLVJZT.pcm
SwiftExplicitDependencyGeneratePcm arm64 /Users/admin/builder/spi-builder-workspace/.derivedData/SDKExplicitPrecompiledModules/CoreText-BEC0M2J7FJN53VXNFDZDKL9U2.pcm
SwiftExplicitDependencyGeneratePcm arm64 /Users/admin/builder/spi-builder-workspace/.derivedData/SDKExplicitPrecompiledModules/CoreVideo-2YRZ292TS6QDW2V2V92NZMPWM.pcm
SwiftExplicitDependencyGeneratePcm arm64_32 /Users/admin/builder/spi-builder-workspace/.derivedData/SDKExplicitPrecompiledModules/_LocationEssentials-1XWTF8V96VX3IAHKJO7PJZDU0.pcm
SwiftExplicitDependencyGeneratePcm arm64_32 /Users/admin/builder/spi-builder-workspace/.derivedData/SDKExplicitPrecompiledModules/QuartzCore-72UYR37X0O2APTD1XMSJ20X5X.pcm
SwiftExplicitDependencyGeneratePcm arm64_32 /Users/admin/builder/spi-builder-workspace/.derivedData/SDKExplicitPrecompiledModules/Accessibility-BBXP8Z81UOB3UBBTO3GG9FEEO.pcm
SwiftExplicitDependencyGeneratePcm arm64_32 /Users/admin/builder/spi-builder-workspace/.derivedData/SDKExplicitPrecompiledModules/UserNotifications-F5AOMF9V2Y10QV8U00QNX8B7Q.pcm
SwiftExplicitDependencyGeneratePcm arm64_32 /Users/admin/builder/spi-builder-workspace/.derivedData/SDKExplicitPrecompiledModules/OSLog-DXCLJ0K1EEBRV5MFYJOV1HIUX.pcm
SwiftExplicitDependencyGeneratePcm arm64_32 /Users/admin/builder/spi-builder-workspace/.derivedData/SDKExplicitPrecompiledModules/UIUtilities-ABH83C7CSGMIJAARTF384TV0L.pcm
SwiftExplicitDependencyGeneratePcm arm64_32 /Users/admin/builder/spi-builder-workspace/.derivedData/SDKExplicitPrecompiledModules/CoreTransferable-DSXZOKFM7XQLZ0FRNNKFDWZT0.pcm
SwiftExplicitDependencyGeneratePcm arm64_32 /Users/admin/builder/spi-builder-workspace/.derivedData/SDKExplicitPrecompiledModules/Symbols-DP67QJL9W7VSYP70ZVEBE3KRT.pcm
SwiftExplicitDependencyGeneratePcm arm64_32 /Users/admin/builder/spi-builder-workspace/.derivedData/SDKExplicitPrecompiledModules/UniformTypeIdentifiers-EH256724QTCKT0XATY095QHVP.pcm
SwiftExplicitDependencyGeneratePcm arm64_32 /Users/admin/builder/spi-builder-workspace/.derivedData/SDKExplicitPrecompiledModules/SceneKit-CLOM4E4D45A8A94N3QNHOVW3H.pcm
SwiftExplicitDependencyGeneratePcm arm64_32 /Users/admin/builder/spi-builder-workspace/.derivedData/SDKExplicitPrecompiledModules/DataDetection-8EDL8T61430CB5CU94L1E3L0C.pcm
SwiftExplicitDependencyGeneratePcm arm64_32 /Users/admin/builder/spi-builder-workspace/.derivedData/SDKExplicitPrecompiledModules/CoreLocation-4AZRAZ8X3W0CS36SZ1GS4LT05.pcm
SwiftExplicitDependencyGeneratePcm arm64_32 /Users/admin/builder/spi-builder-workspace/.derivedData/SDKExplicitPrecompiledModules/DeviceCheck-1E4PHSWZ5DGLF1XRU2A1553T9.pcm
SwiftExplicitDependencyGeneratePcm arm64_32 /Users/admin/builder/spi-builder-workspace/.derivedData/SDKExplicitPrecompiledModules/SwiftUICore-TURER010MQ2QH6SN4BGDJJKP.pcm
SwiftExplicitDependencyGeneratePcm arm64 /Users/admin/builder/spi-builder-workspace/.derivedData/SDKExplicitPrecompiledModules/DataDetection-8RQ09UCIV0XSYRF8TQQD54MWN.pcm
SwiftExplicitDependencyGeneratePcm arm64 /Users/admin/builder/spi-builder-workspace/.derivedData/SDKExplicitPrecompiledModules/_LocationEssentials-C3HYVW8P89QAUDLD9VRHUF48Q.pcm
SwiftExplicitDependencyGeneratePcm arm64 /Users/admin/builder/spi-builder-workspace/.derivedData/SDKExplicitPrecompiledModules/UIUtilities-AR3EDJH6PMDGNUXQGV2JND65S.pcm
SwiftExplicitDependencyGeneratePcm arm64 /Users/admin/builder/spi-builder-workspace/.derivedData/SDKExplicitPrecompiledModules/DeviceCheck-1GC67LIDY9P86D5CB97QWUSJ8.pcm
SwiftExplicitDependencyGeneratePcm arm64 /Users/admin/builder/spi-builder-workspace/.derivedData/SDKExplicitPrecompiledModules/Accessibility-DB0V1GY4JDAXG2CZ5MW826DDE.pcm
SwiftExplicitDependencyGeneratePcm arm64 /Users/admin/builder/spi-builder-workspace/.derivedData/SDKExplicitPrecompiledModules/QuartzCore-BRDP6VIMJ6A6HG4W4NYXZ8BI3.pcm
SwiftExplicitDependencyGeneratePcm arm64 /Users/admin/builder/spi-builder-workspace/.derivedData/SDKExplicitPrecompiledModules/CoreTransferable-EULYJN53RZTIP2D6F171CT1YZ.pcm
SwiftExplicitDependencyGeneratePcm arm64 /Users/admin/builder/spi-builder-workspace/.derivedData/SDKExplicitPrecompiledModules/UserNotifications-7VIERZPAA371031RT8VBKFYKJ.pcm
SwiftExplicitDependencyGeneratePcm arm64_32 /Users/admin/builder/spi-builder-workspace/.derivedData/SDKExplicitPrecompiledModules/CoreMotion-E9C6K7MOTJF3RC93DULCZ130U.pcm
SwiftExplicitDependencyGeneratePcm arm64 /Users/admin/builder/spi-builder-workspace/.derivedData/SDKExplicitPrecompiledModules/Symbols-B8SNL2YULCKW9SYIL0T5QLMV.pcm
SwiftExplicitDependencyGeneratePcm arm64 /Users/admin/builder/spi-builder-workspace/.derivedData/SDKExplicitPrecompiledModules/SceneKit-4VPDXW2J8W40JMX88G7X30C4G.pcm
SwiftExplicitDependencyGeneratePcm arm64 /Users/admin/builder/spi-builder-workspace/.derivedData/SDKExplicitPrecompiledModules/OSLog-ESJZZ70KT229YQNKF5CWYQVLA.pcm
SwiftExplicitDependencyGeneratePcm arm64 /Users/admin/builder/spi-builder-workspace/.derivedData/SDKExplicitPrecompiledModules/UniformTypeIdentifiers-47SS6PHE8KOUZX5UOQUNKH397.pcm
SwiftExplicitDependencyGeneratePcm arm64 /Users/admin/builder/spi-builder-workspace/.derivedData/SDKExplicitPrecompiledModules/CoreLocation-B0A9Z3B1UDU8OLBQROLWD03N3.pcm
SwiftExplicitDependencyGeneratePcm arm64 /Users/admin/builder/spi-builder-workspace/.derivedData/SDKExplicitPrecompiledModules/SwiftUICore-D4BOUT6VJWDXKNATG8P2F95W3.pcm
SwiftExplicitDependencyGeneratePcm arm64_32 /Users/admin/builder/spi-builder-workspace/.derivedData/SDKExplicitPrecompiledModules/UIKit-BGAQE5HOOTG6M9C46O1HHPCDR.pcm
SwiftExplicitDependencyGeneratePcm arm64 /Users/admin/builder/spi-builder-workspace/.derivedData/SDKExplicitPrecompiledModules/CoreMotion-70RNUQRT1QM2F8WR42WPP4KQV.pcm
SwiftExplicitDependencyGeneratePcm arm64 /Users/admin/builder/spi-builder-workspace/.derivedData/SDKExplicitPrecompiledModules/UIKit-2XWL6VFNA7WRWSTXI42YLU909.pcm
SwiftExplicitDependencyGeneratePcm arm64_32 /Users/admin/builder/spi-builder-workspace/.derivedData/SDKExplicitPrecompiledModules/MapKit-3RCPMYWFYVKLOR1JJH1M1L7O6.pcm
SwiftExplicitDependencyGeneratePcm arm64_32 /Users/admin/builder/spi-builder-workspace/.derivedData/SDKExplicitPrecompiledModules/HomeKit-DXH34ZWEY4P4FEELCOH3LXVCR.pcm
SwiftExplicitDependencyGeneratePcm arm64 /Users/admin/builder/spi-builder-workspace/.derivedData/SDKExplicitPrecompiledModules/MapKit-5U4CPBNVICOGB0BBK9BC7P4E9.pcm
SwiftExplicitDependencyGeneratePcm arm64 /Users/admin/builder/spi-builder-workspace/.derivedData/SDKExplicitPrecompiledModules/HomeKit-2JD3RMVTK0MFX7K570KHTLBBH.pcm
SwiftExplicitDependencyGeneratePcm arm64_32 /Users/admin/builder/spi-builder-workspace/.derivedData/SDKExplicitPrecompiledModules/WatchKit-7IATJTA58S6OFDEYHG9JSLLDQ.pcm
SwiftCompile normal arm64_32 Compiling\ ClaudeSessionProtocol.swift,\ MCPToolFormatter.swift,\ NodePathDetector.swift /Users/admin/builder/spi-builder-workspace/Sources/ClaudeCodeSDK/Storage/ClaudeSessionProtocol.swift /Users/admin/builder/spi-builder-workspace/Sources/ClaudeCodeSDK/Utilities/MCPToolFormatter.swift /Users/admin/builder/spi-builder-workspace/Sources/ClaudeCodeSDK/Utilities/NodePathDetector.swift (in target 'ClaudeCodeSDK' from project 'ClaudeCodeSDK')
SwiftCompile normal arm64_32 /Users/admin/builder/spi-builder-workspace/Sources/ClaudeCodeSDK/Storage/ClaudeSessionProtocol.swift (in target 'ClaudeCodeSDK' from project 'ClaudeCodeSDK')
cd /Users/admin/builder/spi-builder-workspace/.swiftpm/xcode
builtin-SwiftPerFileCompile ClaudeSessionProtocol.swift
SwiftCompile normal arm64_32 /Users/admin/builder/spi-builder-workspace/Sources/ClaudeCodeSDK/Utilities/MCPToolFormatter.swift (in target 'ClaudeCodeSDK' from project 'ClaudeCodeSDK')
cd /Users/admin/builder/spi-builder-workspace/.swiftpm/xcode
builtin-SwiftPerFileCompile MCPToolFormatter.swift
SwiftCompile normal arm64_32 /Users/admin/builder/spi-builder-workspace/Sources/ClaudeCodeSDK/Utilities/NodePathDetector.swift (in target 'ClaudeCodeSDK' from project 'ClaudeCodeSDK')
cd /Users/admin/builder/spi-builder-workspace/.swiftpm/xcode
builtin-SwiftPerFileCompile NodePathDetector.swift
/Users/admin/builder/spi-builder-workspace/Sources/ClaudeCodeSDK/Utilities/NodePathDetector.swift:74:19: error: cannot find 'Process' in scope
72 | public static func detectNpmGlobalPath() -> String? {
73 | // Try to use npm config to get the global bin path
74 | let process = Process()
| `- error: cannot find 'Process' in scope
75 | process.executableURL = URL(fileURLWithPath: "/bin/zsh")
76 | process.arguments = ["-l", "-c", "npm config get prefix"]
/Users/admin/builder/spi-builder-workspace/Sources/ClaudeCodeSDK/Utilities/NodePathDetector.swift:172:19: error: cannot find 'Process' in scope
170 | /// Finds an executable using the 'which' command
171 | private static func findExecutable(command: String) -> String? {
172 | let process = Process()
| `- error: cannot find 'Process' in scope
173 | process.executableURL = URL(fileURLWithPath: "/bin/zsh")
174 | process.arguments = ["-l", "-c", "which \(command)"]
SwiftCompile normal arm64_32 Compiling\ ClaudeCodeResult.swift,\ ConfigScope.swift,\ ExecutedCommandInfo.swift,\ InitSystemMessage.swift /Users/admin/builder/spi-builder-workspace/Sources/ClaudeCodeSDK/API/ClaudeCodeResult.swift /Users/admin/builder/spi-builder-workspace/Sources/ClaudeCodeSDK/API/ConfigScope.swift /Users/admin/builder/spi-builder-workspace/Sources/ClaudeCodeSDK/API/ExecutedCommandInfo.swift /Users/admin/builder/spi-builder-workspace/Sources/ClaudeCodeSDK/API/InitSystemMessage.swift (in target 'ClaudeCodeSDK' from project 'ClaudeCodeSDK')
SwiftCompile normal arm64_32 /Users/admin/builder/spi-builder-workspace/Sources/ClaudeCodeSDK/API/ClaudeCodeResult.swift (in target 'ClaudeCodeSDK' from project 'ClaudeCodeSDK')
cd /Users/admin/builder/spi-builder-workspace/.swiftpm/xcode
builtin-SwiftPerFileCompile ClaudeCodeResult.swift
SwiftCompile normal arm64_32 /Users/admin/builder/spi-builder-workspace/Sources/ClaudeCodeSDK/API/ConfigScope.swift (in target 'ClaudeCodeSDK' from project 'ClaudeCodeSDK')
cd /Users/admin/builder/spi-builder-workspace/.swiftpm/xcode
builtin-SwiftPerFileCompile ConfigScope.swift
SwiftCompile normal arm64_32 /Users/admin/builder/spi-builder-workspace/Sources/ClaudeCodeSDK/API/ExecutedCommandInfo.swift (in target 'ClaudeCodeSDK' from project 'ClaudeCodeSDK')
cd /Users/admin/builder/spi-builder-workspace/.swiftpm/xcode
builtin-SwiftPerFileCompile ExecutedCommandInfo.swift
SwiftCompile normal arm64_32 /Users/admin/builder/spi-builder-workspace/Sources/ClaudeCodeSDK/API/InitSystemMessage.swift (in target 'ClaudeCodeSDK' from project 'ClaudeCodeSDK')
cd /Users/admin/builder/spi-builder-workspace/.swiftpm/xcode
builtin-SwiftPerFileCompile InitSystemMessage.swift
SwiftEmitModule normal arm64_32 Emitting\ module\ for\ ClaudeCodeSDK (in target 'ClaudeCodeSDK' from project 'ClaudeCodeSDK')
/Users/admin/builder/spi-builder-workspace/Sources/ClaudeCodeSDK/Backend/AgentSDKBackend.swift:14:20: error: cannot find type 'Process' in scope
12 | /// Backend implementation using the Claude Agent SDK via Node.js wrapper
13 | internal final class AgentSDKBackend: ClaudeCodeBackend, @unchecked Sendable {
14 | private var task: Process?
| `- error: cannot find type 'Process' in scope
15 | private var cancellables = Set<AnyCancellable>()
16 | private var logger: Logger?
/Users/admin/builder/spi-builder-workspace/Sources/ClaudeCodeSDK/Backend/AgentSDKBackend.swift:379:12: error: cannot find type 'Process' in scope
377 |
378 | private func handleStreamJsonOutput(
379 | process: Process,
| `- error: cannot find type 'Process' in scope
380 | outputPipe: Pipe,
381 | errorPipe: Pipe,
/Users/admin/builder/spi-builder-workspace/Sources/ClaudeCodeSDK/Backend/HeadlessBackend.swift:14:20: error: cannot find type 'Process' in scope
12 | /// Backend implementation using the headless Claude CLI (`claude -p`)
13 | internal final class HeadlessBackend: ClaudeCodeBackend, @unchecked Sendable {
14 | private var task: Process?
| `- error: cannot find type 'Process' in scope
15 | private var cancellables = Set<AnyCancellable>()
16 | private var logger: Logger?
/Users/admin/builder/spi-builder-workspace/Sources/ClaudeCodeSDK/Backend/HeadlessBackend.swift:285:67: error: cannot find type 'Process' in scope
283 | // MARK: - Private Helpers
284 |
285 | private func configuredProcess(for command: String) -> (process: Process, environment: [String: String]) {
| `- error: cannot find type 'Process' in scope
286 | let process = Process()
287 | process.executableURL = URL(fileURLWithPath: "/bin/zsh")
/Users/admin/builder/spi-builder-workspace/Sources/ClaudeCodeSDK/Backend/HeadlessBackend.swift:459:12: error: cannot find type 'Process' in scope
457 |
458 | private func handleStreamJsonOutput(
459 | process: Process,
| `- error: cannot find type 'Process' in scope
460 | outputPipe: Pipe,
461 | errorPipe: Pipe,
Failed frontend command:
/Applications/Xcode-27.0.0-Release.Candidate.app/Contents/Developer/Toolchains/XcodeDefault.xctoolchain/usr/bin/swift-frontend -frontend -emit-module -experimental-skip-non-inlinable-function-bodies-without-types /Users/admin/builder/spi-builder-workspace/.derivedData/Build/Intermediates.noindex/ClaudeCodeSDK.build/Debug-watchos/ClaudeCodeSDK-t.build/DerivedSources/resource_bundle_accessor.swift /Users/admin/builder/spi-builder-workspace/Sources/ClaudeCodeSDK/API/AbortController.swift /Users/admin/builder/spi-builder-workspace/Sources/ClaudeCodeSDK/API/ApiKeySource.swift /Users/admin/builder/spi-builder-workspace/Sources/ClaudeCodeSDK/API/AssistantMessage.swift /Users/admin/builder/spi-builder-workspace/Sources/ClaudeCodeSDK/API/ClaudeCode.swift /Users/admin/builder/spi-builder-workspace/Sources/ClaudeCodeSDK/API/ClaudeCodeConfiguration.swift /Users/admin/builder/spi-builder-workspace/Sources/ClaudeCodeSDK/API/ClaudeCodeOptions.swift /Users/admin/builder/spi-builder-workspace/Sources/ClaudeCodeSDK/API/ClaudeCodeOutputFormat.swift /Users/admin/builder/spi-builder-workspace/Sources/ClaudeCodeSDK/API/ClaudeCodeResult.swift /Users/admin/builder/spi-builder-workspace/Sources/ClaudeCodeSDK/API/ConfigScope.swift /Users/admin/builder/spi-builder-workspace/Sources/ClaudeCodeSDK/API/ExecutedCommandInfo.swift /Users/admin/builder/spi-builder-workspace/Sources/ClaudeCodeSDK/API/InitSystemMessage.swift /Users/admin/builder/spi-builder-workspace/Sources/ClaudeCodeSDK/API/InputFormat.swift /Users/admin/builder/spi-builder-workspace/Sources/ClaudeCodeSDK/API/McpServerConfig.swift /Users/admin/builder/spi-builder-workspace/Sources/ClaudeCodeSDK/API/PermissionMode.swift /Users/admin/builder/spi-builder-workspace/Sources/ClaudeCodeSDK/API/ResponseChunk.swift /Users/admin/builder/spi-builder-workspace/Sources/ClaudeCodeSDK/API/ResultMessage.swift /Users/admin/builder/spi-builder-workspace/Sources/ClaudeCodeSDK/API/SessionInfo.swift /Users/admin/builder/spi-builder-workspace/Sources/ClaudeCodeSDK/API/SettingSource.swift /Users/admin/builder/spi-builder-workspace/Sources/ClaudeCodeSDK/API/SubagentDefinition.swift /Users/admin/builder/spi-builder-workspace/Sources/ClaudeCodeSDK/API/UserMessage.swift /Users/admin/builder/spi-builder-workspace/Sources/ClaudeCodeSDK/Backend/AgentSDKBackend.swift /Users/admin/builder/spi-builder-workspace/Sources/ClaudeCodeSDK/Backend/BackendFactory.swift /Users/admin/builder/spi-builder-workspace/Sources/ClaudeCodeSDK/Backend/ClaudeCodeBackend.swift /Users/admin/builder/spi-builder-workspace/Sources/ClaudeCodeSDK/Backend/HeadlessBackend.swift /Users/admin/builder/spi-builder-workspace/Sources/ClaudeCodeSDK/ClaudeCodeSDK.swift /Users/admin/builder/spi-builder-workspace/Sources/ClaudeCodeSDK/Client/ClaudeCodeClient.swift /Users/admin/builder/spi-builder-workspace/Sources/ClaudeCodeSDK/Client/ClaudeCodeError.swift /Users/admin/builder/spi-builder-workspace/Sources/ClaudeCodeSDK/Examples/ErrorHandlingExample.swift /Users/admin/builder/spi-builder-workspace/Sources/ClaudeCodeSDK/Storage/ClaudeNativeSessionStorage.swift /Users/admin/builder/spi-builder-workspace/Sources/ClaudeCodeSDK/Storage/ClaudeSessionModels.swift /Users/admin/builder/spi-builder-workspace/Sources/ClaudeCodeSDK/Storage/ClaudeSessionProtocol.swift /Users/admin/builder/spi-builder-workspace/Sources/ClaudeCodeSDK/Utilities/MCPToolFormatter.swift /Users/admin/builder/spi-builder-workspace/Sources/ClaudeCodeSDK/Utilities/NodePathDetector.swift /Users/admin/builder/spi-builder-workspace/Sources/ClaudeCodeSDK/Utilities/NvmPathDetector.swift /Users/admin/builder/spi-builder-workspace/Sources/ClaudeCodeSDK/Utilities/RateLimiter.swift /Users/admin/builder/spi-builder-workspace/Sources/ClaudeCodeSDK/Utilities/RetryPolicy.swift -target arm64_32-apple-watchos9.0 -disable-cross-import-overlay-search -load-resolved-plugin /Applications/Xcode-27.0.0-Release.Candidate.app/Contents/Developer/Platforms/WatchOS.platform/Developer/usr/lib/swift/host/plugins/libFoundationMacros.dylib\#/Applications/Xcode-27.0.0-Release.Candidate.app/Contents/Developer/Platforms/WatchOS.platform/Developer/usr/bin/swift-plugin-server\#FoundationMacros -load-resolved-plugin /Applications/Xcode-27.0.0-Release.Candidate.app/Contents/Developer/Platforms/WatchOS.platform/Developer/usr/lib/swift/host/plugins/libObservationMacros.dylib\#/Applications/Xcode-27.0.0-Release.Candidate.app/Contents/Developer/Platforms/WatchOS.platform/Developer/usr/bin/swift-plugin-server\#ObservationMacros -load-resolved-plugin /Applications/Xcode-27.0.0-Release.Candidate.app/Contents/Developer/Platforms/WatchOS.platform/Developer/usr/lib/swift/host/plugins/libSwiftMacros.dylib\#/Applications/Xcode-27.0.0-Release.Candidate.app/Contents/Developer/Platforms/WatchOS.platform/Developer/usr/bin/swift-plugin-server\#SwiftMacros -load-resolved-plugin /Applications/Xcode-27.0.0-Release.Candidate.app/Contents/Developer/Platforms/WatchOS.platform/Developer/usr/lib/swift/host/plugins/libSwiftUIMacros.dylib\#/Applications/Xcode-27.0.0-Release.Candidate.app/Contents/Developer/Platforms/WatchOS.platform/Developer/usr/bin/swift-plugin-server\#SwiftUIMacros -disable-implicit-swift-modules -Xcc -fno-implicit-modules -Xcc -fno-implicit-module-maps -explicit-swift-module-map-file /Users/admin/builder/spi-builder-workspace/.derivedData/Build/Intermediates.noindex/ClaudeCodeSDK.build/Debug-watchos/ClaudeCodeSDK-t.build/Objects-normal/arm64_32/ClaudeCodeSDK-dependencies-1.json -enable-objc-interop -sdk /Applications/Xcode-27.0.0-Release.Candidate.app/Contents/Developer/Platforms/WatchOS.platform/Developer/SDKs/WatchOS27.0.sdk -I /Users/admin/builder/spi-builder-workspace/.derivedData/Build/Products/Debug-watchos -Isystem /Applications/Xcode-27.0.0-Release.Candidate.app/Contents/Developer/Platforms/WatchOS.platform/Developer/usr/lib -F /Users/admin/builder/spi-builder-workspace/.derivedData/Build/Products/Debug-watchos/PackageFrameworks -F /Users/admin/builder/spi-builder-workspace/.derivedData/Build/Products/Debug-watchos -F /Applications/Xcode-27.0.0-Release.Candidate.app/Contents/Developer/Platforms/WatchOS.platform/Developer/Library/Frameworks -F /Applications/Xcode-27.0.0-Release.Candidate.app/Contents/Developer/Platforms/WatchOS.platform/Developer/SDKs/WatchOS27.0.sdk/Developer/Library/Frameworks -module-cache-path /Users/admin/builder/spi-builder-workspace/.derivedData/Build/Intermediates.noindex/SwiftExplicitPrecompiledModules -no-color-diagnostics -Xcc -fno-color-diagnostics -enable-testing -g -debug-info-format\=dwarf -dwarf-version\=4 -profile-generate -profile-coverage-mapping -swift-version 6 -Onone -D SWIFT_PACKAGE -D DEBUG -D SWIFT_MODULE_RESOURCE_BUNDLE_AVAILABLE -D Xcode -serialize-debugging-options -enable-experimental-feature DebugDescriptionMacro -empty-abi-descriptor -validate-clang-modules-once -clang-build-session-file /Users/admin/builder/spi-builder-workspace/.derivedData/ModuleCache.noindex/Session.modulevalidation -Xcc -working-directory -Xcc /Users/admin/builder/spi-builder-workspace/.swiftpm/xcode -enable-anonymous-context-mangled-names -file-compilation-dir /Users/admin/builder/spi-builder-workspace/.swiftpm/xcode -Xcc -D_LIBCPP_HARDENING_MODE\=_LIBCPP_HARDENING_MODE_DEBUG -Xcc -ivfsstatcache -Xcc /Users/admin/builder/spi-builder-workspace/.derivedData/SDKStatCaches.noindex/watchos27.0-24R360-e829b21a6f8c9b70876ba0858053c04477534ef55a1706bf4c1112bbb242f0a2.sdkstatcache -Xcc -fmodules-prune-interval\=86400 -Xcc -fmodules-prune-after\=345600 -Xcc -I/Users/admin/builder/spi-builder-workspace/.derivedData/Build/Products/Debug-watchos/include -Xcc -I/Users/admin/builder/spi-builder-workspace/.derivedData/Build/Intermediates.noindex/ClaudeCodeSDK.build/Debug-watchos/ClaudeCodeSDK-t.build/DerivedSources-normal/arm64_32 -Xcc -I/Users/admin/builder/spi-builder-workspace/.derivedData/Build/Intermediates.noindex/ClaudeCodeSDK.build/Debug-watchos/ClaudeCodeSDK-t.build/DerivedSources/arm64_32 -Xcc -I/Users/admin/builder/spi-builder-workspace/.derivedData/Build/Intermediates.noindex/ClaudeCodeSDK.build/Debug-watchos/ClaudeCodeSDK-t.build/DerivedSources -Xcc -DSWIFT_PACKAGE -Xcc -DDEBUG\=1 -no-auto-bridging-header-chaining -module-name ClaudeCodeSDK -package-name spi_builder_workspace -const-gather-protocols-file /Users/admin/builder/spi-builder-workspace/.derivedData/Build/Intermediates.noindex/ClaudeCodeSDK.build/Debug-watchos/ClaudeCodeSDK-t.build/Objects-normal/arm64_32/ClaudeCodeSDK_const_extract_protocols.json -disable-clang-spi -clang-target arm64_32-apple-watchos27.0 -target-sdk-version 27.0 -target-sdk-name watchos27.0 -in-process-plugin-server-path /Applications/Xcode-27.0.0-Release.Candidate.app/Contents/Developer/Toolchains/XcodeDefault.xctoolchain/usr/lib/swift/host/libSwiftInProcPluginServer.dylib -emit-module-doc-path /Users/admin/builder/spi-builder-workspace/.derivedData/Build/Intermediates.noindex/ClaudeCodeSDK.build/Debug-watchos/ClaudeCodeSDK-t.build/Objects-normal/arm64_32/ClaudeCodeSDK.swiftdoc -emit-module-source-info-path /Users/admin/builder/spi-builder-workspace/.derivedData/Build/Intermediates.noindex/ClaudeCodeSDK.build/Debug-watchos/ClaudeCodeSDK-t.build/Objects-normal/arm64_32/ClaudeCodeSDK.swiftsourceinfo -emit-objc-header-path /Users/admin/builder/spi-builder-workspace/.derivedData/Build/Intermediates.noindex/ClaudeCodeSDK.build/Debug-watchos/ClaudeCodeSDK-t.build/Objects-normal/arm64_32/ClaudeCodeSDK-Swift.h -serialize-diagnostics-path /Users/admin/builder/spi-builder-workspace/.derivedData/Build/Intermediates.noindex/ClaudeCodeSDK.build/Debug-watchos/ClaudeCodeSDK-t.build/Objects-normal/arm64_32/ClaudeCodeSDK-primary-emit-module.dia -emit-dependencies-path /Users/admin/builder/spi-builder-workspace/.derivedData/Build/Intermediates.noindex/ClaudeCodeSDK.build/Debug-watchos/ClaudeCodeSDK-t.build/Objects-normal/arm64_32/ClaudeCodeSDK-primary-emit-module.d -parse-as-library -o /Users/admin/builder/spi-builder-workspace/.derivedData/Build/Intermediates.noindex/ClaudeCodeSDK.build/Debug-watchos/ClaudeCodeSDK-t.build/Objects-normal/arm64_32/ClaudeCodeSDK.swiftmodule -emit-abi-descriptor-path /Users/admin/builder/spi-builder-workspace/.derivedData/Build/Intermediates.noindex/ClaudeCodeSDK.build/Debug-watchos/ClaudeCodeSDK-t.build/Objects-normal/arm64_32/ClaudeCodeSDK.abi.json
SwiftCompile normal arm64_32 (in target 'ClaudeCodeSDK' from project 'ClaudeCodeSDK')
cd /Users/admin/builder/spi-builder-workspace/.swiftpm/xcode
SwiftCompile normal arm64_32 Compiling\ InputFormat.swift,\ McpServerConfig.swift,\ PermissionMode.swift,\ ResponseChunk.swift /Users/admin/builder/spi-builder-workspace/Sources/ClaudeCodeSDK/API/InputFormat.swift /Users/admin/builder/spi-builder-workspace/Sources/ClaudeCodeSDK/API/McpServerConfig.swift /Users/admin/builder/spi-builder-workspace/Sources/ClaudeCodeSDK/API/PermissionMode.swift /Users/admin/builder/spi-builder-workspace/Sources/ClaudeCodeSDK/API/ResponseChunk.swift (in target 'ClaudeCodeSDK' from project 'ClaudeCodeSDK')
SwiftCompile normal arm64_32 /Users/admin/builder/spi-builder-workspace/Sources/ClaudeCodeSDK/API/InputFormat.swift (in target 'ClaudeCodeSDK' from project 'ClaudeCodeSDK')
cd /Users/admin/builder/spi-builder-workspace/.swiftpm/xcode
builtin-SwiftPerFileCompile InputFormat.swift
SwiftCompile normal arm64_32 /Users/admin/builder/spi-builder-workspace/Sources/ClaudeCodeSDK/API/McpServerConfig.swift (in target 'ClaudeCodeSDK' from project 'ClaudeCodeSDK')
cd /Users/admin/builder/spi-builder-workspace/.swiftpm/xcode
builtin-SwiftPerFileCompile McpServerConfig.swift
SwiftCompile normal arm64_32 /Users/admin/builder/spi-builder-workspace/Sources/ClaudeCodeSDK/API/PermissionMode.swift (in target 'ClaudeCodeSDK' from project 'ClaudeCodeSDK')
cd /Users/admin/builder/spi-builder-workspace/.swiftpm/xcode
builtin-SwiftPerFileCompile PermissionMode.swift
SwiftCompile normal arm64_32 /Users/admin/builder/spi-builder-workspace/Sources/ClaudeCodeSDK/API/ResponseChunk.swift (in target 'ClaudeCodeSDK' from project 'ClaudeCodeSDK')
cd /Users/admin/builder/spi-builder-workspace/.swiftpm/xcode
builtin-SwiftPerFileCompile ResponseChunk.swift
SwiftCompile normal arm64_32 Compiling\ ClaudeCode.swift,\ ClaudeCodeConfiguration.swift,\ ClaudeCodeOptions.swift,\ ClaudeCodeOutputFormat.swift /Users/admin/builder/spi-builder-workspace/Sources/ClaudeCodeSDK/API/ClaudeCode.swift /Users/admin/builder/spi-builder-workspace/Sources/ClaudeCodeSDK/API/ClaudeCodeConfiguration.swift /Users/admin/builder/spi-builder-workspace/Sources/ClaudeCodeSDK/API/ClaudeCodeOptions.swift /Users/admin/builder/spi-builder-workspace/Sources/ClaudeCodeSDK/API/ClaudeCodeOutputFormat.swift (in target 'ClaudeCodeSDK' from project 'ClaudeCodeSDK')
SwiftCompile normal arm64_32 /Users/admin/builder/spi-builder-workspace/Sources/ClaudeCodeSDK/API/ClaudeCode.swift (in target 'ClaudeCodeSDK' from project 'ClaudeCodeSDK')
cd /Users/admin/builder/spi-builder-workspace/.swiftpm/xcode
builtin-SwiftPerFileCompile ClaudeCode.swift
SwiftCompile normal arm64_32 /Users/admin/builder/spi-builder-workspace/Sources/ClaudeCodeSDK/API/ClaudeCodeConfiguration.swift (in target 'ClaudeCodeSDK' from project 'ClaudeCodeSDK')
cd /Users/admin/builder/spi-builder-workspace/.swiftpm/xcode
builtin-SwiftPerFileCompile ClaudeCodeConfiguration.swift
SwiftCompile normal arm64_32 /Users/admin/builder/spi-builder-workspace/Sources/ClaudeCodeSDK/API/ClaudeCodeOptions.swift (in target 'ClaudeCodeSDK' from project 'ClaudeCodeSDK')
cd /Users/admin/builder/spi-builder-workspace/.swiftpm/xcode
builtin-SwiftPerFileCompile ClaudeCodeOptions.swift
SwiftCompile normal arm64_32 /Users/admin/builder/spi-builder-workspace/Sources/ClaudeCodeSDK/API/ClaudeCodeOutputFormat.swift (in target 'ClaudeCodeSDK' from project 'ClaudeCodeSDK')
cd /Users/admin/builder/spi-builder-workspace/.swiftpm/xcode
builtin-SwiftPerFileCompile ClaudeCodeOutputFormat.swift
SwiftCompile normal arm64_32 Compiling\ ErrorHandlingExample.swift,\ ClaudeNativeSessionStorage.swift,\ ClaudeSessionModels.swift /Users/admin/builder/spi-builder-workspace/Sources/ClaudeCodeSDK/Examples/ErrorHandlingExample.swift /Users/admin/builder/spi-builder-workspace/Sources/ClaudeCodeSDK/Storage/ClaudeNativeSessionStorage.swift /Users/admin/builder/spi-builder-workspace/Sources/ClaudeCodeSDK/Storage/ClaudeSessionModels.swift (in target 'ClaudeCodeSDK' from project 'ClaudeCodeSDK')
SwiftCompile normal arm64_32 /Users/admin/builder/spi-builder-workspace/Sources/ClaudeCodeSDK/Examples/ErrorHandlingExample.swift (in target 'ClaudeCodeSDK' from project 'ClaudeCodeSDK')
cd /Users/admin/builder/spi-builder-workspace/.swiftpm/xcode
builtin-SwiftPerFileCompile ErrorHandlingExample.swift
SwiftCompile normal arm64_32 /Users/admin/builder/spi-builder-workspace/Sources/ClaudeCodeSDK/Storage/ClaudeNativeSessionStorage.swift (in target 'ClaudeCodeSDK' from project 'ClaudeCodeSDK')
cd /Users/admin/builder/spi-builder-workspace/.swiftpm/xcode
builtin-SwiftPerFileCompile ClaudeNativeSessionStorage.swift
SwiftCompile normal arm64_32 /Users/admin/builder/spi-builder-workspace/Sources/ClaudeCodeSDK/Storage/ClaudeSessionModels.swift (in target 'ClaudeCodeSDK' from project 'ClaudeCodeSDK')
cd /Users/admin/builder/spi-builder-workspace/.swiftpm/xcode
builtin-SwiftPerFileCompile ClaudeSessionModels.swift
SwiftCompile normal arm64_32 Compiling\ resource_bundle_accessor.swift,\ AbortController.swift,\ ApiKeySource.swift,\ AssistantMessage.swift /Users/admin/builder/spi-builder-workspace/.derivedData/Build/Intermediates.noindex/ClaudeCodeSDK.build/Debug-watchos/ClaudeCodeSDK-t.build/DerivedSources/resource_bundle_accessor.swift /Users/admin/builder/spi-builder-workspace/Sources/ClaudeCodeSDK/API/AbortController.swift /Users/admin/builder/spi-builder-workspace/Sources/ClaudeCodeSDK/API/ApiKeySource.swift /Users/admin/builder/spi-builder-workspace/Sources/ClaudeCodeSDK/API/AssistantMessage.swift (in target 'ClaudeCodeSDK' from project 'ClaudeCodeSDK')
SwiftCompile normal arm64_32 /Users/admin/builder/spi-builder-workspace/.derivedData/Build/Intermediates.noindex/ClaudeCodeSDK.build/Debug-watchos/ClaudeCodeSDK-t.build/DerivedSources/resource_bundle_accessor.swift (in target 'ClaudeCodeSDK' from project 'ClaudeCodeSDK')
cd /Users/admin/builder/spi-builder-workspace/.swiftpm/xcode
builtin-SwiftPerFileCompile resource_bundle_accessor.swift
SwiftCompile normal arm64_32 /Users/admin/builder/spi-builder-workspace/Sources/ClaudeCodeSDK/API/AbortController.swift (in target 'ClaudeCodeSDK' from project 'ClaudeCodeSDK')
cd /Users/admin/builder/spi-builder-workspace/.swiftpm/xcode
builtin-SwiftPerFileCompile AbortController.swift
SwiftCompile normal arm64_32 /Users/admin/builder/spi-builder-workspace/Sources/ClaudeCodeSDK/API/ApiKeySource.swift (in target 'ClaudeCodeSDK' from project 'ClaudeCodeSDK')
cd /Users/admin/builder/spi-builder-workspace/.swiftpm/xcode
builtin-SwiftPerFileCompile ApiKeySource.swift
SwiftCompile normal arm64_32 /Users/admin/builder/spi-builder-workspace/Sources/ClaudeCodeSDK/API/AssistantMessage.swift (in target 'ClaudeCodeSDK' from project 'ClaudeCodeSDK')
cd /Users/admin/builder/spi-builder-workspace/.swiftpm/xcode
builtin-SwiftPerFileCompile AssistantMessage.swift
SwiftCompile normal arm64_32 Compiling\ NvmPathDetector.swift,\ RateLimiter.swift,\ RetryPolicy.swift /Users/admin/builder/spi-builder-workspace/Sources/ClaudeCodeSDK/Utilities/NvmPathDetector.swift /Users/admin/builder/spi-builder-workspace/Sources/ClaudeCodeSDK/Utilities/RateLimiter.swift /Users/admin/builder/spi-builder-workspace/Sources/ClaudeCodeSDK/Utilities/RetryPolicy.swift (in target 'ClaudeCodeSDK' from project 'ClaudeCodeSDK')
SwiftCompile normal arm64_32 /Users/admin/builder/spi-builder-workspace/Sources/ClaudeCodeSDK/Utilities/NvmPathDetector.swift (in target 'ClaudeCodeSDK' from project 'ClaudeCodeSDK')
cd /Users/admin/builder/spi-builder-workspace/.swiftpm/xcode
builtin-SwiftPerFileCompile NvmPathDetector.swift
SwiftCompile normal arm64_32 /Users/admin/builder/spi-builder-workspace/Sources/ClaudeCodeSDK/Utilities/RateLimiter.swift (in target 'ClaudeCodeSDK' from project 'ClaudeCodeSDK')
cd /Users/admin/builder/spi-builder-workspace/.swiftpm/xcode
builtin-SwiftPerFileCompile RateLimiter.swift
SwiftCompile normal arm64_32 /Users/admin/builder/spi-builder-workspace/Sources/ClaudeCodeSDK/Utilities/RetryPolicy.swift (in target 'ClaudeCodeSDK' from project 'ClaudeCodeSDK')
cd /Users/admin/builder/spi-builder-workspace/.swiftpm/xcode
builtin-SwiftPerFileCompile RetryPolicy.swift
SwiftCompile normal arm64_32 Compiling\ ResultMessage.swift,\ SessionInfo.swift,\ SettingSource.swift,\ SubagentDefinition.swift /Users/admin/builder/spi-builder-workspace/Sources/ClaudeCodeSDK/API/ResultMessage.swift /Users/admin/builder/spi-builder-workspace/Sources/ClaudeCodeSDK/API/SessionInfo.swift /Users/admin/builder/spi-builder-workspace/Sources/ClaudeCodeSDK/API/SettingSource.swift /Users/admin/builder/spi-builder-workspace/Sources/ClaudeCodeSDK/API/SubagentDefinition.swift (in target 'ClaudeCodeSDK' from project 'ClaudeCodeSDK')
SwiftCompile normal arm64_32 /Users/admin/builder/spi-builder-workspace/Sources/ClaudeCodeSDK/API/ResultMessage.swift (in target 'ClaudeCodeSDK' from project 'ClaudeCodeSDK')
cd /Users/admin/builder/spi-builder-workspace/.swiftpm/xcode
builtin-SwiftPerFileCompile ResultMessage.swift
SwiftCompile normal arm64_32 /Users/admin/builder/spi-builder-workspace/Sources/ClaudeCodeSDK/API/SessionInfo.swift (in target 'ClaudeCodeSDK' from project 'ClaudeCodeSDK')
cd /Users/admin/builder/spi-builder-workspace/.swiftpm/xcode
builtin-SwiftPerFileCompile SessionInfo.swift
SwiftCompile normal arm64_32 /Users/admin/builder/spi-builder-workspace/Sources/ClaudeCodeSDK/API/SettingSource.swift (in target 'ClaudeCodeSDK' from project 'ClaudeCodeSDK')
cd /Users/admin/builder/spi-builder-workspace/.swiftpm/xcode
builtin-SwiftPerFileCompile SettingSource.swift
SwiftCompile normal arm64_32 /Users/admin/builder/spi-builder-workspace/Sources/ClaudeCodeSDK/API/SubagentDefinition.swift (in target 'ClaudeCodeSDK' from project 'ClaudeCodeSDK')
cd /Users/admin/builder/spi-builder-workspace/.swiftpm/xcode
builtin-SwiftPerFileCompile SubagentDefinition.swift
SwiftCompile normal arm64_32 Compiling\ UserMessage.swift,\ AgentSDKBackend.swift,\ BackendFactory.swift,\ ClaudeCodeBackend.swift /Users/admin/builder/spi-builder-workspace/Sources/ClaudeCodeSDK/API/UserMessage.swift /Users/admin/builder/spi-builder-workspace/Sources/ClaudeCodeSDK/Backend/AgentSDKBackend.swift /Users/admin/builder/spi-builder-workspace/Sources/ClaudeCodeSDK/Backend/BackendFactory.swift /Users/admin/builder/spi-builder-workspace/Sources/ClaudeCodeSDK/Backend/ClaudeCodeBackend.swift (in target 'ClaudeCodeSDK' from project 'ClaudeCodeSDK')
/Users/admin/builder/spi-builder-workspace/Sources/ClaudeCodeSDK/Backend/AgentSDKBackend.swift:14:20: error: cannot find type 'Process' in scope
12 | /// Backend implementation using the Claude Agent SDK via Node.js wrapper
13 | internal final class AgentSDKBackend: ClaudeCodeBackend, @unchecked Sendable {
14 | private var task: Process?
| `- error: cannot find type 'Process' in scope
15 | private var cancellables = Set<AnyCancellable>()
16 | private var logger: Logger?
/Users/admin/builder/spi-builder-workspace/Sources/ClaudeCodeSDK/Backend/AgentSDKBackend.swift:379:12: error: cannot find type 'Process' in scope
377 |
378 | private func handleStreamJsonOutput(
379 | process: Process,
| `- error: cannot find type 'Process' in scope
380 | outputPipe: Pipe,
381 | errorPipe: Pipe,
/Users/admin/builder/spi-builder-workspace/Sources/ClaudeCodeSDK/Backend/AgentSDKBackend.swift:330:17: error: cannot find 'Process' in scope
328 |
329 | // Execute the command
330 | let process = Process()
| `- error: cannot find 'Process' in scope
331 | process.executableURL = URL(fileURLWithPath: "/bin/zsh")
332 | process.arguments = ["-l", "-c", command]
SwiftCompile normal arm64_32 /Users/admin/builder/spi-builder-workspace/Sources/ClaudeCodeSDK/API/UserMessage.swift (in target 'ClaudeCodeSDK' from project 'ClaudeCodeSDK')
cd /Users/admin/builder/spi-builder-workspace/.swiftpm/xcode
builtin-SwiftPerFileCompile UserMessage.swift
SwiftCompile normal arm64_32 /Users/admin/builder/spi-builder-workspace/Sources/ClaudeCodeSDK/Backend/AgentSDKBackend.swift (in target 'ClaudeCodeSDK' from project 'ClaudeCodeSDK')
cd /Users/admin/builder/spi-builder-workspace/.swiftpm/xcode
builtin-SwiftPerFileCompile AgentSDKBackend.swift
SwiftCompile normal arm64_32 /Users/admin/builder/spi-builder-workspace/Sources/ClaudeCodeSDK/Backend/BackendFactory.swift (in target 'ClaudeCodeSDK' from project 'ClaudeCodeSDK')
cd /Users/admin/builder/spi-builder-workspace/.swiftpm/xcode
builtin-SwiftPerFileCompile BackendFactory.swift
SwiftCompile normal arm64_32 /Users/admin/builder/spi-builder-workspace/Sources/ClaudeCodeSDK/Backend/ClaudeCodeBackend.swift (in target 'ClaudeCodeSDK' from project 'ClaudeCodeSDK')
cd /Users/admin/builder/spi-builder-workspace/.swiftpm/xcode
builtin-SwiftPerFileCompile ClaudeCodeBackend.swift
SwiftExplicitDependencyGeneratePcm arm64 /Users/admin/builder/spi-builder-workspace/.derivedData/SDKExplicitPrecompiledModules/WatchKit-22L6Z003SE8XPQ9JS14K57C9N.pcm
PruneExplicitPrecompiledModules /Users/admin/builder/spi-builder-workspace/.derivedData/Build/Intermediates.noindex/SwiftExplicitPrecompiledModules
PruneExplicitPrecompiledModules /Users/admin/builder/spi-builder-workspace/.derivedData/Build/Intermediates.noindex/ExplicitPrecompiledModules
PruneExplicitPrecompiledModules /Users/admin/builder/spi-builder-workspace/.derivedData/SDKExplicitPrecompiledModules
2026-09-23 12:51:38.487 xcodebuild[1507:7760] [MT] IDERunDestination: Supported platforms for the buildables in the current scheme is empty.
** BUILD FAILED **
The following build commands failed:
SwiftEmitModule normal arm64_32 Emitting\ module\ for\ ClaudeCodeSDK (in target 'ClaudeCodeSDK' from project 'ClaudeCodeSDK')
SwiftCompile normal arm64_32 (in target 'ClaudeCodeSDK' from project 'ClaudeCodeSDK')
Building workspace ClaudeCodeSDK with scheme ClaudeCodeSDK-Package
(3 failures)
Command line invocation:
/Applications/Xcode-27.0.0-Release.Candidate.app/Contents/Developer/usr/bin/xcodebuild -IDEClonedSourcePackagesDirPathOverride=/Users/admin/builder/spi-builder-workspace/.dependencies -resolvePackageDependencies
Resolve Package Graph
Resolved source packages:
swift-configuration: https://github.com/apple/swift-configuration.git @ 1.2.1
async-http-client: https://github.com/swift-server/async-http-client.git @ 1.36.1
swift-certificates: https://github.com/apple/swift-certificates.git @ 1.21.0
swift-service-lifecycle: https://github.com/swift-server/swift-service-lifecycle @ 2.12.0
swift-numerics: https://github.com/apple/swift-numerics.git @ 1.1.1
swift-algorithms: https://github.com/apple/swift-algorithms.git @ 1.2.1
swift-nio: https://github.com/apple/swift-nio.git @ 2.103.0
swift-atomics: https://github.com/apple/swift-atomics.git @ 1.3.1
swift-log: https://github.com/apple/swift-log.git @ 1.15.1
swift-crypto: https://github.com/apple/swift-crypto.git @ 5.0.0
swift-nio-transport-services: https://github.com/apple/swift-nio-transport-services.git @ 1.28.0
swift-distributed-tracing: https://github.com/apple/swift-distributed-tracing.git @ 1.5.0
swift-service-context: https://github.com/apple/swift-service-context.git @ 1.3.0
swift-http-structured-headers: https://github.com/apple/swift-http-structured-headers.git @ 1.7.0
swift-nio-ssl: https://github.com/apple/swift-nio-ssl.git @ 2.37.5
swift-async-algorithms: https://github.com/apple/swift-async-algorithms.git @ 1.1.5
swift-system: https://github.com/apple/swift-system @ 1.8.1
ClaudeCodeSDK: /Users/admin/builder/spi-builder-workspace
swift-nio-http2: https://github.com/apple/swift-nio-http2.git @ 1.46.0
swift-nio-extras: https://github.com/apple/swift-nio-extras.git @ 1.35.1
SwiftAnthropic: https://github.com/jamesrochabrun/SwiftAnthropic @ 2.2.0
swift-http-types: https://github.com/apple/swift-http-types.git @ 1.8.0
swift-asn1: https://github.com/apple/swift-asn1.git @ 1.7.3
swift-collections: https://github.com/apple/swift-collections @ 1.7.0
resolved source packages: swift-configuration, async-http-client, swift-certificates, swift-service-lifecycle, swift-numerics, swift-algorithms, swift-nio, swift-atomics, swift-log, swift-crypto, swift-nio-transport-services, swift-distributed-tracing, swift-service-context, swift-http-structured-headers, swift-nio-ssl, swift-async-algorithms, swift-system, ClaudeCodeSDK, swift-nio-http2, swift-nio-extras, SwiftAnthropic, swift-http-types, swift-asn1, swift-collections
2026-09-23 12:51:54.322 xcodebuild[1968:9755] [MT] IDERunDestination: Supported platforms for the buildables in the current scheme is empty.
{
"dependencies" : [
{
"identity" : "swiftanthropic",
"requirement" : {
"exact" : [
"2.2.0"
]
},
"type" : "sourceControl",
"url" : "https://github.com/jamesrochabrun/SwiftAnthropic"
}
],
"manifest_display_name" : "ClaudeCodeSDK",
"name" : "ClaudeCodeSDK",
"path" : "/Users/admin/builder/spi-builder-workspace",
"platforms" : [
{
"name" : "macos",
"version" : "13.0"
}
],
"products" : [
{
"name" : "ClaudeCodeSDK",
"targets" : [
"ClaudeCodeSDK"
],
"type" : {
"library" : [
"automatic"
]
}
},
{
"name" : "QuickTest",
"targets" : [
"QuickTest"
],
"type" : {
"executable" : null
}
}
],
"targets" : [
{
"c99name" : "QuickTest",
"module_type" : "SwiftTarget",
"name" : "QuickTest",
"path" : "Sources/QuickTest",
"product_memberships" : [
"QuickTest"
],
"sources" : [
"main.swift"
],
"target_dependencies" : [
"ClaudeCodeSDK"
],
"type" : "executable"
},
{
"c99name" : "ClaudeCodeSDKTests",
"module_type" : "SwiftTarget",
"name" : "ClaudeCodeSDKTests",
"path" : "Tests/ClaudeCodeSDKTests",
"sources" : [
"BackendConfigurationTests.swift",
"BackendTests.swift",
"BasicClientTests.swift",
"CancellationTests.swift",
"ClaudeCodeSDKTests.swift",
"ErrorHandlingTests.swift",
"MCPConfigurationTests.swift",
"NodePathDetectorTests.swift",
"OptionsTests.swift",
"OutputFormatTests.swift",
"ProcessLaunchTests.swift",
"RateLimitingTests.swift",
"RetryLogicTests.swift",
"SDKWrapperTests.swift",
"ShellEscapingTests.swift"
],
"target_dependencies" : [
"ClaudeCodeSDK"
],
"type" : "test"
},
{
"c99name" : "ClaudeCodeSDK",
"module_type" : "SwiftTarget",
"name" : "ClaudeCodeSDK",
"path" : "Sources/ClaudeCodeSDK",
"product_dependencies" : [
"SwiftAnthropic"
],
"product_memberships" : [
"ClaudeCodeSDK",
"QuickTest"
],
"resources" : [
{
"path" : "/Users/admin/builder/spi-builder-workspace/Sources/ClaudeCodeSDK/Resources/sdk-wrapper.mjs",
"rule" : {
"process" : {
}
}
}
],
"sources" : [
"API/AbortController.swift",
"API/ApiKeySource.swift",
"API/AssistantMessage.swift",
"API/ClaudeCode.swift",
"API/ClaudeCodeConfiguration.swift",
"API/ClaudeCodeOptions.swift",
"API/ClaudeCodeOutputFormat.swift",
"API/ClaudeCodeResult.swift",
"API/ConfigScope.swift",
"API/ExecutedCommandInfo.swift",
"API/InitSystemMessage.swift",
"API/InputFormat.swift",
"API/McpServerConfig.swift",
"API/PermissionMode.swift",
"API/ResponseChunk.swift",
"API/ResultMessage.swift",
"API/SessionInfo.swift",
"API/SettingSource.swift",
"API/SubagentDefinition.swift",
"API/UserMessage.swift",
"Backend/AgentSDKBackend.swift",
"Backend/BackendFactory.swift",
"Backend/ClaudeCodeBackend.swift",
"Backend/HeadlessBackend.swift",
"ClaudeCodeSDK.swift",
"Client/ClaudeCodeClient.swift",
"Client/ClaudeCodeError.swift",
"Examples/ErrorHandlingExample.swift",
"Storage/ClaudeNativeSessionStorage.swift",
"Storage/ClaudeSessionModels.swift",
"Storage/ClaudeSessionProtocol.swift",
"Utilities/MCPToolFormatter.swift",
"Utilities/NodePathDetector.swift",
"Utilities/NvmPathDetector.swift",
"Utilities/RateLimiter.swift",
"Utilities/RetryPolicy.swift"
],
"type" : "library"
}
],
"tools_version" : "6.0"
}
{
"workspace" : {
"name" : "ClaudeCodeSDK",
"schemes" : [
"ClaudeCodeSDK",
"ClaudeCodeSDK-Package",
"QuickTest"
]
}
}
2026-09-23 12:51:56.905 xcodebuild[1976:9825] [MT] IDERunDestination: Supported platforms for the buildables in the current scheme is empty.
Running build ...
env DEVELOPER_DIR=/Applications/Xcode-27.0.0-Release.Candidate.app xcrun xcodebuild -IDEClonedSourcePackagesDirPathOverride=$PWD/.dependencies -skipMacroValidation -skipPackagePluginValidation -derivedDataPath $PWD/.derivedData build -scheme ClaudeCodeSDK-Package -destination generic/platform=watchOS
Command line invocation:
/Applications/Xcode-27.0.0-Release.Candidate.app/Contents/Developer/usr/bin/xcodebuild -IDEClonedSourcePackagesDirPathOverride=/Users/admin/builder/spi-builder-workspace/.dependencies -skipMacroValidation -skipPackagePluginValidation -derivedDataPath /Users/admin/builder/spi-builder-workspace/.derivedData build -scheme ClaudeCodeSDK-Package -destination generic/platform=watchOS
Resolve Package Graph
Resolved source packages:
swift-atomics: https://github.com/apple/swift-atomics.git @ 1.3.1
swift-asn1: https://github.com/apple/swift-asn1.git @ 1.7.3
swift-numerics: https://github.com/apple/swift-numerics.git @ 1.1.1
swift-http-types: https://github.com/apple/swift-http-types.git @ 1.8.0
swift-nio: https://github.com/apple/swift-nio.git @ 2.103.0
swift-async-algorithms: https://github.com/apple/swift-async-algorithms.git @ 1.1.5
swift-configuration: https://github.com/apple/swift-configuration.git @ 1.2.1
swift-algorithms: https://github.com/apple/swift-algorithms.git @ 1.2.1
swift-nio-extras: https://github.com/apple/swift-nio-extras.git @ 1.35.1
swift-collections: https://github.com/apple/swift-collections @ 1.7.0
swift-nio-http2: https://github.com/apple/swift-nio-http2.git @ 1.46.0
swift-nio-transport-services: https://github.com/apple/swift-nio-transport-services.git @ 1.28.0
swift-system: https://github.com/apple/swift-system @ 1.8.1
swift-distributed-tracing: https://github.com/apple/swift-distributed-tracing.git @ 1.5.0
SwiftAnthropic: https://github.com/jamesrochabrun/SwiftAnthropic @ 2.2.0
swift-nio-ssl: https://github.com/apple/swift-nio-ssl.git @ 2.37.5
swift-certificates: https://github.com/apple/swift-certificates.git @ 1.21.0
swift-http-structured-headers: https://github.com/apple/swift-http-structured-headers.git @ 1.7.0
swift-log: https://github.com/apple/swift-log.git @ 1.15.1
ClaudeCodeSDK: /Users/admin/builder/spi-builder-workspace
swift-service-lifecycle: https://github.com/swift-server/swift-service-lifecycle @ 2.12.0
swift-service-context: https://github.com/apple/swift-service-context.git @ 1.3.0
async-http-client: https://github.com/swift-server/async-http-client.git @ 1.36.1
swift-crypto: https://github.com/apple/swift-crypto.git @ 5.0.0
ComputePackagePrebuildTargetDependencyGraph
Prepare packages
CreateBuildRequest
SendProjectDescription
CreateBuildOperation
ComputeTargetDependencyGraph
note: Building targets in dependency order
note: Target dependency graph (6 targets)
Target 'QuickTest-product' in project 'ClaudeCodeSDK'
➜ Explicit dependency on target 'ClaudeCodeSDK' in project 'ClaudeCodeSDK'
➜ Explicit dependency on target 'SwiftAnthropic-product' in project 'SwiftAnthropic'
Target 'ClaudeCodeSDK-product' in project 'ClaudeCodeSDK'
➜ Explicit dependency on target 'ClaudeCodeSDK' in project 'ClaudeCodeSDK'
➜ Explicit dependency on target 'ClaudeCodeSDK_ClaudeCodeSDK' in project 'ClaudeCodeSDK'
➜ Explicit dependency on target 'SwiftAnthropic-product' in project 'SwiftAnthropic'
Target 'ClaudeCodeSDK' in project 'ClaudeCodeSDK'
➜ Explicit dependency on target 'ClaudeCodeSDK_ClaudeCodeSDK' in project 'ClaudeCodeSDK'
➜ Explicit dependency on target 'SwiftAnthropic-product' in project 'SwiftAnthropic'
Target 'SwiftAnthropic-product' in project 'SwiftAnthropic'
➜ Explicit dependency on target 'SwiftAnthropic' in project 'SwiftAnthropic'
Target 'SwiftAnthropic' in project 'SwiftAnthropic' (no dependencies)
Target 'ClaudeCodeSDK_ClaudeCodeSDK' in project 'ClaudeCodeSDK' (no dependencies)
GatherProvisioningInputs
CreateBuildDescription
ClangStatCache /Applications/Xcode-27.0.0-Release.Candidate.app/Contents/Developer/Toolchains/XcodeDefault.xctoolchain/usr/bin/clang-stat-cache /Applications/Xcode-27.0.0-Release.Candidate.app/Contents/Developer/Platforms/WatchOS.platform/Developer/SDKs/WatchOS27.0.sdk /Users/admin/builder/spi-builder-workspace/.derivedData/SDKStatCaches.noindex/watchos27.0-24R360-e829b21a6f8c9b70876ba0858053c04477534ef55a1706bf4c1112bbb242f0a2.sdkstatcache
cd /Users/admin/builder/spi-builder-workspace/.swiftpm/xcode
/Applications/Xcode-27.0.0-Release.Candidate.app/Contents/Developer/Toolchains/XcodeDefault.xctoolchain/usr/bin/clang-stat-cache /Applications/Xcode-27.0.0-Release.Candidate.app/Contents/Developer/Platforms/WatchOS.platform/Developer/SDKs/WatchOS27.0.sdk -o /Users/admin/builder/spi-builder-workspace/.derivedData/SDKStatCaches.noindex/watchos27.0-24R360-e829b21a6f8c9b70876ba0858053c04477534ef55a1706bf4c1112bbb242f0a2.sdkstatcache
SwiftDriver ClaudeCodeSDK normal arm64 com.apple.xcode.tools.swift.compiler (in target 'ClaudeCodeSDK' from project 'ClaudeCodeSDK')
cd /Users/admin/builder/spi-builder-workspace/.swiftpm/xcode
builtin-SwiftDriver -- /Applications/Xcode-27.0.0-Release.Candidate.app/Contents/Developer/Toolchains/XcodeDefault.xctoolchain/usr/bin/swiftc -parse-as-library -module-name ClaudeCodeSDK -Onone @/Users/admin/builder/spi-builder-workspace/.derivedData/Build/Intermediates.noindex/ClaudeCodeSDK.build/Debug-watchos/ClaudeCodeSDK-t.build/Objects-normal/arm64/ClaudeCodeSDK.SwiftFileList -DSWIFT_PACKAGE -DDEBUG -DSWIFT_MODULE_RESOURCE_BUNDLE_AVAILABLE -DXcode -plugin-path /Applications/Xcode-27.0.0-Release.Candidate.app/Contents/Developer/Toolchains/XcodeDefault.xctoolchain/usr/lib/swift/host/plugins/testing -enable-experimental-feature DebugDescriptionMacro -sdk /Applications/Xcode-27.0.0-Release.Candidate.app/Contents/Developer/Platforms/WatchOS.platform/Developer/SDKs/WatchOS27.0.sdk -target arm64-apple-watchos9.0 -g -module-cache-path /Users/admin/builder/spi-builder-workspace/.derivedData/ModuleCache.noindex -Xfrontend -serialize-debugging-options -profile-coverage-mapping -profile-generate -enable-testing -index-store-path /Users/admin/builder/spi-builder-workspace/.derivedData/Index.noindex/DataStore -Xcc -D_LIBCPP_HARDENING_MODE\=_LIBCPP_HARDENING_MODE_DEBUG -swift-version 6 -I /Users/admin/builder/spi-builder-workspace/.derivedData/Build/Products/Debug-watchos -Isystem /Applications/Xcode-27.0.0-Release.Candidate.app/Contents/Developer/Platforms/WatchOS.platform/Developer/usr/lib -F /Users/admin/builder/spi-builder-workspace/.derivedData/Build/Products/Debug-watchos/PackageFrameworks -F /Users/admin/builder/spi-builder-workspace/.derivedData/Build/Products/Debug-watchos -F /Applications/Xcode-27.0.0-Release.Candidate.app/Contents/Developer/Platforms/WatchOS.platform/Developer/Library/Frameworks -F /Applications/Xcode-27.0.0-Release.Candidate.app/Contents/Developer/Platforms/WatchOS.platform/Developer/SDKs/WatchOS27.0.sdk/Developer/Library/Frameworks -c -j10 -enable-batch-mode -incremental -Xcc -ivfsstatcache -Xcc /Users/admin/builder/spi-builder-workspace/.derivedData/SDKStatCaches.noindex/watchos27.0-24R360-e829b21a6f8c9b70876ba0858053c04477534ef55a1706bf4c1112bbb242f0a2.sdkstatcache -output-file-map /Users/admin/builder/spi-builder-workspace/.derivedData/Build/Intermediates.noindex/ClaudeCodeSDK.build/Debug-watchos/ClaudeCodeSDK-t.build/Objects-normal/arm64/ClaudeCodeSDK-OutputFileMap.json -save-temps -no-color-diagnostics -explicit-module-build -module-cache-path /Users/admin/builder/spi-builder-workspace/.derivedData/Build/Intermediates.noindex/SwiftExplicitPrecompiledModules -clang-scanner-module-cache-path /Users/admin/builder/spi-builder-workspace/.derivedData/ModuleCache.noindex -sdk-module-cache-path /Users/admin/builder/spi-builder-workspace/.derivedData/SDKExplicitPrecompiledModules -emit-dependencies -emit-module -emit-module-path /Users/admin/builder/spi-builder-workspace/.derivedData/Build/Intermediates.noindex/ClaudeCodeSDK.build/Debug-watchos/ClaudeCodeSDK-t.build/Objects-normal/arm64/ClaudeCodeSDK.swiftmodule -serialize-diagnostics -dependency-scan-serialize-diagnostics-path /Users/admin/builder/spi-builder-workspace/.derivedData/Build/Intermediates.noindex/ClaudeCodeSDK.build/Debug-watchos/ClaudeCodeSDK-t.build/Objects-normal/arm64/ClaudeCodeSDK-dependency-scan.dia -validate-clang-modules-once -clang-build-session-file /Users/admin/builder/spi-builder-workspace/.derivedData/ModuleCache.noindex/Session.modulevalidation -Xcc -fmodules-prune-interval\=86400 -Xcc -fmodules-prune-after\=345600 -package-name spi_builder_workspace -emit-const-values -const-gather-protocols-list /Users/admin/builder/spi-builder-workspace/.derivedData/Build/Intermediates.noindex/ClaudeCodeSDK.build/Debug-watchos/ClaudeCodeSDK-t.build/Objects-normal/arm64/ClaudeCodeSDK_const_extract_protocols.json -Xcc -I/Users/admin/builder/spi-builder-workspace/.derivedData/Build/Products/Debug-watchos/include -Xcc -I/Users/admin/builder/spi-builder-workspace/.derivedData/Build/Intermediates.noindex/ClaudeCodeSDK.build/Debug-watchos/ClaudeCodeSDK-t.build/DerivedSources-normal/arm64 -Xcc -I/Users/admin/builder/spi-builder-workspace/.derivedData/Build/Intermediates.noindex/ClaudeCodeSDK.build/Debug-watchos/ClaudeCodeSDK-t.build/DerivedSources/arm64 -Xcc -I/Users/admin/builder/spi-builder-workspace/.derivedData/Build/Intermediates.noindex/ClaudeCodeSDK.build/Debug-watchos/ClaudeCodeSDK-t.build/DerivedSources -Xcc -DSWIFT_PACKAGE -Xcc -DDEBUG\=1 -emit-objc-header -emit-objc-header-path /Users/admin/builder/spi-builder-workspace/.derivedData/Build/Intermediates.noindex/ClaudeCodeSDK.build/Debug-watchos/ClaudeCodeSDK-t.build/Objects-normal/arm64/ClaudeCodeSDK-Swift.h -working-directory /Users/admin/builder/spi-builder-workspace/.swiftpm/xcode -experimental-emit-module-separately -disable-cmo
SwiftDriver ClaudeCodeSDK normal arm64_32 com.apple.xcode.tools.swift.compiler (in target 'ClaudeCodeSDK' from project 'ClaudeCodeSDK')
cd /Users/admin/builder/spi-builder-workspace/.swiftpm/xcode
builtin-SwiftDriver -- /Applications/Xcode-27.0.0-Release.Candidate.app/Contents/Developer/Toolchains/XcodeDefault.xctoolchain/usr/bin/swiftc -parse-as-library -module-name ClaudeCodeSDK -Onone @/Users/admin/builder/spi-builder-workspace/.derivedData/Build/Intermediates.noindex/ClaudeCodeSDK.build/Debug-watchos/ClaudeCodeSDK-t.build/Objects-normal/arm64_32/ClaudeCodeSDK.SwiftFileList -DSWIFT_PACKAGE -DDEBUG -DSWIFT_MODULE_RESOURCE_BUNDLE_AVAILABLE -DXcode -plugin-path /Applications/Xcode-27.0.0-Release.Candidate.app/Contents/Developer/Toolchains/XcodeDefault.xctoolchain/usr/lib/swift/host/plugins/testing -enable-experimental-feature DebugDescriptionMacro -sdk /Applications/Xcode-27.0.0-Release.Candidate.app/Contents/Developer/Platforms/WatchOS.platform/Developer/SDKs/WatchOS27.0.sdk -target arm64_32-apple-watchos9.0 -g -module-cache-path /Users/admin/builder/spi-builder-workspace/.derivedData/ModuleCache.noindex -Xfrontend -serialize-debugging-options -profile-coverage-mapping -profile-generate -enable-testing -index-store-path /Users/admin/builder/spi-builder-workspace/.derivedData/Index.noindex/DataStore -Xcc -D_LIBCPP_HARDENING_MODE\=_LIBCPP_HARDENING_MODE_DEBUG -swift-version 6 -I /Users/admin/builder/spi-builder-workspace/.derivedData/Build/Products/Debug-watchos -Isystem /Applications/Xcode-27.0.0-Release.Candidate.app/Contents/Developer/Platforms/WatchOS.platform/Developer/usr/lib -F /Users/admin/builder/spi-builder-workspace/.derivedData/Build/Products/Debug-watchos/PackageFrameworks -F /Users/admin/builder/spi-builder-workspace/.derivedData/Build/Products/Debug-watchos -F /Applications/Xcode-27.0.0-Release.Candidate.app/Contents/Developer/Platforms/WatchOS.platform/Developer/Library/Frameworks -F /Applications/Xcode-27.0.0-Release.Candidate.app/Contents/Developer/Platforms/WatchOS.platform/Developer/SDKs/WatchOS27.0.sdk/Developer/Library/Frameworks -c -j10 -enable-batch-mode -incremental -Xcc -ivfsstatcache -Xcc /Users/admin/builder/spi-builder-workspace/.derivedData/SDKStatCaches.noindex/watchos27.0-24R360-e829b21a6f8c9b70876ba0858053c04477534ef55a1706bf4c1112bbb242f0a2.sdkstatcache -output-file-map /Users/admin/builder/spi-builder-workspace/.derivedData/Build/Intermediates.noindex/ClaudeCodeSDK.build/Debug-watchos/ClaudeCodeSDK-t.build/Objects-normal/arm64_32/ClaudeCodeSDK-OutputFileMap.json -save-temps -no-color-diagnostics -explicit-module-build -module-cache-path /Users/admin/builder/spi-builder-workspace/.derivedData/Build/Intermediates.noindex/SwiftExplicitPrecompiledModules -clang-scanner-module-cache-path /Users/admin/builder/spi-builder-workspace/.derivedData/ModuleCache.noindex -sdk-module-cache-path /Users/admin/builder/spi-builder-workspace/.derivedData/SDKExplicitPrecompiledModules -emit-dependencies -emit-module -emit-module-path /Users/admin/builder/spi-builder-workspace/.derivedData/Build/Intermediates.noindex/ClaudeCodeSDK.build/Debug-watchos/ClaudeCodeSDK-t.build/Objects-normal/arm64_32/ClaudeCodeSDK.swiftmodule -serialize-diagnostics -dependency-scan-serialize-diagnostics-path /Users/admin/builder/spi-builder-workspace/.derivedData/Build/Intermediates.noindex/ClaudeCodeSDK.build/Debug-watchos/ClaudeCodeSDK-t.build/Objects-normal/arm64_32/ClaudeCodeSDK-dependency-scan.dia -validate-clang-modules-once -clang-build-session-file /Users/admin/builder/spi-builder-workspace/.derivedData/ModuleCache.noindex/Session.modulevalidation -Xcc -fmodules-prune-interval\=86400 -Xcc -fmodules-prune-after\=345600 -package-name spi_builder_workspace -emit-const-values -const-gather-protocols-list /Users/admin/builder/spi-builder-workspace/.derivedData/Build/Intermediates.noindex/ClaudeCodeSDK.build/Debug-watchos/ClaudeCodeSDK-t.build/Objects-normal/arm64_32/ClaudeCodeSDK_const_extract_protocols.json -Xcc -I/Users/admin/builder/spi-builder-workspace/.derivedData/Build/Products/Debug-watchos/include -Xcc -I/Users/admin/builder/spi-builder-workspace/.derivedData/Build/Intermediates.noindex/ClaudeCodeSDK.build/Debug-watchos/ClaudeCodeSDK-t.build/DerivedSources-normal/arm64_32 -Xcc -I/Users/admin/builder/spi-builder-workspace/.derivedData/Build/Intermediates.noindex/ClaudeCodeSDK.build/Debug-watchos/ClaudeCodeSDK-t.build/DerivedSources/arm64_32 -Xcc -I/Users/admin/builder/spi-builder-workspace/.derivedData/Build/Intermediates.noindex/ClaudeCodeSDK.build/Debug-watchos/ClaudeCodeSDK-t.build/DerivedSources -Xcc -DSWIFT_PACKAGE -Xcc -DDEBUG\=1 -emit-objc-header -emit-objc-header-path /Users/admin/builder/spi-builder-workspace/.derivedData/Build/Intermediates.noindex/ClaudeCodeSDK.build/Debug-watchos/ClaudeCodeSDK-t.build/Objects-normal/arm64_32/ClaudeCodeSDK-Swift.h -working-directory /Users/admin/builder/spi-builder-workspace/.swiftpm/xcode -experimental-emit-module-separately -disable-cmo
SwiftEmitModule normal arm64_32 Emitting\ module\ for\ ClaudeCodeSDK (in target 'ClaudeCodeSDK' from project 'ClaudeCodeSDK')
/Users/admin/builder/spi-builder-workspace/Sources/ClaudeCodeSDK/Backend/AgentSDKBackend.swift:14:20: error: cannot find type 'Process' in scope
12 | /// Backend implementation using the Claude Agent SDK via Node.js wrapper
13 | internal final class AgentSDKBackend: ClaudeCodeBackend, @unchecked Sendable {
14 | private var task: Process?
| `- error: cannot find type 'Process' in scope
15 | private var cancellables = Set<AnyCancellable>()
16 | private var logger: Logger?
/Users/admin/builder/spi-builder-workspace/Sources/ClaudeCodeSDK/Backend/AgentSDKBackend.swift:379:12: error: cannot find type 'Process' in scope
377 |
378 | private func handleStreamJsonOutput(
379 | process: Process,
| `- error: cannot find type 'Process' in scope
380 | outputPipe: Pipe,
381 | errorPipe: Pipe,
/Users/admin/builder/spi-builder-workspace/Sources/ClaudeCodeSDK/Backend/HeadlessBackend.swift:14:20: error: cannot find type 'Process' in scope
12 | /// Backend implementation using the headless Claude CLI (`claude -p`)
13 | internal final class HeadlessBackend: ClaudeCodeBackend, @unchecked Sendable {
14 | private var task: Process?
| `- error: cannot find type 'Process' in scope
15 | private var cancellables = Set<AnyCancellable>()
16 | private var logger: Logger?
/Users/admin/builder/spi-builder-workspace/Sources/ClaudeCodeSDK/Backend/HeadlessBackend.swift:285:67: error: cannot find type 'Process' in scope
283 | // MARK: - Private Helpers
284 |
285 | private func configuredProcess(for command: String) -> (process: Process, environment: [String: String]) {
| `- error: cannot find type 'Process' in scope
286 | let process = Process()
287 | process.executableURL = URL(fileURLWithPath: "/bin/zsh")
/Users/admin/builder/spi-builder-workspace/Sources/ClaudeCodeSDK/Backend/HeadlessBackend.swift:459:12: error: cannot find type 'Process' in scope
457 |
458 | private func handleStreamJsonOutput(
459 | process: Process,
| `- error: cannot find type 'Process' in scope
460 | outputPipe: Pipe,
461 | errorPipe: Pipe,
Failed frontend command:
SwiftCompile normal arm64_32 (in target 'ClaudeCodeSDK' from project 'ClaudeCodeSDK')
cd /Users/admin/builder/spi-builder-workspace/.swiftpm/xcode
/Applications/Xcode-27.0.0-Release.Candidate.app/Contents/Developer/Toolchains/XcodeDefault.xctoolchain/usr/bin/swift-frontend -frontend -emit-module -experimental-skip-non-inlinable-function-bodies-without-types /Users/admin/builder/spi-builder-workspace/.derivedData/Build/Intermediates.noindex/ClaudeCodeSDK.build/Debug-watchos/ClaudeCodeSDK-t.build/DerivedSources/resource_bundle_accessor.swift /Users/admin/builder/spi-builder-workspace/Sources/ClaudeCodeSDK/API/AbortController.swift /Users/admin/builder/spi-builder-workspace/Sources/ClaudeCodeSDK/API/ApiKeySource.swift /Users/admin/builder/spi-builder-workspace/Sources/ClaudeCodeSDK/API/AssistantMessage.swift /Users/admin/builder/spi-builder-workspace/Sources/ClaudeCodeSDK/API/ClaudeCode.swift /Users/admin/builder/spi-builder-workspace/Sources/ClaudeCodeSDK/API/ClaudeCodeConfiguration.swift /Users/admin/builder/spi-builder-workspace/Sources/ClaudeCodeSDK/API/ClaudeCodeOptions.swift /Users/admin/builder/spi-builder-workspace/Sources/ClaudeCodeSDK/API/ClaudeCodeOutputFormat.swift /Users/admin/builder/spi-builder-workspace/Sources/ClaudeCodeSDK/API/ClaudeCodeResult.swift /Users/admin/builder/spi-builder-workspace/Sources/ClaudeCodeSDK/API/ConfigScope.swift /Users/admin/builder/spi-builder-workspace/Sources/ClaudeCodeSDK/API/ExecutedCommandInfo.swift /Users/admin/builder/spi-builder-workspace/Sources/ClaudeCodeSDK/API/InitSystemMessage.swift /Users/admin/builder/spi-builder-workspace/Sources/ClaudeCodeSDK/API/InputFormat.swift /Users/admin/builder/spi-builder-workspace/Sources/ClaudeCodeSDK/API/McpServerConfig.swift /Users/admin/builder/spi-builder-workspace/Sources/ClaudeCodeSDK/API/PermissionMode.swift /Users/admin/builder/spi-builder-workspace/Sources/ClaudeCodeSDK/API/ResponseChunk.swift /Users/admin/builder/spi-builder-workspace/Sources/ClaudeCodeSDK/API/ResultMessage.swift /Users/admin/builder/spi-builder-workspace/Sources/ClaudeCodeSDK/API/SessionInfo.swift /Users/admin/builder/spi-builder-workspace/Sources/ClaudeCodeSDK/API/SettingSource.swift /Users/admin/builder/spi-builder-workspace/Sources/ClaudeCodeSDK/API/SubagentDefinition.swift /Users/admin/builder/spi-builder-workspace/Sources/ClaudeCodeSDK/API/UserMessage.swift /Users/admin/builder/spi-builder-workspace/Sources/ClaudeCodeSDK/Backend/AgentSDKBackend.swift /Users/admin/builder/spi-builder-workspace/Sources/ClaudeCodeSDK/Backend/BackendFactory.swift /Users/admin/builder/spi-builder-workspace/Sources/ClaudeCodeSDK/Backend/ClaudeCodeBackend.swift /Users/admin/builder/spi-builder-workspace/Sources/ClaudeCodeSDK/Backend/HeadlessBackend.swift /Users/admin/builder/spi-builder-workspace/Sources/ClaudeCodeSDK/ClaudeCodeSDK.swift /Users/admin/builder/spi-builder-workspace/Sources/ClaudeCodeSDK/Client/ClaudeCodeClient.swift /Users/admin/builder/spi-builder-workspace/Sources/ClaudeCodeSDK/Client/ClaudeCodeError.swift /Users/admin/builder/spi-builder-workspace/Sources/ClaudeCodeSDK/Examples/ErrorHandlingExample.swift /Users/admin/builder/spi-builder-workspace/Sources/ClaudeCodeSDK/Storage/ClaudeNativeSessionStorage.swift /Users/admin/builder/spi-builder-workspace/Sources/ClaudeCodeSDK/Storage/ClaudeSessionModels.swift /Users/admin/builder/spi-builder-workspace/Sources/ClaudeCodeSDK/Storage/ClaudeSessionProtocol.swift /Users/admin/builder/spi-builder-workspace/Sources/ClaudeCodeSDK/Utilities/MCPToolFormatter.swift /Users/admin/builder/spi-builder-workspace/Sources/ClaudeCodeSDK/Utilities/NodePathDetector.swift /Users/admin/builder/spi-builder-workspace/Sources/ClaudeCodeSDK/Utilities/NvmPathDetector.swift /Users/admin/builder/spi-builder-workspace/Sources/ClaudeCodeSDK/Utilities/RateLimiter.swift /Users/admin/builder/spi-builder-workspace/Sources/ClaudeCodeSDK/Utilities/RetryPolicy.swift -target arm64_32-apple-watchos9.0 -disable-cross-import-overlay-search -load-resolved-plugin /Applications/Xcode-27.0.0-Release.Candidate.app/Contents/Developer/Platforms/WatchOS.platform/Developer/usr/lib/swift/host/plugins/libFoundationMacros.dylib\#/Applications/Xcode-27.0.0-Release.Candidate.app/Contents/Developer/Platforms/WatchOS.platform/Developer/usr/bin/swift-plugin-server\#FoundationMacros -load-resolved-plugin /Applications/Xcode-27.0.0-Release.Candidate.app/Contents/Developer/Platforms/WatchOS.platform/Developer/usr/lib/swift/host/plugins/libObservationMacros.dylib\#/Applications/Xcode-27.0.0-Release.Candidate.app/Contents/Developer/Platforms/WatchOS.platform/Developer/usr/bin/swift-plugin-server\#ObservationMacros -load-resolved-plugin /Applications/Xcode-27.0.0-Release.Candidate.app/Contents/Developer/Platforms/WatchOS.platform/Developer/usr/lib/swift/host/plugins/libSwiftMacros.dylib\#/Applications/Xcode-27.0.0-Release.Candidate.app/Contents/Developer/Platforms/WatchOS.platform/Developer/usr/bin/swift-plugin-server\#SwiftMacros -load-resolved-plugin /Applications/Xcode-27.0.0-Release.Candidate.app/Contents/Developer/Platforms/WatchOS.platform/Developer/usr/lib/swift/host/plugins/libSwiftUIMacros.dylib\#/Applications/Xcode-27.0.0-Release.Candidate.app/Contents/Developer/Platforms/WatchOS.platform/Developer/usr/bin/swift-plugin-server\#SwiftUIMacros -disable-implicit-swift-modules -Xcc -fno-implicit-modules -Xcc -fno-implicit-module-maps -explicit-swift-module-map-file /Users/admin/builder/spi-builder-workspace/.derivedData/Build/Intermediates.noindex/ClaudeCodeSDK.build/Debug-watchos/ClaudeCodeSDK-t.build/Objects-normal/arm64_32/ClaudeCodeSDK-dependencies-2.json -enable-objc-interop -sdk /Applications/Xcode-27.0.0-Release.Candidate.app/Contents/Developer/Platforms/WatchOS.platform/Developer/SDKs/WatchOS27.0.sdk -I /Users/admin/builder/spi-builder-workspace/.derivedData/Build/Products/Debug-watchos -Isystem /Applications/Xcode-27.0.0-Release.Candidate.app/Contents/Developer/Platforms/WatchOS.platform/Developer/usr/lib -F /Users/admin/builder/spi-builder-workspace/.derivedData/Build/Products/Debug-watchos/PackageFrameworks -F /Users/admin/builder/spi-builder-workspace/.derivedData/Build/Products/Debug-watchos -F /Applications/Xcode-27.0.0-Release.Candidate.app/Contents/Developer/Platforms/WatchOS.platform/Developer/Library/Frameworks -F /Applications/Xcode-27.0.0-Release.Candidate.app/Contents/Developer/Platforms/WatchOS.platform/Developer/SDKs/WatchOS27.0.sdk/Developer/Library/Frameworks -module-cache-path /Users/admin/builder/spi-builder-workspace/.derivedData/Build/Intermediates.noindex/SwiftExplicitPrecompiledModules -no-color-diagnostics -Xcc -fno-color-diagnostics -enable-testing -g -debug-info-format\=dwarf -dwarf-version\=4 -profile-generate -profile-coverage-mapping -swift-version 6 -Onone -D SWIFT_PACKAGE -D DEBUG -D SWIFT_MODULE_RESOURCE_BUNDLE_AVAILABLE -D Xcode -serialize-debugging-options -enable-experimental-feature DebugDescriptionMacro -empty-abi-descriptor -validate-clang-modules-once -clang-build-session-file /Users/admin/builder/spi-builder-workspace/.derivedData/ModuleCache.noindex/Session.modulevalidation -Xcc -working-directory -Xcc /Users/admin/builder/spi-builder-workspace/.swiftpm/xcode -enable-anonymous-context-mangled-names -file-compilation-dir /Users/admin/builder/spi-builder-workspace/.swiftpm/xcode -Xcc -D_LIBCPP_HARDENING_MODE\=_LIBCPP_HARDENING_MODE_DEBUG -Xcc -ivfsstatcache -Xcc /Users/admin/builder/spi-builder-workspace/.derivedData/SDKStatCaches.noindex/watchos27.0-24R360-e829b21a6f8c9b70876ba0858053c04477534ef55a1706bf4c1112bbb242f0a2.sdkstatcache -Xcc -fmodules-prune-interval\=86400 -Xcc -fmodules-prune-after\=345600 -Xcc -I/Users/admin/builder/spi-builder-workspace/.derivedData/Build/Products/Debug-watchos/include -Xcc -I/Users/admin/builder/spi-builder-workspace/.derivedData/Build/Intermediates.noindex/ClaudeCodeSDK.build/Debug-watchos/ClaudeCodeSDK-t.build/DerivedSources-normal/arm64_32 -Xcc -I/Users/admin/builder/spi-builder-workspace/.derivedData/Build/Intermediates.noindex/ClaudeCodeSDK.build/Debug-watchos/ClaudeCodeSDK-t.build/DerivedSources/arm64_32 -Xcc -I/Users/admin/builder/spi-builder-workspace/.derivedData/Build/Intermediates.noindex/ClaudeCodeSDK.build/Debug-watchos/ClaudeCodeSDK-t.build/DerivedSources -Xcc -DSWIFT_PACKAGE -Xcc -DDEBUG\=1 -no-auto-bridging-header-chaining -module-name ClaudeCodeSDK -package-name spi_builder_workspace -const-gather-protocols-file /Users/admin/builder/spi-builder-workspace/.derivedData/Build/Intermediates.noindex/ClaudeCodeSDK.build/Debug-watchos/ClaudeCodeSDK-t.build/Objects-normal/arm64_32/ClaudeCodeSDK_const_extract_protocols.json -disable-clang-spi -clang-target arm64_32-apple-watchos27.0 -target-sdk-version 27.0 -target-sdk-name watchos27.0 -in-process-plugin-server-path /Applications/Xcode-27.0.0-Release.Candidate.app/Contents/Developer/Toolchains/XcodeDefault.xctoolchain/usr/lib/swift/host/libSwiftInProcPluginServer.dylib -emit-module-doc-path /Users/admin/builder/spi-builder-workspace/.derivedData/Build/Intermediates.noindex/ClaudeCodeSDK.build/Debug-watchos/ClaudeCodeSDK-t.build/Objects-normal/arm64_32/ClaudeCodeSDK.swiftdoc -emit-module-source-info-path /Users/admin/builder/spi-builder-workspace/.derivedData/Build/Intermediates.noindex/ClaudeCodeSDK.build/Debug-watchos/ClaudeCodeSDK-t.build/Objects-normal/arm64_32/ClaudeCodeSDK.swiftsourceinfo -emit-objc-header-path /Users/admin/builder/spi-builder-workspace/.derivedData/Build/Intermediates.noindex/ClaudeCodeSDK.build/Debug-watchos/ClaudeCodeSDK-t.build/Objects-normal/arm64_32/ClaudeCodeSDK-Swift.h -serialize-diagnostics-path /Users/admin/builder/spi-builder-workspace/.derivedData/Build/Intermediates.noindex/ClaudeCodeSDK.build/Debug-watchos/ClaudeCodeSDK-t.build/Objects-normal/arm64_32/ClaudeCodeSDK-primary-emit-module.dia -emit-dependencies-path /Users/admin/builder/spi-builder-workspace/.derivedData/Build/Intermediates.noindex/ClaudeCodeSDK.build/Debug-watchos/ClaudeCodeSDK-t.build/Objects-normal/arm64_32/ClaudeCodeSDK-primary-emit-module.d -parse-as-library -o /Users/admin/builder/spi-builder-workspace/.derivedData/Build/Intermediates.noindex/ClaudeCodeSDK.build/Debug-watchos/ClaudeCodeSDK-t.build/Objects-normal/arm64_32/ClaudeCodeSDK.swiftmodule -emit-abi-descriptor-path /Users/admin/builder/spi-builder-workspace/.derivedData/Build/Intermediates.noindex/ClaudeCodeSDK.build/Debug-watchos/ClaudeCodeSDK-t.build/Objects-normal/arm64_32/ClaudeCodeSDK.abi.json
SwiftCompile normal arm64_32 Compiling\ ClaudeCode.swift,\ ClaudeCodeConfiguration.swift,\ ClaudeCodeOptions.swift,\ ClaudeCodeOutputFormat.swift /Users/admin/builder/spi-builder-workspace/Sources/ClaudeCodeSDK/API/ClaudeCode.swift /Users/admin/builder/spi-builder-workspace/Sources/ClaudeCodeSDK/API/ClaudeCodeConfiguration.swift /Users/admin/builder/spi-builder-workspace/Sources/ClaudeCodeSDK/API/ClaudeCodeOptions.swift /Users/admin/builder/spi-builder-workspace/Sources/ClaudeCodeSDK/API/ClaudeCodeOutputFormat.swift (in target 'ClaudeCodeSDK' from project 'ClaudeCodeSDK')
SwiftCompile normal arm64_32 /Users/admin/builder/spi-builder-workspace/Sources/ClaudeCodeSDK/API/ClaudeCode.swift (in target 'ClaudeCodeSDK' from project 'ClaudeCodeSDK')
cd /Users/admin/builder/spi-builder-workspace/.swiftpm/xcode
builtin-SwiftPerFileCompile ClaudeCode.swift
SwiftCompile normal arm64_32 /Users/admin/builder/spi-builder-workspace/Sources/ClaudeCodeSDK/API/ClaudeCodeConfiguration.swift (in target 'ClaudeCodeSDK' from project 'ClaudeCodeSDK')
cd /Users/admin/builder/spi-builder-workspace/.swiftpm/xcode
builtin-SwiftPerFileCompile ClaudeCodeConfiguration.swift
SwiftCompile normal arm64_32 /Users/admin/builder/spi-builder-workspace/Sources/ClaudeCodeSDK/API/ClaudeCodeOptions.swift (in target 'ClaudeCodeSDK' from project 'ClaudeCodeSDK')
cd /Users/admin/builder/spi-builder-workspace/.swiftpm/xcode
builtin-SwiftPerFileCompile ClaudeCodeOptions.swift
SwiftCompile normal arm64_32 /Users/admin/builder/spi-builder-workspace/Sources/ClaudeCodeSDK/API/ClaudeCodeOutputFormat.swift (in target 'ClaudeCodeSDK' from project 'ClaudeCodeSDK')
cd /Users/admin/builder/spi-builder-workspace/.swiftpm/xcode
builtin-SwiftPerFileCompile ClaudeCodeOutputFormat.swift
SwiftCompile normal arm64_32 Compiling\ InputFormat.swift,\ McpServerConfig.swift,\ PermissionMode.swift,\ ResponseChunk.swift /Users/admin/builder/spi-builder-workspace/Sources/ClaudeCodeSDK/API/InputFormat.swift /Users/admin/builder/spi-builder-workspace/Sources/ClaudeCodeSDK/API/McpServerConfig.swift /Users/admin/builder/spi-builder-workspace/Sources/ClaudeCodeSDK/API/PermissionMode.swift /Users/admin/builder/spi-builder-workspace/Sources/ClaudeCodeSDK/API/ResponseChunk.swift (in target 'ClaudeCodeSDK' from project 'ClaudeCodeSDK')
SwiftCompile normal arm64_32 /Users/admin/builder/spi-builder-workspace/Sources/ClaudeCodeSDK/API/InputFormat.swift (in target 'ClaudeCodeSDK' from project 'ClaudeCodeSDK')
cd /Users/admin/builder/spi-builder-workspace/.swiftpm/xcode
builtin-SwiftPerFileCompile InputFormat.swift
SwiftCompile normal arm64_32 /Users/admin/builder/spi-builder-workspace/Sources/ClaudeCodeSDK/API/McpServerConfig.swift (in target 'ClaudeCodeSDK' from project 'ClaudeCodeSDK')
cd /Users/admin/builder/spi-builder-workspace/.swiftpm/xcode
builtin-SwiftPerFileCompile McpServerConfig.swift
SwiftCompile normal arm64_32 /Users/admin/builder/spi-builder-workspace/Sources/ClaudeCodeSDK/API/PermissionMode.swift (in target 'ClaudeCodeSDK' from project 'ClaudeCodeSDK')
cd /Users/admin/builder/spi-builder-workspace/.swiftpm/xcode
builtin-SwiftPerFileCompile PermissionMode.swift
SwiftCompile normal arm64_32 /Users/admin/builder/spi-builder-workspace/Sources/ClaudeCodeSDK/API/ResponseChunk.swift (in target 'ClaudeCodeSDK' from project 'ClaudeCodeSDK')
cd /Users/admin/builder/spi-builder-workspace/.swiftpm/xcode
builtin-SwiftPerFileCompile ResponseChunk.swift
SwiftCompile normal arm64_32 Compiling\ ClaudeCodeResult.swift,\ ConfigScope.swift,\ ExecutedCommandInfo.swift,\ InitSystemMessage.swift /Users/admin/builder/spi-builder-workspace/Sources/ClaudeCodeSDK/API/ClaudeCodeResult.swift /Users/admin/builder/spi-builder-workspace/Sources/ClaudeCodeSDK/API/ConfigScope.swift /Users/admin/builder/spi-builder-workspace/Sources/ClaudeCodeSDK/API/ExecutedCommandInfo.swift /Users/admin/builder/spi-builder-workspace/Sources/ClaudeCodeSDK/API/InitSystemMessage.swift (in target 'ClaudeCodeSDK' from project 'ClaudeCodeSDK')
SwiftCompile normal arm64_32 /Users/admin/builder/spi-builder-workspace/Sources/ClaudeCodeSDK/API/ClaudeCodeResult.swift (in target 'ClaudeCodeSDK' from project 'ClaudeCodeSDK')
cd /Users/admin/builder/spi-builder-workspace/.swiftpm/xcode
builtin-SwiftPerFileCompile ClaudeCodeResult.swift
SwiftCompile normal arm64_32 /Users/admin/builder/spi-builder-workspace/Sources/ClaudeCodeSDK/API/ConfigScope.swift (in target 'ClaudeCodeSDK' from project 'ClaudeCodeSDK')
cd /Users/admin/builder/spi-builder-workspace/.swiftpm/xcode
builtin-SwiftPerFileCompile ConfigScope.swift
SwiftCompile normal arm64_32 /Users/admin/builder/spi-builder-workspace/Sources/ClaudeCodeSDK/API/ExecutedCommandInfo.swift (in target 'ClaudeCodeSDK' from project 'ClaudeCodeSDK')
cd /Users/admin/builder/spi-builder-workspace/.swiftpm/xcode
builtin-SwiftPerFileCompile ExecutedCommandInfo.swift
SwiftCompile normal arm64_32 /Users/admin/builder/spi-builder-workspace/Sources/ClaudeCodeSDK/API/InitSystemMessage.swift (in target 'ClaudeCodeSDK' from project 'ClaudeCodeSDK')
cd /Users/admin/builder/spi-builder-workspace/.swiftpm/xcode
builtin-SwiftPerFileCompile InitSystemMessage.swift
SwiftCompile normal arm64_32 Compiling\ ErrorHandlingExample.swift,\ ClaudeNativeSessionStorage.swift,\ ClaudeSessionModels.swift /Users/admin/builder/spi-builder-workspace/Sources/ClaudeCodeSDK/Examples/ErrorHandlingExample.swift /Users/admin/builder/spi-builder-workspace/Sources/ClaudeCodeSDK/Storage/ClaudeNativeSessionStorage.swift /Users/admin/builder/spi-builder-workspace/Sources/ClaudeCodeSDK/Storage/ClaudeSessionModels.swift (in target 'ClaudeCodeSDK' from project 'ClaudeCodeSDK')
SwiftCompile normal arm64_32 /Users/admin/builder/spi-builder-workspace/Sources/ClaudeCodeSDK/Examples/ErrorHandlingExample.swift (in target 'ClaudeCodeSDK' from project 'ClaudeCodeSDK')
cd /Users/admin/builder/spi-builder-workspace/.swiftpm/xcode
builtin-SwiftPerFileCompile ErrorHandlingExample.swift
SwiftCompile normal arm64_32 /Users/admin/builder/spi-builder-workspace/Sources/ClaudeCodeSDK/Storage/ClaudeNativeSessionStorage.swift (in target 'ClaudeCodeSDK' from project 'ClaudeCodeSDK')
cd /Users/admin/builder/spi-builder-workspace/.swiftpm/xcode
builtin-SwiftPerFileCompile ClaudeNativeSessionStorage.swift
SwiftCompile normal arm64_32 /Users/admin/builder/spi-builder-workspace/Sources/ClaudeCodeSDK/Storage/ClaudeSessionModels.swift (in target 'ClaudeCodeSDK' from project 'ClaudeCodeSDK')
cd /Users/admin/builder/spi-builder-workspace/.swiftpm/xcode
builtin-SwiftPerFileCompile ClaudeSessionModels.swift
SwiftCompile normal arm64_32 Compiling\ HeadlessBackend.swift,\ ClaudeCodeSDK.swift,\ ClaudeCodeClient.swift,\ ClaudeCodeError.swift /Users/admin/builder/spi-builder-workspace/Sources/ClaudeCodeSDK/Backend/HeadlessBackend.swift /Users/admin/builder/spi-builder-workspace/Sources/ClaudeCodeSDK/ClaudeCodeSDK.swift /Users/admin/builder/spi-builder-workspace/Sources/ClaudeCodeSDK/Client/ClaudeCodeClient.swift /Users/admin/builder/spi-builder-workspace/Sources/ClaudeCodeSDK/Client/ClaudeCodeError.swift (in target 'ClaudeCodeSDK' from project 'ClaudeCodeSDK')
/Users/admin/builder/spi-builder-workspace/Sources/ClaudeCodeSDK/Backend/HeadlessBackend.swift:14:20: error: cannot find type 'Process' in scope
12 | /// Backend implementation using the headless Claude CLI (`claude -p`)
13 | internal final class HeadlessBackend: ClaudeCodeBackend, @unchecked Sendable {
14 | private var task: Process?
| `- error: cannot find type 'Process' in scope
15 | private var cancellables = Set<AnyCancellable>()
16 | private var logger: Logger?
/Users/admin/builder/spi-builder-workspace/Sources/ClaudeCodeSDK/Backend/HeadlessBackend.swift:285:67: error: cannot find type 'Process' in scope
283 | // MARK: - Private Helpers
284 |
285 | private func configuredProcess(for command: String) -> (process: Process, environment: [String: String]) {
| `- error: cannot find type 'Process' in scope
286 | let process = Process()
287 | process.executableURL = URL(fileURLWithPath: "/bin/zsh")
/Users/admin/builder/spi-builder-workspace/Sources/ClaudeCodeSDK/Backend/HeadlessBackend.swift:459:12: error: cannot find type 'Process' in scope
457 |
458 | private func handleStreamJsonOutput(
459 | process: Process,
| `- error: cannot find type 'Process' in scope
460 | outputPipe: Pipe,
461 | errorPipe: Pipe,
SwiftCompile normal arm64_32 /Users/admin/builder/spi-builder-workspace/Sources/ClaudeCodeSDK/Backend/HeadlessBackend.swift (in target 'ClaudeCodeSDK' from project 'ClaudeCodeSDK')
cd /Users/admin/builder/spi-builder-workspace/.swiftpm/xcode
builtin-SwiftPerFileCompile HeadlessBackend.swift
SwiftCompile normal arm64_32 /Users/admin/builder/spi-builder-workspace/Sources/ClaudeCodeSDK/ClaudeCodeSDK.swift (in target 'ClaudeCodeSDK' from project 'ClaudeCodeSDK')
cd /Users/admin/builder/spi-builder-workspace/.swiftpm/xcode
builtin-SwiftPerFileCompile ClaudeCodeSDK.swift
SwiftCompile normal arm64_32 /Users/admin/builder/spi-builder-workspace/Sources/ClaudeCodeSDK/Client/ClaudeCodeClient.swift (in target 'ClaudeCodeSDK' from project 'ClaudeCodeSDK')
cd /Users/admin/builder/spi-builder-workspace/.swiftpm/xcode
builtin-SwiftPerFileCompile ClaudeCodeClient.swift
SwiftCompile normal arm64_32 /Users/admin/builder/spi-builder-workspace/Sources/ClaudeCodeSDK/Client/ClaudeCodeError.swift (in target 'ClaudeCodeSDK' from project 'ClaudeCodeSDK')
cd /Users/admin/builder/spi-builder-workspace/.swiftpm/xcode
builtin-SwiftPerFileCompile ClaudeCodeError.swift
SwiftCompile normal arm64_32 Compiling\ resource_bundle_accessor.swift,\ AbortController.swift,\ ApiKeySource.swift,\ AssistantMessage.swift /Users/admin/builder/spi-builder-workspace/.derivedData/Build/Intermediates.noindex/ClaudeCodeSDK.build/Debug-watchos/ClaudeCodeSDK-t.build/DerivedSources/resource_bundle_accessor.swift /Users/admin/builder/spi-builder-workspace/Sources/ClaudeCodeSDK/API/AbortController.swift /Users/admin/builder/spi-builder-workspace/Sources/ClaudeCodeSDK/API/ApiKeySource.swift /Users/admin/builder/spi-builder-workspace/Sources/ClaudeCodeSDK/API/AssistantMessage.swift (in target 'ClaudeCodeSDK' from project 'ClaudeCodeSDK')
SwiftCompile normal arm64_32 /Users/admin/builder/spi-builder-workspace/.derivedData/Build/Intermediates.noindex/ClaudeCodeSDK.build/Debug-watchos/ClaudeCodeSDK-t.build/DerivedSources/resource_bundle_accessor.swift (in target 'ClaudeCodeSDK' from project 'ClaudeCodeSDK')
cd /Users/admin/builder/spi-builder-workspace/.swiftpm/xcode
builtin-SwiftPerFileCompile resource_bundle_accessor.swift
SwiftCompile normal arm64_32 /Users/admin/builder/spi-builder-workspace/Sources/ClaudeCodeSDK/API/AbortController.swift (in target 'ClaudeCodeSDK' from project 'ClaudeCodeSDK')
cd /Users/admin/builder/spi-builder-workspace/.swiftpm/xcode
builtin-SwiftPerFileCompile AbortController.swift
SwiftCompile normal arm64_32 /Users/admin/builder/spi-builder-workspace/Sources/ClaudeCodeSDK/API/ApiKeySource.swift (in target 'ClaudeCodeSDK' from project 'ClaudeCodeSDK')
cd /Users/admin/builder/spi-builder-workspace/.swiftpm/xcode
builtin-SwiftPerFileCompile ApiKeySource.swift
SwiftCompile normal arm64_32 /Users/admin/builder/spi-builder-workspace/Sources/ClaudeCodeSDK/API/AssistantMessage.swift (in target 'ClaudeCodeSDK' from project 'ClaudeCodeSDK')
cd /Users/admin/builder/spi-builder-workspace/.swiftpm/xcode
builtin-SwiftPerFileCompile AssistantMessage.swift
SwiftCompile normal arm64_32 Compiling\ ClaudeSessionProtocol.swift,\ MCPToolFormatter.swift,\ NodePathDetector.swift /Users/admin/builder/spi-builder-workspace/Sources/ClaudeCodeSDK/Storage/ClaudeSessionProtocol.swift /Users/admin/builder/spi-builder-workspace/Sources/ClaudeCodeSDK/Utilities/MCPToolFormatter.swift /Users/admin/builder/spi-builder-workspace/Sources/ClaudeCodeSDK/Utilities/NodePathDetector.swift (in target 'ClaudeCodeSDK' from project 'ClaudeCodeSDK')
/Users/admin/builder/spi-builder-workspace/Sources/ClaudeCodeSDK/Utilities/NodePathDetector.swift:74:19: error: cannot find 'Process' in scope
72 | public static func detectNpmGlobalPath() -> String? {
73 | // Try to use npm config to get the global bin path
74 | let process = Process()
| `- error: cannot find 'Process' in scope
75 | process.executableURL = URL(fileURLWithPath: "/bin/zsh")
76 | process.arguments = ["-l", "-c", "npm config get prefix"]
/Users/admin/builder/spi-builder-workspace/Sources/ClaudeCodeSDK/Utilities/NodePathDetector.swift:172:19: error: cannot find 'Process' in scope
170 | /// Finds an executable using the 'which' command
171 | private static func findExecutable(command: String) -> String? {
172 | let process = Process()
| `- error: cannot find 'Process' in scope
173 | process.executableURL = URL(fileURLWithPath: "/bin/zsh")
174 | process.arguments = ["-l", "-c", "which \(command)"]
SwiftCompile normal arm64_32 /Users/admin/builder/spi-builder-workspace/Sources/ClaudeCodeSDK/Storage/ClaudeSessionProtocol.swift (in target 'ClaudeCodeSDK' from project 'ClaudeCodeSDK')
cd /Users/admin/builder/spi-builder-workspace/.swiftpm/xcode
builtin-SwiftPerFileCompile ClaudeSessionProtocol.swift
SwiftCompile normal arm64_32 /Users/admin/builder/spi-builder-workspace/Sources/ClaudeCodeSDK/Utilities/MCPToolFormatter.swift (in target 'ClaudeCodeSDK' from project 'ClaudeCodeSDK')
cd /Users/admin/builder/spi-builder-workspace/.swiftpm/xcode
builtin-SwiftPerFileCompile MCPToolFormatter.swift
SwiftCompile normal arm64_32 /Users/admin/builder/spi-builder-workspace/Sources/ClaudeCodeSDK/Utilities/NodePathDetector.swift (in target 'ClaudeCodeSDK' from project 'ClaudeCodeSDK')
cd /Users/admin/builder/spi-builder-workspace/.swiftpm/xcode
builtin-SwiftPerFileCompile NodePathDetector.swift
SwiftCompile normal arm64_32 Compiling\ UserMessage.swift,\ AgentSDKBackend.swift,\ BackendFactory.swift,\ ClaudeCodeBackend.swift /Users/admin/builder/spi-builder-workspace/Sources/ClaudeCodeSDK/API/UserMessage.swift /Users/admin/builder/spi-builder-workspace/Sources/ClaudeCodeSDK/Backend/AgentSDKBackend.swift /Users/admin/builder/spi-builder-workspace/Sources/ClaudeCodeSDK/Backend/BackendFactory.swift /Users/admin/builder/spi-builder-workspace/Sources/ClaudeCodeSDK/Backend/ClaudeCodeBackend.swift (in target 'ClaudeCodeSDK' from project 'ClaudeCodeSDK')
/Users/admin/builder/spi-builder-workspace/Sources/ClaudeCodeSDK/Backend/AgentSDKBackend.swift:14:20: error: cannot find type 'Process' in scope
12 | /// Backend implementation using the Claude Agent SDK via Node.js wrapper
13 | internal final class AgentSDKBackend: ClaudeCodeBackend, @unchecked Sendable {
14 | private var task: Process?
| `- error: cannot find type 'Process' in scope
15 | private var cancellables = Set<AnyCancellable>()
16 | private var logger: Logger?
/Users/admin/builder/spi-builder-workspace/Sources/ClaudeCodeSDK/Backend/AgentSDKBackend.swift:379:12: error: cannot find type 'Process' in scope
377 |
378 | private func handleStreamJsonOutput(
379 | process: Process,
| `- error: cannot find type 'Process' in scope
380 | outputPipe: Pipe,
381 | errorPipe: Pipe,
/Users/admin/builder/spi-builder-workspace/Sources/ClaudeCodeSDK/Backend/AgentSDKBackend.swift:330:17: error: cannot find 'Process' in scope
328 |
329 | // Execute the command
330 | let process = Process()
| `- error: cannot find 'Process' in scope
331 | process.executableURL = URL(fileURLWithPath: "/bin/zsh")
332 | process.arguments = ["-l", "-c", command]
SwiftCompile normal arm64_32 /Users/admin/builder/spi-builder-workspace/Sources/ClaudeCodeSDK/API/UserMessage.swift (in target 'ClaudeCodeSDK' from project 'ClaudeCodeSDK')
cd /Users/admin/builder/spi-builder-workspace/.swiftpm/xcode
builtin-SwiftPerFileCompile UserMessage.swift
SwiftCompile normal arm64_32 /Users/admin/builder/spi-builder-workspace/Sources/ClaudeCodeSDK/Backend/AgentSDKBackend.swift (in target 'ClaudeCodeSDK' from project 'ClaudeCodeSDK')
cd /Users/admin/builder/spi-builder-workspace/.swiftpm/xcode
builtin-SwiftPerFileCompile AgentSDKBackend.swift
SwiftCompile normal arm64_32 /Users/admin/builder/spi-builder-workspace/Sources/ClaudeCodeSDK/Backend/BackendFactory.swift (in target 'ClaudeCodeSDK' from project 'ClaudeCodeSDK')
cd /Users/admin/builder/spi-builder-workspace/.swiftpm/xcode
builtin-SwiftPerFileCompile BackendFactory.swift
SwiftCompile normal arm64_32 /Users/admin/builder/spi-builder-workspace/Sources/ClaudeCodeSDK/Backend/ClaudeCodeBackend.swift (in target 'ClaudeCodeSDK' from project 'ClaudeCodeSDK')
cd /Users/admin/builder/spi-builder-workspace/.swiftpm/xcode
builtin-SwiftPerFileCompile ClaudeCodeBackend.swift
SwiftExplicitDependencyGeneratePcm arm64 /Users/admin/builder/spi-builder-workspace/.derivedData/SDKExplicitPrecompiledModules/WatchKit-22L6Z003SE8XPQ9JS14K57C9N.pcm
SwiftCompile normal arm64_32 Compiling\ NvmPathDetector.swift,\ RateLimiter.swift,\ RetryPolicy.swift /Users/admin/builder/spi-builder-workspace/Sources/ClaudeCodeSDK/Utilities/NvmPathDetector.swift /Users/admin/builder/spi-builder-workspace/Sources/ClaudeCodeSDK/Utilities/RateLimiter.swift /Users/admin/builder/spi-builder-workspace/Sources/ClaudeCodeSDK/Utilities/RetryPolicy.swift (in target 'ClaudeCodeSDK' from project 'ClaudeCodeSDK')
SwiftCompile normal arm64_32 /Users/admin/builder/spi-builder-workspace/Sources/ClaudeCodeSDK/Utilities/NvmPathDetector.swift (in target 'ClaudeCodeSDK' from project 'ClaudeCodeSDK')
cd /Users/admin/builder/spi-builder-workspace/.swiftpm/xcode
builtin-SwiftPerFileCompile NvmPathDetector.swift
SwiftCompile normal arm64_32 /Users/admin/builder/spi-builder-workspace/Sources/ClaudeCodeSDK/Utilities/RateLimiter.swift (in target 'ClaudeCodeSDK' from project 'ClaudeCodeSDK')
cd /Users/admin/builder/spi-builder-workspace/.swiftpm/xcode
builtin-SwiftPerFileCompile RateLimiter.swift
SwiftCompile normal arm64_32 /Users/admin/builder/spi-builder-workspace/Sources/ClaudeCodeSDK/Utilities/RetryPolicy.swift (in target 'ClaudeCodeSDK' from project 'ClaudeCodeSDK')
cd /Users/admin/builder/spi-builder-workspace/.swiftpm/xcode
builtin-SwiftPerFileCompile RetryPolicy.swift
SwiftEmitModule normal arm64 Emitting\ module\ for\ ClaudeCodeSDK (in target 'ClaudeCodeSDK' from project 'ClaudeCodeSDK')
SwiftCompile normal arm64 (in target 'ClaudeCodeSDK' from project 'ClaudeCodeSDK')
cd /Users/admin/builder/spi-builder-workspace/.swiftpm/xcode
PruneExplicitPrecompiledModules /Users/admin/builder/spi-builder-workspace/.derivedData/Build/Intermediates.noindex/ExplicitPrecompiledModules
PruneExplicitPrecompiledModules /Users/admin/builder/spi-builder-workspace/.derivedData/Build/Intermediates.noindex/SwiftExplicitPrecompiledModules
PruneExplicitPrecompiledModules /Users/admin/builder/spi-builder-workspace/.derivedData/SDKExplicitPrecompiledModules
2026-09-23 12:51:59.160 xcodebuild[1977:9853] [MT] IDERunDestination: Supported platforms for the buildables in the current scheme is empty.
** BUILD FAILED **
The following build commands failed:
SwiftCompile normal arm64_32 (in target 'ClaudeCodeSDK' from project 'ClaudeCodeSDK')
SwiftEmitModule normal arm64_32 Emitting\ module\ for\ ClaudeCodeSDK (in target 'ClaudeCodeSDK' from project 'ClaudeCodeSDK')
Building workspace ClaudeCodeSDK with scheme ClaudeCodeSDK-Package
(3 failures)
BUILD FAILURE 6.4 watchOS