Build Information
Failed to build Arweave, reference master (14c34c), with Swift 6.4 for tvOS using Xcode 27.0 on 17 Sep 2026 23:57:39 UTC.
Build Command
env DEVELOPER_DIR=/Applications/Xcode-27.0.0-Release.Candidate.app xcrun xcodebuild -IDEClonedSourcePackagesDirPathOverride=$PWD/.dependencies -skipMacroValidation -skipPackagePluginValidation -derivedDataPath $PWD/.derivedData build -scheme Arweave -destination generic/platform=tvOSBuild Log
========================================
RunAll
========================================
Builder version: 5.1.0
Interrupt handler set up.
========================================
Checkout
========================================
Clone URL: https://github.com/lukereichold/arweave-swift.git
Reference: master
Initialized empty Git repository in /Users/admin/builder/spi-builder-workspace/.git/
From https://github.com/lukereichold/arweave-swift
* branch master -> FETCH_HEAD
* [new branch] master -> origin/master
HEAD is now at 14c34c1 Update README.md
Cloned https://github.com/lukereichold/arweave-swift.git
Revision (git rev-parse @):
14c34c101f3a6215303ba581d345c7a8997f6b7d
SUCCESS checkout https://github.com/lukereichold/arweave-swift.git at master
========================================
Build
========================================
Selected platform: tvOS
Swift version: 6.4
Building package at path: $PWD
https://github.com/lukereichold/arweave-swift.git
Command line invocation:
/Applications/Xcode-27.0.0-Release.Candidate.app/Contents/Developer/usr/bin/xcodebuild -IDEClonedSourcePackagesDirPathOverride=/Users/admin/builder/spi-builder-workspace/.dependencies -resolvePackageDependencies
Resolve Package Graph
Fetching from https://github.com/lukereichold/JOSESwift.git
Creating working copy of package ‘JOSESwift’
Checking out 2.2.4 of package ‘JOSESwift’
Resolve Package Graph
Resolved source packages:
Arweave: /Users/admin/builder/spi-builder-workspace
JOSESwift: https://github.com/lukereichold/JOSESwift.git @ 2.2.4
resolved source packages: Arweave, JOSESwift
2026-09-17 19:56:49.245 xcodebuild[524:2986] [MT] IDERunDestination: Supported platforms for the buildables in the current scheme is empty.
{
"dependencies" : [
{
"identity" : "joseswift",
"requirement" : {
"range" : [
{
"lower_bound" : "2.2.4",
"upper_bound" : "3.0.0"
}
]
},
"type" : "sourceControl",
"url" : "https://github.com/lukereichold/JOSESwift.git"
}
],
"manifest_display_name" : "Arweave",
"name" : "Arweave",
"path" : "/Users/admin/builder/spi-builder-workspace",
"platforms" : [
{
"name" : "macos",
"version" : "12.0"
},
{
"name" : "ios",
"version" : "15.0"
}
],
"products" : [
{
"name" : "Arweave",
"targets" : [
"Arweave"
],
"type" : {
"library" : [
"automatic"
]
}
}
],
"targets" : [
{
"c99name" : "ArweaveTests",
"module_type" : "SwiftTarget",
"name" : "ArweaveTests",
"path" : "Tests",
"resources" : [
{
"path" : "/Users/admin/builder/spi-builder-workspace/Tests/test-key.json",
"rule" : {
"process" : {
}
}
}
],
"sources" : [
"TransactionTests.swift",
"WalletTests.swift",
"XCTestManifests.swift"
],
"target_dependencies" : [
"Arweave"
],
"type" : "test"
},
{
"c99name" : "Arweave",
"module_type" : "SwiftTarget",
"name" : "Arweave",
"path" : "Sources",
"product_dependencies" : [
"JOSESwift"
],
"product_memberships" : [
"Arweave"
],
"sources" : [
"API/Arweave.swift",
"API/HttpClient.swift",
"Amount.swift",
"Helpers.swift",
"KeyUtilities.swift",
"Status.swift",
"Transaction.swift",
"Wallet.swift"
],
"type" : "library"
}
],
"tools_version" : "5.5"
}
{
"workspace" : {
"name" : "Arweave",
"schemes" : [
"Arweave"
]
}
}
2026-09-17 19:57:30.567 xcodebuild[688:4302] [MT] IDERunDestination: Supported platforms for the buildables in the current scheme is empty.
Running build ...
env DEVELOPER_DIR=/Applications/Xcode-27.0.0-Release.Candidate.app xcrun xcodebuild -IDEClonedSourcePackagesDirPathOverride=$PWD/.dependencies -skipMacroValidation -skipPackagePluginValidation -derivedDataPath $PWD/.derivedData build -scheme Arweave -destination generic/platform=tvOS
Command line invocation:
/Applications/Xcode-27.0.0-Release.Candidate.app/Contents/Developer/usr/bin/xcodebuild -IDEClonedSourcePackagesDirPathOverride=/Users/admin/builder/spi-builder-workspace/.dependencies -skipMacroValidation -skipPackagePluginValidation -derivedDataPath /Users/admin/builder/spi-builder-workspace/.derivedData build -scheme Arweave -destination generic/platform=tvOS
Resolve Package Graph
Resolve Package Graph
Resolved source packages:
Arweave: /Users/admin/builder/spi-builder-workspace
JOSESwift: https://github.com/lukereichold/JOSESwift.git @ 2.2.4
ComputePackagePrebuildTargetDependencyGraph
Prepare packages
CreateBuildRequest
SendProjectDescription
CreateBuildOperation
ComputeTargetDependencyGraph
note: Building targets in dependency order
note: Target dependency graph (4 targets)
Target 'Arweave-product' in project 'Arweave'
➜ Explicit dependency on target 'Arweave' in project 'Arweave'
➜ Explicit dependency on target 'JOSESwift-product' in project 'JOSESwift'
Target 'Arweave' in project 'Arweave'
➜ Explicit dependency on target 'JOSESwift-product' in project 'JOSESwift'
Target 'JOSESwift-product' in project 'JOSESwift'
➜ Explicit dependency on target 'JOSESwift' in project 'JOSESwift'
Target 'JOSESwift' in project 'JOSESwift' (no dependencies)
GatherProvisioningInputs
CreateBuildDescription
ExecuteExternalTool /Applications/Xcode-27.0.0-Release.Candidate.app/Contents/Developer/Toolchains/XcodeDefault.xctoolchain/usr/bin/clang -v -E -dM -isysroot /Applications/Xcode-27.0.0-Release.Candidate.app/Contents/Developer/Platforms/AppleTVOS.platform/Developer/SDKs/AppleTVOS27.0.sdk -x c -c /dev/null
ExecuteExternalTool /Applications/Xcode-27.0.0-Release.Candidate.app/Contents/Developer/Toolchains/XcodeDefault.xctoolchain/usr/bin/swiftc --version
ExecuteExternalTool /Applications/Xcode-27.0.0-Release.Candidate.app/Contents/Developer/Toolchains/XcodeDefault.xctoolchain/usr/bin/ld -version_details
Build description signature: 6a19fbad879ce3eb9c6710f5022c6e15
Build description path: /Users/admin/builder/spi-builder-workspace/.derivedData/Build/Intermediates.noindex/XCBuildData/6a19fbad879ce3eb9c6710f5022c6e15.xcbuilddata
CreateBuildDirectory /Users/admin/builder/spi-builder-workspace/.derivedData/SDKExplicitPrecompiledModules
cd /Users/admin/builder/spi-builder-workspace/.swiftpm/xcode
builtin-create-build-directory /Users/admin/builder/spi-builder-workspace/.derivedData/SDKExplicitPrecompiledModules
CreateBuildDirectory /Users/admin/builder/spi-builder-workspace/.derivedData/ModuleCache.noindex
cd /Users/admin/builder/spi-builder-workspace/.swiftpm/xcode
builtin-create-build-directory /Users/admin/builder/spi-builder-workspace/.derivedData/ModuleCache.noindex
CreateBuildDirectory /Users/admin/builder/spi-builder-workspace/.derivedData/CompilationCache.noindex
cd /Users/admin/builder/spi-builder-workspace/.swiftpm/xcode
builtin-create-build-directory /Users/admin/builder/spi-builder-workspace/.derivedData/CompilationCache.noindex
CreateBuildDirectory /Users/admin/builder/spi-builder-workspace/.derivedData/Build/Products
cd /Users/admin/builder/spi-builder-workspace/.swiftpm/xcode
builtin-create-build-directory /Users/admin/builder/spi-builder-workspace/.derivedData/Build/Products
ClangStatCache /Applications/Xcode-27.0.0-Release.Candidate.app/Contents/Developer/Toolchains/XcodeDefault.xctoolchain/usr/bin/clang-stat-cache /Applications/Xcode-27.0.0-Release.Candidate.app/Contents/Developer/Platforms/AppleTVOS.platform/Developer/SDKs/AppleTVOS27.0.sdk /Users/admin/builder/spi-builder-workspace/.derivedData/SDKStatCaches.noindex/appletvos27.0-24J360-e829b21a6f8c9b70876ba0858053c044b32bfd8d43560033f8d89884cdb90028.sdkstatcache
cd /Users/admin/builder/spi-builder-workspace/.swiftpm/xcode
/Applications/Xcode-27.0.0-Release.Candidate.app/Contents/Developer/Toolchains/XcodeDefault.xctoolchain/usr/bin/clang-stat-cache /Applications/Xcode-27.0.0-Release.Candidate.app/Contents/Developer/Platforms/AppleTVOS.platform/Developer/SDKs/AppleTVOS27.0.sdk -o /Users/admin/builder/spi-builder-workspace/.derivedData/SDKStatCaches.noindex/appletvos27.0-24J360-e829b21a6f8c9b70876ba0858053c044b32bfd8d43560033f8d89884cdb90028.sdkstatcache
CreateBuildDirectory /Users/admin/builder/spi-builder-workspace/.derivedData/Build/Intermediates.noindex
cd /Users/admin/builder/spi-builder-workspace/.swiftpm/xcode
builtin-create-build-directory /Users/admin/builder/spi-builder-workspace/.derivedData/Build/Intermediates.noindex
CreateBuildDirectory /Users/admin/builder/spi-builder-workspace/.derivedData/Build/Intermediates.noindex/SwiftExplicitPrecompiledModules
cd /Users/admin/builder/spi-builder-workspace/.swiftpm/xcode
builtin-create-build-directory /Users/admin/builder/spi-builder-workspace/.derivedData/Build/Intermediates.noindex/SwiftExplicitPrecompiledModules
CreateBuildDirectory /Users/admin/builder/spi-builder-workspace/.derivedData/Build/Intermediates.noindex/ExplicitPrecompiledModules
cd /Users/admin/builder/spi-builder-workspace/.swiftpm/xcode
builtin-create-build-directory /Users/admin/builder/spi-builder-workspace/.derivedData/Build/Intermediates.noindex/ExplicitPrecompiledModules
CreateBuildDirectory /Users/admin/builder/spi-builder-workspace/.derivedData/Build/Intermediates.noindex/PrecompiledHeaders
cd /Users/admin/builder/spi-builder-workspace/.swiftpm/xcode
builtin-create-build-directory /Users/admin/builder/spi-builder-workspace/.derivedData/Build/Intermediates.noindex/PrecompiledHeaders
CreateBuildDirectory /Users/admin/builder/spi-builder-workspace/.derivedData/Build/Intermediates.noindex/EagerLinkingTBDs/Debug-appletvos
cd /Users/admin/builder/spi-builder-workspace/.swiftpm/xcode
builtin-create-build-directory /Users/admin/builder/spi-builder-workspace/.derivedData/Build/Intermediates.noindex/EagerLinkingTBDs/Debug-appletvos
CreateBuildDirectory /Users/admin/builder/spi-builder-workspace/.derivedData/Build/Products/Debug-appletvos
cd /Users/admin/builder/spi-builder-workspace/.swiftpm/xcode
builtin-create-build-directory /Users/admin/builder/spi-builder-workspace/.derivedData/Build/Products/Debug-appletvos
CreateBuildDirectory /Users/admin/builder/spi-builder-workspace/.derivedData/Build/Products/Debug-appletvos/PackageFrameworks
cd /Users/admin/builder/spi-builder-workspace/.swiftpm/xcode
builtin-create-build-directory /Users/admin/builder/spi-builder-workspace/.derivedData/Build/Products/Debug-appletvos/PackageFrameworks
WriteAuxiliaryFile /Users/admin/builder/spi-builder-workspace/.derivedData/Build/Intermediates.noindex/JOSESwift.build/Debug-appletvos/JOSESwift-t.build/JOSESwift.modulemap (in target 'JOSESwift' from project 'JOSESwift')
cd /Users/admin/builder/spi-builder-workspace/.dependencies/checkouts/JOSESwift
write-file /Users/admin/builder/spi-builder-workspace/.derivedData/Build/Intermediates.noindex/JOSESwift.build/Debug-appletvos/JOSESwift-t.build/JOSESwift.modulemap
WriteAuxiliaryFile /Users/admin/builder/spi-builder-workspace/.derivedData/Build/Intermediates.noindex/JOSESwift.build/Debug-appletvos/JOSESwift-t.build/JOSESwift.DependencyMetadataFileList (in target 'JOSESwift' from project 'JOSESwift')
cd /Users/admin/builder/spi-builder-workspace/.dependencies/checkouts/JOSESwift
write-file /Users/admin/builder/spi-builder-workspace/.derivedData/Build/Intermediates.noindex/JOSESwift.build/Debug-appletvos/JOSESwift-t.build/JOSESwift.DependencyMetadataFileList
WriteAuxiliaryFile /Users/admin/builder/spi-builder-workspace/.derivedData/Build/Intermediates.noindex/JOSESwift.build/Debug-appletvos/JOSESwift-t.build/JOSESwift.DependencyStaticMetadataFileList (in target 'JOSESwift' from project 'JOSESwift')
cd /Users/admin/builder/spi-builder-workspace/.dependencies/checkouts/JOSESwift
write-file /Users/admin/builder/spi-builder-workspace/.derivedData/Build/Intermediates.noindex/JOSESwift.build/Debug-appletvos/JOSESwift-t.build/JOSESwift.DependencyStaticMetadataFileList
WriteAuxiliaryFile /Users/admin/builder/spi-builder-workspace/.derivedData/Build/Intermediates.noindex/JOSESwift.build/Debug-appletvos/JOSESwift-t.build/Objects-normal/arm64/JOSESwift.SwiftConstValuesFileList (in target 'JOSESwift' from project 'JOSESwift')
cd /Users/admin/builder/spi-builder-workspace/.dependencies/checkouts/JOSESwift
write-file /Users/admin/builder/spi-builder-workspace/.derivedData/Build/Intermediates.noindex/JOSESwift.build/Debug-appletvos/JOSESwift-t.build/Objects-normal/arm64/JOSESwift.SwiftConstValuesFileList
WriteAuxiliaryFile /Users/admin/builder/spi-builder-workspace/.derivedData/Build/Intermediates.noindex/JOSESwift.build/Debug-appletvos/JOSESwift-t.build/Objects-normal/arm64/JOSESwift-OutputFileMap.json (in target 'JOSESwift' from project 'JOSESwift')
cd /Users/admin/builder/spi-builder-workspace/.dependencies/checkouts/JOSESwift
write-file /Users/admin/builder/spi-builder-workspace/.derivedData/Build/Intermediates.noindex/JOSESwift.build/Debug-appletvos/JOSESwift-t.build/Objects-normal/arm64/JOSESwift-OutputFileMap.json
WriteAuxiliaryFile /Users/admin/builder/spi-builder-workspace/.derivedData/Build/Intermediates.noindex/JOSESwift.build/Debug-appletvos/JOSESwift-t.build/Objects-normal/arm64/JOSESwift_const_extract_protocols.json (in target 'JOSESwift' from project 'JOSESwift')
cd /Users/admin/builder/spi-builder-workspace/.dependencies/checkouts/JOSESwift
write-file /Users/admin/builder/spi-builder-workspace/.derivedData/Build/Intermediates.noindex/JOSESwift.build/Debug-appletvos/JOSESwift-t.build/Objects-normal/arm64/JOSESwift_const_extract_protocols.json
WriteAuxiliaryFile /Users/admin/builder/spi-builder-workspace/.derivedData/Build/Intermediates.noindex/JOSESwift.build/Debug-appletvos/JOSESwift-t.build/Objects-normal/arm64/JOSESwift.SwiftFileList (in target 'JOSESwift' from project 'JOSESwift')
cd /Users/admin/builder/spi-builder-workspace/.dependencies/checkouts/JOSESwift
write-file /Users/admin/builder/spi-builder-workspace/.derivedData/Build/Intermediates.noindex/JOSESwift.build/Debug-appletvos/JOSESwift-t.build/Objects-normal/arm64/JOSESwift.SwiftFileList
WriteAuxiliaryFile /Users/admin/builder/spi-builder-workspace/.derivedData/Build/Intermediates.noindex/JOSESwift.build/Debug-appletvos/JOSESwift-t.build/Objects-normal/arm64/JOSESwift.LinkFileList (in target 'JOSESwift' from project 'JOSESwift')
cd /Users/admin/builder/spi-builder-workspace/.dependencies/checkouts/JOSESwift
write-file /Users/admin/builder/spi-builder-workspace/.derivedData/Build/Intermediates.noindex/JOSESwift.build/Debug-appletvos/JOSESwift-t.build/Objects-normal/arm64/JOSESwift.LinkFileList
WriteAuxiliaryFile /Users/admin/builder/spi-builder-workspace/.derivedData/Build/Intermediates.noindex/Arweave.build/Debug-appletvos/Arweave-t.build/Objects-normal/arm64/Arweave_const_extract_protocols.json (in target 'Arweave' from project 'Arweave')
cd /Users/admin/builder/spi-builder-workspace
write-file /Users/admin/builder/spi-builder-workspace/.derivedData/Build/Intermediates.noindex/Arweave.build/Debug-appletvos/Arweave-t.build/Objects-normal/arm64/Arweave_const_extract_protocols.json
WriteAuxiliaryFile /Users/admin/builder/spi-builder-workspace/.derivedData/Build/Intermediates.noindex/Arweave.build/Debug-appletvos/Arweave-t.build/Objects-normal/arm64/Arweave.SwiftFileList (in target 'Arweave' from project 'Arweave')
cd /Users/admin/builder/spi-builder-workspace
write-file /Users/admin/builder/spi-builder-workspace/.derivedData/Build/Intermediates.noindex/Arweave.build/Debug-appletvos/Arweave-t.build/Objects-normal/arm64/Arweave.SwiftFileList
WriteAuxiliaryFile /Users/admin/builder/spi-builder-workspace/.derivedData/Build/Intermediates.noindex/Arweave.build/Debug-appletvos/Arweave-t.build/Objects-normal/arm64/Arweave.LinkFileList (in target 'Arweave' from project 'Arweave')
cd /Users/admin/builder/spi-builder-workspace
write-file /Users/admin/builder/spi-builder-workspace/.derivedData/Build/Intermediates.noindex/Arweave.build/Debug-appletvos/Arweave-t.build/Objects-normal/arm64/Arweave.LinkFileList
WriteAuxiliaryFile /Users/admin/builder/spi-builder-workspace/.derivedData/Build/Intermediates.noindex/Arweave.build/Debug-appletvos/Arweave-t.build/Objects-normal/arm64/Arweave.SwiftConstValuesFileList (in target 'Arweave' from project 'Arweave')
cd /Users/admin/builder/spi-builder-workspace
write-file /Users/admin/builder/spi-builder-workspace/.derivedData/Build/Intermediates.noindex/Arweave.build/Debug-appletvos/Arweave-t.build/Objects-normal/arm64/Arweave.SwiftConstValuesFileList
WriteAuxiliaryFile /Users/admin/builder/spi-builder-workspace/.derivedData/Build/Intermediates.noindex/Arweave.build/Debug-appletvos/Arweave-t.build/Objects-normal/arm64/Arweave-OutputFileMap.json (in target 'Arweave' from project 'Arweave')
cd /Users/admin/builder/spi-builder-workspace
write-file /Users/admin/builder/spi-builder-workspace/.derivedData/Build/Intermediates.noindex/Arweave.build/Debug-appletvos/Arweave-t.build/Objects-normal/arm64/Arweave-OutputFileMap.json
WriteAuxiliaryFile /Users/admin/builder/spi-builder-workspace/.derivedData/Build/Intermediates.noindex/Arweave.build/Debug-appletvos/Arweave-t.build/Arweave.modulemap (in target 'Arweave' from project 'Arweave')
cd /Users/admin/builder/spi-builder-workspace
write-file /Users/admin/builder/spi-builder-workspace/.derivedData/Build/Intermediates.noindex/Arweave.build/Debug-appletvos/Arweave-t.build/Arweave.modulemap
WriteAuxiliaryFile /Users/admin/builder/spi-builder-workspace/.derivedData/Build/Intermediates.noindex/Arweave.build/Debug-appletvos/Arweave-t.build/Arweave.DependencyStaticMetadataFileList (in target 'Arweave' from project 'Arweave')
cd /Users/admin/builder/spi-builder-workspace
write-file /Users/admin/builder/spi-builder-workspace/.derivedData/Build/Intermediates.noindex/Arweave.build/Debug-appletvos/Arweave-t.build/Arweave.DependencyStaticMetadataFileList
Copy /Users/admin/builder/spi-builder-workspace/.derivedData/Build/Intermediates.noindex/GeneratedModuleMaps-appletvos/JOSESwift.modulemap /Users/admin/builder/spi-builder-workspace/.derivedData/Build/Intermediates.noindex/JOSESwift.build/Debug-appletvos/JOSESwift-t.build/JOSESwift.modulemap (in target 'JOSESwift' from project 'JOSESwift')
cd /Users/admin/builder/spi-builder-workspace/.dependencies/checkouts/JOSESwift
builtin-copy -exclude .DS_Store -exclude CVS -exclude .svn -exclude .git -exclude .hg -resolve-src-symlinks /Users/admin/builder/spi-builder-workspace/.derivedData/Build/Intermediates.noindex/JOSESwift.build/Debug-appletvos/JOSESwift-t.build/JOSESwift.modulemap /Users/admin/builder/spi-builder-workspace/.derivedData/Build/Intermediates.noindex/GeneratedModuleMaps-appletvos
WriteAuxiliaryFile /Users/admin/builder/spi-builder-workspace/.derivedData/Build/Intermediates.noindex/Arweave.build/Debug-appletvos/Arweave-t.build/Arweave.DependencyMetadataFileList (in target 'Arweave' from project 'Arweave')
cd /Users/admin/builder/spi-builder-workspace
write-file /Users/admin/builder/spi-builder-workspace/.derivedData/Build/Intermediates.noindex/Arweave.build/Debug-appletvos/Arweave-t.build/Arweave.DependencyMetadataFileList
Copy /Users/admin/builder/spi-builder-workspace/.derivedData/Build/Intermediates.noindex/GeneratedModuleMaps-appletvos/Arweave.modulemap /Users/admin/builder/spi-builder-workspace/.derivedData/Build/Intermediates.noindex/Arweave.build/Debug-appletvos/Arweave-t.build/Arweave.modulemap (in target 'Arweave' from project 'Arweave')
cd /Users/admin/builder/spi-builder-workspace
builtin-copy -exclude .DS_Store -exclude CVS -exclude .svn -exclude .git -exclude .hg -resolve-src-symlinks /Users/admin/builder/spi-builder-workspace/.derivedData/Build/Intermediates.noindex/Arweave.build/Debug-appletvos/Arweave-t.build/Arweave.modulemap /Users/admin/builder/spi-builder-workspace/.derivedData/Build/Intermediates.noindex/GeneratedModuleMaps-appletvos
SwiftDriver JOSESwift normal arm64 com.apple.xcode.tools.swift.compiler (in target 'JOSESwift' from project 'JOSESwift')
cd /Users/admin/builder/spi-builder-workspace/.swiftpm/xcode
builtin-SwiftDriver -- /Applications/Xcode-27.0.0-Release.Candidate.app/Contents/Developer/Toolchains/XcodeDefault.xctoolchain/usr/bin/swiftc -parse-as-library -module-name JOSESwift -Onone @/Users/admin/builder/spi-builder-workspace/.derivedData/Build/Intermediates.noindex/JOSESwift.build/Debug-appletvos/JOSESwift-t.build/Objects-normal/arm64/JOSESwift.SwiftFileList -DSWIFT_PACKAGE -DDEBUG -DSWIFT_MODULE_RESOURCE_BUNDLE_UNAVAILABLE -DXcode -plugin-path /Applications/Xcode-27.0.0-Release.Candidate.app/Contents/Developer/Toolchains/XcodeDefault.xctoolchain/usr/lib/swift/host/plugins/testing -enable-experimental-feature DebugDescriptionMacro -sdk /Applications/Xcode-27.0.0-Release.Candidate.app/Contents/Developer/Platforms/AppleTVOS.platform/Developer/SDKs/AppleTVOS27.0.sdk -target arm64-apple-tvos15.0 -g -module-cache-path /Users/admin/builder/spi-builder-workspace/.derivedData/ModuleCache.noindex -Xfrontend -serialize-debugging-options -profile-coverage-mapping -profile-generate -enable-testing -suppress-warnings -index-store-path /Users/admin/builder/spi-builder-workspace/.derivedData/Index.noindex/DataStore -Xcc -D_LIBCPP_HARDENING_MODE\=_LIBCPP_HARDENING_MODE_DEBUG -swift-version 5 -I /Users/admin/builder/spi-builder-workspace/.derivedData/Build/Products/Debug-appletvos -Isystem /Applications/Xcode-27.0.0-Release.Candidate.app/Contents/Developer/Platforms/AppleTVOS.platform/Developer/usr/lib -F /Users/admin/builder/spi-builder-workspace/.derivedData/Build/Products/Debug-appletvos -F /Applications/Xcode-27.0.0-Release.Candidate.app/Contents/Developer/Platforms/AppleTVOS.platform/Developer/Library/Frameworks -F /Applications/Xcode-27.0.0-Release.Candidate.app/Contents/Developer/Platforms/AppleTVOS.platform/Developer/SDKs/AppleTVOS27.0.sdk/Developer/Library/Frameworks -c -j10 -enable-batch-mode -incremental -Xcc -ivfsstatcache -Xcc /Users/admin/builder/spi-builder-workspace/.derivedData/SDKStatCaches.noindex/appletvos27.0-24J360-e829b21a6f8c9b70876ba0858053c044b32bfd8d43560033f8d89884cdb90028.sdkstatcache -output-file-map /Users/admin/builder/spi-builder-workspace/.derivedData/Build/Intermediates.noindex/JOSESwift.build/Debug-appletvos/JOSESwift-t.build/Objects-normal/arm64/JOSESwift-OutputFileMap.json -save-temps -no-color-diagnostics -explicit-module-build -module-cache-path /Users/admin/builder/spi-builder-workspace/.derivedData/Build/Intermediates.noindex/SwiftExplicitPrecompiledModules -clang-scanner-module-cache-path /Users/admin/builder/spi-builder-workspace/.derivedData/ModuleCache.noindex -sdk-module-cache-path /Users/admin/builder/spi-builder-workspace/.derivedData/SDKExplicitPrecompiledModules -emit-dependencies -emit-module -emit-module-path /Users/admin/builder/spi-builder-workspace/.derivedData/Build/Intermediates.noindex/JOSESwift.build/Debug-appletvos/JOSESwift-t.build/Objects-normal/arm64/JOSESwift.swiftmodule -serialize-diagnostics -dependency-scan-serialize-diagnostics-path /Users/admin/builder/spi-builder-workspace/.derivedData/Build/Intermediates.noindex/JOSESwift.build/Debug-appletvos/JOSESwift-t.build/Objects-normal/arm64/JOSESwift-dependency-scan.dia -validate-clang-modules-once -clang-build-session-file /Users/admin/builder/spi-builder-workspace/.derivedData/ModuleCache.noindex/Session.modulevalidation -Xcc -fmodules-prune-interval\=86400 -Xcc -fmodules-prune-after\=345600 -emit-const-values -const-gather-protocols-list /Users/admin/builder/spi-builder-workspace/.derivedData/Build/Intermediates.noindex/JOSESwift.build/Debug-appletvos/JOSESwift-t.build/Objects-normal/arm64/JOSESwift_const_extract_protocols.json -Xcc -I/Users/admin/builder/spi-builder-workspace/.derivedData/Build/Products/Debug-appletvos/include -Xcc -I/Users/admin/builder/spi-builder-workspace/.derivedData/Build/Intermediates.noindex/JOSESwift.build/Debug-appletvos/JOSESwift-t.build/DerivedSources-normal/arm64 -Xcc -I/Users/admin/builder/spi-builder-workspace/.derivedData/Build/Intermediates.noindex/JOSESwift.build/Debug-appletvos/JOSESwift-t.build/DerivedSources/arm64 -Xcc -I/Users/admin/builder/spi-builder-workspace/.derivedData/Build/Intermediates.noindex/JOSESwift.build/Debug-appletvos/JOSESwift-t.build/DerivedSources -Xcc -DSWIFT_PACKAGE -Xcc -DDEBUG\=1 -emit-objc-header -emit-objc-header-path /Users/admin/builder/spi-builder-workspace/.derivedData/Build/Intermediates.noindex/JOSESwift.build/Debug-appletvos/JOSESwift-t.build/Objects-normal/arm64/JOSESwift-Swift.h -working-directory /Users/admin/builder/spi-builder-workspace/.swiftpm/xcode -experimental-emit-module-separately -disable-cmo
/Users/admin/builder/spi-builder-workspace/.dependencies/checkouts/JOSESwift/JOSESwift/Sources/CryptoImplementation/EC.swift:27:8: error: Unable to resolve module dependency: 'LocalAuthentication' (in target 'JOSESwift' from project 'JOSESwift')
note: A dependency of main module 'JOSESwift'
/Users/admin/builder/spi-builder-workspace/.dependencies/checkouts/JOSESwift/JOSESwift/Sources/CryptoImplementation/EC.swift:27:8: note: A dependency of main module 'JOSESwift'
import LocalAuthentication
^ (in target 'JOSESwift' from project 'JOSESwift')
PruneExplicitPrecompiledModules /Users/admin/builder/spi-builder-workspace/.derivedData/Build/Intermediates.noindex/ExplicitPrecompiledModules
PruneExplicitPrecompiledModules /Users/admin/builder/spi-builder-workspace/.derivedData/Build/Intermediates.noindex/SwiftExplicitPrecompiledModules
PruneExplicitPrecompiledModules /Users/admin/builder/spi-builder-workspace/.derivedData/SDKExplicitPrecompiledModules
2026-09-17 19:57:32.735 xcodebuild[689:4348] [MT] IDERunDestination: Supported platforms for the buildables in the current scheme is empty.
** BUILD FAILED **
The following build commands failed:
SwiftDriver JOSESwift normal arm64 com.apple.xcode.tools.swift.compiler (in target 'JOSESwift' from project 'JOSESwift')
Building workspace Arweave with scheme Arweave
(2 failures)
Command line invocation:
/Applications/Xcode-27.0.0-Release.Candidate.app/Contents/Developer/usr/bin/xcodebuild -IDEClonedSourcePackagesDirPathOverride=/Users/admin/builder/spi-builder-workspace/.dependencies -resolvePackageDependencies
Resolve Package Graph
Resolved source packages:
JOSESwift: https://github.com/lukereichold/JOSESwift.git @ 2.2.4
Arweave: /Users/admin/builder/spi-builder-workspace
resolved source packages: JOSESwift, Arweave
2026-09-17 19:57:35.780 xcodebuild[712:4540] [MT] IDERunDestination: Supported platforms for the buildables in the current scheme is empty.
{
"dependencies" : [
{
"identity" : "joseswift",
"requirement" : {
"range" : [
{
"lower_bound" : "2.2.4",
"upper_bound" : "3.0.0"
}
]
},
"type" : "sourceControl",
"url" : "https://github.com/lukereichold/JOSESwift.git"
}
],
"manifest_display_name" : "Arweave",
"name" : "Arweave",
"path" : "/Users/admin/builder/spi-builder-workspace",
"platforms" : [
{
"name" : "macos",
"version" : "12.0"
},
{
"name" : "ios",
"version" : "15.0"
}
],
"products" : [
{
"name" : "Arweave",
"targets" : [
"Arweave"
],
"type" : {
"library" : [
"automatic"
]
}
}
],
"targets" : [
{
"c99name" : "ArweaveTests",
"module_type" : "SwiftTarget",
"name" : "ArweaveTests",
"path" : "Tests",
"resources" : [
{
"path" : "/Users/admin/builder/spi-builder-workspace/Tests/test-key.json",
"rule" : {
"process" : {
}
}
}
],
"sources" : [
"TransactionTests.swift",
"WalletTests.swift",
"XCTestManifests.swift"
],
"target_dependencies" : [
"Arweave"
],
"type" : "test"
},
{
"c99name" : "Arweave",
"module_type" : "SwiftTarget",
"name" : "Arweave",
"path" : "Sources",
"product_dependencies" : [
"JOSESwift"
],
"product_memberships" : [
"Arweave"
],
"sources" : [
"API/Arweave.swift",
"API/HttpClient.swift",
"Amount.swift",
"Helpers.swift",
"KeyUtilities.swift",
"Status.swift",
"Transaction.swift",
"Wallet.swift"
],
"type" : "library"
}
],
"tools_version" : "5.5"
}
{
"workspace" : {
"name" : "Arweave",
"schemes" : [
"Arweave"
]
}
}
2026-09-17 19:57:37.074 xcodebuild[720:4596] [MT] IDERunDestination: Supported platforms for the buildables in the current scheme is empty.
Running build ...
env DEVELOPER_DIR=/Applications/Xcode-27.0.0-Release.Candidate.app xcrun xcodebuild -IDEClonedSourcePackagesDirPathOverride=$PWD/.dependencies -skipMacroValidation -skipPackagePluginValidation -derivedDataPath $PWD/.derivedData build -scheme Arweave -destination generic/platform=tvOS
Command line invocation:
/Applications/Xcode-27.0.0-Release.Candidate.app/Contents/Developer/usr/bin/xcodebuild -IDEClonedSourcePackagesDirPathOverride=/Users/admin/builder/spi-builder-workspace/.dependencies -skipMacroValidation -skipPackagePluginValidation -derivedDataPath /Users/admin/builder/spi-builder-workspace/.derivedData build -scheme Arweave -destination generic/platform=tvOS
Resolve Package Graph
Resolved source packages:
JOSESwift: https://github.com/lukereichold/JOSESwift.git @ 2.2.4
Arweave: /Users/admin/builder/spi-builder-workspace
ComputePackagePrebuildTargetDependencyGraph
Prepare packages
CreateBuildRequest
SendProjectDescription
CreateBuildOperation
ComputeTargetDependencyGraph
note: Building targets in dependency order
note: Target dependency graph (4 targets)
Target 'Arweave-product' in project 'Arweave'
➜ Explicit dependency on target 'Arweave' in project 'Arweave'
➜ Explicit dependency on target 'JOSESwift-product' in project 'JOSESwift'
Target 'Arweave' in project 'Arweave'
➜ Explicit dependency on target 'JOSESwift-product' in project 'JOSESwift'
Target 'JOSESwift-product' in project 'JOSESwift'
➜ Explicit dependency on target 'JOSESwift' in project 'JOSESwift'
Target 'JOSESwift' in project 'JOSESwift' (no dependencies)
GatherProvisioningInputs
CreateBuildDescription
ClangStatCache /Applications/Xcode-27.0.0-Release.Candidate.app/Contents/Developer/Toolchains/XcodeDefault.xctoolchain/usr/bin/clang-stat-cache /Applications/Xcode-27.0.0-Release.Candidate.app/Contents/Developer/Platforms/AppleTVOS.platform/Developer/SDKs/AppleTVOS27.0.sdk /Users/admin/builder/spi-builder-workspace/.derivedData/SDKStatCaches.noindex/appletvos27.0-24J360-e829b21a6f8c9b70876ba0858053c044b32bfd8d43560033f8d89884cdb90028.sdkstatcache
cd /Users/admin/builder/spi-builder-workspace/.swiftpm/xcode
/Applications/Xcode-27.0.0-Release.Candidate.app/Contents/Developer/Toolchains/XcodeDefault.xctoolchain/usr/bin/clang-stat-cache /Applications/Xcode-27.0.0-Release.Candidate.app/Contents/Developer/Platforms/AppleTVOS.platform/Developer/SDKs/AppleTVOS27.0.sdk -o /Users/admin/builder/spi-builder-workspace/.derivedData/SDKStatCaches.noindex/appletvos27.0-24J360-e829b21a6f8c9b70876ba0858053c044b32bfd8d43560033f8d89884cdb90028.sdkstatcache
SwiftDriver JOSESwift normal arm64 com.apple.xcode.tools.swift.compiler (in target 'JOSESwift' from project 'JOSESwift')
cd /Users/admin/builder/spi-builder-workspace/.swiftpm/xcode
builtin-SwiftDriver -- /Applications/Xcode-27.0.0-Release.Candidate.app/Contents/Developer/Toolchains/XcodeDefault.xctoolchain/usr/bin/swiftc -parse-as-library -module-name JOSESwift -Onone @/Users/admin/builder/spi-builder-workspace/.derivedData/Build/Intermediates.noindex/JOSESwift.build/Debug-appletvos/JOSESwift-t.build/Objects-normal/arm64/JOSESwift.SwiftFileList -DSWIFT_PACKAGE -DDEBUG -DSWIFT_MODULE_RESOURCE_BUNDLE_UNAVAILABLE -DXcode -plugin-path /Applications/Xcode-27.0.0-Release.Candidate.app/Contents/Developer/Toolchains/XcodeDefault.xctoolchain/usr/lib/swift/host/plugins/testing -enable-experimental-feature DebugDescriptionMacro -sdk /Applications/Xcode-27.0.0-Release.Candidate.app/Contents/Developer/Platforms/AppleTVOS.platform/Developer/SDKs/AppleTVOS27.0.sdk -target arm64-apple-tvos15.0 -g -module-cache-path /Users/admin/builder/spi-builder-workspace/.derivedData/ModuleCache.noindex -Xfrontend -serialize-debugging-options -profile-coverage-mapping -profile-generate -enable-testing -suppress-warnings -index-store-path /Users/admin/builder/spi-builder-workspace/.derivedData/Index.noindex/DataStore -Xcc -D_LIBCPP_HARDENING_MODE\=_LIBCPP_HARDENING_MODE_DEBUG -swift-version 5 -I /Users/admin/builder/spi-builder-workspace/.derivedData/Build/Products/Debug-appletvos -Isystem /Applications/Xcode-27.0.0-Release.Candidate.app/Contents/Developer/Platforms/AppleTVOS.platform/Developer/usr/lib -F /Users/admin/builder/spi-builder-workspace/.derivedData/Build/Products/Debug-appletvos -F /Applications/Xcode-27.0.0-Release.Candidate.app/Contents/Developer/Platforms/AppleTVOS.platform/Developer/Library/Frameworks -F /Applications/Xcode-27.0.0-Release.Candidate.app/Contents/Developer/Platforms/AppleTVOS.platform/Developer/SDKs/AppleTVOS27.0.sdk/Developer/Library/Frameworks -c -j10 -enable-batch-mode -incremental -Xcc -ivfsstatcache -Xcc /Users/admin/builder/spi-builder-workspace/.derivedData/SDKStatCaches.noindex/appletvos27.0-24J360-e829b21a6f8c9b70876ba0858053c044b32bfd8d43560033f8d89884cdb90028.sdkstatcache -output-file-map /Users/admin/builder/spi-builder-workspace/.derivedData/Build/Intermediates.noindex/JOSESwift.build/Debug-appletvos/JOSESwift-t.build/Objects-normal/arm64/JOSESwift-OutputFileMap.json -save-temps -no-color-diagnostics -explicit-module-build -module-cache-path /Users/admin/builder/spi-builder-workspace/.derivedData/Build/Intermediates.noindex/SwiftExplicitPrecompiledModules -clang-scanner-module-cache-path /Users/admin/builder/spi-builder-workspace/.derivedData/ModuleCache.noindex -sdk-module-cache-path /Users/admin/builder/spi-builder-workspace/.derivedData/SDKExplicitPrecompiledModules -emit-dependencies -emit-module -emit-module-path /Users/admin/builder/spi-builder-workspace/.derivedData/Build/Intermediates.noindex/JOSESwift.build/Debug-appletvos/JOSESwift-t.build/Objects-normal/arm64/JOSESwift.swiftmodule -serialize-diagnostics -dependency-scan-serialize-diagnostics-path /Users/admin/builder/spi-builder-workspace/.derivedData/Build/Intermediates.noindex/JOSESwift.build/Debug-appletvos/JOSESwift-t.build/Objects-normal/arm64/JOSESwift-dependency-scan.dia -validate-clang-modules-once -clang-build-session-file /Users/admin/builder/spi-builder-workspace/.derivedData/ModuleCache.noindex/Session.modulevalidation -Xcc -fmodules-prune-interval\=86400 -Xcc -fmodules-prune-after\=345600 -emit-const-values -const-gather-protocols-list /Users/admin/builder/spi-builder-workspace/.derivedData/Build/Intermediates.noindex/JOSESwift.build/Debug-appletvos/JOSESwift-t.build/Objects-normal/arm64/JOSESwift_const_extract_protocols.json -Xcc -I/Users/admin/builder/spi-builder-workspace/.derivedData/Build/Products/Debug-appletvos/include -Xcc -I/Users/admin/builder/spi-builder-workspace/.derivedData/Build/Intermediates.noindex/JOSESwift.build/Debug-appletvos/JOSESwift-t.build/DerivedSources-normal/arm64 -Xcc -I/Users/admin/builder/spi-builder-workspace/.derivedData/Build/Intermediates.noindex/JOSESwift.build/Debug-appletvos/JOSESwift-t.build/DerivedSources/arm64 -Xcc -I/Users/admin/builder/spi-builder-workspace/.derivedData/Build/Intermediates.noindex/JOSESwift.build/Debug-appletvos/JOSESwift-t.build/DerivedSources -Xcc -DSWIFT_PACKAGE -Xcc -DDEBUG\=1 -emit-objc-header -emit-objc-header-path /Users/admin/builder/spi-builder-workspace/.derivedData/Build/Intermediates.noindex/JOSESwift.build/Debug-appletvos/JOSESwift-t.build/Objects-normal/arm64/JOSESwift-Swift.h -working-directory /Users/admin/builder/spi-builder-workspace/.swiftpm/xcode -experimental-emit-module-separately -disable-cmo
/Users/admin/builder/spi-builder-workspace/.dependencies/checkouts/JOSESwift/JOSESwift/Sources/CryptoImplementation/EC.swift:27:8: error: Unable to resolve module dependency: 'LocalAuthentication' (in target 'JOSESwift' from project 'JOSESwift')
note: A dependency of main module 'JOSESwift'
/Users/admin/builder/spi-builder-workspace/.dependencies/checkouts/JOSESwift/JOSESwift/Sources/CryptoImplementation/EC.swift:27:8: note: A dependency of main module 'JOSESwift'
import LocalAuthentication
^ (in target 'JOSESwift' from project 'JOSESwift')
PruneExplicitPrecompiledModules /Users/admin/builder/spi-builder-workspace/.derivedData/Build/Intermediates.noindex/ExplicitPrecompiledModules
PruneExplicitPrecompiledModules /Users/admin/builder/spi-builder-workspace/.derivedData/Build/Intermediates.noindex/SwiftExplicitPrecompiledModules
PruneExplicitPrecompiledModules /Users/admin/builder/spi-builder-workspace/.derivedData/SDKExplicitPrecompiledModules
2026-09-17 19:57:38.159 xcodebuild[721:4626] [MT] IDERunDestination: Supported platforms for the buildables in the current scheme is empty.
** BUILD FAILED **
The following build commands failed:
SwiftDriver JOSESwift normal arm64 com.apple.xcode.tools.swift.compiler (in target 'JOSESwift' from project 'JOSESwift')
Building workspace Arweave with scheme Arweave
(2 failures)
BUILD FAILURE 6.4 tvOS