Build Information
Failed to build TPKeyboardAvoiding, reference master (3217d6), with Swift 6.4 for visionOS using Xcode 27.0 on 23 Sep 2026 20:35:30 UTC.
Build Command
env DEVELOPER_DIR=/Applications/Xcode-27.0.0-Release.Candidate.app xcrun xcodebuild -IDEClonedSourcePackagesDirPathOverride=$PWD/.dependencies -skipMacroValidation -skipPackagePluginValidation -derivedDataPath $PWD/.derivedData build -scheme TPKeyboardAvoiding -destination generic/platform=xrOSBuild Log
========================================
RunAll
========================================
Builder version: 5.1.0
Interrupt handler set up.
========================================
Checkout
========================================
Clone URL: https://github.com/michaeltyson/TPKeyboardAvoiding.git
Reference: master
Initialized empty Git repository in /Users/admin/builder/spi-builder-workspace/.git/
From https://github.com/michaeltyson/TPKeyboardAvoiding
* branch master -> FETCH_HEAD
* [new branch] master -> origin/master
HEAD is now at 3217d62 Fix a bug that when click on a text field and then fast click off text field (before keyboard appears), content insets not reset to normal
Cloned https://github.com/michaeltyson/TPKeyboardAvoiding.git
Revision (git rev-parse @):
3217d6287a6b0ecb1db65a214a2e0fba9934e417
SUCCESS checkout https://github.com/michaeltyson/TPKeyboardAvoiding.git at master
========================================
Build
========================================
Selected platform: visionOS
Swift version: 6.4
Building package at path: $PWD
https://github.com/michaeltyson/TPKeyboardAvoiding.git
Command line invocation:
/Applications/Xcode-27.0.0-Release.Candidate.app/Contents/Developer/usr/bin/xcodebuild -IDEClonedSourcePackagesDirPathOverride=/Users/admin/builder/spi-builder-workspace/.dependencies -resolvePackageDependencies
resolved source packages:
{
"dependencies" : [
],
"manifest_display_name" : "TPKeyboardAvoiding",
"name" : "TPKeyboardAvoiding",
"path" : "/Users/admin/builder/spi-builder-workspace",
"platforms" : [
],
"products" : [
{
"name" : "TPKeyboardAvoiding",
"targets" : [
"TPKeyboardAvoiding"
],
"type" : {
"library" : [
"automatic"
]
}
}
],
"targets" : [
{
"c99name" : "TPKeyboardAvoiding",
"module_type" : "ClangTarget",
"name" : "TPKeyboardAvoiding",
"path" : "TPKeyboardAvoiding",
"product_memberships" : [
"TPKeyboardAvoiding"
],
"sources" : [
"TPKeyboardAvoidingCollectionView.m",
"TPKeyboardAvoidingScrollView.m",
"TPKeyboardAvoidingTableView.m",
"UIScrollView+TPKeyboardAvoidingAdditions.m"
],
"type" : "library"
}
],
"tools_version" : "4.2"
}
{
"project" : {
"configurations" : [
"Debug",
"Release"
],
"name" : "TPKeyboardAvoidingSample",
"schemes" : [
"TPKeyboardAvoidingKit",
"TPKeyboardAvoidingSample"
],
"targets" : [
"TPKeyboardAvoidingSample",
"TPKeyboardAvoidingKit"
]
}
}
{
"workspace" : {
"name" : "TPKeyboardAvoiding",
"schemes" : [
"TPKeyboardAvoiding"
]
}
}
2026-09-23 16:35:21.033 xcodebuild[640:4056] [MT] IDERunDestination: Supported platforms for the buildables in the current scheme is empty.
Running build ...
env DEVELOPER_DIR=/Applications/Xcode-27.0.0-Release.Candidate.app xcrun xcodebuild -IDEClonedSourcePackagesDirPathOverride=$PWD/.dependencies -skipMacroValidation -skipPackagePluginValidation -derivedDataPath $PWD/.derivedData build -scheme TPKeyboardAvoiding -destination generic/platform=xrOS
Command line invocation:
/Applications/Xcode-27.0.0-Release.Candidate.app/Contents/Developer/usr/bin/xcodebuild -IDEClonedSourcePackagesDirPathOverride=/Users/admin/builder/spi-builder-workspace/.dependencies -skipMacroValidation -skipPackagePluginValidation -derivedDataPath /Users/admin/builder/spi-builder-workspace/.derivedData build -scheme TPKeyboardAvoiding -destination generic/platform=xrOS
Resolve Package Graph
Resolved source packages:
TPKeyboardAvoiding: /Users/admin/builder/spi-builder-workspace
ComputePackagePrebuildTargetDependencyGraph
Prepare packages
CreateBuildRequest
SendProjectDescription
CreateBuildOperation
ComputeTargetDependencyGraph
note: Building targets in dependency order
note: Target dependency graph (2 targets)
Target 'TPKeyboardAvoiding-product' in project 'TPKeyboardAvoiding'
➜ Explicit dependency on target 'TPKeyboardAvoiding' in project 'TPKeyboardAvoiding'
Target 'TPKeyboardAvoiding' in project 'TPKeyboardAvoiding' (no dependencies)
GatherProvisioningInputs
CreateBuildDescription
ExecuteExternalTool /Applications/Xcode-27.0.0-Release.Candidate.app/Contents/Developer/Toolchains/XcodeDefault.xctoolchain/usr/bin/clang -v -E -dM -isysroot /Applications/Xcode-27.0.0-Release.Candidate.app/Contents/Developer/Platforms/XROS.platform/Developer/SDKs/XROS27.0.sdk -x c -c /dev/null
ExecuteExternalTool /Applications/Xcode-27.0.0-Release.Candidate.app/Contents/Developer/Toolchains/XcodeDefault.xctoolchain/usr/bin/clang -v -E -dM -arch arm64 -isysroot /Applications/Xcode-27.0.0-Release.Candidate.app/Contents/Developer/Platforms/XROS.platform/Developer/SDKs/XROS27.0.sdk -x objective-c -c /dev/null
ExecuteExternalTool /Applications/Xcode-27.0.0-Release.Candidate.app/Contents/Developer/Toolchains/XcodeDefault.xctoolchain/usr/bin/clang -v -E -dM -arch arm64 -isysroot /Applications/Xcode-27.0.0-Release.Candidate.app/Contents/Developer/Platforms/XROS.platform/Developer/SDKs/XROS27.0.sdk -x c -c /dev/null
ExecuteExternalTool /Applications/Xcode-27.0.0-Release.Candidate.app/Contents/Developer/Toolchains/XcodeDefault.xctoolchain/usr/bin/ld -version_details
Build description signature: 53bb9a1023215d46eee17bd32bc4f104
Build description path: /Users/admin/builder/spi-builder-workspace/.derivedData/Build/Intermediates.noindex/XCBuildData/53bb9a1023215d46eee17bd32bc4f104.xcbuilddata
CreateBuildDirectory /Users/admin/builder/spi-builder-workspace/.derivedData/SDKExplicitPrecompiledModules
cd /Users/admin/builder/spi-builder-workspace/.swiftpm/xcode
builtin-create-build-directory /Users/admin/builder/spi-builder-workspace/.derivedData/SDKExplicitPrecompiledModules
CreateBuildDirectory /Users/admin/builder/spi-builder-workspace/.derivedData/ModuleCache.noindex
cd /Users/admin/builder/spi-builder-workspace/.swiftpm/xcode
builtin-create-build-directory /Users/admin/builder/spi-builder-workspace/.derivedData/ModuleCache.noindex
CreateBuildDirectory /Users/admin/builder/spi-builder-workspace/.derivedData/CompilationCache.noindex
cd /Users/admin/builder/spi-builder-workspace/.swiftpm/xcode
builtin-create-build-directory /Users/admin/builder/spi-builder-workspace/.derivedData/CompilationCache.noindex
CreateBuildDirectory /Users/admin/builder/spi-builder-workspace/.derivedData/Build/Intermediates.noindex
cd /Users/admin/builder/spi-builder-workspace/.swiftpm/xcode
builtin-create-build-directory /Users/admin/builder/spi-builder-workspace/.derivedData/Build/Intermediates.noindex
CreateBuildDirectory /Users/admin/builder/spi-builder-workspace/.derivedData/Build/Products
cd /Users/admin/builder/spi-builder-workspace/.swiftpm/xcode
builtin-create-build-directory /Users/admin/builder/spi-builder-workspace/.derivedData/Build/Products
ClangStatCache /Applications/Xcode-27.0.0-Release.Candidate.app/Contents/Developer/Toolchains/XcodeDefault.xctoolchain/usr/bin/clang-stat-cache /Applications/Xcode-27.0.0-Release.Candidate.app/Contents/Developer/Platforms/XROS.platform/Developer/SDKs/XROS27.0.sdk /Users/admin/builder/spi-builder-workspace/.derivedData/SDKStatCaches.noindex/xros27.0-24M361-e829b21a6f8c9b70876ba0858053c044735bd543db762f57723cac368afd1ce4.sdkstatcache
cd /Users/admin/builder/spi-builder-workspace/.swiftpm/xcode
/Applications/Xcode-27.0.0-Release.Candidate.app/Contents/Developer/Toolchains/XcodeDefault.xctoolchain/usr/bin/clang-stat-cache /Applications/Xcode-27.0.0-Release.Candidate.app/Contents/Developer/Platforms/XROS.platform/Developer/SDKs/XROS27.0.sdk -o /Users/admin/builder/spi-builder-workspace/.derivedData/SDKStatCaches.noindex/xros27.0-24M361-e829b21a6f8c9b70876ba0858053c044735bd543db762f57723cac368afd1ce4.sdkstatcache
CreateBuildDirectory /Users/admin/builder/spi-builder-workspace/.derivedData/Build/Intermediates.noindex/SwiftExplicitPrecompiledModules
cd /Users/admin/builder/spi-builder-workspace/.swiftpm/xcode
builtin-create-build-directory /Users/admin/builder/spi-builder-workspace/.derivedData/Build/Intermediates.noindex/SwiftExplicitPrecompiledModules
CreateBuildDirectory /Users/admin/builder/spi-builder-workspace/.derivedData/Build/Intermediates.noindex/PrecompiledHeaders
cd /Users/admin/builder/spi-builder-workspace/.swiftpm/xcode
builtin-create-build-directory /Users/admin/builder/spi-builder-workspace/.derivedData/Build/Intermediates.noindex/PrecompiledHeaders
CreateBuildDirectory /Users/admin/builder/spi-builder-workspace/.derivedData/Build/Intermediates.noindex/ExplicitPrecompiledModules
cd /Users/admin/builder/spi-builder-workspace/.swiftpm/xcode
builtin-create-build-directory /Users/admin/builder/spi-builder-workspace/.derivedData/Build/Intermediates.noindex/ExplicitPrecompiledModules
CreateBuildDirectory /Users/admin/builder/spi-builder-workspace/.derivedData/Build/Intermediates.noindex/EagerLinkingTBDs/Debug-xros
cd /Users/admin/builder/spi-builder-workspace/.swiftpm/xcode
builtin-create-build-directory /Users/admin/builder/spi-builder-workspace/.derivedData/Build/Intermediates.noindex/EagerLinkingTBDs/Debug-xros
CreateBuildDirectory /Users/admin/builder/spi-builder-workspace/.derivedData/Build/Products/Debug-xros
cd /Users/admin/builder/spi-builder-workspace/.swiftpm/xcode
builtin-create-build-directory /Users/admin/builder/spi-builder-workspace/.derivedData/Build/Products/Debug-xros
CreateBuildDirectory /Users/admin/builder/spi-builder-workspace/.derivedData/Build/Products/Debug-xros/PackageFrameworks
cd /Users/admin/builder/spi-builder-workspace/.swiftpm/xcode
builtin-create-build-directory /Users/admin/builder/spi-builder-workspace/.derivedData/Build/Products/Debug-xros/PackageFrameworks
WriteAuxiliaryFile /Users/admin/builder/spi-builder-workspace/.derivedData/Build/Intermediates.noindex/TPKeyboardAvoiding.build/Debug-xros/TPKeyboardAvoiding-t.build/TPKeyboardAvoiding.DependencyMetadataFileList (in target 'TPKeyboardAvoiding' from project 'TPKeyboardAvoiding')
cd /Users/admin/builder/spi-builder-workspace
write-file /Users/admin/builder/spi-builder-workspace/.derivedData/Build/Intermediates.noindex/TPKeyboardAvoiding.build/Debug-xros/TPKeyboardAvoiding-t.build/TPKeyboardAvoiding.DependencyMetadataFileList
WriteAuxiliaryFile /Users/admin/builder/spi-builder-workspace/.derivedData/Build/Intermediates.noindex/TPKeyboardAvoiding.build/Debug-xros/TPKeyboardAvoiding-t.build/TPKeyboardAvoiding.DependencyStaticMetadataFileList (in target 'TPKeyboardAvoiding' from project 'TPKeyboardAvoiding')
cd /Users/admin/builder/spi-builder-workspace
write-file /Users/admin/builder/spi-builder-workspace/.derivedData/Build/Intermediates.noindex/TPKeyboardAvoiding.build/Debug-xros/TPKeyboardAvoiding-t.build/TPKeyboardAvoiding.DependencyStaticMetadataFileList
WriteAuxiliaryFile /Users/admin/builder/spi-builder-workspace/.derivedData/Build/Intermediates.noindex/TPKeyboardAvoiding.build/Debug-xros/TPKeyboardAvoiding-t.build/Objects-normal/arm64/e6072d4f65d7061329687fe24e3d63a7-common-args.resp (in target 'TPKeyboardAvoiding' from project 'TPKeyboardAvoiding')
cd /Users/admin/builder/spi-builder-workspace
write-file /Users/admin/builder/spi-builder-workspace/.derivedData/Build/Intermediates.noindex/TPKeyboardAvoiding.build/Debug-xros/TPKeyboardAvoiding-t.build/Objects-normal/arm64/e6072d4f65d7061329687fe24e3d63a7-common-args.resp
-fobjc-arc -fmodules -gmodules '-fmodules-cache-path=/Users/admin/builder/spi-builder-workspace/.derivedData/ModuleCache.noindex' '-fmodule-name=TPKeyboardAvoiding' -fpascal-strings -O0 -DSWIFT_PACKAGE '-DDEBUG=1' '-DOBJC_OLD_DISPATCH_PROTOTYPES=1' -g -I/Users/admin/builder/spi-builder-workspace/.derivedData/Build/Products/Debug-xros/include -I/Users/admin/builder/spi-builder-workspace/TPKeyboardAvoiding/include -I/Users/admin/builder/spi-builder-workspace/.derivedData/Build/Intermediates.noindex/TPKeyboardAvoiding.build/Debug-xros/TPKeyboardAvoiding-t.build/DerivedSources-normal/arm64 -I/Users/admin/builder/spi-builder-workspace/.derivedData/Build/Intermediates.noindex/TPKeyboardAvoiding.build/Debug-xros/TPKeyboardAvoiding-t.build/DerivedSources/arm64 -I/Users/admin/builder/spi-builder-workspace/.derivedData/Build/Intermediates.noindex/TPKeyboardAvoiding.build/Debug-xros/TPKeyboardAvoiding-t.build/DerivedSources -F/Users/admin/builder/spi-builder-workspace/.derivedData/Build/Products/Debug-xros -iframework /Applications/Xcode-27.0.0-Release.Candidate.app/Contents/Developer/Platforms/XROS.platform/Developer/Library/Frameworks -iframework /Applications/Xcode-27.0.0-Release.Candidate.app/Contents/Developer/Platforms/XROS.platform/Developer/SDKs/XROS27.0.sdk/Developer/Library/Frameworks -DXcode
WriteAuxiliaryFile /Users/admin/builder/spi-builder-workspace/.derivedData/Build/Intermediates.noindex/TPKeyboardAvoiding.build/Debug-xros/TPKeyboardAvoiding-t.build/Objects-normal/arm64/TPKeyboardAvoiding.LinkFileList (in target 'TPKeyboardAvoiding' from project 'TPKeyboardAvoiding')
cd /Users/admin/builder/spi-builder-workspace
write-file /Users/admin/builder/spi-builder-workspace/.derivedData/Build/Intermediates.noindex/TPKeyboardAvoiding.build/Debug-xros/TPKeyboardAvoiding-t.build/Objects-normal/arm64/TPKeyboardAvoiding.LinkFileList
ScanDependencies /Users/admin/builder/spi-builder-workspace/.derivedData/Build/Intermediates.noindex/TPKeyboardAvoiding.build/Debug-xros/TPKeyboardAvoiding-t.build/Objects-normal/arm64/UIScrollView+TPKeyboardAvoidingAdditions.o /Users/admin/builder/spi-builder-workspace/TPKeyboardAvoiding/UIScrollView+TPKeyboardAvoidingAdditions.m normal arm64 objective-c com.apple.compilers.llvm.clang.1_0.compiler (in target 'TPKeyboardAvoiding' from project 'TPKeyboardAvoiding')
cd /Users/admin/builder/spi-builder-workspace/.swiftpm/xcode
Using response file: /Users/admin/builder/spi-builder-workspace/.derivedData/Build/Intermediates.noindex/TPKeyboardAvoiding.build/Debug-xros/TPKeyboardAvoiding-t.build/Objects-normal/arm64/e6072d4f65d7061329687fe24e3d63a7-common-args.resp
builtin-ScanDependencies -o /Users/admin/builder/spi-builder-workspace/.derivedData/Build/Intermediates.noindex/TPKeyboardAvoiding.build/Debug-xros/TPKeyboardAvoiding-t.build/Objects-normal/arm64/UIScrollView+TPKeyboardAvoidingAdditions.o.scan -- /Applications/Xcode-27.0.0-Release.Candidate.app/Contents/Developer/Toolchains/XcodeDefault.xctoolchain/usr/bin/clang -x objective-c -ivfsstatcache /Users/admin/builder/spi-builder-workspace/.derivedData/SDKStatCaches.noindex/xros27.0-24M361-e829b21a6f8c9b70876ba0858053c044735bd543db762f57723cac368afd1ce4.sdkstatcache -target arm64-apple-xros1.0 -fmessage-length\=0 -fdiagnostics-show-note-include-stack -fmacro-backtrace-limit\=0 -fno-color-diagnostics -fmodules-prune-interval\=86400 -fmodules-prune-after\=345600 -fbuild-session-file\=/Users/admin/builder/spi-builder-workspace/.derivedData/ModuleCache.noindex/Session.modulevalidation -fmodules-validate-once-per-build-session -Wnon-modular-include-in-framework-module -Werror\=non-modular-include-in-framework-module -Wno-trigraphs -Wno-missing-field-initializers -Wno-missing-prototypes -Wno-return-type -Wno-implicit-atomic-properties -Wno-objc-interface-ivars -Wno-arc-repeated-use-of-weak -Wno-missing-braces -Wparentheses -Wswitch -Wno-unused-function -Wno-unused-label -Wno-unused-parameter -Wno-unused-variable -Wunused-value -Wno-empty-body -Wno-uninitialized -Wno-unknown-pragmas -Wno-shadow -Wno-four-char-constants -Wno-conversion -Wno-constant-conversion -Wno-int-conversion -Wno-bool-conversion -Wno-enum-conversion -Wno-float-conversion -Wno-non-literal-null-conversion -Wno-objc-literal-conversion -Wshorten-64-to-32 -Wpointer-sign -Wno-newline-eof -Wno-selector -Wno-strict-selector-match -Wno-undeclared-selector -Wno-deprecated-implementations -Wno-implicit-fallthrough -isysroot /Applications/Xcode-27.0.0-Release.Candidate.app/Contents/Developer/Platforms/XROS.platform/Developer/SDKs/XROS27.0.sdk -fstrict-aliasing -Wprotocol -Wdeprecated-declarations -Wno-sign-conversion -Wno-infinite-recursion -Wno-comma -Wno-block-capture-autoreleasing -Wno-strict-prototypes -Wno-semicolon-before-method-body -index-store-path /Users/admin/builder/spi-builder-workspace/.derivedData/Index.noindex/DataStore @/Users/admin/builder/spi-builder-workspace/.derivedData/Build/Intermediates.noindex/TPKeyboardAvoiding.build/Debug-xros/TPKeyboardAvoiding-t.build/Objects-normal/arm64/e6072d4f65d7061329687fe24e3d63a7-common-args.resp -MMD -MT dependencies -MF /Users/admin/builder/spi-builder-workspace/.derivedData/Build/Intermediates.noindex/TPKeyboardAvoiding.build/Debug-xros/TPKeyboardAvoiding-t.build/Objects-normal/arm64/UIScrollView+TPKeyboardAvoidingAdditions.d --serialize-diagnostics /Users/admin/builder/spi-builder-workspace/.derivedData/Build/Intermediates.noindex/TPKeyboardAvoiding.build/Debug-xros/TPKeyboardAvoiding-t.build/Objects-normal/arm64/UIScrollView+TPKeyboardAvoidingAdditions.dia -c /Users/admin/builder/spi-builder-workspace/TPKeyboardAvoiding/UIScrollView+TPKeyboardAvoidingAdditions.m -o /Users/admin/builder/spi-builder-workspace/.derivedData/Build/Intermediates.noindex/TPKeyboardAvoiding.build/Debug-xros/TPKeyboardAvoiding-t.build/Objects-normal/arm64/UIScrollView+TPKeyboardAvoidingAdditions.o -index-unit-output-path /TPKeyboardAvoiding.build/Debug-xros/TPKeyboardAvoiding-t.build/Objects-normal/arm64/UIScrollView+TPKeyboardAvoidingAdditions.o
ScanDependencies /Users/admin/builder/spi-builder-workspace/.derivedData/Build/Intermediates.noindex/TPKeyboardAvoiding.build/Debug-xros/TPKeyboardAvoiding-t.build/Objects-normal/arm64/TPKeyboardAvoidingTableView.o /Users/admin/builder/spi-builder-workspace/TPKeyboardAvoiding/TPKeyboardAvoidingTableView.m normal arm64 objective-c com.apple.compilers.llvm.clang.1_0.compiler (in target 'TPKeyboardAvoiding' from project 'TPKeyboardAvoiding')
cd /Users/admin/builder/spi-builder-workspace/.swiftpm/xcode
Using response file: /Users/admin/builder/spi-builder-workspace/.derivedData/Build/Intermediates.noindex/TPKeyboardAvoiding.build/Debug-xros/TPKeyboardAvoiding-t.build/Objects-normal/arm64/e6072d4f65d7061329687fe24e3d63a7-common-args.resp
builtin-ScanDependencies -o /Users/admin/builder/spi-builder-workspace/.derivedData/Build/Intermediates.noindex/TPKeyboardAvoiding.build/Debug-xros/TPKeyboardAvoiding-t.build/Objects-normal/arm64/TPKeyboardAvoidingTableView.o.scan -- /Applications/Xcode-27.0.0-Release.Candidate.app/Contents/Developer/Toolchains/XcodeDefault.xctoolchain/usr/bin/clang -x objective-c -ivfsstatcache /Users/admin/builder/spi-builder-workspace/.derivedData/SDKStatCaches.noindex/xros27.0-24M361-e829b21a6f8c9b70876ba0858053c044735bd543db762f57723cac368afd1ce4.sdkstatcache -target arm64-apple-xros1.0 -fmessage-length\=0 -fdiagnostics-show-note-include-stack -fmacro-backtrace-limit\=0 -fno-color-diagnostics -fmodules-prune-interval\=86400 -fmodules-prune-after\=345600 -fbuild-session-file\=/Users/admin/builder/spi-builder-workspace/.derivedData/ModuleCache.noindex/Session.modulevalidation -fmodules-validate-once-per-build-session -Wnon-modular-include-in-framework-module -Werror\=non-modular-include-in-framework-module -Wno-trigraphs -Wno-missing-field-initializers -Wno-missing-prototypes -Wno-return-type -Wno-implicit-atomic-properties -Wno-objc-interface-ivars -Wno-arc-repeated-use-of-weak -Wno-missing-braces -Wparentheses -Wswitch -Wno-unused-function -Wno-unused-label -Wno-unused-parameter -Wno-unused-variable -Wunused-value -Wno-empty-body -Wno-uninitialized -Wno-unknown-pragmas -Wno-shadow -Wno-four-char-constants -Wno-conversion -Wno-constant-conversion -Wno-int-conversion -Wno-bool-conversion -Wno-enum-conversion -Wno-float-conversion -Wno-non-literal-null-conversion -Wno-objc-literal-conversion -Wshorten-64-to-32 -Wpointer-sign -Wno-newline-eof -Wno-selector -Wno-strict-selector-match -Wno-undeclared-selector -Wno-deprecated-implementations -Wno-implicit-fallthrough -isysroot /Applications/Xcode-27.0.0-Release.Candidate.app/Contents/Developer/Platforms/XROS.platform/Developer/SDKs/XROS27.0.sdk -fstrict-aliasing -Wprotocol -Wdeprecated-declarations -Wno-sign-conversion -Wno-infinite-recursion -Wno-comma -Wno-block-capture-autoreleasing -Wno-strict-prototypes -Wno-semicolon-before-method-body -index-store-path /Users/admin/builder/spi-builder-workspace/.derivedData/Index.noindex/DataStore @/Users/admin/builder/spi-builder-workspace/.derivedData/Build/Intermediates.noindex/TPKeyboardAvoiding.build/Debug-xros/TPKeyboardAvoiding-t.build/Objects-normal/arm64/e6072d4f65d7061329687fe24e3d63a7-common-args.resp -MMD -MT dependencies -MF /Users/admin/builder/spi-builder-workspace/.derivedData/Build/Intermediates.noindex/TPKeyboardAvoiding.build/Debug-xros/TPKeyboardAvoiding-t.build/Objects-normal/arm64/TPKeyboardAvoidingTableView.d --serialize-diagnostics /Users/admin/builder/spi-builder-workspace/.derivedData/Build/Intermediates.noindex/TPKeyboardAvoiding.build/Debug-xros/TPKeyboardAvoiding-t.build/Objects-normal/arm64/TPKeyboardAvoidingTableView.dia -c /Users/admin/builder/spi-builder-workspace/TPKeyboardAvoiding/TPKeyboardAvoidingTableView.m -o /Users/admin/builder/spi-builder-workspace/.derivedData/Build/Intermediates.noindex/TPKeyboardAvoiding.build/Debug-xros/TPKeyboardAvoiding-t.build/Objects-normal/arm64/TPKeyboardAvoidingTableView.o -index-unit-output-path /TPKeyboardAvoiding.build/Debug-xros/TPKeyboardAvoiding-t.build/Objects-normal/arm64/TPKeyboardAvoidingTableView.o
ScanDependencies /Users/admin/builder/spi-builder-workspace/.derivedData/Build/Intermediates.noindex/TPKeyboardAvoiding.build/Debug-xros/TPKeyboardAvoiding-t.build/Objects-normal/arm64/TPKeyboardAvoidingScrollView.o /Users/admin/builder/spi-builder-workspace/TPKeyboardAvoiding/TPKeyboardAvoidingScrollView.m normal arm64 objective-c com.apple.compilers.llvm.clang.1_0.compiler (in target 'TPKeyboardAvoiding' from project 'TPKeyboardAvoiding')
cd /Users/admin/builder/spi-builder-workspace/.swiftpm/xcode
Using response file: /Users/admin/builder/spi-builder-workspace/.derivedData/Build/Intermediates.noindex/TPKeyboardAvoiding.build/Debug-xros/TPKeyboardAvoiding-t.build/Objects-normal/arm64/e6072d4f65d7061329687fe24e3d63a7-common-args.resp
builtin-ScanDependencies -o /Users/admin/builder/spi-builder-workspace/.derivedData/Build/Intermediates.noindex/TPKeyboardAvoiding.build/Debug-xros/TPKeyboardAvoiding-t.build/Objects-normal/arm64/TPKeyboardAvoidingScrollView.o.scan -- /Applications/Xcode-27.0.0-Release.Candidate.app/Contents/Developer/Toolchains/XcodeDefault.xctoolchain/usr/bin/clang -x objective-c -ivfsstatcache /Users/admin/builder/spi-builder-workspace/.derivedData/SDKStatCaches.noindex/xros27.0-24M361-e829b21a6f8c9b70876ba0858053c044735bd543db762f57723cac368afd1ce4.sdkstatcache -target arm64-apple-xros1.0 -fmessage-length\=0 -fdiagnostics-show-note-include-stack -fmacro-backtrace-limit\=0 -fno-color-diagnostics -fmodules-prune-interval\=86400 -fmodules-prune-after\=345600 -fbuild-session-file\=/Users/admin/builder/spi-builder-workspace/.derivedData/ModuleCache.noindex/Session.modulevalidation -fmodules-validate-once-per-build-session -Wnon-modular-include-in-framework-module -Werror\=non-modular-include-in-framework-module -Wno-trigraphs -Wno-missing-field-initializers -Wno-missing-prototypes -Wno-return-type -Wno-implicit-atomic-properties -Wno-objc-interface-ivars -Wno-arc-repeated-use-of-weak -Wno-missing-braces -Wparentheses -Wswitch -Wno-unused-function -Wno-unused-label -Wno-unused-parameter -Wno-unused-variable -Wunused-value -Wno-empty-body -Wno-uninitialized -Wno-unknown-pragmas -Wno-shadow -Wno-four-char-constants -Wno-conversion -Wno-constant-conversion -Wno-int-conversion -Wno-bool-conversion -Wno-enum-conversion -Wno-float-conversion -Wno-non-literal-null-conversion -Wno-objc-literal-conversion -Wshorten-64-to-32 -Wpointer-sign -Wno-newline-eof -Wno-selector -Wno-strict-selector-match -Wno-undeclared-selector -Wno-deprecated-implementations -Wno-implicit-fallthrough -isysroot /Applications/Xcode-27.0.0-Release.Candidate.app/Contents/Developer/Platforms/XROS.platform/Developer/SDKs/XROS27.0.sdk -fstrict-aliasing -Wprotocol -Wdeprecated-declarations -Wno-sign-conversion -Wno-infinite-recursion -Wno-comma -Wno-block-capture-autoreleasing -Wno-strict-prototypes -Wno-semicolon-before-method-body -index-store-path /Users/admin/builder/spi-builder-workspace/.derivedData/Index.noindex/DataStore @/Users/admin/builder/spi-builder-workspace/.derivedData/Build/Intermediates.noindex/TPKeyboardAvoiding.build/Debug-xros/TPKeyboardAvoiding-t.build/Objects-normal/arm64/e6072d4f65d7061329687fe24e3d63a7-common-args.resp -MMD -MT dependencies -MF /Users/admin/builder/spi-builder-workspace/.derivedData/Build/Intermediates.noindex/TPKeyboardAvoiding.build/Debug-xros/TPKeyboardAvoiding-t.build/Objects-normal/arm64/TPKeyboardAvoidingScrollView.d --serialize-diagnostics /Users/admin/builder/spi-builder-workspace/.derivedData/Build/Intermediates.noindex/TPKeyboardAvoiding.build/Debug-xros/TPKeyboardAvoiding-t.build/Objects-normal/arm64/TPKeyboardAvoidingScrollView.dia -c /Users/admin/builder/spi-builder-workspace/TPKeyboardAvoiding/TPKeyboardAvoidingScrollView.m -o /Users/admin/builder/spi-builder-workspace/.derivedData/Build/Intermediates.noindex/TPKeyboardAvoiding.build/Debug-xros/TPKeyboardAvoiding-t.build/Objects-normal/arm64/TPKeyboardAvoidingScrollView.o -index-unit-output-path /TPKeyboardAvoiding.build/Debug-xros/TPKeyboardAvoiding-t.build/Objects-normal/arm64/TPKeyboardAvoidingScrollView.o
ScanDependencies /Users/admin/builder/spi-builder-workspace/.derivedData/Build/Intermediates.noindex/TPKeyboardAvoiding.build/Debug-xros/TPKeyboardAvoiding-t.build/Objects-normal/arm64/TPKeyboardAvoidingCollectionView.o /Users/admin/builder/spi-builder-workspace/TPKeyboardAvoiding/TPKeyboardAvoidingCollectionView.m normal arm64 objective-c com.apple.compilers.llvm.clang.1_0.compiler (in target 'TPKeyboardAvoiding' from project 'TPKeyboardAvoiding')
cd /Users/admin/builder/spi-builder-workspace/.swiftpm/xcode
Using response file: /Users/admin/builder/spi-builder-workspace/.derivedData/Build/Intermediates.noindex/TPKeyboardAvoiding.build/Debug-xros/TPKeyboardAvoiding-t.build/Objects-normal/arm64/e6072d4f65d7061329687fe24e3d63a7-common-args.resp
builtin-ScanDependencies -o /Users/admin/builder/spi-builder-workspace/.derivedData/Build/Intermediates.noindex/TPKeyboardAvoiding.build/Debug-xros/TPKeyboardAvoiding-t.build/Objects-normal/arm64/TPKeyboardAvoidingCollectionView.o.scan -- /Applications/Xcode-27.0.0-Release.Candidate.app/Contents/Developer/Toolchains/XcodeDefault.xctoolchain/usr/bin/clang -x objective-c -ivfsstatcache /Users/admin/builder/spi-builder-workspace/.derivedData/SDKStatCaches.noindex/xros27.0-24M361-e829b21a6f8c9b70876ba0858053c044735bd543db762f57723cac368afd1ce4.sdkstatcache -target arm64-apple-xros1.0 -fmessage-length\=0 -fdiagnostics-show-note-include-stack -fmacro-backtrace-limit\=0 -fno-color-diagnostics -fmodules-prune-interval\=86400 -fmodules-prune-after\=345600 -fbuild-session-file\=/Users/admin/builder/spi-builder-workspace/.derivedData/ModuleCache.noindex/Session.modulevalidation -fmodules-validate-once-per-build-session -Wnon-modular-include-in-framework-module -Werror\=non-modular-include-in-framework-module -Wno-trigraphs -Wno-missing-field-initializers -Wno-missing-prototypes -Wno-return-type -Wno-implicit-atomic-properties -Wno-objc-interface-ivars -Wno-arc-repeated-use-of-weak -Wno-missing-braces -Wparentheses -Wswitch -Wno-unused-function -Wno-unused-label -Wno-unused-parameter -Wno-unused-variable -Wunused-value -Wno-empty-body -Wno-uninitialized -Wno-unknown-pragmas -Wno-shadow -Wno-four-char-constants -Wno-conversion -Wno-constant-conversion -Wno-int-conversion -Wno-bool-conversion -Wno-enum-conversion -Wno-float-conversion -Wno-non-literal-null-conversion -Wno-objc-literal-conversion -Wshorten-64-to-32 -Wpointer-sign -Wno-newline-eof -Wno-selector -Wno-strict-selector-match -Wno-undeclared-selector -Wno-deprecated-implementations -Wno-implicit-fallthrough -isysroot /Applications/Xcode-27.0.0-Release.Candidate.app/Contents/Developer/Platforms/XROS.platform/Developer/SDKs/XROS27.0.sdk -fstrict-aliasing -Wprotocol -Wdeprecated-declarations -Wno-sign-conversion -Wno-infinite-recursion -Wno-comma -Wno-block-capture-autoreleasing -Wno-strict-prototypes -Wno-semicolon-before-method-body -index-store-path /Users/admin/builder/spi-builder-workspace/.derivedData/Index.noindex/DataStore @/Users/admin/builder/spi-builder-workspace/.derivedData/Build/Intermediates.noindex/TPKeyboardAvoiding.build/Debug-xros/TPKeyboardAvoiding-t.build/Objects-normal/arm64/e6072d4f65d7061329687fe24e3d63a7-common-args.resp -MMD -MT dependencies -MF /Users/admin/builder/spi-builder-workspace/.derivedData/Build/Intermediates.noindex/TPKeyboardAvoiding.build/Debug-xros/TPKeyboardAvoiding-t.build/Objects-normal/arm64/TPKeyboardAvoidingCollectionView.d --serialize-diagnostics /Users/admin/builder/spi-builder-workspace/.derivedData/Build/Intermediates.noindex/TPKeyboardAvoiding.build/Debug-xros/TPKeyboardAvoiding-t.build/Objects-normal/arm64/TPKeyboardAvoidingCollectionView.dia -c /Users/admin/builder/spi-builder-workspace/TPKeyboardAvoiding/TPKeyboardAvoidingCollectionView.m -o /Users/admin/builder/spi-builder-workspace/.derivedData/Build/Intermediates.noindex/TPKeyboardAvoiding.build/Debug-xros/TPKeyboardAvoiding-t.build/Objects-normal/arm64/TPKeyboardAvoidingCollectionView.o -index-unit-output-path /TPKeyboardAvoiding.build/Debug-xros/TPKeyboardAvoiding-t.build/Objects-normal/arm64/TPKeyboardAvoidingCollectionView.o
PrecompileModule /Users/admin/builder/spi-builder-workspace/.derivedData/Build/Intermediates.noindex/ExplicitPrecompiledModules/_Builtin_stddef-37BO0P252DJ5APFPZTV8FX4QH.scan
cd /
builtin-precompileModule /Users/admin/builder/spi-builder-workspace/.derivedData/Build/Intermediates.noindex/ExplicitPrecompiledModules/_Builtin_stddef-37BO0P252DJ5APFPZTV8FX4QH.scan
PrecompileModule /Users/admin/builder/spi-builder-workspace/.derivedData/Build/Intermediates.noindex/ExplicitPrecompiledModules/_Builtin_float-8D9VEJGZPXN1J9DY16N78XAIW.scan
cd /
builtin-precompileModule /Users/admin/builder/spi-builder-workspace/.derivedData/Build/Intermediates.noindex/ExplicitPrecompiledModules/_Builtin_float-8D9VEJGZPXN1J9DY16N78XAIW.scan
PrecompileModule /Users/admin/builder/spi-builder-workspace/.derivedData/Build/Intermediates.noindex/ExplicitPrecompiledModules/_AvailabilityInternal-ACCTE0RG5RCWRONKKWPHRTA5L.scan
cd /
builtin-precompileModule /Users/admin/builder/spi-builder-workspace/.derivedData/Build/Intermediates.noindex/ExplicitPrecompiledModules/_AvailabilityInternal-ACCTE0RG5RCWRONKKWPHRTA5L.scan
PrecompileModule /Users/admin/builder/spi-builder-workspace/.derivedData/Build/Intermediates.noindex/ExplicitPrecompiledModules/ptrcheck-3R3I2L0ROGESWM94IW3TDZ7ZO.scan
cd /
builtin-precompileModule /Users/admin/builder/spi-builder-workspace/.derivedData/Build/Intermediates.noindex/ExplicitPrecompiledModules/ptrcheck-3R3I2L0ROGESWM94IW3TDZ7ZO.scan
PrecompileModule /Users/admin/builder/spi-builder-workspace/.derivedData/Build/Intermediates.noindex/ExplicitPrecompiledModules/_Builtin_stdarg-3YPNYSJCKS5V13YYUVXO3HGQ1.scan
cd /
builtin-precompileModule /Users/admin/builder/spi-builder-workspace/.derivedData/Build/Intermediates.noindex/ExplicitPrecompiledModules/_Builtin_stdarg-3YPNYSJCKS5V13YYUVXO3HGQ1.scan
PrecompileModule /Users/admin/builder/spi-builder-workspace/.derivedData/Build/Intermediates.noindex/ExplicitPrecompiledModules/ptrauth-20OGKC5BEA0XI76L64XS6OV78.scan
cd /
builtin-precompileModule /Users/admin/builder/spi-builder-workspace/.derivedData/Build/Intermediates.noindex/ExplicitPrecompiledModules/ptrauth-20OGKC5BEA0XI76L64XS6OV78.scan
PrecompileModule /Users/admin/builder/spi-builder-workspace/.derivedData/Build/Intermediates.noindex/ExplicitPrecompiledModules/_Builtin_stdbool-DSJWFF6LU7LT8RYOEZHJ4CWEO.scan
cd /
builtin-precompileModule /Users/admin/builder/spi-builder-workspace/.derivedData/Build/Intermediates.noindex/ExplicitPrecompiledModules/_Builtin_stdbool-DSJWFF6LU7LT8RYOEZHJ4CWEO.scan
PrecompileModule /Users/admin/builder/spi-builder-workspace/.derivedData/Build/Intermediates.noindex/ExplicitPrecompiledModules/_DarwinFoundation1-63TYZJTW6PQMVYA16YZHD28KK.scan
cd /
builtin-precompileModule /Users/admin/builder/spi-builder-workspace/.derivedData/Build/Intermediates.noindex/ExplicitPrecompiledModules/_DarwinFoundation1-63TYZJTW6PQMVYA16YZHD28KK.scan
PrecompileModule /Users/admin/builder/spi-builder-workspace/.derivedData/Build/Intermediates.noindex/ExplicitPrecompiledModules/_DarwinFoundation2-4NULAH52NPBK17R4YKBOGW5RP.scan
cd /
builtin-precompileModule /Users/admin/builder/spi-builder-workspace/.derivedData/Build/Intermediates.noindex/ExplicitPrecompiledModules/_DarwinFoundation2-4NULAH52NPBK17R4YKBOGW5RP.scan
PrecompileModule /Users/admin/builder/spi-builder-workspace/.derivedData/Build/Intermediates.noindex/ExplicitPrecompiledModules/_Builtin_limits-MH8I16VI01X1UETF68Q1I53V.scan
cd /
builtin-precompileModule /Users/admin/builder/spi-builder-workspace/.derivedData/Build/Intermediates.noindex/ExplicitPrecompiledModules/_Builtin_limits-MH8I16VI01X1UETF68Q1I53V.scan
PrecompileModule /Users/admin/builder/spi-builder-workspace/.derivedData/Build/Intermediates.noindex/ExplicitPrecompiledModules/_Builtin_stdint-4Y62XFYYLEP9GDZ77MCR576JZ.scan
cd /
builtin-precompileModule /Users/admin/builder/spi-builder-workspace/.derivedData/Build/Intermediates.noindex/ExplicitPrecompiledModules/_Builtin_stdint-4Y62XFYYLEP9GDZ77MCR576JZ.scan
PrecompileModule /Users/admin/builder/spi-builder-workspace/.derivedData/Build/Intermediates.noindex/ExplicitPrecompiledModules/_DarwinFoundation3-EOYSVSU02W6VW83EBS1013LSJ.scan
cd /
builtin-precompileModule /Users/admin/builder/spi-builder-workspace/.derivedData/Build/Intermediates.noindex/ExplicitPrecompiledModules/_DarwinFoundation3-EOYSVSU02W6VW83EBS1013LSJ.scan
PrecompileModule /Users/admin/builder/spi-builder-workspace/.derivedData/Build/Intermediates.noindex/ExplicitPrecompiledModules/_Builtin_inttypes-5CV8ZY5IJGLSC1HDGX82DTZ0R.scan
cd /
builtin-precompileModule /Users/admin/builder/spi-builder-workspace/.derivedData/Build/Intermediates.noindex/ExplicitPrecompiledModules/_Builtin_inttypes-5CV8ZY5IJGLSC1HDGX82DTZ0R.scan
PrecompileModule /Users/admin/builder/spi-builder-workspace/.derivedData/Build/Intermediates.noindex/ExplicitPrecompiledModules/Darwin-54K53J86MFBJSGJ5H8JDTJ69M.scan
cd /
builtin-precompileModule /Users/admin/builder/spi-builder-workspace/.derivedData/Build/Intermediates.noindex/ExplicitPrecompiledModules/Darwin-54K53J86MFBJSGJ5H8JDTJ69M.scan
PrecompileModule /Users/admin/builder/spi-builder-workspace/.derivedData/Build/Intermediates.noindex/ExplicitPrecompiledModules/ObjectiveC-CT47SD1VIW86G6LAAYVF760Q3.scan
cd /
builtin-precompileModule /Users/admin/builder/spi-builder-workspace/.derivedData/Build/Intermediates.noindex/ExplicitPrecompiledModules/ObjectiveC-CT47SD1VIW86G6LAAYVF760Q3.scan
PrecompileModule /Users/admin/builder/spi-builder-workspace/.derivedData/Build/Intermediates.noindex/ExplicitPrecompiledModules/os_object-1AQMGEIY2ZPVM682ZZCAVAC02.scan
cd /
builtin-precompileModule /Users/admin/builder/spi-builder-workspace/.derivedData/Build/Intermediates.noindex/ExplicitPrecompiledModules/os_object-1AQMGEIY2ZPVM682ZZCAVAC02.scan
PrecompileModule /Users/admin/builder/spi-builder-workspace/.derivedData/Build/Intermediates.noindex/ExplicitPrecompiledModules/os_workgroup-E8VQH2GT0IR8VS6LIR4O8IT59.scan
cd /
builtin-precompileModule /Users/admin/builder/spi-builder-workspace/.derivedData/Build/Intermediates.noindex/ExplicitPrecompiledModules/os_workgroup-E8VQH2GT0IR8VS6LIR4O8IT59.scan
PrecompileModule /Users/admin/builder/spi-builder-workspace/.derivedData/Build/Intermediates.noindex/ExplicitPrecompiledModules/Dispatch-34BWZXNMGWY1384ZWSWQI8G1H.scan
cd /
builtin-precompileModule /Users/admin/builder/spi-builder-workspace/.derivedData/Build/Intermediates.noindex/ExplicitPrecompiledModules/Dispatch-34BWZXNMGWY1384ZWSWQI8G1H.scan
PrecompileModule /Users/admin/builder/spi-builder-workspace/.derivedData/Build/Intermediates.noindex/ExplicitPrecompiledModules/CoreFoundation-6LZBEU9XA8X0403DJDE00VZMV.scan
cd /
builtin-precompileModule /Users/admin/builder/spi-builder-workspace/.derivedData/Build/Intermediates.noindex/ExplicitPrecompiledModules/CoreFoundation-6LZBEU9XA8X0403DJDE00VZMV.scan
PrecompileModule /Users/admin/builder/spi-builder-workspace/.derivedData/Build/Intermediates.noindex/ExplicitPrecompiledModules/XPC-C8VAINZXSINWC3J3L99C25L5X.scan
cd /
builtin-precompileModule /Users/admin/builder/spi-builder-workspace/.derivedData/Build/Intermediates.noindex/ExplicitPrecompiledModules/XPC-C8VAINZXSINWC3J3L99C25L5X.scan
PrecompileModule /Users/admin/builder/spi-builder-workspace/.derivedData/Build/Intermediates.noindex/ExplicitPrecompiledModules/CoreGraphics-82LL20AMJ6OHNFAPRFY0U9MEF.scan
cd /
builtin-precompileModule /Users/admin/builder/spi-builder-workspace/.derivedData/Build/Intermediates.noindex/ExplicitPrecompiledModules/CoreGraphics-82LL20AMJ6OHNFAPRFY0U9MEF.scan
PrecompileModule /Users/admin/builder/spi-builder-workspace/.derivedData/Build/Intermediates.noindex/ExplicitPrecompiledModules/CFNetwork-1HGD6K977YHS3L864YDSSKOGX.scan
cd /
builtin-precompileModule /Users/admin/builder/spi-builder-workspace/.derivedData/Build/Intermediates.noindex/ExplicitPrecompiledModules/CFNetwork-1HGD6K977YHS3L864YDSSKOGX.scan
PrecompileModule /Users/admin/builder/spi-builder-workspace/.derivedData/Build/Intermediates.noindex/ExplicitPrecompiledModules/Security-EY4UURDATYYFLVRAQBGQGLCV1.scan
cd /
builtin-precompileModule /Users/admin/builder/spi-builder-workspace/.derivedData/Build/Intermediates.noindex/ExplicitPrecompiledModules/Security-EY4UURDATYYFLVRAQBGQGLCV1.scan
PrecompileModule /Users/admin/builder/spi-builder-workspace/.derivedData/Build/Intermediates.noindex/ExplicitPrecompiledModules/Foundation-5K97OMGOY33AGGFPILCD83395.scan
cd /
builtin-precompileModule /Users/admin/builder/spi-builder-workspace/.derivedData/Build/Intermediates.noindex/ExplicitPrecompiledModules/Foundation-5K97OMGOY33AGGFPILCD83395.scan
PrecompileModule /Users/admin/builder/spi-builder-workspace/.derivedData/Build/Intermediates.noindex/ExplicitPrecompiledModules/CoreText-6ZNJWZBCZ0X2DD7V8DN39PIDZ.scan
cd /
builtin-precompileModule /Users/admin/builder/spi-builder-workspace/.derivedData/Build/Intermediates.noindex/ExplicitPrecompiledModules/CoreText-6ZNJWZBCZ0X2DD7V8DN39PIDZ.scan
PrecompileModule /Users/admin/builder/spi-builder-workspace/.derivedData/Build/Intermediates.noindex/ExplicitPrecompiledModules/ImageIO-EHMW75D6TVZEJK0Z25Q79TW5U.scan
cd /
builtin-precompileModule /Users/admin/builder/spi-builder-workspace/.derivedData/Build/Intermediates.noindex/ExplicitPrecompiledModules/ImageIO-EHMW75D6TVZEJK0Z25Q79TW5U.scan
PrecompileModule /Users/admin/builder/spi-builder-workspace/.derivedData/Build/Intermediates.noindex/ExplicitPrecompiledModules/UserNotifications-5VDXN8LQTCPAF0J8ZVEGP2S43.scan
cd /
builtin-precompileModule /Users/admin/builder/spi-builder-workspace/.derivedData/Build/Intermediates.noindex/ExplicitPrecompiledModules/UserNotifications-5VDXN8LQTCPAF0J8ZVEGP2S43.scan
PrecompileModule /Users/admin/builder/spi-builder-workspace/.derivedData/Build/Intermediates.noindex/ExplicitPrecompiledModules/IOSurface-EE64ANASRMNP9D30FG8QPKJE.scan
cd /
builtin-precompileModule /Users/admin/builder/spi-builder-workspace/.derivedData/Build/Intermediates.noindex/ExplicitPrecompiledModules/IOSurface-EE64ANASRMNP9D30FG8QPKJE.scan
PrecompileModule /Users/admin/builder/spi-builder-workspace/.derivedData/Build/Intermediates.noindex/ExplicitPrecompiledModules/UIUtilities-2PVE0XKGRXTO4JIGUNOKX22A.scan
cd /
builtin-precompileModule /Users/admin/builder/spi-builder-workspace/.derivedData/Build/Intermediates.noindex/ExplicitPrecompiledModules/UIUtilities-2PVE0XKGRXTO4JIGUNOKX22A.scan
PrecompileModule /Users/admin/builder/spi-builder-workspace/.derivedData/Build/Intermediates.noindex/ExplicitPrecompiledModules/_LocationEssentials-18RQ1E710NW5IUK4E3Y408OQI.scan
cd /
builtin-precompileModule /Users/admin/builder/spi-builder-workspace/.derivedData/Build/Intermediates.noindex/ExplicitPrecompiledModules/_LocationEssentials-18RQ1E710NW5IUK4E3Y408OQI.scan
PrecompileModule /Users/admin/builder/spi-builder-workspace/.derivedData/Build/Intermediates.noindex/ExplicitPrecompiledModules/FileProvider-DGJA4Z3Z2AQ0P5P9E3HNO670.scan
cd /
builtin-precompileModule /Users/admin/builder/spi-builder-workspace/.derivedData/Build/Intermediates.noindex/ExplicitPrecompiledModules/FileProvider-DGJA4Z3Z2AQ0P5P9E3HNO670.scan
PrecompileModule /Users/admin/builder/spi-builder-workspace/.derivedData/Build/Intermediates.noindex/ExplicitPrecompiledModules/Symbols-DLBW7XYV0ICF6HFJ6Z7LZOVE2.scan
cd /
builtin-precompileModule /Users/admin/builder/spi-builder-workspace/.derivedData/Build/Intermediates.noindex/ExplicitPrecompiledModules/Symbols-DLBW7XYV0ICF6HFJ6Z7LZOVE2.scan
PrecompileModule /Users/admin/builder/spi-builder-workspace/.derivedData/Build/Intermediates.noindex/ExplicitPrecompiledModules/CoreLocation-8FEFQZV6EEXWQXDV1ACP9H1ZU.scan
cd /
builtin-precompileModule /Users/admin/builder/spi-builder-workspace/.derivedData/Build/Intermediates.noindex/ExplicitPrecompiledModules/CoreLocation-8FEFQZV6EEXWQXDV1ACP9H1ZU.scan
PrecompileModule /Users/admin/builder/spi-builder-workspace/.derivedData/Build/Intermediates.noindex/ExplicitPrecompiledModules/OpenGLES-BGY4Z7RJFALY1RNCCON2ORF64.scan
cd /
builtin-precompileModule /Users/admin/builder/spi-builder-workspace/.derivedData/Build/Intermediates.noindex/ExplicitPrecompiledModules/OpenGLES-BGY4Z7RJFALY1RNCCON2ORF64.scan
PrecompileModule /Users/admin/builder/spi-builder-workspace/.derivedData/Build/Intermediates.noindex/ExplicitPrecompiledModules/Metal-9KFPEE1XQMRC3OT511TZKQGHD.scan
cd /
builtin-precompileModule /Users/admin/builder/spi-builder-workspace/.derivedData/Build/Intermediates.noindex/ExplicitPrecompiledModules/Metal-9KFPEE1XQMRC3OT511TZKQGHD.scan
PrecompileModule /Users/admin/builder/spi-builder-workspace/.derivedData/Build/Intermediates.noindex/ExplicitPrecompiledModules/CoreMotion-C48DVJ978X7C2XNKYCU9S2PQF.scan
cd /
builtin-precompileModule /Users/admin/builder/spi-builder-workspace/.derivedData/Build/Intermediates.noindex/ExplicitPrecompiledModules/CoreMotion-C48DVJ978X7C2XNKYCU9S2PQF.scan
PrecompileModule /Users/admin/builder/spi-builder-workspace/.derivedData/Build/Intermediates.noindex/ExplicitPrecompiledModules/CoreVideo-CNHT7FZYULCV4ZYXEI43K24FL.scan
cd /
builtin-precompileModule /Users/admin/builder/spi-builder-workspace/.derivedData/Build/Intermediates.noindex/ExplicitPrecompiledModules/CoreVideo-CNHT7FZYULCV4ZYXEI43K24FL.scan
PrecompileModule /Users/admin/builder/spi-builder-workspace/.derivedData/Build/Intermediates.noindex/ExplicitPrecompiledModules/QuartzCore-1STLSM1REQE3E0XFHXHAMDEQY.scan
cd /
builtin-precompileModule /Users/admin/builder/spi-builder-workspace/.derivedData/Build/Intermediates.noindex/ExplicitPrecompiledModules/QuartzCore-1STLSM1REQE3E0XFHXHAMDEQY.scan
PrecompileModule /Users/admin/builder/spi-builder-workspace/.derivedData/Build/Intermediates.noindex/ExplicitPrecompiledModules/CoreImage-7KAWWHKM9PX5WFK1AQVSBS3K8.scan
cd /
builtin-precompileModule /Users/admin/builder/spi-builder-workspace/.derivedData/Build/Intermediates.noindex/ExplicitPrecompiledModules/CoreImage-7KAWWHKM9PX5WFK1AQVSBS3K8.scan
PrecompileModule /Users/admin/builder/spi-builder-workspace/.derivedData/Build/Intermediates.noindex/ExplicitPrecompiledModules/UIKit-3FDY32SUWOZ9AT8KENGULQA3X.scan
cd /
builtin-precompileModule /Users/admin/builder/spi-builder-workspace/.derivedData/Build/Intermediates.noindex/ExplicitPrecompiledModules/UIKit-3FDY32SUWOZ9AT8KENGULQA3X.scan
CompileC /Users/admin/builder/spi-builder-workspace/.derivedData/Build/Intermediates.noindex/TPKeyboardAvoiding.build/Debug-xros/TPKeyboardAvoiding-t.build/Objects-normal/arm64/TPKeyboardAvoidingTableView.o /Users/admin/builder/spi-builder-workspace/TPKeyboardAvoiding/TPKeyboardAvoidingTableView.m normal arm64 objective-c com.apple.compilers.llvm.clang.1_0.compiler (in target 'TPKeyboardAvoiding' from project 'TPKeyboardAvoiding')
cd /Users/admin/builder/spi-builder-workspace/.swiftpm/xcode
Using response file: /Users/admin/builder/spi-builder-workspace/.derivedData/Build/Intermediates.noindex/TPKeyboardAvoiding.build/Debug-xros/TPKeyboardAvoiding-t.build/Objects-normal/arm64/e6072d4f65d7061329687fe24e3d63a7-common-args.resp
/Applications/Xcode-27.0.0-Release.Candidate.app/Contents/Developer/Toolchains/XcodeDefault.xctoolchain/usr/bin/clang -x objective-c -ivfsstatcache /Users/admin/builder/spi-builder-workspace/.derivedData/SDKStatCaches.noindex/xros27.0-24M361-e829b21a6f8c9b70876ba0858053c044735bd543db762f57723cac368afd1ce4.sdkstatcache -target arm64-apple-xros1.0 -fmessage-length\=0 -fdiagnostics-show-note-include-stack -fmacro-backtrace-limit\=0 -fno-color-diagnostics -fmodules-prune-interval\=86400 -fmodules-prune-after\=345600 -fbuild-session-file\=/Users/admin/builder/spi-builder-workspace/.derivedData/ModuleCache.noindex/Session.modulevalidation -fmodules-validate-once-per-build-session -Wnon-modular-include-in-framework-module -Werror\=non-modular-include-in-framework-module -Wno-trigraphs -Wno-missing-field-initializers -Wno-missing-prototypes -Wno-return-type -Wno-implicit-atomic-properties -Wno-objc-interface-ivars -Wno-arc-repeated-use-of-weak -Wno-missing-braces -Wparentheses -Wswitch -Wno-unused-function -Wno-unused-label -Wno-unused-parameter -Wno-unused-variable -Wunused-value -Wno-empty-body -Wno-uninitialized -Wno-unknown-pragmas -Wno-shadow -Wno-four-char-constants -Wno-conversion -Wno-constant-conversion -Wno-int-conversion -Wno-bool-conversion -Wno-enum-conversion -Wno-float-conversion -Wno-non-literal-null-conversion -Wno-objc-literal-conversion -Wshorten-64-to-32 -Wpointer-sign -Wno-newline-eof -Wno-selector -Wno-strict-selector-match -Wno-undeclared-selector -Wno-deprecated-implementations -Wno-implicit-fallthrough -isysroot /Applications/Xcode-27.0.0-Release.Candidate.app/Contents/Developer/Platforms/XROS.platform/Developer/SDKs/XROS27.0.sdk -fstrict-aliasing -Wprotocol -Wdeprecated-declarations -Wno-sign-conversion -Wno-infinite-recursion -Wno-comma -Wno-block-capture-autoreleasing -Wno-strict-prototypes -Wno-semicolon-before-method-body -index-store-path /Users/admin/builder/spi-builder-workspace/.derivedData/Index.noindex/DataStore @/Users/admin/builder/spi-builder-workspace/.derivedData/Build/Intermediates.noindex/TPKeyboardAvoiding.build/Debug-xros/TPKeyboardAvoiding-t.build/Objects-normal/arm64/e6072d4f65d7061329687fe24e3d63a7-common-args.resp -MMD -MT dependencies -MF /Users/admin/builder/spi-builder-workspace/.derivedData/Build/Intermediates.noindex/TPKeyboardAvoiding.build/Debug-xros/TPKeyboardAvoiding-t.build/Objects-normal/arm64/TPKeyboardAvoidingTableView.d --serialize-diagnostics /Users/admin/builder/spi-builder-workspace/.derivedData/Build/Intermediates.noindex/TPKeyboardAvoiding.build/Debug-xros/TPKeyboardAvoiding-t.build/Objects-normal/arm64/TPKeyboardAvoidingTableView.dia -c /Users/admin/builder/spi-builder-workspace/TPKeyboardAvoiding/TPKeyboardAvoidingTableView.m -o /Users/admin/builder/spi-builder-workspace/.derivedData/Build/Intermediates.noindex/TPKeyboardAvoiding.build/Debug-xros/TPKeyboardAvoiding-t.build/Objects-normal/arm64/TPKeyboardAvoidingTableView.o -index-unit-output-path /TPKeyboardAvoiding.build/Debug-xros/TPKeyboardAvoiding-t.build/Objects-normal/arm64/TPKeyboardAvoidingTableView.o
Failed frontend command:
/Applications/Xcode-27.0.0-Release.Candidate.app/Contents/Developer/Toolchains/XcodeDefault.xctoolchain/usr/bin/clang -cc1 -Wundef-prefix\=TARGET_OS_ -fdiagnostics-show-note-include-stack -fmacro-backtrace-limit\=0 -ferror-limit 19 -serialize-diagnostic-file /Users/admin/builder/spi-builder-workspace/.derivedData/Build/Intermediates.noindex/TPKeyboardAvoiding.build/Debug-xros/TPKeyboardAvoiding-t.build/Objects-normal/arm64/TPKeyboardAvoidingTableView.dia -Wdeprecated-objc-isa-usage -Werror\=deprecated-objc-isa-usage -Werror\=implicit-function-declaration -Wnon-modular-include-in-framework-module -Werror\=non-modular-include-in-framework-module -Wno-trigraphs -Wno-missing-field-initializers -Wno-missing-prototypes -Wno-return-type -Wno-implicit-atomic-properties -Wno-objc-interface-ivars -Wno-arc-repeated-use-of-weak -Wno-missing-braces -Wparentheses -Wswitch -Wno-unused-function -Wno-unused-label -Wno-unused-parameter -Wno-unused-variable -Wunused-value -Wno-empty-body -Wno-uninitialized -Wno-unknown-pragmas -Wno-shadow -Wno-four-char-constants -Wno-conversion -Wno-constant-conversion -Wno-int-conversion -Wno-bool-conversion -Wno-enum-conversion -Wno-float-conversion -Wno-non-literal-null-conversion -Wno-objc-literal-conversion -Wshorten-64-to-32 -Wpointer-sign -Wno-newline-eof -Wno-selector -Wno-strict-selector-match -Wno-undeclared-selector -Wno-deprecated-implementations -Wno-implicit-fallthrough -Wprotocol -Wdeprecated-declarations -Wno-sign-conversion -Wno-infinite-recursion -Wno-comma -Wno-block-capture-autoreleasing -Wno-strict-prototypes -Wno-semicolon-before-method-body -Wno-elaborated-enum-base -Wno-error\=allocator-wrappers -index-store-path /Users/admin/builder/spi-builder-workspace/.derivedData/Index.noindex/DataStore -index-unit-output-path /TPKeyboardAvoiding.build/Debug-xros/TPKeyboardAvoiding-t.build/Objects-normal/arm64/TPKeyboardAvoidingTableView.o -fmodule-map-file\=/Users/admin/builder/spi-builder-workspace/TPKeyboardAvoiding/include/module.modulemap -fmodule-map-file\=/Applications/Xcode-27.0.0-Release.Candidate.app/Contents/Developer/Platforms/XROS.platform/Developer/SDKs/XROS.sdk/System/Library/Frameworks/UIKit.framework/Modules/module.modulemap -o /Users/admin/builder/spi-builder-workspace/.derivedData/Build/Intermediates.noindex/TPKeyboardAvoiding.build/Debug-xros/TPKeyboardAvoiding-t.build/Objects-normal/arm64/TPKeyboardAvoidingTableView.o -disable-free -emit-obj -x objective-c /Users/admin/builder/spi-builder-workspace/TPKeyboardAvoiding/TPKeyboardAvoidingTableView.m -target-abi darwinpcs -target-cpu apple-a12 -target-feature +v8.3a -target-feature +aes -target-feature +complxnum -target-feature +crc -target-feature +fp-armv8 -target-feature +fullfp16 -target-feature +jsconv -target-feature +lse -target-feature +neon -target-feature +pauth -target-feature +perfmon -target-feature +ras -target-feature +rcpc -target-feature +rdm -target-feature +sha2 -triple arm64-apple-xros1.0.0 -target-linker-version 1166.2 -target-sdk-version\=27.0 -fmodules-validate-system-headers -fno-modulemap-allow-subdirectory-search -isysroot /Applications/Xcode-27.0.0-Release.Candidate.app/Contents/Developer/Platforms/XROS.platform/Developer/SDKs/XROS27.0.sdk -resource-dir /Applications/Xcode-27.0.0-Release.Candidate.app/Contents/Developer/Toolchains/XcodeDefault.xctoolchain/usr/lib/clang/21 -fmodule-format\=obj -fmodule-file\=UIKit\=/Users/admin/builder/spi-builder-workspace/.derivedData/Build/Intermediates.noindex/ExplicitPrecompiledModules/UIKit-3FDY32SUWOZ9AT8KENGULQA3X.pcm -I /Users/admin/builder/spi-builder-workspace/.derivedData/Build/Products/Debug-xros/include -I /Users/admin/builder/spi-builder-workspace/TPKeyboardAvoiding/include -I /Users/admin/builder/spi-builder-workspace/.derivedData/Build/Intermediates.noindex/TPKeyboardAvoiding.build/Debug-xros/TPKeyboardAvoiding-t.build/DerivedSources-normal/arm64 -I /Users/admin/builder/spi-builder-workspace/.derivedData/Build/Intermediates.noindex/TPKeyboardAvoiding.build/Debug-xros/TPKeyboardAvoiding-t.build/DerivedSources/arm64 -I /Users/admin/builder/spi-builder-workspace/.derivedData/Build/Intermediates.noindex/TPKeyboardAvoiding.build/Debug-xros/TPKeyboardAvoiding-t.build/DerivedSources -F /Users/admin/builder/spi-builder-workspace/.derivedData/Build/Products/Debug-xros -iframework /Applications/Xcode-27.0.0-Release.Candidate.app/Contents/Developer/Platforms/XROS.platform/Developer/Library/Frameworks -iframework /Applications/Xcode-27.0.0-Release.Candidate.app/Contents/Developer/Platforms/XROS.platform/Developer/SDKs/XROS27.0.sdk/Developer/Library/Frameworks -internal-isystem /Applications/Xcode-27.0.0-Release.Candidate.app/Contents/Developer/Platforms/XROS.platform/Developer/SDKs/XROS27.0.sdk/usr/local/include -internal-isystem /Applications/Xcode-27.0.0-Release.Candidate.app/Contents/Developer/Toolchains/XcodeDefault.xctoolchain/usr/lib/clang/21/include -internal-externc-isystem /Applications/Xcode-27.0.0-Release.Candidate.app/Contents/Developer/Platforms/XROS.platform/Developer/SDKs/XROS27.0.sdk/usr/include -internal-externc-isystem /Applications/Xcode-27.0.0-Release.Candidate.app/Contents/Developer/Toolchains/XcodeDefault.xctoolchain/usr/include -internal-iframework /Applications/Xcode-27.0.0-Release.Candidate.app/Contents/Developer/Platforms/XROS.platform/Developer/SDKs/XROS27.0.sdk/System/Library/Frameworks -internal-iframework /Applications/Xcode-27.0.0-Release.Candidate.app/Contents/Developer/Platforms/XROS.platform/Developer/SDKs/XROS27.0.sdk/System/Library/SubFrameworks -internal-iframework /Applications/Xcode-27.0.0-Release.Candidate.app/Contents/Developer/Platforms/XROS.platform/Developer/SDKs/XROS27.0.sdk/Library/Frameworks -ivfsstatcache /Users/admin/builder/spi-builder-workspace/.derivedData/SDKStatCaches.noindex/xros27.0-24M361-e829b21a6f8c9b70876ba0858053c044735bd543db762f57723cac368afd1ce4.sdkstatcache -std\=gnu11 -fexceptions -fskip-odr-check-in-gmf -fmodules -fmodule-name\=TPKeyboardAvoiding -fno-implicit-modules -fobjc-exceptions -fmax-type-align\=16 -fpascal-strings -fstack-check -ftrivial-auto-var-init\=zero -fvisibility-inlines-hidden-static-local-var -mdarwin-stkchk-strong-link -fno-odr-hash-protocols -pic-level 2 -fencode-extended-block-signature -stack-protector 1 -fcompatibility-qualified-id-block-type-checking -fobjc-runtime\=ios-17.0.0 -fobjc-arc -fobjc-runtime-has-weak -fobjc-weak -fgnuc-version\=4.2.1 -fblocks -fno-convergent-functions -ffp-contract\=on -fclang-abi-compat\=4.0 -fno-experimental-relative-c++-abi-vtables -fno-file-reproducible -clang-vendor-feature\=+disableNonDependentMemberExprInCurrentInstantiation -clang-vendor-feature\=+enableAggressiveVLAFolding -clang-vendor-feature\=+revert09abecef7bbf -clang-vendor-feature\=+thisNoAlignAttr -clang-vendor-feature\=+thisNoNullAttr -clang-vendor-feature\=+disableAtImportPrivateFrameworkInImplementationError -O0 -fno-assume-unique-vtables -fdebug-compilation-dir\=/Users/admin/builder/spi-builder-workspace/.swiftpm/xcode -fcoverage-compilation-dir\=/Users/admin/builder/spi-builder-workspace/.swiftpm/xcode -fcommon -fdwarf2-cfi-asm -fobjc-msgsend-selector-stubs -fregister-global-dtors-with-atexit -fno-strict-return -dwarf-version\=4 -debugger-tuning\=lldb -disable-llvm-verifier -dwarf-ext-refs -funwind-tables\=1 -enable-tlsdesc -clear-ast-before-backend -discard-value-names -main-file-name TPKeyboardAvoidingTableView.m -mframe-pointer\=non-leaf -debug-info-kind\=standalone -fno-loop-interchange -fdiagnostics-hotness-threshold\=0 -fdiagnostics-misexpect-tolerance\=0 -D DEBUG\=1 -D OBJC_OLD_DISPATCH_PROTOTYPES\=1 -D SWIFT_PACKAGE -D Xcode -fdefine-target-os-macros -MT dependencies -dependency-file /Users/admin/builder/spi-builder-workspace/.derivedData/Build/Intermediates.noindex/TPKeyboardAvoiding.build/Debug-xros/TPKeyboardAvoiding-t.build/Objects-normal/arm64/TPKeyboardAvoidingTableView.d -skip-unused-modulemap-deps -module-file-deps\=direct -fdepfile-entry\=/Applications/Xcode-27.0.0-Release.Candidate.app/Contents/Developer/Platforms/XROS.platform/Developer/SDKs/XROS27.0.sdk/SDKSettings.json
CompileC /Users/admin/builder/spi-builder-workspace/.derivedData/Build/Intermediates.noindex/TPKeyboardAvoiding.build/Debug-xros/TPKeyboardAvoiding-t.build/Objects-normal/arm64/TPKeyboardAvoidingScrollView.o /Users/admin/builder/spi-builder-workspace/TPKeyboardAvoiding/TPKeyboardAvoidingScrollView.m normal arm64 objective-c com.apple.compilers.llvm.clang.1_0.compiler (in target 'TPKeyboardAvoiding' from project 'TPKeyboardAvoiding')
cd /Users/admin/builder/spi-builder-workspace/.swiftpm/xcode
Using response file: /Users/admin/builder/spi-builder-workspace/.derivedData/Build/Intermediates.noindex/TPKeyboardAvoiding.build/Debug-xros/TPKeyboardAvoiding-t.build/Objects-normal/arm64/e6072d4f65d7061329687fe24e3d63a7-common-args.resp
/Applications/Xcode-27.0.0-Release.Candidate.app/Contents/Developer/Toolchains/XcodeDefault.xctoolchain/usr/bin/clang -x objective-c -ivfsstatcache /Users/admin/builder/spi-builder-workspace/.derivedData/SDKStatCaches.noindex/xros27.0-24M361-e829b21a6f8c9b70876ba0858053c044735bd543db762f57723cac368afd1ce4.sdkstatcache -target arm64-apple-xros1.0 -fmessage-length\=0 -fdiagnostics-show-note-include-stack -fmacro-backtrace-limit\=0 -fno-color-diagnostics -fmodules-prune-interval\=86400 -fmodules-prune-after\=345600 -fbuild-session-file\=/Users/admin/builder/spi-builder-workspace/.derivedData/ModuleCache.noindex/Session.modulevalidation -fmodules-validate-once-per-build-session -Wnon-modular-include-in-framework-module -Werror\=non-modular-include-in-framework-module -Wno-trigraphs -Wno-missing-field-initializers -Wno-missing-prototypes -Wno-return-type -Wno-implicit-atomic-properties -Wno-objc-interface-ivars -Wno-arc-repeated-use-of-weak -Wno-missing-braces -Wparentheses -Wswitch -Wno-unused-function -Wno-unused-label -Wno-unused-parameter -Wno-unused-variable -Wunused-value -Wno-empty-body -Wno-uninitialized -Wno-unknown-pragmas -Wno-shadow -Wno-four-char-constants -Wno-conversion -Wno-constant-conversion -Wno-int-conversion -Wno-bool-conversion -Wno-enum-conversion -Wno-float-conversion -Wno-non-literal-null-conversion -Wno-objc-literal-conversion -Wshorten-64-to-32 -Wpointer-sign -Wno-newline-eof -Wno-selector -Wno-strict-selector-match -Wno-undeclared-selector -Wno-deprecated-implementations -Wno-implicit-fallthrough -isysroot /Applications/Xcode-27.0.0-Release.Candidate.app/Contents/Developer/Platforms/XROS.platform/Developer/SDKs/XROS27.0.sdk -fstrict-aliasing -Wprotocol -Wdeprecated-declarations -Wno-sign-conversion -Wno-infinite-recursion -Wno-comma -Wno-block-capture-autoreleasing -Wno-strict-prototypes -Wno-semicolon-before-method-body -index-store-path /Users/admin/builder/spi-builder-workspace/.derivedData/Index.noindex/DataStore @/Users/admin/builder/spi-builder-workspace/.derivedData/Build/Intermediates.noindex/TPKeyboardAvoiding.build/Debug-xros/TPKeyboardAvoiding-t.build/Objects-normal/arm64/e6072d4f65d7061329687fe24e3d63a7-common-args.resp -MMD -MT dependencies -MF /Users/admin/builder/spi-builder-workspace/.derivedData/Build/Intermediates.noindex/TPKeyboardAvoiding.build/Debug-xros/TPKeyboardAvoiding-t.build/Objects-normal/arm64/TPKeyboardAvoidingScrollView.d --serialize-diagnostics /Users/admin/builder/spi-builder-workspace/.derivedData/Build/Intermediates.noindex/TPKeyboardAvoiding.build/Debug-xros/TPKeyboardAvoiding-t.build/Objects-normal/arm64/TPKeyboardAvoidingScrollView.dia -c /Users/admin/builder/spi-builder-workspace/TPKeyboardAvoiding/TPKeyboardAvoidingScrollView.m -o /Users/admin/builder/spi-builder-workspace/.derivedData/Build/Intermediates.noindex/TPKeyboardAvoiding.build/Debug-xros/TPKeyboardAvoiding-t.build/Objects-normal/arm64/TPKeyboardAvoidingScrollView.o -index-unit-output-path /TPKeyboardAvoiding.build/Debug-xros/TPKeyboardAvoiding-t.build/Objects-normal/arm64/TPKeyboardAvoidingScrollView.o
CompileC /Users/admin/builder/spi-builder-workspace/.derivedData/Build/Intermediates.noindex/TPKeyboardAvoiding.build/Debug-xros/TPKeyboardAvoiding-t.build/Objects-normal/arm64/UIScrollView+TPKeyboardAvoidingAdditions.o /Users/admin/builder/spi-builder-workspace/TPKeyboardAvoiding/UIScrollView+TPKeyboardAvoidingAdditions.m normal arm64 objective-c com.apple.compilers.llvm.clang.1_0.compiler (in target 'TPKeyboardAvoiding' from project 'TPKeyboardAvoiding')
cd /Users/admin/builder/spi-builder-workspace/.swiftpm/xcode
Using response file: /Users/admin/builder/spi-builder-workspace/.derivedData/Build/Intermediates.noindex/TPKeyboardAvoiding.build/Debug-xros/TPKeyboardAvoiding-t.build/Objects-normal/arm64/e6072d4f65d7061329687fe24e3d63a7-common-args.resp
/Applications/Xcode-27.0.0-Release.Candidate.app/Contents/Developer/Toolchains/XcodeDefault.xctoolchain/usr/bin/clang -x objective-c -ivfsstatcache /Users/admin/builder/spi-builder-workspace/.derivedData/SDKStatCaches.noindex/xros27.0-24M361-e829b21a6f8c9b70876ba0858053c044735bd543db762f57723cac368afd1ce4.sdkstatcache -target arm64-apple-xros1.0 -fmessage-length\=0 -fdiagnostics-show-note-include-stack -fmacro-backtrace-limit\=0 -fno-color-diagnostics -fmodules-prune-interval\=86400 -fmodules-prune-after\=345600 -fbuild-session-file\=/Users/admin/builder/spi-builder-workspace/.derivedData/ModuleCache.noindex/Session.modulevalidation -fmodules-validate-once-per-build-session -Wnon-modular-include-in-framework-module -Werror\=non-modular-include-in-framework-module -Wno-trigraphs -Wno-missing-field-initializers -Wno-missing-prototypes -Wno-return-type -Wno-implicit-atomic-properties -Wno-objc-interface-ivars -Wno-arc-repeated-use-of-weak -Wno-missing-braces -Wparentheses -Wswitch -Wno-unused-function -Wno-unused-label -Wno-unused-parameter -Wno-unused-variable -Wunused-value -Wno-empty-body -Wno-uninitialized -Wno-unknown-pragmas -Wno-shadow -Wno-four-char-constants -Wno-conversion -Wno-constant-conversion -Wno-int-conversion -Wno-bool-conversion -Wno-enum-conversion -Wno-float-conversion -Wno-non-literal-null-conversion -Wno-objc-literal-conversion -Wshorten-64-to-32 -Wpointer-sign -Wno-newline-eof -Wno-selector -Wno-strict-selector-match -Wno-undeclared-selector -Wno-deprecated-implementations -Wno-implicit-fallthrough -isysroot /Applications/Xcode-27.0.0-Release.Candidate.app/Contents/Developer/Platforms/XROS.platform/Developer/SDKs/XROS27.0.sdk -fstrict-aliasing -Wprotocol -Wdeprecated-declarations -Wno-sign-conversion -Wno-infinite-recursion -Wno-comma -Wno-block-capture-autoreleasing -Wno-strict-prototypes -Wno-semicolon-before-method-body -index-store-path /Users/admin/builder/spi-builder-workspace/.derivedData/Index.noindex/DataStore @/Users/admin/builder/spi-builder-workspace/.derivedData/Build/Intermediates.noindex/TPKeyboardAvoiding.build/Debug-xros/TPKeyboardAvoiding-t.build/Objects-normal/arm64/e6072d4f65d7061329687fe24e3d63a7-common-args.resp -MMD -MT dependencies -MF /Users/admin/builder/spi-builder-workspace/.derivedData/Build/Intermediates.noindex/TPKeyboardAvoiding.build/Debug-xros/TPKeyboardAvoiding-t.build/Objects-normal/arm64/UIScrollView+TPKeyboardAvoidingAdditions.d --serialize-diagnostics /Users/admin/builder/spi-builder-workspace/.derivedData/Build/Intermediates.noindex/TPKeyboardAvoiding.build/Debug-xros/TPKeyboardAvoiding-t.build/Objects-normal/arm64/UIScrollView+TPKeyboardAvoidingAdditions.dia -c /Users/admin/builder/spi-builder-workspace/TPKeyboardAvoiding/UIScrollView+TPKeyboardAvoidingAdditions.m -o /Users/admin/builder/spi-builder-workspace/.derivedData/Build/Intermediates.noindex/TPKeyboardAvoiding.build/Debug-xros/TPKeyboardAvoiding-t.build/Objects-normal/arm64/UIScrollView+TPKeyboardAvoidingAdditions.o -index-unit-output-path /TPKeyboardAvoiding.build/Debug-xros/TPKeyboardAvoiding-t.build/Objects-normal/arm64/UIScrollView+TPKeyboardAvoidingAdditions.o
/Users/admin/builder/spi-builder-workspace/TPKeyboardAvoiding/UIScrollView+TPKeyboardAvoidingAdditions.m:102:17: error: 'beginAnimations:context:' is unavailable: not available on visionOS
102 | [UIView beginAnimations:nil context:NULL];
| ^
In module 'UIKit' imported from /Users/admin/builder/spi-builder-workspace/TPKeyboardAvoiding/UIScrollView+TPKeyboardAvoidingAdditions.h:9:
/Applications/Xcode-27.0.0-Release.Candidate.app/Contents/Developer/Platforms/XROS.platform/Developer/SDKs/XROS27.0.sdk/System/Library/Frameworks/UIKit.framework/Headers/UIView.h:673:1: note: 'beginAnimations:context:' has been explicitly marked unavailable here
673 | + (void)beginAnimations:(nullable NSString *)animationID context:(nullable void *)context API_DEPRECATED("Use the block-based animation API instead", ios(2.0, 13.0)) API_UNAVAILABLE(visionos, watchos);
| ^
/Users/admin/builder/spi-builder-workspace/TPKeyboardAvoiding/UIScrollView+TPKeyboardAvoidingAdditions.m:104:17: error: 'setAnimationDelegate:' is unavailable: not available on visionOS
104 | [UIView setAnimationDelegate:self];
| ^
In module 'UIKit' imported from /Users/admin/builder/spi-builder-workspace/TPKeyboardAvoiding/UIScrollView+TPKeyboardAvoidingAdditions.h:9:
/Applications/Xcode-27.0.0-Release.Candidate.app/Contents/Developer/Platforms/XROS.platform/Developer/SDKs/XROS27.0.sdk/System/Library/Frameworks/UIKit.framework/Headers/UIView.h:675:1: note: 'setAnimationDelegate:' has been explicitly marked unavailable here
675 | + (void)setAnimationDelegate:(nullable id)delegate API_DEPRECATED("Use the block-based animation API instead", ios(2.0, 13.0)) API_UNAVAILABLE(visionos, watchos);
| ^
/Users/admin/builder/spi-builder-workspace/TPKeyboardAvoiding/UIScrollView+TPKeyboardAvoidingAdditions.m:105:17: error: 'setAnimationWillStartSelector:' is unavailable: not available on visionOS
105 | [UIView setAnimationWillStartSelector:@selector(keyboardViewAppear:context:)];
| ^
In module 'UIKit' imported from /Users/admin/builder/spi-builder-workspace/TPKeyboardAvoiding/UIScrollView+TPKeyboardAvoidingAdditions.h:9:
/Applications/Xcode-27.0.0-Release.Candidate.app/Contents/Developer/Platforms/XROS.platform/Developer/SDKs/XROS27.0.sdk/System/Library/Frameworks/UIKit.framework/Headers/UIView.h:676:1: note: 'setAnimationWillStartSelector:' has been explicitly marked unavailable here
676 | + (void)setAnimationWillStartSelector:(nullable SEL)selector API_DEPRECATED("Use the block-based animation API instead", ios(2.0, 13.0)) API_UNAVAILABLE(visionos, watchos);
| ^
/Users/admin/builder/spi-builder-workspace/TPKeyboardAvoiding/UIScrollView+TPKeyboardAvoidingAdditions.m:106:17: error: 'setAnimationDidStopSelector:' is unavailable: not available on visionOS
106 | [UIView setAnimationDidStopSelector:@selector(keyboardViewDisappear:finished:context:)];
| ^
In module 'UIKit' imported from /Users/admin/builder/spi-builder-workspace/TPKeyboardAvoiding/UIScrollView+TPKeyboardAvoidingAdditions.h:9:
/Applications/Xcode-27.0.0-Release.Candidate.app/Contents/Developer/Platforms/XROS.platform/Developer/SDKs/XROS27.0.sdk/System/Library/Frameworks/UIKit.framework/Headers/UIView.h:677:1: note: 'setAnimationDidStopSelector:' has been explicitly marked unavailable here
677 | + (void)setAnimationDidStopSelector:(nullable SEL)selector API_DEPRECATED("Use the block-based animation API instead", ios(2.0, 13.0)) API_UNAVAILABLE(visionos, watchos);
| ^
/Users/admin/builder/spi-builder-workspace/TPKeyboardAvoiding/UIScrollView+TPKeyboardAvoidingAdditions.m:108:17: error: 'setAnimationCurve:' is unavailable: not available on visionOS
108 | [UIView setAnimationCurve:[[[notification userInfo] objectForKey:UIKeyboardAnimationCurveUserInfoKey] intValue]];
| ^
In module 'UIKit' imported from /Users/admin/builder/spi-builder-workspace/TPKeyboardAvoiding/UIScrollView+TPKeyboardAvoidingAdditions.h:9:
/Applications/Xcode-27.0.0-Release.Candidate.app/Contents/Developer/Platforms/XROS.platform/Developer/SDKs/XROS27.0.sdk/System/Library/Frameworks/UIKit.framework/Headers/UIView.h:681:1: note: 'setAnimationCurve:' has been explicitly marked unavailable here
681 | + (void)setAnimationCurve:(UIViewAnimationCurve)curve API_DEPRECATED("Use the block-based animation API instead", ios(2.0, 13.0)) API_UNAVAILABLE(visionos, watchos);
| ^
/Users/admin/builder/spi-builder-workspace/TPKeyboardAvoiding/UIScrollView+TPKeyboardAvoidingAdditions.m:109:17: error: 'setAnimationDuration:' is unavailable: not available on visionOS
109 | [UIView setAnimationDuration:[[[notification userInfo] objectForKey:UIKeyboardAnimationDurationUserInfoKey] floatValue]];
| ^
In module 'UIKit' imported from /Users/admin/builder/spi-builder-workspace/TPKeyboardAvoiding/UIScrollView+TPKeyboardAvoidingAdditions.h:9:
/Applications/Xcode-27.0.0-Release.Candidate.app/Contents/Developer/Platforms/XROS.platform/Developer/SDKs/XROS27.0.sdk/System/Library/Frameworks/UIKit.framework/Headers/UIView.h:678:1: note: 'setAnimationDuration:' has been explicitly marked unavailable here
678 | + (void)setAnimationDuration:(NSTimeInterval)duration API_DEPRECATED("Use the block-based animation API instead", ios(2.0, 13.0)) API_UNAVAILABLE(visionos, watchos);
| ^
/Users/admin/builder/spi-builder-workspace/TPKeyboardAvoiding/UIScrollView+TPKeyboardAvoidingAdditions.m:110:17: error: 'setAnimationBeginsFromCurrentState:' is unavailable: not available on visionOS
110 | [UIView setAnimationBeginsFromCurrentState:YES];
| ^
In module 'UIKit' imported from /Users/admin/builder/spi-builder-workspace/TPKeyboardAvoiding/UIScrollView+TPKeyboardAvoidingAdditions.h:9:
/Applications/Xcode-27.0.0-Release.Candidate.app/Contents/Developer/Platforms/XROS.platform/Developer/SDKs/XROS27.0.sdk/System/Library/Frameworks/UIKit.framework/Headers/UIView.h:684:1: note: 'setAnimationBeginsFromCurrentState:' has been explicitly marked unavailable here
684 | + (void)setAnimationBeginsFromCurrentState:(BOOL)fromCurrentState API_DEPRECATED("Use the block-based animation API instead", ios(2.0, 13.0)) API_UNAVAILABLE(visionos, watchos);
| ^
/Users/admin/builder/spi-builder-workspace/TPKeyboardAvoiding/UIScrollView+TPKeyboardAvoidingAdditions.m:126:17: error: 'commitAnimations' is unavailable: not available on visionOS
126 | [UIView commitAnimations];
| ^
In module 'UIKit' imported from /Users/admin/builder/spi-builder-workspace/TPKeyboardAvoiding/UIScrollView+TPKeyboardAvoidingAdditions.h:9:
/Applications/Xcode-27.0.0-Release.Candidate.app/Contents/Developer/Platforms/XROS.platform/Developer/SDKs/XROS27.0.sdk/System/Library/Frameworks/UIKit.framework/Headers/UIView.h:674:1: note: 'commitAnimations' has been explicitly marked unavailable here
674 | + (void)commitAnimations API_DEPRECATED("Use the block-based animation API instead", ios(2.0, 13.0)) API_UNAVAILABLE(visionos, watchos);
| ^
/Users/admin/builder/spi-builder-workspace/TPKeyboardAvoiding/UIScrollView+TPKeyboardAvoidingAdditions.m:161:13: error: 'beginAnimations:context:' is unavailable: not available on visionOS
161 | [UIView beginAnimations:nil context:NULL];
| ^
In module 'UIKit' imported from /Users/admin/builder/spi-builder-workspace/TPKeyboardAvoiding/UIScrollView+TPKeyboardAvoidingAdditions.h:9:
/Applications/Xcode-27.0.0-Release.Candidate.app/Contents/Developer/Platforms/XROS.platform/Developer/SDKs/XROS27.0.sdk/System/Library/Frameworks/UIKit.framework/Headers/UIView.h:673:1: note: 'beginAnimations:context:' has been explicitly marked unavailable here
673 | + (void)beginAnimations:(nullable NSString *)animationID context:(nullable void *)context API_DEPRECATED("Use the block-based animation API instead", ios(2.0, 13.0)) API_UNAVAILABLE(visionos, watchos);
| ^
/Users/admin/builder/spi-builder-workspace/TPKeyboardAvoiding/UIScrollView+TPKeyboardAvoidingAdditions.m:162:13: error: 'setAnimationCurve:' is unavailable: not available on visionOS
162 | [UIView setAnimationCurve:[[[notification userInfo] objectForKey:UIKeyboardAnimationCurveUserInfoKey] intValue]];
| ^
In module 'UIKit' imported from /Users/admin/builder/spi-builder-workspace/TPKeyboardAvoiding/UIScrollView+TPKeyboardAvoidingAdditions.h:9:
/Applications/Xcode-27.0.0-Release.Candidate.app/Contents/Developer/Platforms/XROS.platform/Developer/SDKs/XROS27.0.sdk/System/Library/Frameworks/UIKit.framework/Headers/UIView.h:681:1: note: 'setAnimationCurve:' has been explicitly marked unavailable here
681 | + (void)setAnimationCurve:(UIViewAnimationCurve)curve API_DEPRECATED("Use the block-based animation API instead", ios(2.0, 13.0)) API_UNAVAILABLE(visionos, watchos);
| ^
/Users/admin/builder/spi-builder-workspace/TPKeyboardAvoiding/UIScrollView+TPKeyboardAvoidingAdditions.m:163:13: error: 'setAnimationDuration:' is unavailable: not available on visionOS
163 | [UIView setAnimationDuration:[[[notification userInfo] objectForKey:UIKeyboardAnimationDurationUserInfoKey] floatValue]];
| ^
In module 'UIKit' imported from /Users/admin/builder/spi-builder-workspace/TPKeyboardAvoiding/UIScrollView+TPKeyboardAvoidingAdditions.h:9:
/Applications/Xcode-27.0.0-Release.Candidate.app/Contents/Developer/Platforms/XROS.platform/Developer/SDKs/XROS27.0.sdk/System/Library/Frameworks/UIKit.framework/Headers/UIView.h:678:1: note: 'setAnimationDuration:' has been explicitly marked unavailable here
678 | + (void)setAnimationDuration:(NSTimeInterval)duration API_DEPRECATED("Use the block-based animation API instead", ios(2.0, 13.0)) API_UNAVAILABLE(visionos, watchos);
| ^
/Users/admin/builder/spi-builder-workspace/TPKeyboardAvoiding/UIScrollView+TPKeyboardAvoidingAdditions.m:164:13: error: 'setAnimationBeginsFromCurrentState:' is unavailable: not available on visionOS
164 | [UIView setAnimationBeginsFromCurrentState:YES];
| ^
In module 'UIKit' imported from /Users/admin/builder/spi-builder-workspace/TPKeyboardAvoiding/UIScrollView+TPKeyboardAvoidingAdditions.h:9:
/Applications/Xcode-27.0.0-Release.Candidate.app/Contents/Developer/Platforms/XROS.platform/Developer/SDKs/XROS27.0.sdk/System/Library/Frameworks/UIKit.framework/Headers/UIView.h:684:1: note: 'setAnimationBeginsFromCurrentState:' has been explicitly marked unavailable here
684 | + (void)setAnimationBeginsFromCurrentState:(BOOL)fromCurrentState API_DEPRECATED("Use the block-based animation API instead", ios(2.0, 13.0)) API_UNAVAILABLE(visionos, watchos);
| ^
/Users/admin/builder/spi-builder-workspace/TPKeyboardAvoiding/UIScrollView+TPKeyboardAvoidingAdditions.m:176:13: error: 'commitAnimations' is unavailable: not available on visionOS
176 | [UIView commitAnimations];
| ^
In module 'UIKit' imported from /Users/admin/builder/spi-builder-workspace/TPKeyboardAvoiding/UIScrollView+TPKeyboardAvoidingAdditions.h:9:
/Applications/Xcode-27.0.0-Release.Candidate.app/Contents/Developer/Platforms/XROS.platform/Developer/SDKs/XROS27.0.sdk/System/Library/Frameworks/UIKit.framework/Headers/UIView.h:674:1: note: 'commitAnimations' has been explicitly marked unavailable here
674 | + (void)commitAnimations API_DEPRECATED("Use the block-based animation API instead", ios(2.0, 13.0)) API_UNAVAILABLE(visionos, watchos);
| ^
13 errors generated.
Failed frontend command:
/Applications/Xcode-27.0.0-Release.Candidate.app/Contents/Developer/Toolchains/XcodeDefault.xctoolchain/usr/bin/clang -cc1 -Wundef-prefix\=TARGET_OS_ -fdiagnostics-show-note-include-stack -fmacro-backtrace-limit\=0 -ferror-limit 19 -serialize-diagnostic-file /Users/admin/builder/spi-builder-workspace/.derivedData/Build/Intermediates.noindex/TPKeyboardAvoiding.build/Debug-xros/TPKeyboardAvoiding-t.build/Objects-normal/arm64/UIScrollView+TPKeyboardAvoidingAdditions.dia -Wdeprecated-objc-isa-usage -Werror\=deprecated-objc-isa-usage -Werror\=implicit-function-declaration -Wnon-modular-include-in-framework-module -Werror\=non-modular-include-in-framework-module -Wno-trigraphs -Wno-missing-field-initializers -Wno-missing-prototypes -Wno-return-type -Wno-implicit-atomic-properties -Wno-objc-interface-ivars -Wno-arc-repeated-use-of-weak -Wno-missing-braces -Wparentheses -Wswitch -Wno-unused-function -Wno-unused-label -Wno-unused-parameter -Wno-unused-variable -Wunused-value -Wno-empty-body -Wno-uninitialized -Wno-unknown-pragmas -Wno-shadow -Wno-four-char-constants -Wno-conversion -Wno-constant-conversion -Wno-int-conversion -Wno-bool-conversion -Wno-enum-conversion -Wno-float-conversion -Wno-non-literal-null-conversion -Wno-objc-literal-conversion -Wshorten-64-to-32 -Wpointer-sign -Wno-newline-eof -Wno-selector -Wno-strict-selector-match -Wno-undeclared-selector -Wno-deprecated-implementations -Wno-implicit-fallthrough -Wprotocol -Wdeprecated-declarations -Wno-sign-conversion -Wno-infinite-recursion -Wno-comma -Wno-block-capture-autoreleasing -Wno-strict-prototypes -Wno-semicolon-before-method-body -Wno-elaborated-enum-base -Wno-error\=allocator-wrappers -index-store-path /Users/admin/builder/spi-builder-workspace/.derivedData/Index.noindex/DataStore -index-unit-output-path /TPKeyboardAvoiding.build/Debug-xros/TPKeyboardAvoiding-t.build/Objects-normal/arm64/UIScrollView+TPKeyboardAvoidingAdditions.o -fmodule-map-file\=/Users/admin/builder/spi-builder-workspace/TPKeyboardAvoiding/include/module.modulemap -fmodule-map-file\=/Applications/Xcode-27.0.0-Release.Candidate.app/Contents/Developer/Platforms/XROS.platform/Developer/SDKs/XROS.sdk/usr/include/ObjectiveC.modulemap -fmodule-map-file\=/Applications/Xcode-27.0.0-Release.Candidate.app/Contents/Developer/Platforms/XROS.platform/Developer/SDKs/XROS.sdk/System/Library/Frameworks/UIKit.framework/Modules/module.modulemap -o /Users/admin/builder/spi-builder-workspace/.derivedData/Build/Intermediates.noindex/TPKeyboardAvoiding.build/Debug-xros/TPKeyboardAvoiding-t.build/Objects-normal/arm64/UIScrollView+TPKeyboardAvoidingAdditions.o -disable-free -emit-obj -x objective-c /Users/admin/builder/spi-builder-workspace/TPKeyboardAvoiding/UIScrollView+TPKeyboardAvoidingAdditions.m -target-abi darwinpcs -target-cpu apple-a12 -target-feature +v8.3a -target-feature +aes -target-feature +complxnum -target-feature +crc -target-feature +fp-armv8 -target-feature +fullfp16 -target-feature +jsconv -target-feature +lse -target-feature +neon -target-feature +pauth -target-feature +perfmon -target-feature +ras -target-feature +rcpc -target-feature +rdm -target-feature +sha2 -triple arm64-apple-xros1.0.0 -target-linker-version 1166.2 -target-sdk-version\=27.0 -fmodules-validate-system-headers -fno-modulemap-allow-subdirectory-search -isysroot /Applications/Xcode-27.0.0-Release.Candidate.app/Contents/Developer/Platforms/XROS.platform/Developer/SDKs/XROS27.0.sdk -resource-dir /Applications/Xcode-27.0.0-Release.Candidate.app/Contents/Developer/Toolchains/XcodeDefault.xctoolchain/usr/lib/clang/21 -fmodule-format\=obj -fmodule-file\=ObjectiveC\=/Users/admin/builder/spi-builder-workspace/.derivedData/Build/Intermediates.noindex/ExplicitPrecompiledModules/ObjectiveC-CT47SD1VIW86G6LAAYVF760Q3.pcm -fmodule-file\=UIKit\=/Users/admin/builder/spi-builder-workspace/.derivedData/Build/Intermediates.noindex/ExplicitPrecompiledModules/UIKit-3FDY32SUWOZ9AT8KENGULQA3X.pcm -I /Users/admin/builder/spi-builder-workspace/.derivedData/Build/Products/Debug-xros/include -I /Users/admin/builder/spi-builder-workspace/TPKeyboardAvoiding/include -I /Users/admin/builder/spi-builder-workspace/.derivedData/Build/Intermediates.noindex/TPKeyboardAvoiding.build/Debug-xros/TPKeyboardAvoiding-t.build/DerivedSources-normal/arm64 -I /Users/admin/builder/spi-builder-workspace/.derivedData/Build/Intermediates.noindex/TPKeyboardAvoiding.build/Debug-xros/TPKeyboardAvoiding-t.build/DerivedSources/arm64 -I /Users/admin/builder/spi-builder-workspace/.derivedData/Build/Intermediates.noindex/TPKeyboardAvoiding.build/Debug-xros/TPKeyboardAvoiding-t.build/DerivedSources -F /Users/admin/builder/spi-builder-workspace/.derivedData/Build/Products/Debug-xros -iframework /Applications/Xcode-27.0.0-Release.Candidate.app/Contents/Developer/Platforms/XROS.platform/Developer/Library/Frameworks -iframework /Applications/Xcode-27.0.0-Release.Candidate.app/Contents/Developer/Platforms/XROS.platform/Developer/SDKs/XROS27.0.sdk/Developer/Library/Frameworks -internal-isystem /Applications/Xcode-27.0.0-Release.Candidate.app/Contents/Developer/Platforms/XROS.platform/Developer/SDKs/XROS27.0.sdk/usr/local/include -internal-isystem /Applications/Xcode-27.0.0-Release.Candidate.app/Contents/Developer/Toolchains/XcodeDefault.xctoolchain/usr/lib/clang/21/include -internal-externc-isystem /Applications/Xcode-27.0.0-Release.Candidate.app/Contents/Developer/Platforms/XROS.platform/Developer/SDKs/XROS27.0.sdk/usr/include -internal-externc-isystem /Applications/Xcode-27.0.0-Release.Candidate.app/Contents/Developer/Toolchains/XcodeDefault.xctoolchain/usr/include -internal-iframework /Applications/Xcode-27.0.0-Release.Candidate.app/Contents/Developer/Platforms/XROS.platform/Developer/SDKs/XROS27.0.sdk/System/Library/Frameworks -internal-iframework /Applications/Xcode-27.0.0-Release.Candidate.app/Contents/Developer/Platforms/XROS.platform/Developer/SDKs/XROS27.0.sdk/System/Library/SubFrameworks -internal-iframework /Applications/Xcode-27.0.0-Release.Candidate.app/Contents/Developer/Platforms/XROS.platform/Developer/SDKs/XROS27.0.sdk/Library/Frameworks -ivfsstatcache /Users/admin/builder/spi-builder-workspace/.derivedData/SDKStatCaches.noindex/xros27.0-24M361-e829b21a6f8c9b70876ba0858053c044735bd543db762f57723cac368afd1ce4.sdkstatcache -std\=gnu11 -fexceptions -fskip-odr-check-in-gmf -fmodules -fmodule-name\=TPKeyboardAvoiding -fno-implicit-modules -fobjc-exceptions -fmax-type-align\=16 -fpascal-strings -fstack-check -ftrivial-auto-var-init\=zero -fvisibility-inlines-hidden-static-local-var -mdarwin-stkchk-strong-link -fno-odr-hash-protocols -pic-level 2 -fencode-extended-block-signature -stack-protector 1 -fcompatibility-qualified-id-block-type-checking -fobjc-runtime\=ios-17.0.0 -fobjc-arc -fobjc-runtime-has-weak -fobjc-weak -fgnuc-version\=4.2.1 -fblocks -fno-convergent-functions -ffp-contract\=on -fclang-abi-compat\=4.0 -fno-experimental-relative-c++-abi-vtables -fno-file-reproducible -clang-vendor-feature\=+disableNonDependentMemberExprInCurrentInstantiation -clang-vendor-feature\=+enableAggressiveVLAFolding -clang-vendor-feature\=+revert09abecef7bbf -clang-vendor-feature\=+thisNoAlignAttr -clang-vendor-feature\=+thisNoNullAttr -clang-vendor-feature\=+disableAtImportPrivateFrameworkInImplementationError -O0 -fno-assume-unique-vtables -fdebug-compilation-dir\=/Users/admin/builder/spi-builder-workspace/.swiftpm/xcode -fcoverage-compilation-dir\=/Users/admin/builder/spi-builder-workspace/.swiftpm/xcode -fcommon -fdwarf2-cfi-asm -fobjc-msgsend-selector-stubs -fregister-global-dtors-with-atexit -fno-strict-return -dwarf-version\=4 -debugger-tuning\=lldb -disable-llvm-verifier -dwarf-ext-refs -funwind-tables\=1 -enable-tlsdesc -clear-ast-before-backend -discard-value-names -main-file-name UIScrollView+TPKeyboardAvoidingAdditions.m -mframe-pointer\=non-leaf -debug-info-kind\=standalone -fno-loop-interchange -fdiagnostics-hotness-threshold\=0 -fdiagnostics-misexpect-tolerance\=0 -D DEBUG\=1 -D OBJC_OLD_DISPATCH_PROTOTYPES\=1 -D SWIFT_PACKAGE -D Xcode -fdefine-target-os-macros -MT dependencies -dependency-file /Users/admin/builder/spi-builder-workspace/.derivedData/Build/Intermediates.noindex/TPKeyboardAvoiding.build/Debug-xros/TPKeyboardAvoiding-t.build/Objects-normal/arm64/UIScrollView+TPKeyboardAvoidingAdditions.d -skip-unused-modulemap-deps -module-file-deps\=direct -fdepfile-entry\=/Applications/Xcode-27.0.0-Release.Candidate.app/Contents/Developer/Platforms/XROS.platform/Developer/SDKs/XROS27.0.sdk/SDKSettings.json
CompileC /Users/admin/builder/spi-builder-workspace/.derivedData/Build/Intermediates.noindex/TPKeyboardAvoiding.build/Debug-xros/TPKeyboardAvoiding-t.build/Objects-normal/arm64/TPKeyboardAvoidingCollectionView.o /Users/admin/builder/spi-builder-workspace/TPKeyboardAvoiding/TPKeyboardAvoidingCollectionView.m normal arm64 objective-c com.apple.compilers.llvm.clang.1_0.compiler (in target 'TPKeyboardAvoiding' from project 'TPKeyboardAvoiding')
cd /Users/admin/builder/spi-builder-workspace/.swiftpm/xcode
Using response file: /Users/admin/builder/spi-builder-workspace/.derivedData/Build/Intermediates.noindex/TPKeyboardAvoiding.build/Debug-xros/TPKeyboardAvoiding-t.build/Objects-normal/arm64/e6072d4f65d7061329687fe24e3d63a7-common-args.resp
/Applications/Xcode-27.0.0-Release.Candidate.app/Contents/Developer/Toolchains/XcodeDefault.xctoolchain/usr/bin/clang -x objective-c -ivfsstatcache /Users/admin/builder/spi-builder-workspace/.derivedData/SDKStatCaches.noindex/xros27.0-24M361-e829b21a6f8c9b70876ba0858053c044735bd543db762f57723cac368afd1ce4.sdkstatcache -target arm64-apple-xros1.0 -fmessage-length\=0 -fdiagnostics-show-note-include-stack -fmacro-backtrace-limit\=0 -fno-color-diagnostics -fmodules-prune-interval\=86400 -fmodules-prune-after\=345600 -fbuild-session-file\=/Users/admin/builder/spi-builder-workspace/.derivedData/ModuleCache.noindex/Session.modulevalidation -fmodules-validate-once-per-build-session -Wnon-modular-include-in-framework-module -Werror\=non-modular-include-in-framework-module -Wno-trigraphs -Wno-missing-field-initializers -Wno-missing-prototypes -Wno-return-type -Wno-implicit-atomic-properties -Wno-objc-interface-ivars -Wno-arc-repeated-use-of-weak -Wno-missing-braces -Wparentheses -Wswitch -Wno-unused-function -Wno-unused-label -Wno-unused-parameter -Wno-unused-variable -Wunused-value -Wno-empty-body -Wno-uninitialized -Wno-unknown-pragmas -Wno-shadow -Wno-four-char-constants -Wno-conversion -Wno-constant-conversion -Wno-int-conversion -Wno-bool-conversion -Wno-enum-conversion -Wno-float-conversion -Wno-non-literal-null-conversion -Wno-objc-literal-conversion -Wshorten-64-to-32 -Wpointer-sign -Wno-newline-eof -Wno-selector -Wno-strict-selector-match -Wno-undeclared-selector -Wno-deprecated-implementations -Wno-implicit-fallthrough -isysroot /Applications/Xcode-27.0.0-Release.Candidate.app/Contents/Developer/Platforms/XROS.platform/Developer/SDKs/XROS27.0.sdk -fstrict-aliasing -Wprotocol -Wdeprecated-declarations -Wno-sign-conversion -Wno-infinite-recursion -Wno-comma -Wno-block-capture-autoreleasing -Wno-strict-prototypes -Wno-semicolon-before-method-body -index-store-path /Users/admin/builder/spi-builder-workspace/.derivedData/Index.noindex/DataStore @/Users/admin/builder/spi-builder-workspace/.derivedData/Build/Intermediates.noindex/TPKeyboardAvoiding.build/Debug-xros/TPKeyboardAvoiding-t.build/Objects-normal/arm64/e6072d4f65d7061329687fe24e3d63a7-common-args.resp -MMD -MT dependencies -MF /Users/admin/builder/spi-builder-workspace/.derivedData/Build/Intermediates.noindex/TPKeyboardAvoiding.build/Debug-xros/TPKeyboardAvoiding-t.build/Objects-normal/arm64/TPKeyboardAvoidingCollectionView.d --serialize-diagnostics /Users/admin/builder/spi-builder-workspace/.derivedData/Build/Intermediates.noindex/TPKeyboardAvoiding.build/Debug-xros/TPKeyboardAvoiding-t.build/Objects-normal/arm64/TPKeyboardAvoidingCollectionView.dia -c /Users/admin/builder/spi-builder-workspace/TPKeyboardAvoiding/TPKeyboardAvoidingCollectionView.m -o /Users/admin/builder/spi-builder-workspace/.derivedData/Build/Intermediates.noindex/TPKeyboardAvoiding.build/Debug-xros/TPKeyboardAvoiding-t.build/Objects-normal/arm64/TPKeyboardAvoidingCollectionView.o -index-unit-output-path /TPKeyboardAvoiding.build/Debug-xros/TPKeyboardAvoiding-t.build/Objects-normal/arm64/TPKeyboardAvoidingCollectionView.o
Failed frontend command:
/Applications/Xcode-27.0.0-Release.Candidate.app/Contents/Developer/Toolchains/XcodeDefault.xctoolchain/usr/bin/clang -cc1 -Wundef-prefix\=TARGET_OS_ -fdiagnostics-show-note-include-stack -fmacro-backtrace-limit\=0 -ferror-limit 19 -serialize-diagnostic-file /Users/admin/builder/spi-builder-workspace/.derivedData/Build/Intermediates.noindex/TPKeyboardAvoiding.build/Debug-xros/TPKeyboardAvoiding-t.build/Objects-normal/arm64/TPKeyboardAvoidingCollectionView.dia -Wdeprecated-objc-isa-usage -Werror\=deprecated-objc-isa-usage -Werror\=implicit-function-declaration -Wnon-modular-include-in-framework-module -Werror\=non-modular-include-in-framework-module -Wno-trigraphs -Wno-missing-field-initializers -Wno-missing-prototypes -Wno-return-type -Wno-implicit-atomic-properties -Wno-objc-interface-ivars -Wno-arc-repeated-use-of-weak -Wno-missing-braces -Wparentheses -Wswitch -Wno-unused-function -Wno-unused-label -Wno-unused-parameter -Wno-unused-variable -Wunused-value -Wno-empty-body -Wno-uninitialized -Wno-unknown-pragmas -Wno-shadow -Wno-four-char-constants -Wno-conversion -Wno-constant-conversion -Wno-int-conversion -Wno-bool-conversion -Wno-enum-conversion -Wno-float-conversion -Wno-non-literal-null-conversion -Wno-objc-literal-conversion -Wshorten-64-to-32 -Wpointer-sign -Wno-newline-eof -Wno-selector -Wno-strict-selector-match -Wno-undeclared-selector -Wno-deprecated-implementations -Wno-implicit-fallthrough -Wprotocol -Wdeprecated-declarations -Wno-sign-conversion -Wno-infinite-recursion -Wno-comma -Wno-block-capture-autoreleasing -Wno-strict-prototypes -Wno-semicolon-before-method-body -Wno-elaborated-enum-base -Wno-error\=allocator-wrappers -index-store-path /Users/admin/builder/spi-builder-workspace/.derivedData/Index.noindex/DataStore -index-unit-output-path /TPKeyboardAvoiding.build/Debug-xros/TPKeyboardAvoiding-t.build/Objects-normal/arm64/TPKeyboardAvoidingCollectionView.o -fmodule-map-file\=/Users/admin/builder/spi-builder-workspace/TPKeyboardAvoiding/include/module.modulemap -fmodule-map-file\=/Applications/Xcode-27.0.0-Release.Candidate.app/Contents/Developer/Platforms/XROS.platform/Developer/SDKs/XROS.sdk/System/Library/Frameworks/UIKit.framework/Modules/module.modulemap -o /Users/admin/builder/spi-builder-workspace/.derivedData/Build/Intermediates.noindex/TPKeyboardAvoiding.build/Debug-xros/TPKeyboardAvoiding-t.build/Objects-normal/arm64/TPKeyboardAvoidingCollectionView.o -disable-free -emit-obj -x objective-c /Users/admin/builder/spi-builder-workspace/TPKeyboardAvoiding/TPKeyboardAvoidingCollectionView.m -target-abi darwinpcs -target-cpu apple-a12 -target-feature +v8.3a -target-feature +aes -target-feature +complxnum -target-feature +crc -target-feature +fp-armv8 -target-feature +fullfp16 -target-feature +jsconv -target-feature +lse -target-feature +neon -target-feature +pauth -target-feature +perfmon -target-feature +ras -target-feature +rcpc -target-feature +rdm -target-feature +sha2 -triple arm64-apple-xros1.0.0 -target-linker-version 1166.2 -target-sdk-version\=27.0 -fmodules-validate-system-headers -fno-modulemap-allow-subdirectory-search -isysroot /Applications/Xcode-27.0.0-Release.Candidate.app/Contents/Developer/Platforms/XROS.platform/Developer/SDKs/XROS27.0.sdk -resource-dir /Applications/Xcode-27.0.0-Release.Candidate.app/Contents/Developer/Toolchains/XcodeDefault.xctoolchain/usr/lib/clang/21 -fmodule-format\=obj -fmodule-file\=UIKit\=/Users/admin/builder/spi-builder-workspace/.derivedData/Build/Intermediates.noindex/ExplicitPrecompiledModules/UIKit-3FDY32SUWOZ9AT8KENGULQA3X.pcm -I /Users/admin/builder/spi-builder-workspace/.derivedData/Build/Products/Debug-xros/include -I /Users/admin/builder/spi-builder-workspace/TPKeyboardAvoiding/include -I /Users/admin/builder/spi-builder-workspace/.derivedData/Build/Intermediates.noindex/TPKeyboardAvoiding.build/Debug-xros/TPKeyboardAvoiding-t.build/DerivedSources-normal/arm64 -I /Users/admin/builder/spi-builder-workspace/.derivedData/Build/Intermediates.noindex/TPKeyboardAvoiding.build/Debug-xros/TPKeyboardAvoiding-t.build/DerivedSources/arm64 -I /Users/admin/builder/spi-builder-workspace/.derivedData/Build/Intermediates.noindex/TPKeyboardAvoiding.build/Debug-xros/TPKeyboardAvoiding-t.build/DerivedSources -F /Users/admin/builder/spi-builder-workspace/.derivedData/Build/Products/Debug-xros -iframework /Applications/Xcode-27.0.0-Release.Candidate.app/Contents/Developer/Platforms/XROS.platform/Developer/Library/Frameworks -iframework /Applications/Xcode-27.0.0-Release.Candidate.app/Contents/Developer/Platforms/XROS.platform/Developer/SDKs/XROS27.0.sdk/Developer/Library/Frameworks -internal-isystem /Applications/Xcode-27.0.0-Release.Candidate.app/Contents/Developer/Platforms/XROS.platform/Developer/SDKs/XROS27.0.sdk/usr/local/include -internal-isystem /Applications/Xcode-27.0.0-Release.Candidate.app/Contents/Developer/Toolchains/XcodeDefault.xctoolchain/usr/lib/clang/21/include -internal-externc-isystem /Applications/Xcode-27.0.0-Release.Candidate.app/Contents/Developer/Platforms/XROS.platform/Developer/SDKs/XROS27.0.sdk/usr/include -internal-externc-isystem /Applications/Xcode-27.0.0-Release.Candidate.app/Contents/Developer/Toolchains/XcodeDefault.xctoolchain/usr/include -internal-iframework /Applications/Xcode-27.0.0-Release.Candidate.app/Contents/Developer/Platforms/XROS.platform/Developer/SDKs/XROS27.0.sdk/System/Library/Frameworks -internal-iframework /Applications/Xcode-27.0.0-Release.Candidate.app/Contents/Developer/Platforms/XROS.platform/Developer/SDKs/XROS27.0.sdk/System/Library/SubFrameworks -internal-iframework /Applications/Xcode-27.0.0-Release.Candidate.app/Contents/Developer/Platforms/XROS.platform/Developer/SDKs/XROS27.0.sdk/Library/Frameworks -ivfsstatcache /Users/admin/builder/spi-builder-workspace/.derivedData/SDKStatCaches.noindex/xros27.0-24M361-e829b21a6f8c9b70876ba0858053c044735bd543db762f57723cac368afd1ce4.sdkstatcache -std\=gnu11 -fexceptions -fskip-odr-check-in-gmf -fmodules -fmodule-name\=TPKeyboardAvoiding -fno-implicit-modules -fobjc-exceptions -fmax-type-align\=16 -fpascal-strings -fstack-check -ftrivial-auto-var-init\=zero -fvisibility-inlines-hidden-static-local-var -mdarwin-stkchk-strong-link -fno-odr-hash-protocols -pic-level 2 -fencode-extended-block-signature -stack-protector 1 -fcompatibility-qualified-id-block-type-checking -fobjc-runtime\=ios-17.0.0 -fobjc-arc -fobjc-runtime-has-weak -fobjc-weak -fgnuc-version\=4.2.1 -fblocks -fno-convergent-functions -ffp-contract\=on -fclang-abi-compat\=4.0 -fno-experimental-relative-c++-abi-vtables -fno-file-reproducible -clang-vendor-feature\=+disableNonDependentMemberExprInCurrentInstantiation -clang-vendor-feature\=+enableAggressiveVLAFolding -clang-vendor-feature\=+revert09abecef7bbf -clang-vendor-feature\=+thisNoAlignAttr -clang-vendor-feature\=+thisNoNullAttr -clang-vendor-feature\=+disableAtImportPrivateFrameworkInImplementationError -O0 -fno-assume-unique-vtables -fdebug-compilation-dir\=/Users/admin/builder/spi-builder-workspace/.swiftpm/xcode -fcoverage-compilation-dir\=/Users/admin/builder/spi-builder-workspace/.swiftpm/xcode -fcommon -fdwarf2-cfi-asm -fobjc-msgsend-selector-stubs -fregister-global-dtors-with-atexit -fno-strict-return -dwarf-version\=4 -debugger-tuning\=lldb -disable-llvm-verifier -dwarf-ext-refs -funwind-tables\=1 -enable-tlsdesc -clear-ast-before-backend -discard-value-names -main-file-name TPKeyboardAvoidingCollectionView.m -mframe-pointer\=non-leaf -debug-info-kind\=standalone -fno-loop-interchange -fdiagnostics-hotness-threshold\=0 -fdiagnostics-misexpect-tolerance\=0 -D DEBUG\=1 -D OBJC_OLD_DISPATCH_PROTOTYPES\=1 -D SWIFT_PACKAGE -D Xcode -fdefine-target-os-macros -MT dependencies -dependency-file /Users/admin/builder/spi-builder-workspace/.derivedData/Build/Intermediates.noindex/TPKeyboardAvoiding.build/Debug-xros/TPKeyboardAvoiding-t.build/Objects-normal/arm64/TPKeyboardAvoidingCollectionView.d -skip-unused-modulemap-deps -module-file-deps\=direct -fdepfile-entry\=/Applications/Xcode-27.0.0-Release.Candidate.app/Contents/Developer/Platforms/XROS.platform/Developer/SDKs/XROS27.0.sdk/SDKSettings.json
PruneExplicitPrecompiledModules /Users/admin/builder/spi-builder-workspace/.derivedData/SDKExplicitPrecompiledModules
PruneExplicitPrecompiledModules /Users/admin/builder/spi-builder-workspace/.derivedData/Build/Intermediates.noindex/ExplicitPrecompiledModules
PruneExplicitPrecompiledModules /Users/admin/builder/spi-builder-workspace/.derivedData/Build/Intermediates.noindex/SwiftExplicitPrecompiledModules
2026-09-23 16:35:22.572 xcodebuild[663:4313] [MT] IDERunDestination: Supported platforms for the buildables in the current scheme is empty.
** BUILD FAILED **
The following build commands failed:
CompileC /Users/admin/builder/spi-builder-workspace/.derivedData/Build/Intermediates.noindex/TPKeyboardAvoiding.build/Debug-xros/TPKeyboardAvoiding-t.build/Objects-normal/arm64/UIScrollView+TPKeyboardAvoidingAdditions.o /Users/admin/builder/spi-builder-workspace/TPKeyboardAvoiding/UIScrollView+TPKeyboardAvoidingAdditions.m normal arm64 objective-c com.apple.compilers.llvm.clang.1_0.compiler (in target 'TPKeyboardAvoiding' from project 'TPKeyboardAvoiding')
Building workspace TPKeyboardAvoiding with scheme TPKeyboardAvoiding
(2 failures)
Command line invocation:
/Applications/Xcode-27.0.0-Release.Candidate.app/Contents/Developer/usr/bin/xcodebuild -IDEClonedSourcePackagesDirPathOverride=/Users/admin/builder/spi-builder-workspace/.dependencies -resolvePackageDependencies
Resolve Package Graph
Resolved source packages:
TPKeyboardAvoiding: /Users/admin/builder/spi-builder-workspace
resolved source packages: TPKeyboardAvoiding
2026-09-23 16:35:27.475 xcodebuild[725:4588] [MT] IDERunDestination: Supported platforms for the buildables in the current scheme is empty.
{
"dependencies" : [
],
"manifest_display_name" : "TPKeyboardAvoiding",
"name" : "TPKeyboardAvoiding",
"path" : "/Users/admin/builder/spi-builder-workspace",
"platforms" : [
],
"products" : [
{
"name" : "TPKeyboardAvoiding",
"targets" : [
"TPKeyboardAvoiding"
],
"type" : {
"library" : [
"automatic"
]
}
}
],
"targets" : [
{
"c99name" : "TPKeyboardAvoiding",
"module_type" : "ClangTarget",
"name" : "TPKeyboardAvoiding",
"path" : "TPKeyboardAvoiding",
"product_memberships" : [
"TPKeyboardAvoiding"
],
"sources" : [
"TPKeyboardAvoidingCollectionView.m",
"TPKeyboardAvoidingScrollView.m",
"TPKeyboardAvoidingTableView.m",
"UIScrollView+TPKeyboardAvoidingAdditions.m"
],
"type" : "library"
}
],
"tools_version" : "4.2"
}
{
"workspace" : {
"name" : "TPKeyboardAvoiding",
"schemes" : [
"TPKeyboardAvoiding"
]
}
}
2026-09-23 16:35:28.798 xcodebuild[733:4651] [MT] IDERunDestination: Supported platforms for the buildables in the current scheme is empty.
Running build ...
env DEVELOPER_DIR=/Applications/Xcode-27.0.0-Release.Candidate.app xcrun xcodebuild -IDEClonedSourcePackagesDirPathOverride=$PWD/.dependencies -skipMacroValidation -skipPackagePluginValidation -derivedDataPath $PWD/.derivedData build -scheme TPKeyboardAvoiding -destination generic/platform=xrOS
Command line invocation:
/Applications/Xcode-27.0.0-Release.Candidate.app/Contents/Developer/usr/bin/xcodebuild -IDEClonedSourcePackagesDirPathOverride=/Users/admin/builder/spi-builder-workspace/.dependencies -skipMacroValidation -skipPackagePluginValidation -derivedDataPath /Users/admin/builder/spi-builder-workspace/.derivedData build -scheme TPKeyboardAvoiding -destination generic/platform=xrOS
Resolve Package Graph
Resolved source packages:
TPKeyboardAvoiding: /Users/admin/builder/spi-builder-workspace
ComputePackagePrebuildTargetDependencyGraph
Prepare packages
CreateBuildRequest
SendProjectDescription
CreateBuildOperation
ComputeTargetDependencyGraph
note: Building targets in dependency order
note: Target dependency graph (2 targets)
Target 'TPKeyboardAvoiding-product' in project 'TPKeyboardAvoiding'
➜ Explicit dependency on target 'TPKeyboardAvoiding' in project 'TPKeyboardAvoiding'
Target 'TPKeyboardAvoiding' in project 'TPKeyboardAvoiding' (no dependencies)
GatherProvisioningInputs
CreateBuildDescription
ClangStatCache /Applications/Xcode-27.0.0-Release.Candidate.app/Contents/Developer/Toolchains/XcodeDefault.xctoolchain/usr/bin/clang-stat-cache /Applications/Xcode-27.0.0-Release.Candidate.app/Contents/Developer/Platforms/XROS.platform/Developer/SDKs/XROS27.0.sdk /Users/admin/builder/spi-builder-workspace/.derivedData/SDKStatCaches.noindex/xros27.0-24M361-e829b21a6f8c9b70876ba0858053c044735bd543db762f57723cac368afd1ce4.sdkstatcache
cd /Users/admin/builder/spi-builder-workspace/.swiftpm/xcode
/Applications/Xcode-27.0.0-Release.Candidate.app/Contents/Developer/Toolchains/XcodeDefault.xctoolchain/usr/bin/clang-stat-cache /Applications/Xcode-27.0.0-Release.Candidate.app/Contents/Developer/Platforms/XROS.platform/Developer/SDKs/XROS27.0.sdk -o /Users/admin/builder/spi-builder-workspace/.derivedData/SDKStatCaches.noindex/xros27.0-24M361-e829b21a6f8c9b70876ba0858053c044735bd543db762f57723cac368afd1ce4.sdkstatcache
CompileC /Users/admin/builder/spi-builder-workspace/.derivedData/Build/Intermediates.noindex/TPKeyboardAvoiding.build/Debug-xros/TPKeyboardAvoiding-t.build/Objects-normal/arm64/UIScrollView+TPKeyboardAvoidingAdditions.o /Users/admin/builder/spi-builder-workspace/TPKeyboardAvoiding/UIScrollView+TPKeyboardAvoidingAdditions.m normal arm64 objective-c com.apple.compilers.llvm.clang.1_0.compiler (in target 'TPKeyboardAvoiding' from project 'TPKeyboardAvoiding')
cd /Users/admin/builder/spi-builder-workspace/.swiftpm/xcode
Using response file: /Users/admin/builder/spi-builder-workspace/.derivedData/Build/Intermediates.noindex/TPKeyboardAvoiding.build/Debug-xros/TPKeyboardAvoiding-t.build/Objects-normal/arm64/e6072d4f65d7061329687fe24e3d63a7-common-args.resp
/Applications/Xcode-27.0.0-Release.Candidate.app/Contents/Developer/Toolchains/XcodeDefault.xctoolchain/usr/bin/clang -x objective-c -ivfsstatcache /Users/admin/builder/spi-builder-workspace/.derivedData/SDKStatCaches.noindex/xros27.0-24M361-e829b21a6f8c9b70876ba0858053c044735bd543db762f57723cac368afd1ce4.sdkstatcache -target arm64-apple-xros1.0 -fmessage-length\=0 -fdiagnostics-show-note-include-stack -fmacro-backtrace-limit\=0 -fno-color-diagnostics -fmodules-prune-interval\=86400 -fmodules-prune-after\=345600 -fbuild-session-file\=/Users/admin/builder/spi-builder-workspace/.derivedData/ModuleCache.noindex/Session.modulevalidation -fmodules-validate-once-per-build-session -Wnon-modular-include-in-framework-module -Werror\=non-modular-include-in-framework-module -Wno-trigraphs -Wno-missing-field-initializers -Wno-missing-prototypes -Wno-return-type -Wno-implicit-atomic-properties -Wno-objc-interface-ivars -Wno-arc-repeated-use-of-weak -Wno-missing-braces -Wparentheses -Wswitch -Wno-unused-function -Wno-unused-label -Wno-unused-parameter -Wno-unused-variable -Wunused-value -Wno-empty-body -Wno-uninitialized -Wno-unknown-pragmas -Wno-shadow -Wno-four-char-constants -Wno-conversion -Wno-constant-conversion -Wno-int-conversion -Wno-bool-conversion -Wno-enum-conversion -Wno-float-conversion -Wno-non-literal-null-conversion -Wno-objc-literal-conversion -Wshorten-64-to-32 -Wpointer-sign -Wno-newline-eof -Wno-selector -Wno-strict-selector-match -Wno-undeclared-selector -Wno-deprecated-implementations -Wno-implicit-fallthrough -isysroot /Applications/Xcode-27.0.0-Release.Candidate.app/Contents/Developer/Platforms/XROS.platform/Developer/SDKs/XROS27.0.sdk -fstrict-aliasing -Wprotocol -Wdeprecated-declarations -Wno-sign-conversion -Wno-infinite-recursion -Wno-comma -Wno-block-capture-autoreleasing -Wno-strict-prototypes -Wno-semicolon-before-method-body -index-store-path /Users/admin/builder/spi-builder-workspace/.derivedData/Index.noindex/DataStore @/Users/admin/builder/spi-builder-workspace/.derivedData/Build/Intermediates.noindex/TPKeyboardAvoiding.build/Debug-xros/TPKeyboardAvoiding-t.build/Objects-normal/arm64/e6072d4f65d7061329687fe24e3d63a7-common-args.resp -MMD -MT dependencies -MF /Users/admin/builder/spi-builder-workspace/.derivedData/Build/Intermediates.noindex/TPKeyboardAvoiding.build/Debug-xros/TPKeyboardAvoiding-t.build/Objects-normal/arm64/UIScrollView+TPKeyboardAvoidingAdditions.d --serialize-diagnostics /Users/admin/builder/spi-builder-workspace/.derivedData/Build/Intermediates.noindex/TPKeyboardAvoiding.build/Debug-xros/TPKeyboardAvoiding-t.build/Objects-normal/arm64/UIScrollView+TPKeyboardAvoidingAdditions.dia -c /Users/admin/builder/spi-builder-workspace/TPKeyboardAvoiding/UIScrollView+TPKeyboardAvoidingAdditions.m -o /Users/admin/builder/spi-builder-workspace/.derivedData/Build/Intermediates.noindex/TPKeyboardAvoiding.build/Debug-xros/TPKeyboardAvoiding-t.build/Objects-normal/arm64/UIScrollView+TPKeyboardAvoidingAdditions.o -index-unit-output-path /TPKeyboardAvoiding.build/Debug-xros/TPKeyboardAvoiding-t.build/Objects-normal/arm64/UIScrollView+TPKeyboardAvoidingAdditions.o
/Users/admin/builder/spi-builder-workspace/TPKeyboardAvoiding/UIScrollView+TPKeyboardAvoidingAdditions.m:102:17: error: 'beginAnimations:context:' is unavailable: not available on visionOS
102 | [UIView beginAnimations:nil context:NULL];
| ^
In module 'UIKit' imported from /Users/admin/builder/spi-builder-workspace/TPKeyboardAvoiding/UIScrollView+TPKeyboardAvoidingAdditions.h:9:
/Applications/Xcode-27.0.0-Release.Candidate.app/Contents/Developer/Platforms/XROS.platform/Developer/SDKs/XROS27.0.sdk/System/Library/Frameworks/UIKit.framework/Headers/UIView.h:673:1: note: 'beginAnimations:context:' has been explicitly marked unavailable here
673 | + (void)beginAnimations:(nullable NSString *)animationID context:(nullable void *)context API_DEPRECATED("Use the block-based animation API instead", ios(2.0, 13.0)) API_UNAVAILABLE(visionos, watchos);
| ^
/Users/admin/builder/spi-builder-workspace/TPKeyboardAvoiding/UIScrollView+TPKeyboardAvoidingAdditions.m:104:17: error: 'setAnimationDelegate:' is unavailable: not available on visionOS
104 | [UIView setAnimationDelegate:self];
| ^
In module 'UIKit' imported from /Users/admin/builder/spi-builder-workspace/TPKeyboardAvoiding/UIScrollView+TPKeyboardAvoidingAdditions.h:9:
/Applications/Xcode-27.0.0-Release.Candidate.app/Contents/Developer/Platforms/XROS.platform/Developer/SDKs/XROS27.0.sdk/System/Library/Frameworks/UIKit.framework/Headers/UIView.h:675:1: note: 'setAnimationDelegate:' has been explicitly marked unavailable here
675 | + (void)setAnimationDelegate:(nullable id)delegate API_DEPRECATED("Use the block-based animation API instead", ios(2.0, 13.0)) API_UNAVAILABLE(visionos, watchos);
| ^
/Users/admin/builder/spi-builder-workspace/TPKeyboardAvoiding/UIScrollView+TPKeyboardAvoidingAdditions.m:105:17: error: 'setAnimationWillStartSelector:' is unavailable: not available on visionOS
105 | [UIView setAnimationWillStartSelector:@selector(keyboardViewAppear:context:)];
| ^
In module 'UIKit' imported from /Users/admin/builder/spi-builder-workspace/TPKeyboardAvoiding/UIScrollView+TPKeyboardAvoidingAdditions.h:9:
/Applications/Xcode-27.0.0-Release.Candidate.app/Contents/Developer/Platforms/XROS.platform/Developer/SDKs/XROS27.0.sdk/System/Library/Frameworks/UIKit.framework/Headers/UIView.h:676:1: note: 'setAnimationWillStartSelector:' has been explicitly marked unavailable here
676 | + (void)setAnimationWillStartSelector:(nullable SEL)selector API_DEPRECATED("Use the block-based animation API instead", ios(2.0, 13.0)) API_UNAVAILABLE(visionos, watchos);
| ^
/Users/admin/builder/spi-builder-workspace/TPKeyboardAvoiding/UIScrollView+TPKeyboardAvoidingAdditions.m:106:17: error: 'setAnimationDidStopSelector:' is unavailable: not available on visionOS
106 | [UIView setAnimationDidStopSelector:@selector(keyboardViewDisappear:finished:context:)];
| ^
In module 'UIKit' imported from /Users/admin/builder/spi-builder-workspace/TPKeyboardAvoiding/UIScrollView+TPKeyboardAvoidingAdditions.h:9:
/Applications/Xcode-27.0.0-Release.Candidate.app/Contents/Developer/Platforms/XROS.platform/Developer/SDKs/XROS27.0.sdk/System/Library/Frameworks/UIKit.framework/Headers/UIView.h:677:1: note: 'setAnimationDidStopSelector:' has been explicitly marked unavailable here
677 | + (void)setAnimationDidStopSelector:(nullable SEL)selector API_DEPRECATED("Use the block-based animation API instead", ios(2.0, 13.0)) API_UNAVAILABLE(visionos, watchos);
| ^
/Users/admin/builder/spi-builder-workspace/TPKeyboardAvoiding/UIScrollView+TPKeyboardAvoidingAdditions.m:108:17: error: 'setAnimationCurve:' is unavailable: not available on visionOS
108 | [UIView setAnimationCurve:[[[notification userInfo] objectForKey:UIKeyboardAnimationCurveUserInfoKey] intValue]];
| ^
In module 'UIKit' imported from /Users/admin/builder/spi-builder-workspace/TPKeyboardAvoiding/UIScrollView+TPKeyboardAvoidingAdditions.h:9:
/Applications/Xcode-27.0.0-Release.Candidate.app/Contents/Developer/Platforms/XROS.platform/Developer/SDKs/XROS27.0.sdk/System/Library/Frameworks/UIKit.framework/Headers/UIView.h:681:1: note: 'setAnimationCurve:' has been explicitly marked unavailable here
681 | + (void)setAnimationCurve:(UIViewAnimationCurve)curve API_DEPRECATED("Use the block-based animation API instead", ios(2.0, 13.0)) API_UNAVAILABLE(visionos, watchos);
| ^
/Users/admin/builder/spi-builder-workspace/TPKeyboardAvoiding/UIScrollView+TPKeyboardAvoidingAdditions.m:109:17: error: 'setAnimationDuration:' is unavailable: not available on visionOS
109 | [UIView setAnimationDuration:[[[notification userInfo] objectForKey:UIKeyboardAnimationDurationUserInfoKey] floatValue]];
| ^
In module 'UIKit' imported from /Users/admin/builder/spi-builder-workspace/TPKeyboardAvoiding/UIScrollView+TPKeyboardAvoidingAdditions.h:9:
/Applications/Xcode-27.0.0-Release.Candidate.app/Contents/Developer/Platforms/XROS.platform/Developer/SDKs/XROS27.0.sdk/System/Library/Frameworks/UIKit.framework/Headers/UIView.h:678:1: note: 'setAnimationDuration:' has been explicitly marked unavailable here
678 | + (void)setAnimationDuration:(NSTimeInterval)duration API_DEPRECATED("Use the block-based animation API instead", ios(2.0, 13.0)) API_UNAVAILABLE(visionos, watchos);
| ^
/Users/admin/builder/spi-builder-workspace/TPKeyboardAvoiding/UIScrollView+TPKeyboardAvoidingAdditions.m:110:17: error: 'setAnimationBeginsFromCurrentState:' is unavailable: not available on visionOS
110 | [UIView setAnimationBeginsFromCurrentState:YES];
| ^
In module 'UIKit' imported from /Users/admin/builder/spi-builder-workspace/TPKeyboardAvoiding/UIScrollView+TPKeyboardAvoidingAdditions.h:9:
/Applications/Xcode-27.0.0-Release.Candidate.app/Contents/Developer/Platforms/XROS.platform/Developer/SDKs/XROS27.0.sdk/System/Library/Frameworks/UIKit.framework/Headers/UIView.h:684:1: note: 'setAnimationBeginsFromCurrentState:' has been explicitly marked unavailable here
684 | + (void)setAnimationBeginsFromCurrentState:(BOOL)fromCurrentState API_DEPRECATED("Use the block-based animation API instead", ios(2.0, 13.0)) API_UNAVAILABLE(visionos, watchos);
| ^
/Users/admin/builder/spi-builder-workspace/TPKeyboardAvoiding/UIScrollView+TPKeyboardAvoidingAdditions.m:126:17: error: 'commitAnimations' is unavailable: not available on visionOS
126 | [UIView commitAnimations];
| ^
In module 'UIKit' imported from /Users/admin/builder/spi-builder-workspace/TPKeyboardAvoiding/UIScrollView+TPKeyboardAvoidingAdditions.h:9:
/Applications/Xcode-27.0.0-Release.Candidate.app/Contents/Developer/Platforms/XROS.platform/Developer/SDKs/XROS27.0.sdk/System/Library/Frameworks/UIKit.framework/Headers/UIView.h:674:1: note: 'commitAnimations' has been explicitly marked unavailable here
674 | + (void)commitAnimations API_DEPRECATED("Use the block-based animation API instead", ios(2.0, 13.0)) API_UNAVAILABLE(visionos, watchos);
| ^
/Users/admin/builder/spi-builder-workspace/TPKeyboardAvoiding/UIScrollView+TPKeyboardAvoidingAdditions.m:161:13: error: 'beginAnimations:context:' is unavailable: not available on visionOS
161 | [UIView beginAnimations:nil context:NULL];
| ^
In module 'UIKit' imported from /Users/admin/builder/spi-builder-workspace/TPKeyboardAvoiding/UIScrollView+TPKeyboardAvoidingAdditions.h:9:
/Applications/Xcode-27.0.0-Release.Candidate.app/Contents/Developer/Platforms/XROS.platform/Developer/SDKs/XROS27.0.sdk/System/Library/Frameworks/UIKit.framework/Headers/UIView.h:673:1: note: 'beginAnimations:context:' has been explicitly marked unavailable here
673 | + (void)beginAnimations:(nullable NSString *)animationID context:(nullable void *)context API_DEPRECATED("Use the block-based animation API instead", ios(2.0, 13.0)) API_UNAVAILABLE(visionos, watchos);
| ^
/Users/admin/builder/spi-builder-workspace/TPKeyboardAvoiding/UIScrollView+TPKeyboardAvoidingAdditions.m:162:13: error: 'setAnimationCurve:' is unavailable: not available on visionOS
162 | [UIView setAnimationCurve:[[[notification userInfo] objectForKey:UIKeyboardAnimationCurveUserInfoKey] intValue]];
| ^
In module 'UIKit' imported from /Users/admin/builder/spi-builder-workspace/TPKeyboardAvoiding/UIScrollView+TPKeyboardAvoidingAdditions.h:9:
/Applications/Xcode-27.0.0-Release.Candidate.app/Contents/Developer/Platforms/XROS.platform/Developer/SDKs/XROS27.0.sdk/System/Library/Frameworks/UIKit.framework/Headers/UIView.h:681:1: note: 'setAnimationCurve:' has been explicitly marked unavailable here
681 | + (void)setAnimationCurve:(UIViewAnimationCurve)curve API_DEPRECATED("Use the block-based animation API instead", ios(2.0, 13.0)) API_UNAVAILABLE(visionos, watchos);
| ^
/Users/admin/builder/spi-builder-workspace/TPKeyboardAvoiding/UIScrollView+TPKeyboardAvoidingAdditions.m:163:13: error: 'setAnimationDuration:' is unavailable: not available on visionOS
163 | [UIView setAnimationDuration:[[[notification userInfo] objectForKey:UIKeyboardAnimationDurationUserInfoKey] floatValue]];
| ^
In module 'UIKit' imported from /Users/admin/builder/spi-builder-workspace/TPKeyboardAvoiding/UIScrollView+TPKeyboardAvoidingAdditions.h:9:
/Applications/Xcode-27.0.0-Release.Candidate.app/Contents/Developer/Platforms/XROS.platform/Developer/SDKs/XROS27.0.sdk/System/Library/Frameworks/UIKit.framework/Headers/UIView.h:678:1: note: 'setAnimationDuration:' has been explicitly marked unavailable here
678 | + (void)setAnimationDuration:(NSTimeInterval)duration API_DEPRECATED("Use the block-based animation API instead", ios(2.0, 13.0)) API_UNAVAILABLE(visionos, watchos);
| ^
/Users/admin/builder/spi-builder-workspace/TPKeyboardAvoiding/UIScrollView+TPKeyboardAvoidingAdditions.m:164:13: error: 'setAnimationBeginsFromCurrentState:' is unavailable: not available on visionOS
164 | [UIView setAnimationBeginsFromCurrentState:YES];
| ^
In module 'UIKit' imported from /Users/admin/builder/spi-builder-workspace/TPKeyboardAvoiding/UIScrollView+TPKeyboardAvoidingAdditions.h:9:
/Applications/Xcode-27.0.0-Release.Candidate.app/Contents/Developer/Platforms/XROS.platform/Developer/SDKs/XROS27.0.sdk/System/Library/Frameworks/UIKit.framework/Headers/UIView.h:684:1: note: 'setAnimationBeginsFromCurrentState:' has been explicitly marked unavailable here
684 | + (void)setAnimationBeginsFromCurrentState:(BOOL)fromCurrentState API_DEPRECATED("Use the block-based animation API instead", ios(2.0, 13.0)) API_UNAVAILABLE(visionos, watchos);
| ^
/Users/admin/builder/spi-builder-workspace/TPKeyboardAvoiding/UIScrollView+TPKeyboardAvoidingAdditions.m:176:13: error: 'commitAnimations' is unavailable: not available on visionOS
176 | [UIView commitAnimations];
| ^
In module 'UIKit' imported from /Users/admin/builder/spi-builder-workspace/TPKeyboardAvoiding/UIScrollView+TPKeyboardAvoidingAdditions.h:9:
/Applications/Xcode-27.0.0-Release.Candidate.app/Contents/Developer/Platforms/XROS.platform/Developer/SDKs/XROS27.0.sdk/System/Library/Frameworks/UIKit.framework/Headers/UIView.h:674:1: note: 'commitAnimations' has been explicitly marked unavailable here
674 | + (void)commitAnimations API_DEPRECATED("Use the block-based animation API instead", ios(2.0, 13.0)) API_UNAVAILABLE(visionos, watchos);
| ^
13 errors generated.
Failed frontend command:
/Applications/Xcode-27.0.0-Release.Candidate.app/Contents/Developer/Toolchains/XcodeDefault.xctoolchain/usr/bin/clang -cc1 -Wundef-prefix\=TARGET_OS_ -fdiagnostics-show-note-include-stack -fmacro-backtrace-limit\=0 -ferror-limit 19 -serialize-diagnostic-file /Users/admin/builder/spi-builder-workspace/.derivedData/Build/Intermediates.noindex/TPKeyboardAvoiding.build/Debug-xros/TPKeyboardAvoiding-t.build/Objects-normal/arm64/UIScrollView+TPKeyboardAvoidingAdditions.dia -Wdeprecated-objc-isa-usage -Werror\=deprecated-objc-isa-usage -Werror\=implicit-function-declaration -Wnon-modular-include-in-framework-module -Werror\=non-modular-include-in-framework-module -Wno-trigraphs -Wno-missing-field-initializers -Wno-missing-prototypes -Wno-return-type -Wno-implicit-atomic-properties -Wno-objc-interface-ivars -Wno-arc-repeated-use-of-weak -Wno-missing-braces -Wparentheses -Wswitch -Wno-unused-function -Wno-unused-label -Wno-unused-parameter -Wno-unused-variable -Wunused-value -Wno-empty-body -Wno-uninitialized -Wno-unknown-pragmas -Wno-shadow -Wno-four-char-constants -Wno-conversion -Wno-constant-conversion -Wno-int-conversion -Wno-bool-conversion -Wno-enum-conversion -Wno-float-conversion -Wno-non-literal-null-conversion -Wno-objc-literal-conversion -Wshorten-64-to-32 -Wpointer-sign -Wno-newline-eof -Wno-selector -Wno-strict-selector-match -Wno-undeclared-selector -Wno-deprecated-implementations -Wno-implicit-fallthrough -Wprotocol -Wdeprecated-declarations -Wno-sign-conversion -Wno-infinite-recursion -Wno-comma -Wno-block-capture-autoreleasing -Wno-strict-prototypes -Wno-semicolon-before-method-body -Wno-elaborated-enum-base -Wno-error\=allocator-wrappers -index-store-path /Users/admin/builder/spi-builder-workspace/.derivedData/Index.noindex/DataStore -index-unit-output-path /TPKeyboardAvoiding.build/Debug-xros/TPKeyboardAvoiding-t.build/Objects-normal/arm64/UIScrollView+TPKeyboardAvoidingAdditions.o -fmodule-map-file\=/Users/admin/builder/spi-builder-workspace/TPKeyboardAvoiding/include/module.modulemap -fmodule-map-file\=/Applications/Xcode-27.0.0-Release.Candidate.app/Contents/Developer/Platforms/XROS.platform/Developer/SDKs/XROS.sdk/usr/include/ObjectiveC.modulemap -fmodule-map-file\=/Applications/Xcode-27.0.0-Release.Candidate.app/Contents/Developer/Platforms/XROS.platform/Developer/SDKs/XROS.sdk/System/Library/Frameworks/UIKit.framework/Modules/module.modulemap -o /Users/admin/builder/spi-builder-workspace/.derivedData/Build/Intermediates.noindex/TPKeyboardAvoiding.build/Debug-xros/TPKeyboardAvoiding-t.build/Objects-normal/arm64/UIScrollView+TPKeyboardAvoidingAdditions.o -disable-free -emit-obj -x objective-c /Users/admin/builder/spi-builder-workspace/TPKeyboardAvoiding/UIScrollView+TPKeyboardAvoidingAdditions.m -target-abi darwinpcs -target-cpu apple-a12 -target-feature +v8.3a -target-feature +aes -target-feature +complxnum -target-feature +crc -target-feature +fp-armv8 -target-feature +fullfp16 -target-feature +jsconv -target-feature +lse -target-feature +neon -target-feature +pauth -target-feature +perfmon -target-feature +ras -target-feature +rcpc -target-feature +rdm -target-feature +sha2 -triple arm64-apple-xros1.0.0 -target-linker-version 1166.2 -target-sdk-version\=27.0 -fmodules-validate-system-headers -fno-modulemap-allow-subdirectory-search -isysroot /Applications/Xcode-27.0.0-Release.Candidate.app/Contents/Developer/Platforms/XROS.platform/Developer/SDKs/XROS27.0.sdk -resource-dir /Applications/Xcode-27.0.0-Release.Candidate.app/Contents/Developer/Toolchains/XcodeDefault.xctoolchain/usr/lib/clang/21 -fmodule-format\=obj -fmodule-file\=ObjectiveC\=/Users/admin/builder/spi-builder-workspace/.derivedData/Build/Intermediates.noindex/ExplicitPrecompiledModules/ObjectiveC-CT47SD1VIW86G6LAAYVF760Q3.pcm -fmodule-file\=UIKit\=/Users/admin/builder/spi-builder-workspace/.derivedData/Build/Intermediates.noindex/ExplicitPrecompiledModules/UIKit-3FDY32SUWOZ9AT8KENGULQA3X.pcm -I /Users/admin/builder/spi-builder-workspace/.derivedData/Build/Products/Debug-xros/include -I /Users/admin/builder/spi-builder-workspace/TPKeyboardAvoiding/include -I /Users/admin/builder/spi-builder-workspace/.derivedData/Build/Intermediates.noindex/TPKeyboardAvoiding.build/Debug-xros/TPKeyboardAvoiding-t.build/DerivedSources-normal/arm64 -I /Users/admin/builder/spi-builder-workspace/.derivedData/Build/Intermediates.noindex/TPKeyboardAvoiding.build/Debug-xros/TPKeyboardAvoiding-t.build/DerivedSources/arm64 -I /Users/admin/builder/spi-builder-workspace/.derivedData/Build/Intermediates.noindex/TPKeyboardAvoiding.build/Debug-xros/TPKeyboardAvoiding-t.build/DerivedSources -F /Users/admin/builder/spi-builder-workspace/.derivedData/Build/Products/Debug-xros -iframework /Applications/Xcode-27.0.0-Release.Candidate.app/Contents/Developer/Platforms/XROS.platform/Developer/Library/Frameworks -iframework /Applications/Xcode-27.0.0-Release.Candidate.app/Contents/Developer/Platforms/XROS.platform/Developer/SDKs/XROS27.0.sdk/Developer/Library/Frameworks -internal-isystem /Applications/Xcode-27.0.0-Release.Candidate.app/Contents/Developer/Platforms/XROS.platform/Developer/SDKs/XROS27.0.sdk/usr/local/include -internal-isystem /Applications/Xcode-27.0.0-Release.Candidate.app/Contents/Developer/Toolchains/XcodeDefault.xctoolchain/usr/lib/clang/21/include -internal-externc-isystem /Applications/Xcode-27.0.0-Release.Candidate.app/Contents/Developer/Platforms/XROS.platform/Developer/SDKs/XROS27.0.sdk/usr/include -internal-externc-isystem /Applications/Xcode-27.0.0-Release.Candidate.app/Contents/Developer/Toolchains/XcodeDefault.xctoolchain/usr/include -internal-iframework /Applications/Xcode-27.0.0-Release.Candidate.app/Contents/Developer/Platforms/XROS.platform/Developer/SDKs/XROS27.0.sdk/System/Library/Frameworks -internal-iframework /Applications/Xcode-27.0.0-Release.Candidate.app/Contents/Developer/Platforms/XROS.platform/Developer/SDKs/XROS27.0.sdk/System/Library/SubFrameworks -internal-iframework /Applications/Xcode-27.0.0-Release.Candidate.app/Contents/Developer/Platforms/XROS.platform/Developer/SDKs/XROS27.0.sdk/Library/Frameworks -ivfsstatcache /Users/admin/builder/spi-builder-workspace/.derivedData/SDKStatCaches.noindex/xros27.0-24M361-e829b21a6f8c9b70876ba0858053c044735bd543db762f57723cac368afd1ce4.sdkstatcache -std\=gnu11 -fexceptions -fskip-odr-check-in-gmf -fmodules -fmodule-name\=TPKeyboardAvoiding -fno-implicit-modules -fobjc-exceptions -fmax-type-align\=16 -fpascal-strings -fstack-check -ftrivial-auto-var-init\=zero -fvisibility-inlines-hidden-static-local-var -mdarwin-stkchk-strong-link -fno-odr-hash-protocols -pic-level 2 -fencode-extended-block-signature -stack-protector 1 -fcompatibility-qualified-id-block-type-checking -fobjc-runtime\=ios-17.0.0 -fobjc-arc -fobjc-runtime-has-weak -fobjc-weak -fgnuc-version\=4.2.1 -fblocks -fno-convergent-functions -ffp-contract\=on -fclang-abi-compat\=4.0 -fno-experimental-relative-c++-abi-vtables -fno-file-reproducible -clang-vendor-feature\=+disableNonDependentMemberExprInCurrentInstantiation -clang-vendor-feature\=+enableAggressiveVLAFolding -clang-vendor-feature\=+revert09abecef7bbf -clang-vendor-feature\=+thisNoAlignAttr -clang-vendor-feature\=+thisNoNullAttr -clang-vendor-feature\=+disableAtImportPrivateFrameworkInImplementationError -O0 -fno-assume-unique-vtables -fdebug-compilation-dir\=/Users/admin/builder/spi-builder-workspace/.swiftpm/xcode -fcoverage-compilation-dir\=/Users/admin/builder/spi-builder-workspace/.swiftpm/xcode -fcommon -fdwarf2-cfi-asm -fobjc-msgsend-selector-stubs -fregister-global-dtors-with-atexit -fno-strict-return -dwarf-version\=4 -debugger-tuning\=lldb -disable-llvm-verifier -dwarf-ext-refs -funwind-tables\=1 -enable-tlsdesc -clear-ast-before-backend -discard-value-names -main-file-name UIScrollView+TPKeyboardAvoidingAdditions.m -mframe-pointer\=non-leaf -debug-info-kind\=standalone -fno-loop-interchange -fdiagnostics-hotness-threshold\=0 -fdiagnostics-misexpect-tolerance\=0 -D DEBUG\=1 -D OBJC_OLD_DISPATCH_PROTOTYPES\=1 -D SWIFT_PACKAGE -D Xcode -fdefine-target-os-macros -MT dependencies -dependency-file /Users/admin/builder/spi-builder-workspace/.derivedData/Build/Intermediates.noindex/TPKeyboardAvoiding.build/Debug-xros/TPKeyboardAvoiding-t.build/Objects-normal/arm64/UIScrollView+TPKeyboardAvoidingAdditions.d -skip-unused-modulemap-deps -module-file-deps\=direct -fdepfile-entry\=/Applications/Xcode-27.0.0-Release.Candidate.app/Contents/Developer/Platforms/XROS.platform/Developer/SDKs/XROS27.0.sdk/SDKSettings.json
CompileC /Users/admin/builder/spi-builder-workspace/.derivedData/Build/Intermediates.noindex/TPKeyboardAvoiding.build/Debug-xros/TPKeyboardAvoiding-t.build/Objects-normal/arm64/TPKeyboardAvoidingTableView.o /Users/admin/builder/spi-builder-workspace/TPKeyboardAvoiding/TPKeyboardAvoidingTableView.m normal arm64 objective-c com.apple.compilers.llvm.clang.1_0.compiler (in target 'TPKeyboardAvoiding' from project 'TPKeyboardAvoiding')
cd /Users/admin/builder/spi-builder-workspace/.swiftpm/xcode
Using response file: /Users/admin/builder/spi-builder-workspace/.derivedData/Build/Intermediates.noindex/TPKeyboardAvoiding.build/Debug-xros/TPKeyboardAvoiding-t.build/Objects-normal/arm64/e6072d4f65d7061329687fe24e3d63a7-common-args.resp
/Applications/Xcode-27.0.0-Release.Candidate.app/Contents/Developer/Toolchains/XcodeDefault.xctoolchain/usr/bin/clang -x objective-c -ivfsstatcache /Users/admin/builder/spi-builder-workspace/.derivedData/SDKStatCaches.noindex/xros27.0-24M361-e829b21a6f8c9b70876ba0858053c044735bd543db762f57723cac368afd1ce4.sdkstatcache -target arm64-apple-xros1.0 -fmessage-length\=0 -fdiagnostics-show-note-include-stack -fmacro-backtrace-limit\=0 -fno-color-diagnostics -fmodules-prune-interval\=86400 -fmodules-prune-after\=345600 -fbuild-session-file\=/Users/admin/builder/spi-builder-workspace/.derivedData/ModuleCache.noindex/Session.modulevalidation -fmodules-validate-once-per-build-session -Wnon-modular-include-in-framework-module -Werror\=non-modular-include-in-framework-module -Wno-trigraphs -Wno-missing-field-initializers -Wno-missing-prototypes -Wno-return-type -Wno-implicit-atomic-properties -Wno-objc-interface-ivars -Wno-arc-repeated-use-of-weak -Wno-missing-braces -Wparentheses -Wswitch -Wno-unused-function -Wno-unused-label -Wno-unused-parameter -Wno-unused-variable -Wunused-value -Wno-empty-body -Wno-uninitialized -Wno-unknown-pragmas -Wno-shadow -Wno-four-char-constants -Wno-conversion -Wno-constant-conversion -Wno-int-conversion -Wno-bool-conversion -Wno-enum-conversion -Wno-float-conversion -Wno-non-literal-null-conversion -Wno-objc-literal-conversion -Wshorten-64-to-32 -Wpointer-sign -Wno-newline-eof -Wno-selector -Wno-strict-selector-match -Wno-undeclared-selector -Wno-deprecated-implementations -Wno-implicit-fallthrough -isysroot /Applications/Xcode-27.0.0-Release.Candidate.app/Contents/Developer/Platforms/XROS.platform/Developer/SDKs/XROS27.0.sdk -fstrict-aliasing -Wprotocol -Wdeprecated-declarations -Wno-sign-conversion -Wno-infinite-recursion -Wno-comma -Wno-block-capture-autoreleasing -Wno-strict-prototypes -Wno-semicolon-before-method-body -index-store-path /Users/admin/builder/spi-builder-workspace/.derivedData/Index.noindex/DataStore @/Users/admin/builder/spi-builder-workspace/.derivedData/Build/Intermediates.noindex/TPKeyboardAvoiding.build/Debug-xros/TPKeyboardAvoiding-t.build/Objects-normal/arm64/e6072d4f65d7061329687fe24e3d63a7-common-args.resp -MMD -MT dependencies -MF /Users/admin/builder/spi-builder-workspace/.derivedData/Build/Intermediates.noindex/TPKeyboardAvoiding.build/Debug-xros/TPKeyboardAvoiding-t.build/Objects-normal/arm64/TPKeyboardAvoidingTableView.d --serialize-diagnostics /Users/admin/builder/spi-builder-workspace/.derivedData/Build/Intermediates.noindex/TPKeyboardAvoiding.build/Debug-xros/TPKeyboardAvoiding-t.build/Objects-normal/arm64/TPKeyboardAvoidingTableView.dia -c /Users/admin/builder/spi-builder-workspace/TPKeyboardAvoiding/TPKeyboardAvoidingTableView.m -o /Users/admin/builder/spi-builder-workspace/.derivedData/Build/Intermediates.noindex/TPKeyboardAvoiding.build/Debug-xros/TPKeyboardAvoiding-t.build/Objects-normal/arm64/TPKeyboardAvoidingTableView.o -index-unit-output-path /TPKeyboardAvoiding.build/Debug-xros/TPKeyboardAvoiding-t.build/Objects-normal/arm64/TPKeyboardAvoidingTableView.o
CompileC /Users/admin/builder/spi-builder-workspace/.derivedData/Build/Intermediates.noindex/TPKeyboardAvoiding.build/Debug-xros/TPKeyboardAvoiding-t.build/Objects-normal/arm64/TPKeyboardAvoidingCollectionView.o /Users/admin/builder/spi-builder-workspace/TPKeyboardAvoiding/TPKeyboardAvoidingCollectionView.m normal arm64 objective-c com.apple.compilers.llvm.clang.1_0.compiler (in target 'TPKeyboardAvoiding' from project 'TPKeyboardAvoiding')
cd /Users/admin/builder/spi-builder-workspace/.swiftpm/xcode
Using response file: /Users/admin/builder/spi-builder-workspace/.derivedData/Build/Intermediates.noindex/TPKeyboardAvoiding.build/Debug-xros/TPKeyboardAvoiding-t.build/Objects-normal/arm64/e6072d4f65d7061329687fe24e3d63a7-common-args.resp
/Applications/Xcode-27.0.0-Release.Candidate.app/Contents/Developer/Toolchains/XcodeDefault.xctoolchain/usr/bin/clang -x objective-c -ivfsstatcache /Users/admin/builder/spi-builder-workspace/.derivedData/SDKStatCaches.noindex/xros27.0-24M361-e829b21a6f8c9b70876ba0858053c044735bd543db762f57723cac368afd1ce4.sdkstatcache -target arm64-apple-xros1.0 -fmessage-length\=0 -fdiagnostics-show-note-include-stack -fmacro-backtrace-limit\=0 -fno-color-diagnostics -fmodules-prune-interval\=86400 -fmodules-prune-after\=345600 -fbuild-session-file\=/Users/admin/builder/spi-builder-workspace/.derivedData/ModuleCache.noindex/Session.modulevalidation -fmodules-validate-once-per-build-session -Wnon-modular-include-in-framework-module -Werror\=non-modular-include-in-framework-module -Wno-trigraphs -Wno-missing-field-initializers -Wno-missing-prototypes -Wno-return-type -Wno-implicit-atomic-properties -Wno-objc-interface-ivars -Wno-arc-repeated-use-of-weak -Wno-missing-braces -Wparentheses -Wswitch -Wno-unused-function -Wno-unused-label -Wno-unused-parameter -Wno-unused-variable -Wunused-value -Wno-empty-body -Wno-uninitialized -Wno-unknown-pragmas -Wno-shadow -Wno-four-char-constants -Wno-conversion -Wno-constant-conversion -Wno-int-conversion -Wno-bool-conversion -Wno-enum-conversion -Wno-float-conversion -Wno-non-literal-null-conversion -Wno-objc-literal-conversion -Wshorten-64-to-32 -Wpointer-sign -Wno-newline-eof -Wno-selector -Wno-strict-selector-match -Wno-undeclared-selector -Wno-deprecated-implementations -Wno-implicit-fallthrough -isysroot /Applications/Xcode-27.0.0-Release.Candidate.app/Contents/Developer/Platforms/XROS.platform/Developer/SDKs/XROS27.0.sdk -fstrict-aliasing -Wprotocol -Wdeprecated-declarations -Wno-sign-conversion -Wno-infinite-recursion -Wno-comma -Wno-block-capture-autoreleasing -Wno-strict-prototypes -Wno-semicolon-before-method-body -index-store-path /Users/admin/builder/spi-builder-workspace/.derivedData/Index.noindex/DataStore @/Users/admin/builder/spi-builder-workspace/.derivedData/Build/Intermediates.noindex/TPKeyboardAvoiding.build/Debug-xros/TPKeyboardAvoiding-t.build/Objects-normal/arm64/e6072d4f65d7061329687fe24e3d63a7-common-args.resp -MMD -MT dependencies -MF /Users/admin/builder/spi-builder-workspace/.derivedData/Build/Intermediates.noindex/TPKeyboardAvoiding.build/Debug-xros/TPKeyboardAvoiding-t.build/Objects-normal/arm64/TPKeyboardAvoidingCollectionView.d --serialize-diagnostics /Users/admin/builder/spi-builder-workspace/.derivedData/Build/Intermediates.noindex/TPKeyboardAvoiding.build/Debug-xros/TPKeyboardAvoiding-t.build/Objects-normal/arm64/TPKeyboardAvoidingCollectionView.dia -c /Users/admin/builder/spi-builder-workspace/TPKeyboardAvoiding/TPKeyboardAvoidingCollectionView.m -o /Users/admin/builder/spi-builder-workspace/.derivedData/Build/Intermediates.noindex/TPKeyboardAvoiding.build/Debug-xros/TPKeyboardAvoiding-t.build/Objects-normal/arm64/TPKeyboardAvoidingCollectionView.o -index-unit-output-path /TPKeyboardAvoiding.build/Debug-xros/TPKeyboardAvoiding-t.build/Objects-normal/arm64/TPKeyboardAvoidingCollectionView.o
CompileC /Users/admin/builder/spi-builder-workspace/.derivedData/Build/Intermediates.noindex/TPKeyboardAvoiding.build/Debug-xros/TPKeyboardAvoiding-t.build/Objects-normal/arm64/TPKeyboardAvoidingScrollView.o /Users/admin/builder/spi-builder-workspace/TPKeyboardAvoiding/TPKeyboardAvoidingScrollView.m normal arm64 objective-c com.apple.compilers.llvm.clang.1_0.compiler (in target 'TPKeyboardAvoiding' from project 'TPKeyboardAvoiding')
cd /Users/admin/builder/spi-builder-workspace/.swiftpm/xcode
Using response file: /Users/admin/builder/spi-builder-workspace/.derivedData/Build/Intermediates.noindex/TPKeyboardAvoiding.build/Debug-xros/TPKeyboardAvoiding-t.build/Objects-normal/arm64/e6072d4f65d7061329687fe24e3d63a7-common-args.resp
/Applications/Xcode-27.0.0-Release.Candidate.app/Contents/Developer/Toolchains/XcodeDefault.xctoolchain/usr/bin/clang -x objective-c -ivfsstatcache /Users/admin/builder/spi-builder-workspace/.derivedData/SDKStatCaches.noindex/xros27.0-24M361-e829b21a6f8c9b70876ba0858053c044735bd543db762f57723cac368afd1ce4.sdkstatcache -target arm64-apple-xros1.0 -fmessage-length\=0 -fdiagnostics-show-note-include-stack -fmacro-backtrace-limit\=0 -fno-color-diagnostics -fmodules-prune-interval\=86400 -fmodules-prune-after\=345600 -fbuild-session-file\=/Users/admin/builder/spi-builder-workspace/.derivedData/ModuleCache.noindex/Session.modulevalidation -fmodules-validate-once-per-build-session -Wnon-modular-include-in-framework-module -Werror\=non-modular-include-in-framework-module -Wno-trigraphs -Wno-missing-field-initializers -Wno-missing-prototypes -Wno-return-type -Wno-implicit-atomic-properties -Wno-objc-interface-ivars -Wno-arc-repeated-use-of-weak -Wno-missing-braces -Wparentheses -Wswitch -Wno-unused-function -Wno-unused-label -Wno-unused-parameter -Wno-unused-variable -Wunused-value -Wno-empty-body -Wno-uninitialized -Wno-unknown-pragmas -Wno-shadow -Wno-four-char-constants -Wno-conversion -Wno-constant-conversion -Wno-int-conversion -Wno-bool-conversion -Wno-enum-conversion -Wno-float-conversion -Wno-non-literal-null-conversion -Wno-objc-literal-conversion -Wshorten-64-to-32 -Wpointer-sign -Wno-newline-eof -Wno-selector -Wno-strict-selector-match -Wno-undeclared-selector -Wno-deprecated-implementations -Wno-implicit-fallthrough -isysroot /Applications/Xcode-27.0.0-Release.Candidate.app/Contents/Developer/Platforms/XROS.platform/Developer/SDKs/XROS27.0.sdk -fstrict-aliasing -Wprotocol -Wdeprecated-declarations -Wno-sign-conversion -Wno-infinite-recursion -Wno-comma -Wno-block-capture-autoreleasing -Wno-strict-prototypes -Wno-semicolon-before-method-body -index-store-path /Users/admin/builder/spi-builder-workspace/.derivedData/Index.noindex/DataStore @/Users/admin/builder/spi-builder-workspace/.derivedData/Build/Intermediates.noindex/TPKeyboardAvoiding.build/Debug-xros/TPKeyboardAvoiding-t.build/Objects-normal/arm64/e6072d4f65d7061329687fe24e3d63a7-common-args.resp -MMD -MT dependencies -MF /Users/admin/builder/spi-builder-workspace/.derivedData/Build/Intermediates.noindex/TPKeyboardAvoiding.build/Debug-xros/TPKeyboardAvoiding-t.build/Objects-normal/arm64/TPKeyboardAvoidingScrollView.d --serialize-diagnostics /Users/admin/builder/spi-builder-workspace/.derivedData/Build/Intermediates.noindex/TPKeyboardAvoiding.build/Debug-xros/TPKeyboardAvoiding-t.build/Objects-normal/arm64/TPKeyboardAvoidingScrollView.dia -c /Users/admin/builder/spi-builder-workspace/TPKeyboardAvoiding/TPKeyboardAvoidingScrollView.m -o /Users/admin/builder/spi-builder-workspace/.derivedData/Build/Intermediates.noindex/TPKeyboardAvoiding.build/Debug-xros/TPKeyboardAvoiding-t.build/Objects-normal/arm64/TPKeyboardAvoidingScrollView.o -index-unit-output-path /TPKeyboardAvoiding.build/Debug-xros/TPKeyboardAvoiding-t.build/Objects-normal/arm64/TPKeyboardAvoidingScrollView.o
PruneExplicitPrecompiledModules /Users/admin/builder/spi-builder-workspace/.derivedData/Build/Intermediates.noindex/ExplicitPrecompiledModules
PruneExplicitPrecompiledModules /Users/admin/builder/spi-builder-workspace/.derivedData/Build/Intermediates.noindex/SwiftExplicitPrecompiledModules
PruneExplicitPrecompiledModules /Users/admin/builder/spi-builder-workspace/.derivedData/SDKExplicitPrecompiledModules
2026-09-23 16:35:29.837 xcodebuild[734:4679] [MT] IDERunDestination: Supported platforms for the buildables in the current scheme is empty.
** BUILD FAILED **
The following build commands failed:
CompileC /Users/admin/builder/spi-builder-workspace/.derivedData/Build/Intermediates.noindex/TPKeyboardAvoiding.build/Debug-xros/TPKeyboardAvoiding-t.build/Objects-normal/arm64/UIScrollView+TPKeyboardAvoidingAdditions.o /Users/admin/builder/spi-builder-workspace/TPKeyboardAvoiding/UIScrollView+TPKeyboardAvoidingAdditions.m normal arm64 objective-c com.apple.compilers.llvm.clang.1_0.compiler (in target 'TPKeyboardAvoiding' from project 'TPKeyboardAvoiding')
Building workspace TPKeyboardAvoiding with scheme TPKeyboardAvoiding
(2 failures)
BUILD FAILURE 6.4 visionOS