Build Information
Failed to build SwiftUITextField, reference v0.0.6 (83c73d), with Swift 6.4 for tvOS using Xcode 27.0 on 18 Sep 2026 20:33:23 UTC.
Build Command
env DEVELOPER_DIR=/Applications/Xcode-27.0.0-Release.Candidate.app xcrun xcodebuild -IDEClonedSourcePackagesDirPathOverride=$PWD/.dependencies -skipMacroValidation -skipPackagePluginValidation -derivedDataPath $PWD/.derivedData build -scheme SwiftUITextField-Package -destination generic/platform=tvOSBuild Log
========================================
RunAll
========================================
Builder version: 5.1.0
Interrupt handler set up.
========================================
Checkout
========================================
Clone URL: https://github.com/ricocrescenzio95/SUITextField.git
Reference: v0.0.6
Initialized empty Git repository in /Users/admin/builder/spi-builder-workspace/.git/
From https://github.com/ricocrescenzio95/SUITextField
* tag v0.0.6 -> FETCH_HEAD
HEAD is now at 83c73d0 Merge pull request #10 from jeanbaptistebeau/master
Cloned https://github.com/ricocrescenzio95/SUITextField.git
Revision (git rev-parse @):
83c73d05b26b2e097f2ea9bd03dfb5df9dc20a05
SUCCESS checkout https://github.com/ricocrescenzio95/SUITextField.git at v0.0.6
========================================
Build
========================================
Selected platform: tvOS
Swift version: 6.4
Building package at path: $PWD
https://github.com/ricocrescenzio95/SUITextField.git
Command line invocation:
/Applications/Xcode-27.0.0-Release.Candidate.app/Contents/Developer/usr/bin/xcodebuild -IDEClonedSourcePackagesDirPathOverride=/Users/admin/builder/spi-builder-workspace/.dependencies -resolvePackageDependencies
Resolve Package Graph
Fetching from https://github.com/pointfreeco/swift-snapshot-testing.git
Fetching from https://github.com/swiftlang/swift-syntax
Fetching from https://github.com/pointfreeco/swift-custom-dump
Fetching from https://github.com/pointfreeco/swift-issue-reporting
Creating working copy of package ‘swift-syntax’
Checking out 604.0.0 of package ‘swift-syntax’
Creating working copy of package ‘swift-issue-reporting’
Checking out 2.1.0 of package ‘swift-issue-reporting’
Creating working copy of package ‘swift-custom-dump’
Checking out 1.7.3 of package ‘swift-custom-dump’
Creating working copy of package ‘swift-snapshot-testing’
Checking out 1.19.5 of package ‘swift-snapshot-testing’
Resolve Package Graph
Resolved source packages:
swift-syntax: https://github.com/swiftlang/swift-syntax @ 604.0.0
SwiftUITextField: /Users/admin/builder/spi-builder-workspace
swift-custom-dump: https://github.com/pointfreeco/swift-custom-dump @ 1.7.3
swift-snapshot-testing: https://github.com/pointfreeco/swift-snapshot-testing.git @ 1.19.5
swift-issue-reporting: https://github.com/pointfreeco/swift-issue-reporting @ 2.1.0
resolved source packages: swift-syntax, SwiftUITextField, swift-custom-dump, swift-snapshot-testing, swift-issue-reporting
2026-09-18 16:31:58.263 xcodebuild[524:2991] [MT] IDERunDestination: Supported platforms for the buildables in the current scheme is empty.
2026-09-18 16:31:58.412 xcodebuild[524:2991] [MT] IDERunDestination: Supported platforms for the buildables in the current scheme is empty.
2026-09-18 16:32:00.054 xcodebuild[524:2991] [MT] IDERunDestination: Supported platforms for the buildables in the current scheme is empty.
{
"dependencies" : [
{
"identity" : "swift-snapshot-testing",
"requirement" : {
"range" : [
{
"lower_bound" : "1.9.0",
"upper_bound" : "2.0.0"
}
]
},
"type" : "sourceControl",
"url" : "https://github.com/pointfreeco/swift-snapshot-testing.git"
}
],
"manifest_display_name" : "SwiftUITextField",
"name" : "SwiftUITextField",
"path" : "/Users/admin/builder/spi-builder-workspace",
"platforms" : [
{
"name" : "ios",
"version" : "13.0"
},
{
"name" : "maccatalyst",
"version" : "13.0"
}
],
"products" : [
{
"name" : "SwiftUITextField",
"targets" : [
"SwiftUITextField"
],
"type" : {
"library" : [
"automatic"
]
}
}
],
"targets" : [
{
"c99name" : "SwiftUITextField",
"module_type" : "SwiftTarget",
"name" : "SwiftUITextField",
"path" : "Sources/SwiftUITextField",
"product_memberships" : [
"SwiftUITextField"
],
"sources" : [
"Helper/UIHostingController+IgnoreSafeArea.swift",
"Responder Navigator/ResponderNavigatorView.swift",
"Responder/ResponderChainCoordinator.swift",
"Responder/ResponderModifier.swift",
"Responder/ResponderState.swift",
"Responder/ResponderStorage.swift",
"TextField/CharacterReplacement.swift",
"TextField/DefaultAttributesMergePolicy.swift",
"TextField/Environments.swift",
"TextField/FontSizeAdjustment.swift",
"TextField/FormatPolicy.swift",
"TextField/Internal/TextType.swift",
"TextField/Internal/_SUITextField.swift",
"TextField/SUITextField.swift"
],
"type" : "library"
},
{
"c99name" : "SUITextFieldTests",
"module_type" : "SwiftTarget",
"name" : "SUITextFieldTests",
"path" : "Tests/SUITextFieldTests",
"product_dependencies" : [
"SnapshotTesting"
],
"sources" : [
"CoreTestCase.swift",
"StylingTests.swift"
],
"target_dependencies" : [
"SwiftUITextField"
],
"type" : "test"
}
],
"tools_version" : "5.6"
}
{
"workspace" : {
"name" : "SwiftUITextField",
"schemes" : [
"SwiftUITextField",
"SwiftUITextField-Package"
]
}
}
2026-09-18 16:33:06.018 xcodebuild[815:4882] [MT] IDERunDestination: Supported platforms for the buildables in the current scheme is empty.
2026-09-18 16:33:06.118 xcodebuild[815:4882] [MT] IDERunDestination: Supported platforms for the buildables in the current scheme is empty.
Running build ...
env DEVELOPER_DIR=/Applications/Xcode-27.0.0-Release.Candidate.app xcrun xcodebuild -IDEClonedSourcePackagesDirPathOverride=$PWD/.dependencies -skipMacroValidation -skipPackagePluginValidation -derivedDataPath $PWD/.derivedData build -scheme SwiftUITextField-Package -destination generic/platform=tvOS
Command line invocation:
/Applications/Xcode-27.0.0-Release.Candidate.app/Contents/Developer/usr/bin/xcodebuild -IDEClonedSourcePackagesDirPathOverride=/Users/admin/builder/spi-builder-workspace/.dependencies -skipMacroValidation -skipPackagePluginValidation -derivedDataPath /Users/admin/builder/spi-builder-workspace/.derivedData build -scheme SwiftUITextField-Package -destination generic/platform=tvOS
Resolve Package Graph
Resolve Package Graph
Resolved source packages:
swift-custom-dump: https://github.com/pointfreeco/swift-custom-dump @ 1.7.3
swift-issue-reporting: https://github.com/pointfreeco/swift-issue-reporting @ 2.1.0
SwiftUITextField: /Users/admin/builder/spi-builder-workspace
swift-snapshot-testing: https://github.com/pointfreeco/swift-snapshot-testing.git @ 1.19.5
swift-syntax: https://github.com/swiftlang/swift-syntax @ 604.0.0
ComputePackagePrebuildTargetDependencyGraph
Prepare packages
CreateBuildRequest
SendProjectDescription
CreateBuildOperation
ComputeTargetDependencyGraph
note: Building targets in dependency order
note: Target dependency graph (2 targets)
Target 'SwiftUITextField-product' in project 'SwiftUITextField'
➜ Explicit dependency on target 'SwiftUITextField' in project 'SwiftUITextField'
Target 'SwiftUITextField' in project 'SwiftUITextField' (no dependencies)
GatherProvisioningInputs
CreateBuildDescription
ExecuteExternalTool /Applications/Xcode-27.0.0-Release.Candidate.app/Contents/Developer/Toolchains/XcodeDefault.xctoolchain/usr/bin/clang -v -E -dM -isysroot /Applications/Xcode-27.0.0-Release.Candidate.app/Contents/Developer/Platforms/AppleTVOS.platform/Developer/SDKs/AppleTVOS27.0.sdk -x c -c /dev/null
ExecuteExternalTool /Applications/Xcode-27.0.0-Release.Candidate.app/Contents/Developer/Toolchains/XcodeDefault.xctoolchain/usr/bin/swiftc --version
ExecuteExternalTool /Applications/Xcode-27.0.0-Release.Candidate.app/Contents/Developer/Toolchains/XcodeDefault.xctoolchain/usr/bin/ld -version_details
ReadFileContents /Applications/Xcode-27.0.0-Release.Candidate.app/Contents/Developer/Toolchains/XcodeDefault.xctoolchain/usr/share/docc/features.json
Build description signature: dc0f05914808d73a2bccfede1604d0d0
Build description path: /Users/admin/builder/spi-builder-workspace/.derivedData/Build/Intermediates.noindex/XCBuildData/dc0f05914808d73a2bccfede1604d0d0.xcbuilddata
CreateBuildDirectory /Users/admin/builder/spi-builder-workspace/.derivedData/SDKExplicitPrecompiledModules
cd /Users/admin/builder/spi-builder-workspace/.swiftpm/xcode
builtin-create-build-directory /Users/admin/builder/spi-builder-workspace/.derivedData/SDKExplicitPrecompiledModules
CreateBuildDirectory /Users/admin/builder/spi-builder-workspace/.derivedData/ModuleCache.noindex
cd /Users/admin/builder/spi-builder-workspace/.swiftpm/xcode
builtin-create-build-directory /Users/admin/builder/spi-builder-workspace/.derivedData/ModuleCache.noindex
CreateBuildDirectory /Users/admin/builder/spi-builder-workspace/.derivedData/CompilationCache.noindex
cd /Users/admin/builder/spi-builder-workspace/.swiftpm/xcode
builtin-create-build-directory /Users/admin/builder/spi-builder-workspace/.derivedData/CompilationCache.noindex
CreateBuildDirectory /Users/admin/builder/spi-builder-workspace/.derivedData/Build/Products
cd /Users/admin/builder/spi-builder-workspace/.swiftpm/xcode
builtin-create-build-directory /Users/admin/builder/spi-builder-workspace/.derivedData/Build/Products
CreateBuildDirectory /Users/admin/builder/spi-builder-workspace/.derivedData/Build/Intermediates.noindex
cd /Users/admin/builder/spi-builder-workspace/.swiftpm/xcode
builtin-create-build-directory /Users/admin/builder/spi-builder-workspace/.derivedData/Build/Intermediates.noindex
ClangStatCache /Applications/Xcode-27.0.0-Release.Candidate.app/Contents/Developer/Toolchains/XcodeDefault.xctoolchain/usr/bin/clang-stat-cache /Applications/Xcode-27.0.0-Release.Candidate.app/Contents/Developer/Platforms/AppleTVOS.platform/Developer/SDKs/AppleTVOS27.0.sdk /Users/admin/builder/spi-builder-workspace/.derivedData/SDKStatCaches.noindex/appletvos27.0-24J360-e829b21a6f8c9b70876ba0858053c044b32bfd8d43560033f8d89884cdb90028.sdkstatcache
cd /Users/admin/builder/spi-builder-workspace/.swiftpm/xcode
/Applications/Xcode-27.0.0-Release.Candidate.app/Contents/Developer/Toolchains/XcodeDefault.xctoolchain/usr/bin/clang-stat-cache /Applications/Xcode-27.0.0-Release.Candidate.app/Contents/Developer/Platforms/AppleTVOS.platform/Developer/SDKs/AppleTVOS27.0.sdk -o /Users/admin/builder/spi-builder-workspace/.derivedData/SDKStatCaches.noindex/appletvos27.0-24J360-e829b21a6f8c9b70876ba0858053c044b32bfd8d43560033f8d89884cdb90028.sdkstatcache
CreateBuildDirectory /Users/admin/builder/spi-builder-workspace/.derivedData/Build/Intermediates.noindex/SwiftExplicitPrecompiledModules
cd /Users/admin/builder/spi-builder-workspace/.swiftpm/xcode
builtin-create-build-directory /Users/admin/builder/spi-builder-workspace/.derivedData/Build/Intermediates.noindex/SwiftExplicitPrecompiledModules
CreateBuildDirectory /Users/admin/builder/spi-builder-workspace/.derivedData/Build/Intermediates.noindex/PrecompiledHeaders
cd /Users/admin/builder/spi-builder-workspace/.swiftpm/xcode
builtin-create-build-directory /Users/admin/builder/spi-builder-workspace/.derivedData/Build/Intermediates.noindex/PrecompiledHeaders
CreateBuildDirectory /Users/admin/builder/spi-builder-workspace/.derivedData/Build/Products/Debug-appletvos
cd /Users/admin/builder/spi-builder-workspace/.swiftpm/xcode
builtin-create-build-directory /Users/admin/builder/spi-builder-workspace/.derivedData/Build/Products/Debug-appletvos
CreateBuildDirectory /Users/admin/builder/spi-builder-workspace/.derivedData/Build/Intermediates.noindex/ExplicitPrecompiledModules
cd /Users/admin/builder/spi-builder-workspace/.swiftpm/xcode
builtin-create-build-directory /Users/admin/builder/spi-builder-workspace/.derivedData/Build/Intermediates.noindex/ExplicitPrecompiledModules
CreateBuildDirectory /Users/admin/builder/spi-builder-workspace/.derivedData/Build/Intermediates.noindex/EagerLinkingTBDs/Debug-appletvos
cd /Users/admin/builder/spi-builder-workspace/.swiftpm/xcode
builtin-create-build-directory /Users/admin/builder/spi-builder-workspace/.derivedData/Build/Intermediates.noindex/EagerLinkingTBDs/Debug-appletvos
CreateBuildDirectory /Users/admin/builder/spi-builder-workspace/.derivedData/Build/Products/Debug-appletvos/PackageFrameworks
cd /Users/admin/builder/spi-builder-workspace/.swiftpm/xcode
builtin-create-build-directory /Users/admin/builder/spi-builder-workspace/.derivedData/Build/Products/Debug-appletvos/PackageFrameworks
WriteAuxiliaryFile /Users/admin/builder/spi-builder-workspace/.derivedData/Build/Intermediates.noindex/SwiftUITextField.build/Debug-appletvos/SwiftUITextField-t.build/SwiftUITextField.DependencyStaticMetadataFileList (in target 'SwiftUITextField' from project 'SwiftUITextField')
cd /Users/admin/builder/spi-builder-workspace
write-file /Users/admin/builder/spi-builder-workspace/.derivedData/Build/Intermediates.noindex/SwiftUITextField.build/Debug-appletvos/SwiftUITextField-t.build/SwiftUITextField.DependencyStaticMetadataFileList
WriteAuxiliaryFile /Users/admin/builder/spi-builder-workspace/.derivedData/Build/Intermediates.noindex/SwiftUITextField.build/Debug-appletvos/SwiftUITextField-t.build/SwiftUITextField.modulemap (in target 'SwiftUITextField' from project 'SwiftUITextField')
cd /Users/admin/builder/spi-builder-workspace
write-file /Users/admin/builder/spi-builder-workspace/.derivedData/Build/Intermediates.noindex/SwiftUITextField.build/Debug-appletvos/SwiftUITextField-t.build/SwiftUITextField.modulemap
WriteAuxiliaryFile /Users/admin/builder/spi-builder-workspace/.derivedData/Build/Intermediates.noindex/SwiftUITextField.build/Debug-appletvos/SwiftUITextField-t.build/SwiftUITextField.DependencyMetadataFileList (in target 'SwiftUITextField' from project 'SwiftUITextField')
cd /Users/admin/builder/spi-builder-workspace
write-file /Users/admin/builder/spi-builder-workspace/.derivedData/Build/Intermediates.noindex/SwiftUITextField.build/Debug-appletvos/SwiftUITextField-t.build/SwiftUITextField.DependencyMetadataFileList
WriteAuxiliaryFile /Users/admin/builder/spi-builder-workspace/.derivedData/Build/Intermediates.noindex/SwiftUITextField.build/Debug-appletvos/SwiftUITextField-t.build/Objects-normal/arm64/SwiftUITextField_const_extract_protocols.json (in target 'SwiftUITextField' from project 'SwiftUITextField')
cd /Users/admin/builder/spi-builder-workspace
write-file /Users/admin/builder/spi-builder-workspace/.derivedData/Build/Intermediates.noindex/SwiftUITextField.build/Debug-appletvos/SwiftUITextField-t.build/Objects-normal/arm64/SwiftUITextField_const_extract_protocols.json
WriteAuxiliaryFile /Users/admin/builder/spi-builder-workspace/.derivedData/Build/Intermediates.noindex/SwiftUITextField.build/Debug-appletvos/SwiftUITextField-t.build/Objects-normal/arm64/SwiftUITextField-OutputFileMap.json (in target 'SwiftUITextField' from project 'SwiftUITextField')
cd /Users/admin/builder/spi-builder-workspace
write-file /Users/admin/builder/spi-builder-workspace/.derivedData/Build/Intermediates.noindex/SwiftUITextField.build/Debug-appletvos/SwiftUITextField-t.build/Objects-normal/arm64/SwiftUITextField-OutputFileMap.json
WriteAuxiliaryFile /Users/admin/builder/spi-builder-workspace/.derivedData/Build/Intermediates.noindex/SwiftUITextField.build/Debug-appletvos/SwiftUITextField-t.build/Objects-normal/arm64/SwiftUITextField.LinkFileList (in target 'SwiftUITextField' from project 'SwiftUITextField')
cd /Users/admin/builder/spi-builder-workspace
write-file /Users/admin/builder/spi-builder-workspace/.derivedData/Build/Intermediates.noindex/SwiftUITextField.build/Debug-appletvos/SwiftUITextField-t.build/Objects-normal/arm64/SwiftUITextField.LinkFileList
WriteAuxiliaryFile /Users/admin/builder/spi-builder-workspace/.derivedData/Build/Intermediates.noindex/SwiftUITextField.build/Debug-appletvos/SwiftUITextField-t.build/Objects-normal/arm64/SwiftUITextField.SwiftConstValuesFileList (in target 'SwiftUITextField' from project 'SwiftUITextField')
cd /Users/admin/builder/spi-builder-workspace
write-file /Users/admin/builder/spi-builder-workspace/.derivedData/Build/Intermediates.noindex/SwiftUITextField.build/Debug-appletvos/SwiftUITextField-t.build/Objects-normal/arm64/SwiftUITextField.SwiftConstValuesFileList
WriteAuxiliaryFile /Users/admin/builder/spi-builder-workspace/.derivedData/Build/Intermediates.noindex/SwiftUITextField.build/Debug-appletvos/SwiftUITextField-t.build/Objects-normal/arm64/SwiftUITextField.SwiftFileList (in target 'SwiftUITextField' from project 'SwiftUITextField')
cd /Users/admin/builder/spi-builder-workspace
write-file /Users/admin/builder/spi-builder-workspace/.derivedData/Build/Intermediates.noindex/SwiftUITextField.build/Debug-appletvos/SwiftUITextField-t.build/Objects-normal/arm64/SwiftUITextField.SwiftFileList
Copy /Users/admin/builder/spi-builder-workspace/.derivedData/Build/Intermediates.noindex/GeneratedModuleMaps-appletvos/SwiftUITextField.modulemap /Users/admin/builder/spi-builder-workspace/.derivedData/Build/Intermediates.noindex/SwiftUITextField.build/Debug-appletvos/SwiftUITextField-t.build/SwiftUITextField.modulemap (in target 'SwiftUITextField' from project 'SwiftUITextField')
cd /Users/admin/builder/spi-builder-workspace
builtin-copy -exclude .DS_Store -exclude CVS -exclude .svn -exclude .git -exclude .hg -resolve-src-symlinks /Users/admin/builder/spi-builder-workspace/.derivedData/Build/Intermediates.noindex/SwiftUITextField.build/Debug-appletvos/SwiftUITextField-t.build/SwiftUITextField.modulemap /Users/admin/builder/spi-builder-workspace/.derivedData/Build/Intermediates.noindex/GeneratedModuleMaps-appletvos
SwiftDriver SwiftUITextField normal arm64 com.apple.xcode.tools.swift.compiler (in target 'SwiftUITextField' from project 'SwiftUITextField')
cd /Users/admin/builder/spi-builder-workspace/.swiftpm/xcode
builtin-SwiftDriver -- /Applications/Xcode-27.0.0-Release.Candidate.app/Contents/Developer/Toolchains/XcodeDefault.xctoolchain/usr/bin/swiftc -parse-as-library -module-name SwiftUITextField -Onone @/Users/admin/builder/spi-builder-workspace/.derivedData/Build/Intermediates.noindex/SwiftUITextField.build/Debug-appletvos/SwiftUITextField-t.build/Objects-normal/arm64/SwiftUITextField.SwiftFileList -DSWIFT_PACKAGE -DDEBUG -DSWIFT_MODULE_RESOURCE_BUNDLE_UNAVAILABLE -DXcode -plugin-path /Applications/Xcode-27.0.0-Release.Candidate.app/Contents/Developer/Toolchains/XcodeDefault.xctoolchain/usr/lib/swift/host/plugins/testing -enable-experimental-feature DebugDescriptionMacro -sdk /Applications/Xcode-27.0.0-Release.Candidate.app/Contents/Developer/Platforms/AppleTVOS.platform/Developer/SDKs/AppleTVOS27.0.sdk -target arm64-apple-tvos15.0 -g -module-cache-path /Users/admin/builder/spi-builder-workspace/.derivedData/ModuleCache.noindex -Xfrontend -serialize-debugging-options -enable-testing -index-store-path /Users/admin/builder/spi-builder-workspace/.derivedData/Index.noindex/DataStore -Xcc -D_LIBCPP_HARDENING_MODE\=_LIBCPP_HARDENING_MODE_DEBUG -swift-version 5 -I /Users/admin/builder/spi-builder-workspace/.derivedData/Build/Products/Debug-appletvos -Isystem /Applications/Xcode-27.0.0-Release.Candidate.app/Contents/Developer/Platforms/AppleTVOS.platform/Developer/usr/lib -F /Users/admin/builder/spi-builder-workspace/.derivedData/Build/Products/Debug-appletvos -F /Applications/Xcode-27.0.0-Release.Candidate.app/Contents/Developer/Platforms/AppleTVOS.platform/Developer/Library/Frameworks -F /Applications/Xcode-27.0.0-Release.Candidate.app/Contents/Developer/Platforms/AppleTVOS.platform/Developer/SDKs/AppleTVOS27.0.sdk/Developer/Library/Frameworks -c -j10 -enable-batch-mode -incremental -Xcc -ivfsstatcache -Xcc /Users/admin/builder/spi-builder-workspace/.derivedData/SDKStatCaches.noindex/appletvos27.0-24J360-e829b21a6f8c9b70876ba0858053c044b32bfd8d43560033f8d89884cdb90028.sdkstatcache -output-file-map /Users/admin/builder/spi-builder-workspace/.derivedData/Build/Intermediates.noindex/SwiftUITextField.build/Debug-appletvos/SwiftUITextField-t.build/Objects-normal/arm64/SwiftUITextField-OutputFileMap.json -save-temps -no-color-diagnostics -explicit-module-build -module-cache-path /Users/admin/builder/spi-builder-workspace/.derivedData/Build/Intermediates.noindex/SwiftExplicitPrecompiledModules -clang-scanner-module-cache-path /Users/admin/builder/spi-builder-workspace/.derivedData/ModuleCache.noindex -sdk-module-cache-path /Users/admin/builder/spi-builder-workspace/.derivedData/SDKExplicitPrecompiledModules -emit-dependencies -emit-module -emit-module-path /Users/admin/builder/spi-builder-workspace/.derivedData/Build/Intermediates.noindex/SwiftUITextField.build/Debug-appletvos/SwiftUITextField-t.build/Objects-normal/arm64/SwiftUITextField.swiftmodule -serialize-diagnostics -dependency-scan-serialize-diagnostics-path /Users/admin/builder/spi-builder-workspace/.derivedData/Build/Intermediates.noindex/SwiftUITextField.build/Debug-appletvos/SwiftUITextField-t.build/Objects-normal/arm64/SwiftUITextField-dependency-scan.dia -validate-clang-modules-once -clang-build-session-file /Users/admin/builder/spi-builder-workspace/.derivedData/ModuleCache.noindex/Session.modulevalidation -Xcc -fmodules-prune-interval\=86400 -Xcc -fmodules-prune-after\=345600 -emit-const-values -const-gather-protocols-list /Users/admin/builder/spi-builder-workspace/.derivedData/Build/Intermediates.noindex/SwiftUITextField.build/Debug-appletvos/SwiftUITextField-t.build/Objects-normal/arm64/SwiftUITextField_const_extract_protocols.json -Xcc -I/Users/admin/builder/spi-builder-workspace/.derivedData/Build/Products/Debug-appletvos/include -Xcc -I/Users/admin/builder/spi-builder-workspace/.derivedData/Build/Intermediates.noindex/SwiftUITextField.build/Debug-appletvos/SwiftUITextField-t.build/DerivedSources-normal/arm64 -Xcc -I/Users/admin/builder/spi-builder-workspace/.derivedData/Build/Intermediates.noindex/SwiftUITextField.build/Debug-appletvos/SwiftUITextField-t.build/DerivedSources/arm64 -Xcc -I/Users/admin/builder/spi-builder-workspace/.derivedData/Build/Intermediates.noindex/SwiftUITextField.build/Debug-appletvos/SwiftUITextField-t.build/DerivedSources -Xcc -DSWIFT_PACKAGE -Xcc -DDEBUG\=1 -emit-objc-header -emit-objc-header-path /Users/admin/builder/spi-builder-workspace/.derivedData/Build/Intermediates.noindex/SwiftUITextField.build/Debug-appletvos/SwiftUITextField-t.build/Objects-normal/arm64/SwiftUITextField-Swift.h -working-directory /Users/admin/builder/spi-builder-workspace/.swiftpm/xcode -experimental-emit-module-separately -disable-cmo
SwiftExplicitDependencyGeneratePcm arm64 /Users/admin/builder/spi-builder-workspace/.derivedData/SDKExplicitPrecompiledModules/_Builtin_stdbool-AHRDH5EKLY6D04C5E42F3VCQI.pcm
SwiftExplicitDependencyGeneratePcm arm64 /Users/admin/builder/spi-builder-workspace/.derivedData/SDKExplicitPrecompiledModules/_Builtin_stddef-9ZJZ6FDEZNKTZU8YLPMFT9RAQ.pcm
SwiftExplicitDependencyGeneratePcm arm64 /Users/admin/builder/spi-builder-workspace/.derivedData/SDKExplicitPrecompiledModules/SwiftShims-8N4EXJ4RUJTR8K9OO3CMOH1EP.pcm
SwiftExplicitDependencyGeneratePcm arm64 /Users/admin/builder/spi-builder-workspace/.derivedData/SDKExplicitPrecompiledModules/_Builtin_float-8ZJAYZ85YBOAOP52Y9H6IUNP3.pcm
SwiftExplicitDependencyGeneratePcm arm64 /Users/admin/builder/spi-builder-workspace/.derivedData/SDKExplicitPrecompiledModules/ptrauth-8X2KEPL7CTRPS40TUB9APHPK6.pcm
SwiftExplicitDependencyGeneratePcm arm64 /Users/admin/builder/spi-builder-workspace/.derivedData/SDKExplicitPrecompiledModules/_AvailabilityInternal-BV2EDDP0MI5QJDDPEEV4D9D3V.pcm
SwiftExplicitDependencyGeneratePcm arm64 /Users/admin/builder/spi-builder-workspace/.derivedData/SDKExplicitPrecompiledModules/ptrcheck-2AZ6B5IBYD3RRRTFWN2ONASY3.pcm
SwiftExplicitDependencyGeneratePcm arm64 /Users/admin/builder/spi-builder-workspace/.derivedData/SDKExplicitPrecompiledModules/_Builtin_stdarg-BO2OCAUYVAXDRVQWQ8ISKGNUQ.pcm
SwiftExplicitDependencyGeneratePcm arm64 /Users/admin/builder/spi-builder-workspace/.derivedData/SDKExplicitPrecompiledModules/_SwiftConcurrencyShims-BY5PD8KF1L5KF6F4Q69HE3TJ4.pcm
SwiftExplicitDependencyGeneratePcm arm64 /Users/admin/builder/spi-builder-workspace/.derivedData/SDKExplicitPrecompiledModules/DeveloperToolsSupport-B1X8RI63V48AJRTH2RK6JAARV.pcm
SwiftExplicitDependencyGeneratePcm arm64 /Users/admin/builder/spi-builder-workspace/.derivedData/SDKExplicitPrecompiledModules/_DarwinFoundation1-JOTYMOA1YZCIJ2NON6FQ848O.pcm
SwiftExplicitDependencyGeneratePcm arm64 /Users/admin/builder/spi-builder-workspace/.derivedData/SDKExplicitPrecompiledModules/_Builtin_limits-7JU2HP127LIT1X9E2V3D8WZ1.pcm
SwiftExplicitDependencyGeneratePcm arm64 /Users/admin/builder/spi-builder-workspace/.derivedData/SDKExplicitPrecompiledModules/_DarwinFoundation2-AOGAN1O02NKXRJN5V73AV3V3M.pcm
SwiftExplicitDependencyGeneratePcm arm64 /Users/admin/builder/spi-builder-workspace/.derivedData/SDKExplicitPrecompiledModules/_Builtin_tgmath-7ULT1EUHDHW4OZPSTT33H6QGE.pcm
SwiftExplicitDependencyGeneratePcm arm64 /Users/admin/builder/spi-builder-workspace/.derivedData/SDKExplicitPrecompiledModules/_Builtin_stdint-6NFTB6IBKS143IVPGT1EKB7HO.pcm
SwiftExplicitDependencyGeneratePcm arm64 /Users/admin/builder/spi-builder-workspace/.derivedData/SDKExplicitPrecompiledModules/string_h-6EVHP7A717OUS5DMC78F79HWO.pcm
SwiftExplicitDependencyGeneratePcm arm64 /Users/admin/builder/spi-builder-workspace/.derivedData/SDKExplicitPrecompiledModules/sys_types-8GCAV1YMG5UUGHUID3CA20TCH.pcm
SwiftExplicitDependencyGeneratePcm arm64 /Users/admin/builder/spi-builder-workspace/.derivedData/SDKExplicitPrecompiledModules/_Builtin_intrinsics-437O2R2NID4WAQVENR63GR82C.pcm
SwiftExplicitDependencyGeneratePcm arm64 /Users/admin/builder/spi-builder-workspace/.derivedData/SDKExplicitPrecompiledModules/_DarwinFoundation3-8SR3855WDFHQPR6G9GHOI2C07.pcm
SwiftExplicitDependencyGeneratePcm arm64 /Users/admin/builder/spi-builder-workspace/.derivedData/SDKExplicitPrecompiledModules/_Builtin_stdatomic-3YXHN678NGYM3NL9POJ2HVEIF.pcm
SwiftExplicitDependencyGeneratePcm arm64 /Users/admin/builder/spi-builder-workspace/.derivedData/SDKExplicitPrecompiledModules/_Builtin_inttypes-6X1IQ3QK9KEVKXOK9Y79EW7J3.pcm
SwiftExplicitDependencyGeneratePcm arm64 /Users/admin/builder/spi-builder-workspace/.derivedData/SDKExplicitPrecompiledModules/Darwin-DBSQAVBBPC3D2OMU5ZI2RXMST.pcm
SwiftExplicitDependencyGeneratePcm arm64 /Users/admin/builder/spi-builder-workspace/.derivedData/SDKExplicitPrecompiledModules/simd-117QUXEUT3Z7UQCUYWV2UA228.pcm
SwiftExplicitDependencyGeneratePcm arm64 /Users/admin/builder/spi-builder-workspace/.derivedData/SDKExplicitPrecompiledModules/MachO-EH3F5PJCIZG05NO51CEFSZYPW.pcm
SwiftExplicitDependencyGeneratePcm arm64 /Users/admin/builder/spi-builder-workspace/.derivedData/SDKExplicitPrecompiledModules/ObjectiveC-5250FDCE56N8508OR6XUYDKZM.pcm
SwiftExplicitDependencyGeneratePcm arm64 /Users/admin/builder/spi-builder-workspace/.derivedData/SDKExplicitPrecompiledModules/os_object-E2DGZ0SX0TULQHULZRPO6OKNW.pcm
SwiftExplicitDependencyGeneratePcm arm64 /Users/admin/builder/spi-builder-workspace/.derivedData/SDKExplicitPrecompiledModules/os_workgroup-DBUFF7811DKMX7VPBOJPGGF1U.pcm
SwiftExplicitDependencyGeneratePcm arm64 /Users/admin/builder/spi-builder-workspace/.derivedData/SDKExplicitPrecompiledModules/Dispatch-1QL58A0V50C39KVAIC6C38SHL.pcm
SwiftExplicitDependencyGeneratePcm arm64 /Users/admin/builder/spi-builder-workspace/.derivedData/SDKExplicitPrecompiledModules/Spatial-7U8NLEFXSB8BR7PJQGVMF5A4Q.pcm
SwiftExplicitDependencyGeneratePcm arm64 /Users/admin/builder/spi-builder-workspace/.derivedData/SDKExplicitPrecompiledModules/CoreFoundation-7TPJ7ENDC4L1A1ESHYI9TXS0D.pcm
SwiftExplicitDependencyGeneratePcm arm64 /Users/admin/builder/spi-builder-workspace/.derivedData/SDKExplicitPrecompiledModules/XPC-6O2DJFT3QUJ7QKTD3SNUB6PCR.pcm
SwiftExplicitDependencyGeneratePcm arm64 /Users/admin/builder/spi-builder-workspace/.derivedData/SDKExplicitPrecompiledModules/os-3GJI8H0BNAEZPQPQ1V0VVY3FY.pcm
SwiftExplicitDependencyGeneratePcm arm64 /Users/admin/builder/spi-builder-workspace/.derivedData/SDKExplicitPrecompiledModules/CoreAudioTypes-E7EH96HAL3G83QSWLT7VWYIP4.pcm
SwiftExplicitDependencyGeneratePcm arm64 /Users/admin/builder/spi-builder-workspace/.derivedData/SDKExplicitPrecompiledModules/CFNetwork-2CUR2VK9S3S3WPFXPNXNUWYGN.pcm
SwiftExplicitDependencyGeneratePcm arm64 /Users/admin/builder/spi-builder-workspace/.derivedData/SDKExplicitPrecompiledModules/Security-8VMXEKVDA3MHUH9AOTP905DID.pcm
SwiftExplicitDependencyGeneratePcm arm64 /Users/admin/builder/spi-builder-workspace/.derivedData/SDKExplicitPrecompiledModules/CoreGraphics-CWSP3J98S2658BYCVL6RP99T3.pcm
SwiftExplicitDependencyGeneratePcm arm64 /Users/admin/builder/spi-builder-workspace/.derivedData/SDKExplicitPrecompiledModules/CoreAudio-6IR1XRM0Q9YQZMFW89F3H4V3X.pcm
SwiftExplicitDependencyGeneratePcm arm64 /Users/admin/builder/spi-builder-workspace/.derivedData/SDKExplicitPrecompiledModules/Foundation-BSSIP64DIGUKMAYJOG1WPQ78X.pcm
SwiftExplicitDependencyGeneratePcm arm64 /Users/admin/builder/spi-builder-workspace/.derivedData/SDKExplicitPrecompiledModules/ImageIO-88D4CLEBD4CLWQKT78PZ6H1O8.pcm
SwiftExplicitDependencyGeneratePcm arm64 /Users/admin/builder/spi-builder-workspace/.derivedData/SDKExplicitPrecompiledModules/CoreText-59NY7PABM0I4V978161FOC04A.pcm
SwiftExplicitDependencyGeneratePcm arm64 /Users/admin/builder/spi-builder-workspace/.derivedData/SDKExplicitPrecompiledModules/Symbols-B5AU9VM9Y7NU79RLMH13Z4IFM.pcm
SwiftExplicitDependencyGeneratePcm arm64 /Users/admin/builder/spi-builder-workspace/.derivedData/SDKExplicitPrecompiledModules/UIUtilities-6ZFJ1AK4H8IBGEBMYQBWGBYLK.pcm
SwiftExplicitDependencyGeneratePcm arm64 /Users/admin/builder/spi-builder-workspace/.derivedData/SDKExplicitPrecompiledModules/_LocationEssentials-ETSJ65FELPWR8WH8G49R1DF2E.pcm
SwiftExplicitDependencyGeneratePcm arm64 /Users/admin/builder/spi-builder-workspace/.derivedData/SDKExplicitPrecompiledModules/Accessibility-B6BODGZ4MQQTY0PBC4SHRP009.pcm
SwiftExplicitDependencyGeneratePcm arm64 /Users/admin/builder/spi-builder-workspace/.derivedData/SDKExplicitPrecompiledModules/DataDetection-37JIYZ2GWDA1L166PP1D9JKAF.pcm
SwiftExplicitDependencyGeneratePcm arm64 /Users/admin/builder/spi-builder-workspace/.derivedData/SDKExplicitPrecompiledModules/CoreData-DYMPHH3PH8AX9I1FHA4VFJ675.pcm
SwiftExplicitDependencyGeneratePcm arm64 /Users/admin/builder/spi-builder-workspace/.derivedData/SDKExplicitPrecompiledModules/UniformTypeIdentifiers-95CC8U42ZA9STP5K6GP9ZVJS5.pcm
SwiftExplicitDependencyGeneratePcm arm64 /Users/admin/builder/spi-builder-workspace/.derivedData/SDKExplicitPrecompiledModules/OSLog-7OT6HHTMY0ZFEQJ095LJZ6NLC.pcm
SwiftExplicitDependencyGeneratePcm arm64 /Users/admin/builder/spi-builder-workspace/.derivedData/SDKExplicitPrecompiledModules/CoreTransferable-7V4O8DATEQ9F7SDNTCW8YWLG3.pcm
SwiftExplicitDependencyGeneratePcm arm64 /Users/admin/builder/spi-builder-workspace/.derivedData/SDKExplicitPrecompiledModules/UserNotifications-E9ZW5TH066WIJWH9080RC5NG4.pcm
SwiftExplicitDependencyGeneratePcm arm64 /Users/admin/builder/spi-builder-workspace/.derivedData/SDKExplicitPrecompiledModules/IOSurface-38FJ1CKX9FV2RD97O64Z7QB17.pcm
SwiftExplicitDependencyGeneratePcm arm64 /Users/admin/builder/spi-builder-workspace/.derivedData/SDKExplicitPrecompiledModules/CoreLocation-YVXXAOMVX0JH2KO1XTTKTY51.pcm
SwiftExplicitDependencyGeneratePcm arm64 /Users/admin/builder/spi-builder-workspace/.derivedData/SDKExplicitPrecompiledModules/OpenGLES-4NY99CNDU9WUNUYEIXSS1QFGE.pcm
SwiftExplicitDependencyGeneratePcm arm64 /Users/admin/builder/spi-builder-workspace/.derivedData/SDKExplicitPrecompiledModules/Metal-2KYBS7IML1SD788M91YV7Q0CC.pcm
SwiftExplicitDependencyGeneratePcm arm64 /Users/admin/builder/spi-builder-workspace/.derivedData/SDKExplicitPrecompiledModules/CoreVideo-DPU0PB5X0XLSVA2ETRGI6FJBM.pcm
SwiftExplicitDependencyGeneratePcm arm64 /Users/admin/builder/spi-builder-workspace/.derivedData/SDKExplicitPrecompiledModules/CoreImage-7S2AFJ8EIY3DUFYLEAX1JR1QV.pcm
SwiftExplicitDependencyGeneratePcm arm64 /Users/admin/builder/spi-builder-workspace/.derivedData/SDKExplicitPrecompiledModules/QuartzCore-DJSYAWKXFGVSAK5CQMOB3JSR.pcm
SwiftExplicitDependencyGeneratePcm arm64 /Users/admin/builder/spi-builder-workspace/.derivedData/SDKExplicitPrecompiledModules/CoreMedia-4OUKVT03LV547KZJDPPJRJ4F8.pcm
SwiftExplicitDependencyGeneratePcm arm64 /Users/admin/builder/spi-builder-workspace/.derivedData/SDKExplicitPrecompiledModules/SwiftUICore-543QU5V2NHKUFCYFJDKUJ7NYG.pcm
SwiftExplicitDependencyGeneratePcm arm64 /Users/admin/builder/spi-builder-workspace/.derivedData/SDKExplicitPrecompiledModules/UIKit-1TKWN7VC2X6N3ITMRVA2G0EB2.pcm
SwiftExplicitDependencyGeneratePcm arm64 /Users/admin/builder/spi-builder-workspace/.derivedData/SDKExplicitPrecompiledModules/SwiftUI-7BV1YDT6IZWW6B8OC6ENV0Y0F.pcm
SwiftEmitModule normal arm64 Emitting\ module\ for\ SwiftUITextField (in target 'SwiftUITextField' from project 'SwiftUITextField')
SwiftCompile normal arm64 (in target 'SwiftUITextField' from project 'SwiftUITextField')
cd /Users/admin/builder/spi-builder-workspace/.swiftpm/xcode
/Users/admin/builder/spi-builder-workspace/Sources/SwiftUITextField/TextField/SUITextField.swift:846:27: warning: generic parameter 'InputView' shadows generic parameter from outer scope with the same name; this is an error in the Swift 6 language mode
116 | ///
117 | /// Check <doc:EnvironmentModifiers> for the list of environment modifiers.
118 | public struct SUITextField<InputView, InputAccessoryView, LeftView, RightView>: UIViewRepresentable
| `- note: 'InputView' previously declared here
119 | where InputView: View, InputAccessoryView: View, LeftView: View, RightView: View {
120 |
:
844 | public extension SUITextField {
845 |
846 | private func applyAll<InputView, InputAccessoryView, LeftView, RightView>(
| `- warning: generic parameter 'InputView' shadows generic parameter from outer scope with the same name; this is an error in the Swift 6 language mode
847 | from textField: SUITextField<InputView, InputAccessoryView, LeftView, RightView>
848 | ) -> Self where InputView: View, InputAccessoryView: View, LeftView:View, RightView: View {
/Users/admin/builder/spi-builder-workspace/Sources/SwiftUITextField/TextField/SUITextField.swift:846:38: warning: generic parameter 'InputAccessoryView' shadows generic parameter from outer scope with the same name; this is an error in the Swift 6 language mode
116 | ///
117 | /// Check <doc:EnvironmentModifiers> for the list of environment modifiers.
118 | public struct SUITextField<InputView, InputAccessoryView, LeftView, RightView>: UIViewRepresentable
| `- note: 'InputAccessoryView' previously declared here
119 | where InputView: View, InputAccessoryView: View, LeftView: View, RightView: View {
120 |
:
844 | public extension SUITextField {
845 |
846 | private func applyAll<InputView, InputAccessoryView, LeftView, RightView>(
| `- warning: generic parameter 'InputAccessoryView' shadows generic parameter from outer scope with the same name; this is an error in the Swift 6 language mode
847 | from textField: SUITextField<InputView, InputAccessoryView, LeftView, RightView>
848 | ) -> Self where InputView: View, InputAccessoryView: View, LeftView:View, RightView: View {
/Users/admin/builder/spi-builder-workspace/Sources/SwiftUITextField/TextField/SUITextField.swift:846:58: warning: generic parameter 'LeftView' shadows generic parameter from outer scope with the same name; this is an error in the Swift 6 language mode
116 | ///
117 | /// Check <doc:EnvironmentModifiers> for the list of environment modifiers.
118 | public struct SUITextField<InputView, InputAccessoryView, LeftView, RightView>: UIViewRepresentable
| `- note: 'LeftView' previously declared here
119 | where InputView: View, InputAccessoryView: View, LeftView: View, RightView: View {
120 |
:
844 | public extension SUITextField {
845 |
846 | private func applyAll<InputView, InputAccessoryView, LeftView, RightView>(
| `- warning: generic parameter 'LeftView' shadows generic parameter from outer scope with the same name; this is an error in the Swift 6 language mode
847 | from textField: SUITextField<InputView, InputAccessoryView, LeftView, RightView>
848 | ) -> Self where InputView: View, InputAccessoryView: View, LeftView:View, RightView: View {
/Users/admin/builder/spi-builder-workspace/Sources/SwiftUITextField/TextField/SUITextField.swift:846:68: warning: generic parameter 'RightView' shadows generic parameter from outer scope with the same name; this is an error in the Swift 6 language mode
116 | ///
117 | /// Check <doc:EnvironmentModifiers> for the list of environment modifiers.
118 | public struct SUITextField<InputView, InputAccessoryView, LeftView, RightView>: UIViewRepresentable
| `- note: 'RightView' previously declared here
119 | where InputView: View, InputAccessoryView: View, LeftView: View, RightView: View {
120 |
:
844 | public extension SUITextField {
845 |
846 | private func applyAll<InputView, InputAccessoryView, LeftView, RightView>(
| `- warning: generic parameter 'RightView' shadows generic parameter from outer scope with the same name; this is an error in the Swift 6 language mode
847 | from textField: SUITextField<InputView, InputAccessoryView, LeftView, RightView>
848 | ) -> Self where InputView: View, InputAccessoryView: View, LeftView:View, RightView: View {
SwiftCompile normal arm64 Compiling\ UIHostingController+IgnoreSafeArea.swift,\ ResponderNavigatorView.swift /Users/admin/builder/spi-builder-workspace/Sources/SwiftUITextField/Helper/UIHostingController+IgnoreSafeArea.swift /Users/admin/builder/spi-builder-workspace/Sources/SwiftUITextField/Responder\ Navigator/ResponderNavigatorView.swift (in target 'SwiftUITextField' from project 'SwiftUITextField')
SwiftCompile normal arm64 /Users/admin/builder/spi-builder-workspace/Sources/SwiftUITextField/Helper/UIHostingController+IgnoreSafeArea.swift (in target 'SwiftUITextField' from project 'SwiftUITextField')
cd /Users/admin/builder/spi-builder-workspace/.swiftpm/xcode
builtin-SwiftPerFileCompile UIHostingController+IgnoreSafeArea.swift
SwiftCompile normal arm64 /Users/admin/builder/spi-builder-workspace/Sources/SwiftUITextField/Responder\ Navigator/ResponderNavigatorView.swift (in target 'SwiftUITextField' from project 'SwiftUITextField')
cd /Users/admin/builder/spi-builder-workspace/.swiftpm/xcode
builtin-SwiftPerFileCompile ResponderNavigatorView.swift
SwiftCompile normal arm64 Compiling\ CharacterReplacement.swift,\ DefaultAttributesMergePolicy.swift /Users/admin/builder/spi-builder-workspace/Sources/SwiftUITextField/TextField/CharacterReplacement.swift /Users/admin/builder/spi-builder-workspace/Sources/SwiftUITextField/TextField/DefaultAttributesMergePolicy.swift (in target 'SwiftUITextField' from project 'SwiftUITextField')
SwiftCompile normal arm64 /Users/admin/builder/spi-builder-workspace/Sources/SwiftUITextField/TextField/CharacterReplacement.swift (in target 'SwiftUITextField' from project 'SwiftUITextField')
cd /Users/admin/builder/spi-builder-workspace/.swiftpm/xcode
builtin-SwiftPerFileCompile CharacterReplacement.swift
SwiftCompile normal arm64 /Users/admin/builder/spi-builder-workspace/Sources/SwiftUITextField/TextField/DefaultAttributesMergePolicy.swift (in target 'SwiftUITextField' from project 'SwiftUITextField')
cd /Users/admin/builder/spi-builder-workspace/.swiftpm/xcode
builtin-SwiftPerFileCompile DefaultAttributesMergePolicy.swift
SwiftCompile normal arm64 Compiling\ Environments.swift /Users/admin/builder/spi-builder-workspace/Sources/SwiftUITextField/TextField/Environments.swift (in target 'SwiftUITextField' from project 'SwiftUITextField')
SwiftCompile normal arm64 /Users/admin/builder/spi-builder-workspace/Sources/SwiftUITextField/TextField/Environments.swift (in target 'SwiftUITextField' from project 'SwiftUITextField')
cd /Users/admin/builder/spi-builder-workspace/.swiftpm/xcode
builtin-SwiftPerFileCompile Environments.swift
SwiftCompile normal arm64 Compiling\ ResponderChainCoordinator.swift,\ ResponderModifier.swift /Users/admin/builder/spi-builder-workspace/Sources/SwiftUITextField/Responder/ResponderChainCoordinator.swift /Users/admin/builder/spi-builder-workspace/Sources/SwiftUITextField/Responder/ResponderModifier.swift (in target 'SwiftUITextField' from project 'SwiftUITextField')
SwiftCompile normal arm64 /Users/admin/builder/spi-builder-workspace/Sources/SwiftUITextField/Responder/ResponderChainCoordinator.swift (in target 'SwiftUITextField' from project 'SwiftUITextField')
cd /Users/admin/builder/spi-builder-workspace/.swiftpm/xcode
builtin-SwiftPerFileCompile ResponderChainCoordinator.swift
SwiftCompile normal arm64 /Users/admin/builder/spi-builder-workspace/Sources/SwiftUITextField/Responder/ResponderModifier.swift (in target 'SwiftUITextField' from project 'SwiftUITextField')
cd /Users/admin/builder/spi-builder-workspace/.swiftpm/xcode
builtin-SwiftPerFileCompile ResponderModifier.swift
SwiftCompile normal arm64 Compiling\ TextType.swift /Users/admin/builder/spi-builder-workspace/Sources/SwiftUITextField/TextField/Internal/TextType.swift (in target 'SwiftUITextField' from project 'SwiftUITextField')
SwiftCompile normal arm64 /Users/admin/builder/spi-builder-workspace/Sources/SwiftUITextField/TextField/Internal/TextType.swift (in target 'SwiftUITextField' from project 'SwiftUITextField')
cd /Users/admin/builder/spi-builder-workspace/.swiftpm/xcode
builtin-SwiftPerFileCompile TextType.swift
SwiftCompile normal arm64 Compiling\ ResponderState.swift,\ ResponderStorage.swift /Users/admin/builder/spi-builder-workspace/Sources/SwiftUITextField/Responder/ResponderState.swift /Users/admin/builder/spi-builder-workspace/Sources/SwiftUITextField/Responder/ResponderStorage.swift (in target 'SwiftUITextField' from project 'SwiftUITextField')
SwiftCompile normal arm64 /Users/admin/builder/spi-builder-workspace/Sources/SwiftUITextField/Responder/ResponderState.swift (in target 'SwiftUITextField' from project 'SwiftUITextField')
cd /Users/admin/builder/spi-builder-workspace/.swiftpm/xcode
builtin-SwiftPerFileCompile ResponderState.swift
SwiftCompile normal arm64 /Users/admin/builder/spi-builder-workspace/Sources/SwiftUITextField/Responder/ResponderStorage.swift (in target 'SwiftUITextField' from project 'SwiftUITextField')
cd /Users/admin/builder/spi-builder-workspace/.swiftpm/xcode
builtin-SwiftPerFileCompile ResponderStorage.swift
SwiftCompile normal arm64 Compiling\ SUITextField.swift /Users/admin/builder/spi-builder-workspace/Sources/SwiftUITextField/TextField/SUITextField.swift (in target 'SwiftUITextField' from project 'SwiftUITextField')
SwiftCompile normal arm64 /Users/admin/builder/spi-builder-workspace/Sources/SwiftUITextField/TextField/SUITextField.swift (in target 'SwiftUITextField' from project 'SwiftUITextField')
cd /Users/admin/builder/spi-builder-workspace/.swiftpm/xcode
builtin-SwiftPerFileCompile SUITextField.swift
/Users/admin/builder/spi-builder-workspace/Sources/SwiftUITextField/TextField/SUITextField.swift:846:27: warning: generic parameter 'InputView' shadows generic parameter from outer scope with the same name; this is an error in the Swift 6 language mode
116 | ///
117 | /// Check <doc:EnvironmentModifiers> for the list of environment modifiers.
118 | public struct SUITextField<InputView, InputAccessoryView, LeftView, RightView>: UIViewRepresentable
| `- note: 'InputView' previously declared here
119 | where InputView: View, InputAccessoryView: View, LeftView: View, RightView: View {
120 |
:
844 | public extension SUITextField {
845 |
846 | private func applyAll<InputView, InputAccessoryView, LeftView, RightView>(
| `- warning: generic parameter 'InputView' shadows generic parameter from outer scope with the same name; this is an error in the Swift 6 language mode
847 | from textField: SUITextField<InputView, InputAccessoryView, LeftView, RightView>
848 | ) -> Self where InputView: View, InputAccessoryView: View, LeftView:View, RightView: View {
/Users/admin/builder/spi-builder-workspace/Sources/SwiftUITextField/TextField/SUITextField.swift:846:38: warning: generic parameter 'InputAccessoryView' shadows generic parameter from outer scope with the same name; this is an error in the Swift 6 language mode
116 | ///
117 | /// Check <doc:EnvironmentModifiers> for the list of environment modifiers.
118 | public struct SUITextField<InputView, InputAccessoryView, LeftView, RightView>: UIViewRepresentable
| `- note: 'InputAccessoryView' previously declared here
119 | where InputView: View, InputAccessoryView: View, LeftView: View, RightView: View {
120 |
:
844 | public extension SUITextField {
845 |
846 | private func applyAll<InputView, InputAccessoryView, LeftView, RightView>(
| `- warning: generic parameter 'InputAccessoryView' shadows generic parameter from outer scope with the same name; this is an error in the Swift 6 language mode
847 | from textField: SUITextField<InputView, InputAccessoryView, LeftView, RightView>
848 | ) -> Self where InputView: View, InputAccessoryView: View, LeftView:View, RightView: View {
/Users/admin/builder/spi-builder-workspace/Sources/SwiftUITextField/TextField/SUITextField.swift:846:58: warning: generic parameter 'LeftView' shadows generic parameter from outer scope with the same name; this is an error in the Swift 6 language mode
116 | ///
117 | /// Check <doc:EnvironmentModifiers> for the list of environment modifiers.
118 | public struct SUITextField<InputView, InputAccessoryView, LeftView, RightView>: UIViewRepresentable
| `- note: 'LeftView' previously declared here
119 | where InputView: View, InputAccessoryView: View, LeftView: View, RightView: View {
120 |
:
844 | public extension SUITextField {
845 |
846 | private func applyAll<InputView, InputAccessoryView, LeftView, RightView>(
| `- warning: generic parameter 'LeftView' shadows generic parameter from outer scope with the same name; this is an error in the Swift 6 language mode
847 | from textField: SUITextField<InputView, InputAccessoryView, LeftView, RightView>
848 | ) -> Self where InputView: View, InputAccessoryView: View, LeftView:View, RightView: View {
SwiftCompile normal arm64 Compiling\ _SUITextField.swift /Users/admin/builder/spi-builder-workspace/Sources/SwiftUITextField/TextField/Internal/_SUITextField.swift (in target 'SwiftUITextField' from project 'SwiftUITextField')
/Users/admin/builder/spi-builder-workspace/Sources/SwiftUITextField/TextField/Internal/_SUITextField.swift:78:77: error: 'keyboardDidChangeFrameNotification' is unavailable in tvOS
76 | controller.didMove(toParent: self)
77 |
78 | cancellable = NotificationCenter.default.publisher(for: UIResponder.keyboardDidChangeFrameNotification)
| `- error: 'keyboardDidChangeFrameNotification' is unavailable in tvOS
79 | .sink { [weak self] _ in
80 | self?.layoutContent()
/Applications/Xcode-27.0.0-Release.Candidate.app/Contents/Developer/Platforms/AppleTVOS.platform/Developer/SDKs/AppleTVOS27.0.sdk/System/Library/Frameworks/UIKit.framework/Headers/UIWindow.h:146:39: note: 'keyboardDidChangeFrameNotification' has been explicitly marked unavailable here
144 | // a nil object and begin/end frames of the keyboard in screen coordinates in the userInfo dictionary.
145 | UIKIT_EXTERN NSNotificationName const UIKeyboardWillChangeFrameNotification API_AVAILABLE(ios(5.0)) API_UNAVAILABLE(tvos, watchos) NS_SWIFT_NONISOLATED;
146 | UIKIT_EXTERN NSNotificationName const UIKeyboardDidChangeFrameNotification API_AVAILABLE(ios(5.0)) API_UNAVAILABLE(tvos, watchos) NS_SWIFT_NONISOLATED;
| `- note: 'keyboardDidChangeFrameNotification' has been explicitly marked unavailable here
147 |
148 | // These keys are superseded by UIKeyboardFrameBeginUserInfoKey and UIKeyboardFrameEndUserInfoKey.
Failed frontend command:
/Applications/Xcode-27.0.0-Release.Candidate.app/Contents/Developer/Toolchains/XcodeDefault.xctoolchain/usr/bin/swift-frontend -frontend -c /Users/admin/builder/spi-builder-workspace/Sources/SwiftUITextField/Helper/UIHostingController+IgnoreSafeArea.swift /Users/admin/builder/spi-builder-workspace/Sources/SwiftUITextField/Responder\ Navigator/ResponderNavigatorView.swift /Users/admin/builder/spi-builder-workspace/Sources/SwiftUITextField/Responder/ResponderChainCoordinator.swift /Users/admin/builder/spi-builder-workspace/Sources/SwiftUITextField/Responder/ResponderModifier.swift /Users/admin/builder/spi-builder-workspace/Sources/SwiftUITextField/Responder/ResponderState.swift /Users/admin/builder/spi-builder-workspace/Sources/SwiftUITextField/Responder/ResponderStorage.swift /Users/admin/builder/spi-builder-workspace/Sources/SwiftUITextField/TextField/CharacterReplacement.swift /Users/admin/builder/spi-builder-workspace/Sources/SwiftUITextField/TextField/DefaultAttributesMergePolicy.swift /Users/admin/builder/spi-builder-workspace/Sources/SwiftUITextField/TextField/Environments.swift /Users/admin/builder/spi-builder-workspace/Sources/SwiftUITextField/TextField/FontSizeAdjustment.swift /Users/admin/builder/spi-builder-workspace/Sources/SwiftUITextField/TextField/FormatPolicy.swift /Users/admin/builder/spi-builder-workspace/Sources/SwiftUITextField/TextField/Internal/TextType.swift -primary-file /Users/admin/builder/spi-builder-workspace/Sources/SwiftUITextField/TextField/Internal/_SUITextField.swift /Users/admin/builder/spi-builder-workspace/Sources/SwiftUITextField/TextField/SUITextField.swift -emit-dependencies-path /Users/admin/builder/spi-builder-workspace/.derivedData/Build/Intermediates.noindex/SwiftUITextField.build/Debug-appletvos/SwiftUITextField-t.build/Objects-normal/arm64/_SUITextField.d -emit-const-values-path /Users/admin/builder/spi-builder-workspace/.derivedData/Build/Intermediates.noindex/SwiftUITextField.build/Debug-appletvos/SwiftUITextField-t.build/Objects-normal/arm64/_SUITextField.swiftconstvalues -emit-reference-dependencies-path /Users/admin/builder/spi-builder-workspace/.derivedData/Build/Intermediates.noindex/SwiftUITextField.build/Debug-appletvos/SwiftUITextField-t.build/Objects-normal/arm64/_SUITextField.swiftdeps -serialize-diagnostics-path /Users/admin/builder/spi-builder-workspace/.derivedData/Build/Intermediates.noindex/SwiftUITextField.build/Debug-appletvos/SwiftUITextField-t.build/Objects-normal/arm64/_SUITextField.dia -target arm64-apple-tvos15.0 -disable-cross-import-overlay-search -load-resolved-plugin /Applications/Xcode-27.0.0-Release.Candidate.app/Contents/Developer/Platforms/AppleTVOS.platform/Developer/usr/lib/swift/host/plugins/libFoundationMacros.dylib\#/Applications/Xcode-27.0.0-Release.Candidate.app/Contents/Developer/Platforms/AppleTVOS.platform/Developer/usr/bin/swift-plugin-server\#FoundationMacros -load-resolved-plugin /Applications/Xcode-27.0.0-Release.Candidate.app/Contents/Developer/Platforms/AppleTVOS.platform/Developer/usr/lib/swift/host/plugins/libObservationMacros.dylib\#/Applications/Xcode-27.0.0-Release.Candidate.app/Contents/Developer/Platforms/AppleTVOS.platform/Developer/usr/bin/swift-plugin-server\#ObservationMacros -load-resolved-plugin /Applications/Xcode-27.0.0-Release.Candidate.app/Contents/Developer/Platforms/AppleTVOS.platform/Developer/usr/lib/swift/host/plugins/libPreviewsMacros.dylib\#/Applications/Xcode-27.0.0-Release.Candidate.app/Contents/Developer/Platforms/AppleTVOS.platform/Developer/usr/bin/swift-plugin-server\#PreviewsMacros -load-resolved-plugin /Applications/Xcode-27.0.0-Release.Candidate.app/Contents/Developer/Platforms/AppleTVOS.platform/Developer/usr/lib/swift/host/plugins/libSwiftMacros.dylib\#/Applications/Xcode-27.0.0-Release.Candidate.app/Contents/Developer/Platforms/AppleTVOS.platform/Developer/usr/bin/swift-plugin-server\#SwiftMacros -load-resolved-plugin /Applications/Xcode-27.0.0-Release.Candidate.app/Contents/Developer/Platforms/AppleTVOS.platform/Developer/usr/lib/swift/host/plugins/libSwiftUIMacros.dylib\#/Applications/Xcode-27.0.0-Release.Candidate.app/Contents/Developer/Platforms/AppleTVOS.platform/Developer/usr/bin/swift-plugin-server\#SwiftUIMacros -disable-implicit-swift-modules -Xcc -fno-implicit-modules -Xcc -fno-implicit-module-maps -explicit-swift-module-map-file /Users/admin/builder/spi-builder-workspace/.derivedData/Build/Intermediates.noindex/SwiftUITextField.build/Debug-appletvos/SwiftUITextField-t.build/Objects-normal/arm64/SwiftUITextField-dependencies-1.json -Xllvm -aarch64-use-tbi -enable-objc-interop -stack-check -sdk /Applications/Xcode-27.0.0-Release.Candidate.app/Contents/Developer/Platforms/AppleTVOS.platform/Developer/SDKs/AppleTVOS27.0.sdk -I /Users/admin/builder/spi-builder-workspace/.derivedData/Build/Products/Debug-appletvos -Isystem /Applications/Xcode-27.0.0-Release.Candidate.app/Contents/Developer/Platforms/AppleTVOS.platform/Developer/usr/lib -F /Users/admin/builder/spi-builder-workspace/.derivedData/Build/Products/Debug-appletvos -F /Applications/Xcode-27.0.0-Release.Candidate.app/Contents/Developer/Platforms/AppleTVOS.platform/Developer/Library/Frameworks -F /Applications/Xcode-27.0.0-Release.Candidate.app/Contents/Developer/Platforms/AppleTVOS.platform/Developer/SDKs/AppleTVOS27.0.sdk/Developer/Library/Frameworks -module-cache-path /Users/admin/builder/spi-builder-workspace/.derivedData/Build/Intermediates.noindex/SwiftExplicitPrecompiledModules -no-color-diagnostics -Xcc -fno-color-diagnostics -enable-testing -g -debug-info-format\=dwarf -dwarf-version\=4 -swift-version 5 -Onone -D SWIFT_PACKAGE -D DEBUG -D SWIFT_MODULE_RESOURCE_BUNDLE_UNAVAILABLE -D Xcode -serialize-debugging-options -enable-experimental-feature DebugDescriptionMacro -empty-abi-descriptor -validate-clang-modules-once -clang-build-session-file /Users/admin/builder/spi-builder-workspace/.derivedData/ModuleCache.noindex/Session.modulevalidation -Xcc -working-directory -Xcc /Users/admin/builder/spi-builder-workspace/.swiftpm/xcode -enable-anonymous-context-mangled-names -file-compilation-dir /Users/admin/builder/spi-builder-workspace/.swiftpm/xcode -Xcc -D_LIBCPP_HARDENING_MODE\=_LIBCPP_HARDENING_MODE_DEBUG -Xcc -ivfsstatcache -Xcc /Users/admin/builder/spi-builder-workspace/.derivedData/SDKStatCaches.noindex/appletvos27.0-24J360-e829b21a6f8c9b70876ba0858053c044b32bfd8d43560033f8d89884cdb90028.sdkstatcache -Xcc -fmodules-prune-interval\=86400 -Xcc -fmodules-prune-after\=345600 -Xcc -I/Users/admin/builder/spi-builder-workspace/.derivedData/Build/Products/Debug-appletvos/include -Xcc -I/Users/admin/builder/spi-builder-workspace/.derivedData/Build/Intermediates.noindex/SwiftUITextField.build/Debug-appletvos/SwiftUITextField-t.build/DerivedSources-normal/arm64 -Xcc -I/Users/admin/builder/spi-builder-workspace/.derivedData/Build/Intermediates.noindex/SwiftUITextField.build/Debug-appletvos/SwiftUITextField-t.build/DerivedSources/arm64 -Xcc -I/Users/admin/builder/spi-builder-workspace/.derivedData/Build/Intermediates.noindex/SwiftUITextField.build/Debug-appletvos/SwiftUITextField-t.build/DerivedSources -Xcc -DSWIFT_PACKAGE -Xcc -DDEBUG\=1 -no-auto-bridging-header-chaining -module-name SwiftUITextField -const-gather-protocols-file /Users/admin/builder/spi-builder-workspace/.derivedData/Build/Intermediates.noindex/SwiftUITextField.build/Debug-appletvos/SwiftUITextField-t.build/Objects-normal/arm64/SwiftUITextField_const_extract_protocols.json -disable-clang-spi -clang-target arm64-apple-tvos27.0 -target-sdk-version 27.0 -target-sdk-name appletvos27.0 -in-process-plugin-server-path /Applications/Xcode-27.0.0-Release.Candidate.app/Contents/Developer/Toolchains/XcodeDefault.xctoolchain/usr/lib/swift/host/libSwiftInProcPluginServer.dylib -parse-as-library -o /Users/admin/builder/spi-builder-workspace/.derivedData/Build/Intermediates.noindex/SwiftUITextField.build/Debug-appletvos/SwiftUITextField-t.build/Objects-normal/arm64/_SUITextField.o -debug-module-path /Users/admin/builder/spi-builder-workspace/.derivedData/Build/Intermediates.noindex/SwiftUITextField.build/Debug-appletvos/SwiftUITextField-t.build/Objects-normal/arm64/SwiftUITextField.swiftmodule -index-unit-output-path /SwiftUITextField.build/Debug-appletvos/SwiftUITextField-t.build/Objects-normal/arm64/_SUITextField.o -index-store-path /Users/admin/builder/spi-builder-workspace/.derivedData/Index.noindex/DataStore -index-system-modules
SwiftCompile normal arm64 /Users/admin/builder/spi-builder-workspace/Sources/SwiftUITextField/TextField/Internal/_SUITextField.swift (in target 'SwiftUITextField' from project 'SwiftUITextField')
cd /Users/admin/builder/spi-builder-workspace/.swiftpm/xcode
builtin-SwiftPerFileCompile _SUITextField.swift
SwiftCompile normal arm64 Compiling\ FormatPolicy.swift /Users/admin/builder/spi-builder-workspace/Sources/SwiftUITextField/TextField/FormatPolicy.swift (in target 'SwiftUITextField' from project 'SwiftUITextField')
SwiftCompile normal arm64 /Users/admin/builder/spi-builder-workspace/Sources/SwiftUITextField/TextField/FormatPolicy.swift (in target 'SwiftUITextField' from project 'SwiftUITextField')
cd /Users/admin/builder/spi-builder-workspace/.swiftpm/xcode
builtin-SwiftPerFileCompile FormatPolicy.swift
SwiftCompile normal arm64 Compiling\ FontSizeAdjustment.swift /Users/admin/builder/spi-builder-workspace/Sources/SwiftUITextField/TextField/FontSizeAdjustment.swift (in target 'SwiftUITextField' from project 'SwiftUITextField')
SwiftCompile normal arm64 /Users/admin/builder/spi-builder-workspace/Sources/SwiftUITextField/TextField/FontSizeAdjustment.swift (in target 'SwiftUITextField' from project 'SwiftUITextField')
cd /Users/admin/builder/spi-builder-workspace/.swiftpm/xcode
builtin-SwiftPerFileCompile FontSizeAdjustment.swift
SwiftDriverJobDiscovery normal arm64 Emitting module for SwiftUITextField (in target 'SwiftUITextField' from project 'SwiftUITextField')
SwiftDriver\ Compilation\ Requirements SwiftUITextField normal arm64 com.apple.xcode.tools.swift.compiler (in target 'SwiftUITextField' from project 'SwiftUITextField')
cd /Users/admin/builder/spi-builder-workspace/.swiftpm/xcode
builtin-Swift-Compilation-Requirements -- /Applications/Xcode-27.0.0-Release.Candidate.app/Contents/Developer/Toolchains/XcodeDefault.xctoolchain/usr/bin/swiftc -parse-as-library -module-name SwiftUITextField -Onone @/Users/admin/builder/spi-builder-workspace/.derivedData/Build/Intermediates.noindex/SwiftUITextField.build/Debug-appletvos/SwiftUITextField-t.build/Objects-normal/arm64/SwiftUITextField.SwiftFileList -DSWIFT_PACKAGE -DDEBUG -DSWIFT_MODULE_RESOURCE_BUNDLE_UNAVAILABLE -DXcode -plugin-path /Applications/Xcode-27.0.0-Release.Candidate.app/Contents/Developer/Toolchains/XcodeDefault.xctoolchain/usr/lib/swift/host/plugins/testing -enable-experimental-feature DebugDescriptionMacro -sdk /Applications/Xcode-27.0.0-Release.Candidate.app/Contents/Developer/Platforms/AppleTVOS.platform/Developer/SDKs/AppleTVOS27.0.sdk -target arm64-apple-tvos15.0 -g -module-cache-path /Users/admin/builder/spi-builder-workspace/.derivedData/ModuleCache.noindex -Xfrontend -serialize-debugging-options -enable-testing -index-store-path /Users/admin/builder/spi-builder-workspace/.derivedData/Index.noindex/DataStore -Xcc -D_LIBCPP_HARDENING_MODE\=_LIBCPP_HARDENING_MODE_DEBUG -swift-version 5 -I /Users/admin/builder/spi-builder-workspace/.derivedData/Build/Products/Debug-appletvos -Isystem /Applications/Xcode-27.0.0-Release.Candidate.app/Contents/Developer/Platforms/AppleTVOS.platform/Developer/usr/lib -F /Users/admin/builder/spi-builder-workspace/.derivedData/Build/Products/Debug-appletvos -F /Applications/Xcode-27.0.0-Release.Candidate.app/Contents/Developer/Platforms/AppleTVOS.platform/Developer/Library/Frameworks -F /Applications/Xcode-27.0.0-Release.Candidate.app/Contents/Developer/Platforms/AppleTVOS.platform/Developer/SDKs/AppleTVOS27.0.sdk/Developer/Library/Frameworks -c -j10 -enable-batch-mode -incremental -Xcc -ivfsstatcache -Xcc /Users/admin/builder/spi-builder-workspace/.derivedData/SDKStatCaches.noindex/appletvos27.0-24J360-e829b21a6f8c9b70876ba0858053c044b32bfd8d43560033f8d89884cdb90028.sdkstatcache -output-file-map /Users/admin/builder/spi-builder-workspace/.derivedData/Build/Intermediates.noindex/SwiftUITextField.build/Debug-appletvos/SwiftUITextField-t.build/Objects-normal/arm64/SwiftUITextField-OutputFileMap.json -save-temps -no-color-diagnostics -explicit-module-build -module-cache-path /Users/admin/builder/spi-builder-workspace/.derivedData/Build/Intermediates.noindex/SwiftExplicitPrecompiledModules -clang-scanner-module-cache-path /Users/admin/builder/spi-builder-workspace/.derivedData/ModuleCache.noindex -sdk-module-cache-path /Users/admin/builder/spi-builder-workspace/.derivedData/SDKExplicitPrecompiledModules -emit-dependencies -emit-module -emit-module-path /Users/admin/builder/spi-builder-workspace/.derivedData/Build/Intermediates.noindex/SwiftUITextField.build/Debug-appletvos/SwiftUITextField-t.build/Objects-normal/arm64/SwiftUITextField.swiftmodule -serialize-diagnostics -dependency-scan-serialize-diagnostics-path /Users/admin/builder/spi-builder-workspace/.derivedData/Build/Intermediates.noindex/SwiftUITextField.build/Debug-appletvos/SwiftUITextField-t.build/Objects-normal/arm64/SwiftUITextField-dependency-scan.dia -validate-clang-modules-once -clang-build-session-file /Users/admin/builder/spi-builder-workspace/.derivedData/ModuleCache.noindex/Session.modulevalidation -Xcc -fmodules-prune-interval\=86400 -Xcc -fmodules-prune-after\=345600 -emit-const-values -const-gather-protocols-list /Users/admin/builder/spi-builder-workspace/.derivedData/Build/Intermediates.noindex/SwiftUITextField.build/Debug-appletvos/SwiftUITextField-t.build/Objects-normal/arm64/SwiftUITextField_const_extract_protocols.json -Xcc -I/Users/admin/builder/spi-builder-workspace/.derivedData/Build/Products/Debug-appletvos/include -Xcc -I/Users/admin/builder/spi-builder-workspace/.derivedData/Build/Intermediates.noindex/SwiftUITextField.build/Debug-appletvos/SwiftUITextField-t.build/DerivedSources-normal/arm64 -Xcc -I/Users/admin/builder/spi-builder-workspace/.derivedData/Build/Intermediates.noindex/SwiftUITextField.build/Debug-appletvos/SwiftUITextField-t.build/DerivedSources/arm64 -Xcc -I/Users/admin/builder/spi-builder-workspace/.derivedData/Build/Intermediates.noindex/SwiftUITextField.build/Debug-appletvos/SwiftUITextField-t.build/DerivedSources -Xcc -DSWIFT_PACKAGE -Xcc -DDEBUG\=1 -emit-objc-header -emit-objc-header-path /Users/admin/builder/spi-builder-workspace/.derivedData/Build/Intermediates.noindex/SwiftUITextField.build/Debug-appletvos/SwiftUITextField-t.build/Objects-normal/arm64/SwiftUITextField-Swift.h -working-directory /Users/admin/builder/spi-builder-workspace/.swiftpm/xcode -experimental-emit-module-separately -disable-cmo
SwiftDriverJobDiscovery normal arm64 Compiling CharacterReplacement.swift, DefaultAttributesMergePolicy.swift (in target 'SwiftUITextField' from project 'SwiftUITextField')
SwiftDriverJobDiscovery normal arm64 Compiling FormatPolicy.swift (in target 'SwiftUITextField' from project 'SwiftUITextField')
SwiftDriverJobDiscovery normal arm64 Compiling TextType.swift (in target 'SwiftUITextField' from project 'SwiftUITextField')
SwiftMergeGeneratedHeaders /Users/admin/builder/spi-builder-workspace/.derivedData/Build/Intermediates.noindex/GeneratedModuleMaps-appletvos/SwiftUITextField-Swift.h /Users/admin/builder/spi-builder-workspace/.derivedData/Build/Intermediates.noindex/SwiftUITextField.build/Debug-appletvos/SwiftUITextField-t.build/Objects-normal/arm64/SwiftUITextField-Swift.h (in target 'SwiftUITextField' from project 'SwiftUITextField')
cd /Users/admin/builder/spi-builder-workspace
builtin-swiftHeaderTool -arch arm64 /Users/admin/builder/spi-builder-workspace/.derivedData/Build/Intermediates.noindex/SwiftUITextField.build/Debug-appletvos/SwiftUITextField-t.build/Objects-normal/arm64/SwiftUITextField-Swift.h -o /Users/admin/builder/spi-builder-workspace/.derivedData/Build/Intermediates.noindex/GeneratedModuleMaps-appletvos/SwiftUITextField-Swift.h
Copy /Users/admin/builder/spi-builder-workspace/.derivedData/Build/Products/Debug-appletvos/SwiftUITextField.swiftmodule/arm64-apple-tvos.swiftmodule /Users/admin/builder/spi-builder-workspace/.derivedData/Build/Intermediates.noindex/SwiftUITextField.build/Debug-appletvos/SwiftUITextField-t.build/Objects-normal/arm64/SwiftUITextField.swiftmodule (in target 'SwiftUITextField' from project 'SwiftUITextField')
cd /Users/admin/builder/spi-builder-workspace
builtin-copy -exclude .DS_Store -exclude CVS -exclude .svn -exclude .git -exclude .hg -resolve-src-symlinks -rename /Users/admin/builder/spi-builder-workspace/.derivedData/Build/Intermediates.noindex/SwiftUITextField.build/Debug-appletvos/SwiftUITextField-t.build/Objects-normal/arm64/SwiftUITextField.swiftmodule /Users/admin/builder/spi-builder-workspace/.derivedData/Build/Products/Debug-appletvos/SwiftUITextField.swiftmodule/arm64-apple-tvos.swiftmodule
Copy /Users/admin/builder/spi-builder-workspace/.derivedData/Build/Products/Debug-appletvos/SwiftUITextField.swiftmodule/arm64-apple-tvos.swiftdoc /Users/admin/builder/spi-builder-workspace/.derivedData/Build/Intermediates.noindex/SwiftUITextField.build/Debug-appletvos/SwiftUITextField-t.build/Objects-normal/arm64/SwiftUITextField.swiftdoc (in target 'SwiftUITextField' from project 'SwiftUITextField')
cd /Users/admin/builder/spi-builder-workspace
builtin-copy -exclude .DS_Store -exclude CVS -exclude .svn -exclude .git -exclude .hg -resolve-src-symlinks -rename /Users/admin/builder/spi-builder-workspace/.derivedData/Build/Intermediates.noindex/SwiftUITextField.build/Debug-appletvos/SwiftUITextField-t.build/Objects-normal/arm64/SwiftUITextField.swiftdoc /Users/admin/builder/spi-builder-workspace/.derivedData/Build/Products/Debug-appletvos/SwiftUITextField.swiftmodule/arm64-apple-tvos.swiftdoc
Copy /Users/admin/builder/spi-builder-workspace/.derivedData/Build/Products/Debug-appletvos/SwiftUITextField.swiftmodule/arm64-apple-tvos.abi.json /Users/admin/builder/spi-builder-workspace/.derivedData/Build/Intermediates.noindex/SwiftUITextField.build/Debug-appletvos/SwiftUITextField-t.build/Objects-normal/arm64/SwiftUITextField.abi.json (in target 'SwiftUITextField' from project 'SwiftUITextField')
cd /Users/admin/builder/spi-builder-workspace
builtin-copy -exclude .DS_Store -exclude CVS -exclude .svn -exclude .git -exclude .hg -resolve-src-symlinks -rename /Users/admin/builder/spi-builder-workspace/.derivedData/Build/Intermediates.noindex/SwiftUITextField.build/Debug-appletvos/SwiftUITextField-t.build/Objects-normal/arm64/SwiftUITextField.abi.json /Users/admin/builder/spi-builder-workspace/.derivedData/Build/Products/Debug-appletvos/SwiftUITextField.swiftmodule/arm64-apple-tvos.abi.json
Copy /Users/admin/builder/spi-builder-workspace/.derivedData/Build/Products/Debug-appletvos/SwiftUITextField.swiftmodule/Project/arm64-apple-tvos.swiftsourceinfo /Users/admin/builder/spi-builder-workspace/.derivedData/Build/Intermediates.noindex/SwiftUITextField.build/Debug-appletvos/SwiftUITextField-t.build/Objects-normal/arm64/SwiftUITextField.swiftsourceinfo (in target 'SwiftUITextField' from project 'SwiftUITextField')
cd /Users/admin/builder/spi-builder-workspace
builtin-copy -exclude .DS_Store -exclude CVS -exclude .svn -exclude .git -exclude .hg -resolve-src-symlinks -rename /Users/admin/builder/spi-builder-workspace/.derivedData/Build/Intermediates.noindex/SwiftUITextField.build/Debug-appletvos/SwiftUITextField-t.build/Objects-normal/arm64/SwiftUITextField.swiftsourceinfo /Users/admin/builder/spi-builder-workspace/.derivedData/Build/Products/Debug-appletvos/SwiftUITextField.swiftmodule/Project/arm64-apple-tvos.swiftsourceinfo
SwiftDriverJobDiscovery normal arm64 Compiling FontSizeAdjustment.swift (in target 'SwiftUITextField' from project 'SwiftUITextField')
SwiftDriverJobDiscovery normal arm64 Compiling UIHostingController+IgnoreSafeArea.swift, ResponderNavigatorView.swift (in target 'SwiftUITextField' from project 'SwiftUITextField')
SwiftDriverJobDiscovery normal arm64 Compiling ResponderChainCoordinator.swift, ResponderModifier.swift (in target 'SwiftUITextField' from project 'SwiftUITextField')
SwiftDriverJobDiscovery normal arm64 Compiling ResponderState.swift, ResponderStorage.swift (in target 'SwiftUITextField' from project 'SwiftUITextField')
PruneExplicitPrecompiledModules /Users/admin/builder/spi-builder-workspace/.derivedData/Build/Intermediates.noindex/ExplicitPrecompiledModules
PruneExplicitPrecompiledModules /Users/admin/builder/spi-builder-workspace/.derivedData/Build/Intermediates.noindex/SwiftExplicitPrecompiledModules
PruneExplicitPrecompiledModules /Users/admin/builder/spi-builder-workspace/.derivedData/SDKExplicitPrecompiledModules
2026-09-18 16:33:07.276 xcodebuild[817:4934] [MT] IDERunDestination: Supported platforms for the buildables in the current scheme is empty.
2026-09-18 16:33:07.376 xcodebuild[817:4934] [MT] IDERunDestination: Supported platforms for the buildables in the current scheme is empty.
** BUILD FAILED **
The following build commands failed:
SwiftCompile normal arm64 Compiling\ _SUITextField.swift /Users/admin/builder/spi-builder-workspace/Sources/SwiftUITextField/TextField/Internal/_SUITextField.swift (in target 'SwiftUITextField' from project 'SwiftUITextField')
SwiftCompile normal arm64 /Users/admin/builder/spi-builder-workspace/Sources/SwiftUITextField/TextField/Internal/_SUITextField.swift (in target 'SwiftUITextField' from project 'SwiftUITextField')
Building workspace SwiftUITextField with scheme SwiftUITextField-Package
(3 failures)
Command line invocation:
/Applications/Xcode-27.0.0-Release.Candidate.app/Contents/Developer/usr/bin/xcodebuild -IDEClonedSourcePackagesDirPathOverride=/Users/admin/builder/spi-builder-workspace/.dependencies -resolvePackageDependencies
Resolve Package Graph
Resolved source packages:
SwiftUITextField: /Users/admin/builder/spi-builder-workspace
swift-snapshot-testing: https://github.com/pointfreeco/swift-snapshot-testing.git @ 1.19.5
swift-issue-reporting: https://github.com/pointfreeco/swift-issue-reporting @ 2.1.0
swift-syntax: https://github.com/swiftlang/swift-syntax @ 604.0.0
swift-custom-dump: https://github.com/pointfreeco/swift-custom-dump @ 1.7.3
resolved source packages: SwiftUITextField, swift-snapshot-testing, swift-issue-reporting, swift-syntax, swift-custom-dump
2026-09-18 16:33:18.701 xcodebuild[939:5487] [MT] IDERunDestination: Supported platforms for the buildables in the current scheme is empty.
2026-09-18 16:33:18.802 xcodebuild[939:5487] [MT] IDERunDestination: Supported platforms for the buildables in the current scheme is empty.
{
"dependencies" : [
{
"identity" : "swift-snapshot-testing",
"requirement" : {
"range" : [
{
"lower_bound" : "1.9.0",
"upper_bound" : "2.0.0"
}
]
},
"type" : "sourceControl",
"url" : "https://github.com/pointfreeco/swift-snapshot-testing.git"
}
],
"manifest_display_name" : "SwiftUITextField",
"name" : "SwiftUITextField",
"path" : "/Users/admin/builder/spi-builder-workspace",
"platforms" : [
{
"name" : "ios",
"version" : "13.0"
},
{
"name" : "maccatalyst",
"version" : "13.0"
}
],
"products" : [
{
"name" : "SwiftUITextField",
"targets" : [
"SwiftUITextField"
],
"type" : {
"library" : [
"automatic"
]
}
}
],
"targets" : [
{
"c99name" : "SwiftUITextField",
"module_type" : "SwiftTarget",
"name" : "SwiftUITextField",
"path" : "Sources/SwiftUITextField",
"product_memberships" : [
"SwiftUITextField"
],
"sources" : [
"Helper/UIHostingController+IgnoreSafeArea.swift",
"Responder Navigator/ResponderNavigatorView.swift",
"Responder/ResponderChainCoordinator.swift",
"Responder/ResponderModifier.swift",
"Responder/ResponderState.swift",
"Responder/ResponderStorage.swift",
"TextField/CharacterReplacement.swift",
"TextField/DefaultAttributesMergePolicy.swift",
"TextField/Environments.swift",
"TextField/FontSizeAdjustment.swift",
"TextField/FormatPolicy.swift",
"TextField/Internal/TextType.swift",
"TextField/Internal/_SUITextField.swift",
"TextField/SUITextField.swift"
],
"type" : "library"
},
{
"c99name" : "SUITextFieldTests",
"module_type" : "SwiftTarget",
"name" : "SUITextFieldTests",
"path" : "Tests/SUITextFieldTests",
"product_dependencies" : [
"SnapshotTesting"
],
"sources" : [
"CoreTestCase.swift",
"StylingTests.swift"
],
"target_dependencies" : [
"SwiftUITextField"
],
"type" : "test"
}
],
"tools_version" : "5.6"
}
{
"workspace" : {
"name" : "SwiftUITextField",
"schemes" : [
"SwiftUITextField",
"SwiftUITextField-Package"
]
}
}
2026-09-18 16:33:20.247 xcodebuild[948:5560] [MT] IDERunDestination: Supported platforms for the buildables in the current scheme is empty.
2026-09-18 16:33:20.351 xcodebuild[948:5560] [MT] IDERunDestination: Supported platforms for the buildables in the current scheme is empty.
Running build ...
env DEVELOPER_DIR=/Applications/Xcode-27.0.0-Release.Candidate.app xcrun xcodebuild -IDEClonedSourcePackagesDirPathOverride=$PWD/.dependencies -skipMacroValidation -skipPackagePluginValidation -derivedDataPath $PWD/.derivedData build -scheme SwiftUITextField-Package -destination generic/platform=tvOS
Command line invocation:
/Applications/Xcode-27.0.0-Release.Candidate.app/Contents/Developer/usr/bin/xcodebuild -IDEClonedSourcePackagesDirPathOverride=/Users/admin/builder/spi-builder-workspace/.dependencies -skipMacroValidation -skipPackagePluginValidation -derivedDataPath /Users/admin/builder/spi-builder-workspace/.derivedData build -scheme SwiftUITextField-Package -destination generic/platform=tvOS
Resolve Package Graph
Resolved source packages:
swift-syntax: https://github.com/swiftlang/swift-syntax @ 604.0.0
swift-custom-dump: https://github.com/pointfreeco/swift-custom-dump @ 1.7.3
swift-issue-reporting: https://github.com/pointfreeco/swift-issue-reporting @ 2.1.0
SwiftUITextField: /Users/admin/builder/spi-builder-workspace
swift-snapshot-testing: https://github.com/pointfreeco/swift-snapshot-testing.git @ 1.19.5
ComputePackagePrebuildTargetDependencyGraph
Prepare packages
CreateBuildRequest
SendProjectDescription
CreateBuildOperation
ComputeTargetDependencyGraph
note: Building targets in dependency order
note: Target dependency graph (2 targets)
Target 'SwiftUITextField-product' in project 'SwiftUITextField'
➜ Explicit dependency on target 'SwiftUITextField' in project 'SwiftUITextField'
Target 'SwiftUITextField' in project 'SwiftUITextField' (no dependencies)
GatherProvisioningInputs
CreateBuildDescription
ClangStatCache /Applications/Xcode-27.0.0-Release.Candidate.app/Contents/Developer/Toolchains/XcodeDefault.xctoolchain/usr/bin/clang-stat-cache /Applications/Xcode-27.0.0-Release.Candidate.app/Contents/Developer/Platforms/AppleTVOS.platform/Developer/SDKs/AppleTVOS27.0.sdk /Users/admin/builder/spi-builder-workspace/.derivedData/SDKStatCaches.noindex/appletvos27.0-24J360-e829b21a6f8c9b70876ba0858053c044b32bfd8d43560033f8d89884cdb90028.sdkstatcache
cd /Users/admin/builder/spi-builder-workspace/.swiftpm/xcode
/Applications/Xcode-27.0.0-Release.Candidate.app/Contents/Developer/Toolchains/XcodeDefault.xctoolchain/usr/bin/clang-stat-cache /Applications/Xcode-27.0.0-Release.Candidate.app/Contents/Developer/Platforms/AppleTVOS.platform/Developer/SDKs/AppleTVOS27.0.sdk -o /Users/admin/builder/spi-builder-workspace/.derivedData/SDKStatCaches.noindex/appletvos27.0-24J360-e829b21a6f8c9b70876ba0858053c044b32bfd8d43560033f8d89884cdb90028.sdkstatcache
SwiftDriver SwiftUITextField normal arm64 com.apple.xcode.tools.swift.compiler (in target 'SwiftUITextField' from project 'SwiftUITextField')
cd /Users/admin/builder/spi-builder-workspace/.swiftpm/xcode
builtin-SwiftDriver -- /Applications/Xcode-27.0.0-Release.Candidate.app/Contents/Developer/Toolchains/XcodeDefault.xctoolchain/usr/bin/swiftc -parse-as-library -module-name SwiftUITextField -Onone @/Users/admin/builder/spi-builder-workspace/.derivedData/Build/Intermediates.noindex/SwiftUITextField.build/Debug-appletvos/SwiftUITextField-t.build/Objects-normal/arm64/SwiftUITextField.SwiftFileList -DSWIFT_PACKAGE -DDEBUG -DSWIFT_MODULE_RESOURCE_BUNDLE_UNAVAILABLE -DXcode -plugin-path /Applications/Xcode-27.0.0-Release.Candidate.app/Contents/Developer/Toolchains/XcodeDefault.xctoolchain/usr/lib/swift/host/plugins/testing -enable-experimental-feature DebugDescriptionMacro -sdk /Applications/Xcode-27.0.0-Release.Candidate.app/Contents/Developer/Platforms/AppleTVOS.platform/Developer/SDKs/AppleTVOS27.0.sdk -target arm64-apple-tvos15.0 -g -module-cache-path /Users/admin/builder/spi-builder-workspace/.derivedData/ModuleCache.noindex -Xfrontend -serialize-debugging-options -enable-testing -index-store-path /Users/admin/builder/spi-builder-workspace/.derivedData/Index.noindex/DataStore -Xcc -D_LIBCPP_HARDENING_MODE\=_LIBCPP_HARDENING_MODE_DEBUG -swift-version 5 -I /Users/admin/builder/spi-builder-workspace/.derivedData/Build/Products/Debug-appletvos -Isystem /Applications/Xcode-27.0.0-Release.Candidate.app/Contents/Developer/Platforms/AppleTVOS.platform/Developer/usr/lib -F /Users/admin/builder/spi-builder-workspace/.derivedData/Build/Products/Debug-appletvos -F /Applications/Xcode-27.0.0-Release.Candidate.app/Contents/Developer/Platforms/AppleTVOS.platform/Developer/Library/Frameworks -F /Applications/Xcode-27.0.0-Release.Candidate.app/Contents/Developer/Platforms/AppleTVOS.platform/Developer/SDKs/AppleTVOS27.0.sdk/Developer/Library/Frameworks -c -j10 -enable-batch-mode -incremental -Xcc -ivfsstatcache -Xcc /Users/admin/builder/spi-builder-workspace/.derivedData/SDKStatCaches.noindex/appletvos27.0-24J360-e829b21a6f8c9b70876ba0858053c044b32bfd8d43560033f8d89884cdb90028.sdkstatcache -output-file-map /Users/admin/builder/spi-builder-workspace/.derivedData/Build/Intermediates.noindex/SwiftUITextField.build/Debug-appletvos/SwiftUITextField-t.build/Objects-normal/arm64/SwiftUITextField-OutputFileMap.json -save-temps -no-color-diagnostics -explicit-module-build -module-cache-path /Users/admin/builder/spi-builder-workspace/.derivedData/Build/Intermediates.noindex/SwiftExplicitPrecompiledModules -clang-scanner-module-cache-path /Users/admin/builder/spi-builder-workspace/.derivedData/ModuleCache.noindex -sdk-module-cache-path /Users/admin/builder/spi-builder-workspace/.derivedData/SDKExplicitPrecompiledModules -emit-dependencies -emit-module -emit-module-path /Users/admin/builder/spi-builder-workspace/.derivedData/Build/Intermediates.noindex/SwiftUITextField.build/Debug-appletvos/SwiftUITextField-t.build/Objects-normal/arm64/SwiftUITextField.swiftmodule -serialize-diagnostics -dependency-scan-serialize-diagnostics-path /Users/admin/builder/spi-builder-workspace/.derivedData/Build/Intermediates.noindex/SwiftUITextField.build/Debug-appletvos/SwiftUITextField-t.build/Objects-normal/arm64/SwiftUITextField-dependency-scan.dia -validate-clang-modules-once -clang-build-session-file /Users/admin/builder/spi-builder-workspace/.derivedData/ModuleCache.noindex/Session.modulevalidation -Xcc -fmodules-prune-interval\=86400 -Xcc -fmodules-prune-after\=345600 -emit-const-values -const-gather-protocols-list /Users/admin/builder/spi-builder-workspace/.derivedData/Build/Intermediates.noindex/SwiftUITextField.build/Debug-appletvos/SwiftUITextField-t.build/Objects-normal/arm64/SwiftUITextField_const_extract_protocols.json -Xcc -I/Users/admin/builder/spi-builder-workspace/.derivedData/Build/Products/Debug-appletvos/include -Xcc -I/Users/admin/builder/spi-builder-workspace/.derivedData/Build/Intermediates.noindex/SwiftUITextField.build/Debug-appletvos/SwiftUITextField-t.build/DerivedSources-normal/arm64 -Xcc -I/Users/admin/builder/spi-builder-workspace/.derivedData/Build/Intermediates.noindex/SwiftUITextField.build/Debug-appletvos/SwiftUITextField-t.build/DerivedSources/arm64 -Xcc -I/Users/admin/builder/spi-builder-workspace/.derivedData/Build/Intermediates.noindex/SwiftUITextField.build/Debug-appletvos/SwiftUITextField-t.build/DerivedSources -Xcc -DSWIFT_PACKAGE -Xcc -DDEBUG\=1 -emit-objc-header -emit-objc-header-path /Users/admin/builder/spi-builder-workspace/.derivedData/Build/Intermediates.noindex/SwiftUITextField.build/Debug-appletvos/SwiftUITextField-t.build/Objects-normal/arm64/SwiftUITextField-Swift.h -working-directory /Users/admin/builder/spi-builder-workspace/.swiftpm/xcode -experimental-emit-module-separately -disable-cmo
SwiftCompile normal arm64 Compiling\ SUITextField.swift /Users/admin/builder/spi-builder-workspace/Sources/SwiftUITextField/TextField/SUITextField.swift (in target 'SwiftUITextField' from project 'SwiftUITextField')
SwiftCompile normal arm64 /Users/admin/builder/spi-builder-workspace/Sources/SwiftUITextField/TextField/SUITextField.swift (in target 'SwiftUITextField' from project 'SwiftUITextField')
cd /Users/admin/builder/spi-builder-workspace/.swiftpm/xcode
builtin-SwiftPerFileCompile SUITextField.swift
/Users/admin/builder/spi-builder-workspace/Sources/SwiftUITextField/TextField/SUITextField.swift:846:27: warning: generic parameter 'InputView' shadows generic parameter from outer scope with the same name; this is an error in the Swift 6 language mode
116 | ///
117 | /// Check <doc:EnvironmentModifiers> for the list of environment modifiers.
118 | public struct SUITextField<InputView, InputAccessoryView, LeftView, RightView>: UIViewRepresentable
| `- note: 'InputView' previously declared here
119 | where InputView: View, InputAccessoryView: View, LeftView: View, RightView: View {
120 |
:
844 | public extension SUITextField {
845 |
846 | private func applyAll<InputView, InputAccessoryView, LeftView, RightView>(
| `- warning: generic parameter 'InputView' shadows generic parameter from outer scope with the same name; this is an error in the Swift 6 language mode
847 | from textField: SUITextField<InputView, InputAccessoryView, LeftView, RightView>
848 | ) -> Self where InputView: View, InputAccessoryView: View, LeftView:View, RightView: View {
/Users/admin/builder/spi-builder-workspace/Sources/SwiftUITextField/TextField/SUITextField.swift:846:38: warning: generic parameter 'InputAccessoryView' shadows generic parameter from outer scope with the same name; this is an error in the Swift 6 language mode
116 | ///
117 | /// Check <doc:EnvironmentModifiers> for the list of environment modifiers.
118 | public struct SUITextField<InputView, InputAccessoryView, LeftView, RightView>: UIViewRepresentable
| `- note: 'InputAccessoryView' previously declared here
119 | where InputView: View, InputAccessoryView: View, LeftView: View, RightView: View {
120 |
:
844 | public extension SUITextField {
845 |
846 | private func applyAll<InputView, InputAccessoryView, LeftView, RightView>(
| `- warning: generic parameter 'InputAccessoryView' shadows generic parameter from outer scope with the same name; this is an error in the Swift 6 language mode
847 | from textField: SUITextField<InputView, InputAccessoryView, LeftView, RightView>
848 | ) -> Self where InputView: View, InputAccessoryView: View, LeftView:View, RightView: View {
/Users/admin/builder/spi-builder-workspace/Sources/SwiftUITextField/TextField/SUITextField.swift:846:58: warning: generic parameter 'LeftView' shadows generic parameter from outer scope with the same name; this is an error in the Swift 6 language mode
116 | ///
117 | /// Check <doc:EnvironmentModifiers> for the list of environment modifiers.
118 | public struct SUITextField<InputView, InputAccessoryView, LeftView, RightView>: UIViewRepresentable
| `- note: 'LeftView' previously declared here
119 | where InputView: View, InputAccessoryView: View, LeftView: View, RightView: View {
120 |
:
844 | public extension SUITextField {
845 |
846 | private func applyAll<InputView, InputAccessoryView, LeftView, RightView>(
| `- warning: generic parameter 'LeftView' shadows generic parameter from outer scope with the same name; this is an error in the Swift 6 language mode
847 | from textField: SUITextField<InputView, InputAccessoryView, LeftView, RightView>
848 | ) -> Self where InputView: View, InputAccessoryView: View, LeftView:View, RightView: View {
SwiftEmitModule normal arm64 Emitting\ module\ for\ SwiftUITextField (in target 'SwiftUITextField' from project 'SwiftUITextField')
SwiftCompile normal arm64 (in target 'SwiftUITextField' from project 'SwiftUITextField')
cd /Users/admin/builder/spi-builder-workspace/.swiftpm/xcode
SwiftCompile normal arm64 Compiling\ _SUITextField.swift /Users/admin/builder/spi-builder-workspace/Sources/SwiftUITextField/TextField/Internal/_SUITextField.swift (in target 'SwiftUITextField' from project 'SwiftUITextField')
/Users/admin/builder/spi-builder-workspace/Sources/SwiftUITextField/TextField/Internal/_SUITextField.swift:78:77: error: 'keyboardDidChangeFrameNotification' is unavailable in tvOS
76 | controller.didMove(toParent: self)
77 |
78 | cancellable = NotificationCenter.default.publisher(for: UIResponder.keyboardDidChangeFrameNotification)
| `- error: 'keyboardDidChangeFrameNotification' is unavailable in tvOS
79 | .sink { [weak self] _ in
80 | self?.layoutContent()
/Applications/Xcode-27.0.0-Release.Candidate.app/Contents/Developer/Platforms/AppleTVOS.platform/Developer/SDKs/AppleTVOS27.0.sdk/System/Library/Frameworks/UIKit.framework/Headers/UIWindow.h:146:39: note: 'keyboardDidChangeFrameNotification' has been explicitly marked unavailable here
144 | // a nil object and begin/end frames of the keyboard in screen coordinates in the userInfo dictionary.
145 | UIKIT_EXTERN NSNotificationName const UIKeyboardWillChangeFrameNotification API_AVAILABLE(ios(5.0)) API_UNAVAILABLE(tvos, watchos) NS_SWIFT_NONISOLATED;
146 | UIKIT_EXTERN NSNotificationName const UIKeyboardDidChangeFrameNotification API_AVAILABLE(ios(5.0)) API_UNAVAILABLE(tvos, watchos) NS_SWIFT_NONISOLATED;
| `- note: 'keyboardDidChangeFrameNotification' has been explicitly marked unavailable here
147 |
148 | // These keys are superseded by UIKeyboardFrameBeginUserInfoKey and UIKeyboardFrameEndUserInfoKey.
Failed frontend command:
/Applications/Xcode-27.0.0-Release.Candidate.app/Contents/Developer/Toolchains/XcodeDefault.xctoolchain/usr/bin/swift-frontend -frontend -c /Users/admin/builder/spi-builder-workspace/Sources/SwiftUITextField/Helper/UIHostingController+IgnoreSafeArea.swift /Users/admin/builder/spi-builder-workspace/Sources/SwiftUITextField/Responder\ Navigator/ResponderNavigatorView.swift /Users/admin/builder/spi-builder-workspace/Sources/SwiftUITextField/Responder/ResponderChainCoordinator.swift /Users/admin/builder/spi-builder-workspace/Sources/SwiftUITextField/Responder/ResponderModifier.swift /Users/admin/builder/spi-builder-workspace/Sources/SwiftUITextField/Responder/ResponderState.swift /Users/admin/builder/spi-builder-workspace/Sources/SwiftUITextField/Responder/ResponderStorage.swift /Users/admin/builder/spi-builder-workspace/Sources/SwiftUITextField/TextField/CharacterReplacement.swift /Users/admin/builder/spi-builder-workspace/Sources/SwiftUITextField/TextField/DefaultAttributesMergePolicy.swift /Users/admin/builder/spi-builder-workspace/Sources/SwiftUITextField/TextField/Environments.swift /Users/admin/builder/spi-builder-workspace/Sources/SwiftUITextField/TextField/FontSizeAdjustment.swift /Users/admin/builder/spi-builder-workspace/Sources/SwiftUITextField/TextField/FormatPolicy.swift /Users/admin/builder/spi-builder-workspace/Sources/SwiftUITextField/TextField/Internal/TextType.swift -primary-file /Users/admin/builder/spi-builder-workspace/Sources/SwiftUITextField/TextField/Internal/_SUITextField.swift /Users/admin/builder/spi-builder-workspace/Sources/SwiftUITextField/TextField/SUITextField.swift -emit-dependencies-path /Users/admin/builder/spi-builder-workspace/.derivedData/Build/Intermediates.noindex/SwiftUITextField.build/Debug-appletvos/SwiftUITextField-t.build/Objects-normal/arm64/_SUITextField.d -emit-const-values-path /Users/admin/builder/spi-builder-workspace/.derivedData/Build/Intermediates.noindex/SwiftUITextField.build/Debug-appletvos/SwiftUITextField-t.build/Objects-normal/arm64/_SUITextField.swiftconstvalues -emit-reference-dependencies-path /Users/admin/builder/spi-builder-workspace/.derivedData/Build/Intermediates.noindex/SwiftUITextField.build/Debug-appletvos/SwiftUITextField-t.build/Objects-normal/arm64/_SUITextField.swiftdeps -serialize-diagnostics-path /Users/admin/builder/spi-builder-workspace/.derivedData/Build/Intermediates.noindex/SwiftUITextField.build/Debug-appletvos/SwiftUITextField-t.build/Objects-normal/arm64/_SUITextField.dia -target arm64-apple-tvos15.0 -disable-cross-import-overlay-search -load-resolved-plugin /Applications/Xcode-27.0.0-Release.Candidate.app/Contents/Developer/Platforms/AppleTVOS.platform/Developer/usr/lib/swift/host/plugins/libFoundationMacros.dylib\#/Applications/Xcode-27.0.0-Release.Candidate.app/Contents/Developer/Platforms/AppleTVOS.platform/Developer/usr/bin/swift-plugin-server\#FoundationMacros -load-resolved-plugin /Applications/Xcode-27.0.0-Release.Candidate.app/Contents/Developer/Platforms/AppleTVOS.platform/Developer/usr/lib/swift/host/plugins/libObservationMacros.dylib\#/Applications/Xcode-27.0.0-Release.Candidate.app/Contents/Developer/Platforms/AppleTVOS.platform/Developer/usr/bin/swift-plugin-server\#ObservationMacros -load-resolved-plugin /Applications/Xcode-27.0.0-Release.Candidate.app/Contents/Developer/Platforms/AppleTVOS.platform/Developer/usr/lib/swift/host/plugins/libPreviewsMacros.dylib\#/Applications/Xcode-27.0.0-Release.Candidate.app/Contents/Developer/Platforms/AppleTVOS.platform/Developer/usr/bin/swift-plugin-server\#PreviewsMacros -load-resolved-plugin /Applications/Xcode-27.0.0-Release.Candidate.app/Contents/Developer/Platforms/AppleTVOS.platform/Developer/usr/lib/swift/host/plugins/libSwiftMacros.dylib\#/Applications/Xcode-27.0.0-Release.Candidate.app/Contents/Developer/Platforms/AppleTVOS.platform/Developer/usr/bin/swift-plugin-server\#SwiftMacros -load-resolved-plugin /Applications/Xcode-27.0.0-Release.Candidate.app/Contents/Developer/Platforms/AppleTVOS.platform/Developer/usr/lib/swift/host/plugins/libSwiftUIMacros.dylib\#/Applications/Xcode-27.0.0-Release.Candidate.app/Contents/Developer/Platforms/AppleTVOS.platform/Developer/usr/bin/swift-plugin-server\#SwiftUIMacros -disable-implicit-swift-modules -Xcc -fno-implicit-modules -Xcc -fno-implicit-module-maps -explicit-swift-module-map-file /Users/admin/builder/spi-builder-workspace/.derivedData/Build/Intermediates.noindex/SwiftUITextField.build/Debug-appletvos/SwiftUITextField-t.build/Objects-normal/arm64/SwiftUITextField-dependencies-1.json -Xllvm -aarch64-use-tbi -enable-objc-interop -stack-check -sdk /Applications/Xcode-27.0.0-Release.Candidate.app/Contents/Developer/Platforms/AppleTVOS.platform/Developer/SDKs/AppleTVOS27.0.sdk -I /Users/admin/builder/spi-builder-workspace/.derivedData/Build/Products/Debug-appletvos -Isystem /Applications/Xcode-27.0.0-Release.Candidate.app/Contents/Developer/Platforms/AppleTVOS.platform/Developer/usr/lib -F /Users/admin/builder/spi-builder-workspace/.derivedData/Build/Products/Debug-appletvos -F /Applications/Xcode-27.0.0-Release.Candidate.app/Contents/Developer/Platforms/AppleTVOS.platform/Developer/Library/Frameworks -F /Applications/Xcode-27.0.0-Release.Candidate.app/Contents/Developer/Platforms/AppleTVOS.platform/Developer/SDKs/AppleTVOS27.0.sdk/Developer/Library/Frameworks -module-cache-path /Users/admin/builder/spi-builder-workspace/.derivedData/Build/Intermediates.noindex/SwiftExplicitPrecompiledModules -no-color-diagnostics -Xcc -fno-color-diagnostics -enable-testing -g -debug-info-format\=dwarf -dwarf-version\=4 -swift-version 5 -Onone -D SWIFT_PACKAGE -D DEBUG -D SWIFT_MODULE_RESOURCE_BUNDLE_UNAVAILABLE -D Xcode -serialize-debugging-options -enable-experimental-feature DebugDescriptionMacro -empty-abi-descriptor -validate-clang-modules-once -clang-build-session-file /Users/admin/builder/spi-builder-workspace/.derivedData/ModuleCache.noindex/Session.modulevalidation -Xcc -working-directory -Xcc /Users/admin/builder/spi-builder-workspace/.swiftpm/xcode -enable-anonymous-context-mangled-names -file-compilation-dir /Users/admin/builder/spi-builder-workspace/.swiftpm/xcode -Xcc -D_LIBCPP_HARDENING_MODE\=_LIBCPP_HARDENING_MODE_DEBUG -Xcc -ivfsstatcache -Xcc /Users/admin/builder/spi-builder-workspace/.derivedData/SDKStatCaches.noindex/appletvos27.0-24J360-e829b21a6f8c9b70876ba0858053c044b32bfd8d43560033f8d89884cdb90028.sdkstatcache -Xcc -fmodules-prune-interval\=86400 -Xcc -fmodules-prune-after\=345600 -Xcc -I/Users/admin/builder/spi-builder-workspace/.derivedData/Build/Products/Debug-appletvos/include -Xcc -I/Users/admin/builder/spi-builder-workspace/.derivedData/Build/Intermediates.noindex/SwiftUITextField.build/Debug-appletvos/SwiftUITextField-t.build/DerivedSources-normal/arm64 -Xcc -I/Users/admin/builder/spi-builder-workspace/.derivedData/Build/Intermediates.noindex/SwiftUITextField.build/Debug-appletvos/SwiftUITextField-t.build/DerivedSources/arm64 -Xcc -I/Users/admin/builder/spi-builder-workspace/.derivedData/Build/Intermediates.noindex/SwiftUITextField.build/Debug-appletvos/SwiftUITextField-t.build/DerivedSources -Xcc -DSWIFT_PACKAGE -Xcc -DDEBUG\=1 -no-auto-bridging-header-chaining -module-name SwiftUITextField -const-gather-protocols-file /Users/admin/builder/spi-builder-workspace/.derivedData/Build/Intermediates.noindex/SwiftUITextField.build/Debug-appletvos/SwiftUITextField-t.build/Objects-normal/arm64/SwiftUITextField_const_extract_protocols.json -disable-clang-spi -clang-target arm64-apple-tvos27.0 -target-sdk-version 27.0 -target-sdk-name appletvos27.0 -in-process-plugin-server-path /Applications/Xcode-27.0.0-Release.Candidate.app/Contents/Developer/Toolchains/XcodeDefault.xctoolchain/usr/lib/swift/host/libSwiftInProcPluginServer.dylib -parse-as-library -o /Users/admin/builder/spi-builder-workspace/.derivedData/Build/Intermediates.noindex/SwiftUITextField.build/Debug-appletvos/SwiftUITextField-t.build/Objects-normal/arm64/_SUITextField.o -debug-module-path /Users/admin/builder/spi-builder-workspace/.derivedData/Build/Intermediates.noindex/SwiftUITextField.build/Debug-appletvos/SwiftUITextField-t.build/Objects-normal/arm64/SwiftUITextField.swiftmodule -index-unit-output-path /SwiftUITextField.build/Debug-appletvos/SwiftUITextField-t.build/Objects-normal/arm64/_SUITextField.o -index-store-path /Users/admin/builder/spi-builder-workspace/.derivedData/Index.noindex/DataStore -index-system-modules
SwiftCompile normal arm64 /Users/admin/builder/spi-builder-workspace/Sources/SwiftUITextField/TextField/Internal/_SUITextField.swift (in target 'SwiftUITextField' from project 'SwiftUITextField')
cd /Users/admin/builder/spi-builder-workspace/.swiftpm/xcode
builtin-SwiftPerFileCompile _SUITextField.swift
SwiftCompile normal arm64 Compiling\ Environments.swift /Users/admin/builder/spi-builder-workspace/Sources/SwiftUITextField/TextField/Environments.swift (in target 'SwiftUITextField' from project 'SwiftUITextField')
SwiftCompile normal arm64 /Users/admin/builder/spi-builder-workspace/Sources/SwiftUITextField/TextField/Environments.swift (in target 'SwiftUITextField' from project 'SwiftUITextField')
cd /Users/admin/builder/spi-builder-workspace/.swiftpm/xcode
builtin-SwiftPerFileCompile Environments.swift
PruneExplicitPrecompiledModules /Users/admin/builder/spi-builder-workspace/.derivedData/Build/Intermediates.noindex/SwiftExplicitPrecompiledModules
PruneExplicitPrecompiledModules /Users/admin/builder/spi-builder-workspace/.derivedData/Build/Intermediates.noindex/ExplicitPrecompiledModules
PruneExplicitPrecompiledModules /Users/admin/builder/spi-builder-workspace/.derivedData/SDKExplicitPrecompiledModules
2026-09-18 16:33:21.557 xcodebuild[950:5591] [MT] IDERunDestination: Supported platforms for the buildables in the current scheme is empty.
2026-09-18 16:33:21.659 xcodebuild[950:5591] [MT] IDERunDestination: Supported platforms for the buildables in the current scheme is empty.
** BUILD FAILED **
The following build commands failed:
SwiftCompile normal arm64 Compiling\ _SUITextField.swift /Users/admin/builder/spi-builder-workspace/Sources/SwiftUITextField/TextField/Internal/_SUITextField.swift (in target 'SwiftUITextField' from project 'SwiftUITextField')
SwiftCompile normal arm64 /Users/admin/builder/spi-builder-workspace/Sources/SwiftUITextField/TextField/Internal/_SUITextField.swift (in target 'SwiftUITextField' from project 'SwiftUITextField')
Building workspace SwiftUITextField with scheme SwiftUITextField-Package
(3 failures)
BUILD FAILURE 6.4 tvOS