The Swift Package Index logo.Swift Package Index

Build Information

Failed to build NorthwindManagedModels, reference main (bf7d91), with Swift 6.4 for macOS (SPM) on 19 Sep 2026 18:48:58 UTC.

Build Command

env DEVELOPER_DIR=/Applications/Xcode-27.0.0-Release.Candidate.app xcrun swift build --arch arm64

Build Log

========================================
RunAll
========================================
Builder version: 5.1.0
Interrupt handler set up.
========================================
Checkout
========================================
Clone URL: https://github.com/Northwind-swift/NorthwindManagedModels.git
Reference: main
Initialized empty Git repository in /Users/admin/builder/spi-builder-workspace/.git/
From https://github.com/Northwind-swift/NorthwindManagedModels
 * branch            main       -> FETCH_HEAD
 * [new branch]      main       -> origin/main
HEAD is now at bf7d913 GHA: Fix iOS build
Cloned https://github.com/Northwind-swift/NorthwindManagedModels.git
Revision (git rev-parse @):
bf7d913a1a3ca92eda8cfa6079e070b6d1bd8809
SPI manifest file found: $PWD/.spi.yml
SUCCESS checkout https://github.com/Northwind-swift/NorthwindManagedModels.git at main
========================================
Build
========================================
Selected platform:         macosSpm
Swift version:             6.4
Building package at path:  $PWD
https://github.com/Northwind-swift/NorthwindManagedModels.git
Running build ...
env DEVELOPER_DIR=/Applications/Xcode-27.0.0-Release.Candidate.app xcrun swift build --arch arm64
Building for debugging...
[Computing dependencies]
[Constructing description]
[Pre-planning 1 / 621]
[Planning deferred tasks]
[128 / 282] NorthwindManagedModels_NorthwindSwiftData
[130 / 282]
[136 / 286] _SwiftSyntaxCShims
[139 / 296]
[172 / 297] SwiftSyntax601
[184 / 323]
[187 / 323]
[191 / 323]
[194 / 323]
[195 / 323]
[206 / 323] SwiftSyntax
[215 / 326] SwiftBasicFormat
[222 / 355] SwiftParser
[238 / 355] SwiftParser
[240 / 355] SwiftParser
[241 / 355] SwiftParser
[243 / 355] SwiftParser
[244 / 355] SwiftParser
[246 / 355] SwiftParser
[254 / 355] SwiftParser
[259 / 355] SwiftDiagnostics
[264 / 357]
[268 / 368] SwiftParserDiagnostics
[271 / 379] SwiftParserDiagnostics
[275 / 379] SwiftParserDiagnostics
[277 / 379] SwiftOperators
[292 / 379] SwiftParserDiagnostics
[299 / 379] SwiftOperators
[302 / 380] SwiftOperators
[306 / 400]
[307 / 400]
[309 / 400]
[311 / 400] SwiftParserDiagnostics
[313 / 400]
[322 / 400] SwiftSyntaxBuilder
[324 / 400] SwiftSyntaxBuilder
[331 / 401] SwiftSyntaxBuilder
[331 / 401] SwiftSyntaxMacros
[340 / 412] SwiftSyntaxMacros
[350 / 413] SwiftSyntaxMacros
[351 / 413] SwiftSyntaxMacroExpansion
[360 / 423] SwiftSyntaxMacroExpansion
[361 / 423] SwiftSyntaxMacroExpansion
[368 / 424] SwiftSyntaxMacroExpansion
[368 / 424] SwiftCompilerPluginMessageHandling
[376 / 435] SwiftCompilerPluginMessageHandling
[379 / 435] SwiftSyntaxMacroExpansion
[380 / 435] SwiftCompilerPluginMessageHandling
[387 / 436] SwiftSyntax
[387 / 436] SwiftCompilerPlugin
[396 / 438] SwiftCompilerPlugin
[397 / 438] SwiftSyntax
[399 / 438] SwiftSyntax
[405 / 438] SwiftSyntaxBuilder
[409 / 438] SwiftCompilerPlugin
[417 / 439] ManagedModelMacros
[426 / 476]
[430 / 476]
[434 / 476]
[435 / 476]
[438 / 476]
[440 / 476]
[442 / 476]
[454 / 476] ManagedModelMacros
[455 / 476] ManagedModelMacros
[457 / 476] ManagedModelMacros
[460 / 477] ManagedModels
[469 / 529]
[474 / 529]
[475 / 529]
[478 / 529]
[481 / 529]
[482 / 529]
[492 / 529]
[494 / 529]
[495 / 529]
[498 / 529]
[500 / 529]
[512 / 529] ManagedModels
[513 / 529] ManagedModels
[519 / 530] NorthwindSwiftData
[529 / 542] NorthwindSwiftData
[531 / 542] NorthwindSwiftData
Fetching https://github.com/Data-swift/ManagedModels.git
[1/1152] Fetching managedmodels
Fetched https://github.com/Data-swift/ManagedModels.git (1.14s)
Computing version for https://github.com/Data-swift/ManagedModels.git
Computed https://github.com/Data-swift/ManagedModels.git at 0.9.0 (1.77s)
Fetching https://github.com/swiftlang/swift-syntax.git
[1/79984] Fetching swift-syntax
Fetched https://github.com/swiftlang/swift-syntax.git (6.82s)
Computing version for https://github.com/swiftlang/swift-syntax.git
Computed https://github.com/swiftlang/swift-syntax.git at 601.0.1 (9.72s)
Creating working copy for https://github.com/Data-swift/ManagedModels.git
Working copy of https://github.com/Data-swift/ManagedModels.git resolved at 0.9.0
Creating working copy for https://github.com/swiftlang/swift-syntax.git
Working copy of https://github.com/swiftlang/swift-syntax.git resolved at 601.0.1
error: SwiftCompile normal arm64 /Users/admin/builder/spi-builder-workspace/Sources/NorthwindSwiftData/SwiftDataExtras/CodableKeyPathes.swift failed with a nonzero exit code. Command line:     cd /Users/admin/builder
    builtin-SwiftPerFileCompile CodableKeyPathes.swift
/Users/admin/builder/spi-builder-workspace/Sources/NorthwindSwiftData/SwiftDataExtras/CodableKeyPathes.swift:12:1: error: type 'Category' does not conform to protocol 'PredicateCodableKeyPathProviding'
10 | //       way the key pathes are only build once.
11 |
12 | extension Category: PredicateCodableKeyPathProviding {
   | |- error: type 'Category' does not conform to protocol 'PredicateCodableKeyPathProviding'
   | `- note: add stubs for conformance
13 |   public static let predicateCodableKeyPaths =
   |                     `- note: candidate has non-matching type '[String : PartialKeyPath<Category>]'
14 |     buildKeyPathMap(for: Category.self)
15 | }
Foundation.PredicateCodableKeyPathProviding.predicateCodableKeyPaths:2:28: note: protocol requires property 'predicateCodableKeyPaths' with type '[String : any PartialKeyPath<Self> & Sendable]'
1 | protocol PredicateCodableKeyPathProviding {
2 | @preconcurrency static var predicateCodableKeyPaths: [String : any PartialKeyPath<Self> & Sendable] { get }}
  |                            `- note: protocol requires property 'predicateCodableKeyPaths' with type '[String : any PartialKeyPath<Self> & Sendable]'
3 |
/Users/admin/builder/spi-builder-workspace/Sources/NorthwindSwiftData/SwiftDataExtras/CodableKeyPathes.swift:16:1: error: type 'Customer' does not conform to protocol 'PredicateCodableKeyPathProviding'
14 |     buildKeyPathMap(for: Category.self)
15 | }
16 | extension Customer: PredicateCodableKeyPathProviding {
   | |- error: type 'Customer' does not conform to protocol 'PredicateCodableKeyPathProviding'
   | `- note: add stubs for conformance
17 |   public static let predicateCodableKeyPaths =
   |                     `- note: candidate has non-matching type '[String : PartialKeyPath<Customer>]'
18 |     buildKeyPathMap(for: Customer.self)
19 | }
Foundation.PredicateCodableKeyPathProviding.predicateCodableKeyPaths:2:28: note: protocol requires property 'predicateCodableKeyPaths' with type '[String : any PartialKeyPath<Self> & Sendable]'
1 | protocol PredicateCodableKeyPathProviding {
2 | @preconcurrency static var predicateCodableKeyPaths: [String : any PartialKeyPath<Self> & Sendable] { get }}
  |                            `- note: protocol requires property 'predicateCodableKeyPaths' with type '[String : any PartialKeyPath<Self> & Sendable]'
3 |
/Users/admin/builder/spi-builder-workspace/Sources/NorthwindSwiftData/SwiftDataExtras/CodableKeyPathes.swift:20:1: error: type 'CustomerDemographic' does not conform to protocol 'PredicateCodableKeyPathProviding'
18 |     buildKeyPathMap(for: Customer.self)
19 | }
20 | extension CustomerDemographic: PredicateCodableKeyPathProviding {
   | |- error: type 'CustomerDemographic' does not conform to protocol 'PredicateCodableKeyPathProviding'
   | `- note: add stubs for conformance
21 |   public static let predicateCodableKeyPaths =
   |                     `- note: candidate has non-matching type '[String : PartialKeyPath<CustomerDemographic>]'
22 |     buildKeyPathMap(for: CustomerDemographic.self)
23 | }
Foundation.PredicateCodableKeyPathProviding.predicateCodableKeyPaths:2:28: note: protocol requires property 'predicateCodableKeyPaths' with type '[String : any PartialKeyPath<Self> & Sendable]'
1 | protocol PredicateCodableKeyPathProviding {
2 | @preconcurrency static var predicateCodableKeyPaths: [String : any PartialKeyPath<Self> & Sendable] { get }}
  |                            `- note: protocol requires property 'predicateCodableKeyPaths' with type '[String : any PartialKeyPath<Self> & Sendable]'
3 |
/Users/admin/builder/spi-builder-workspace/Sources/NorthwindSwiftData/SwiftDataExtras/CodableKeyPathes.swift:24:1: error: type 'Employee' does not conform to protocol 'PredicateCodableKeyPathProviding'
22 |     buildKeyPathMap(for: CustomerDemographic.self)
23 | }
24 | extension Employee: PredicateCodableKeyPathProviding {
   | |- error: type 'Employee' does not conform to protocol 'PredicateCodableKeyPathProviding'
   | `- note: add stubs for conformance
25 |   public static let predicateCodableKeyPaths =
   |                     `- note: candidate has non-matching type '[String : PartialKeyPath<Employee>]'
26 |     buildKeyPathMap(for: Employee.self)
27 | }
Foundation.PredicateCodableKeyPathProviding.predicateCodableKeyPaths:2:28: note: protocol requires property 'predicateCodableKeyPaths' with type '[String : any PartialKeyPath<Self> & Sendable]'
1 | protocol PredicateCodableKeyPathProviding {
2 | @preconcurrency static var predicateCodableKeyPaths: [String : any PartialKeyPath<Self> & Sendable] { get }}
  |                            `- note: protocol requires property 'predicateCodableKeyPaths' with type '[String : any PartialKeyPath<Self> & Sendable]'
3 |
/Users/admin/builder/spi-builder-workspace/Sources/NorthwindSwiftData/SwiftDataExtras/CodableKeyPathes.swift:28:1: error: type 'Order' does not conform to protocol 'PredicateCodableKeyPathProviding'
26 |     buildKeyPathMap(for: Employee.self)
27 | }
28 | extension Order: PredicateCodableKeyPathProviding {
   | |- error: type 'Order' does not conform to protocol 'PredicateCodableKeyPathProviding'
   | `- note: add stubs for conformance
29 |   public static let predicateCodableKeyPaths =
   |                     `- note: candidate has non-matching type '[String : PartialKeyPath<Order>]'
30 |     buildKeyPathMap(for: Order.self)
31 | }
Foundation.PredicateCodableKeyPathProviding.predicateCodableKeyPaths:2:28: note: protocol requires property 'predicateCodableKeyPaths' with type '[String : any PartialKeyPath<Self> & Sendable]'
1 | protocol PredicateCodableKeyPathProviding {
2 | @preconcurrency static var predicateCodableKeyPaths: [String : any PartialKeyPath<Self> & Sendable] { get }}
  |                            `- note: protocol requires property 'predicateCodableKeyPaths' with type '[String : any PartialKeyPath<Self> & Sendable]'
3 |
/Users/admin/builder/spi-builder-workspace/Sources/NorthwindSwiftData/SwiftDataExtras/CodableKeyPathes.swift:32:1: error: type 'OrderDetail' does not conform to protocol 'PredicateCodableKeyPathProviding'
30 |     buildKeyPathMap(for: Order.self)
31 | }
32 | extension OrderDetail: PredicateCodableKeyPathProviding {
   | |- error: type 'OrderDetail' does not conform to protocol 'PredicateCodableKeyPathProviding'
   | `- note: add stubs for conformance
33 |   public static let predicateCodableKeyPaths =
   |                     `- note: candidate has non-matching type '[String : PartialKeyPath<OrderDetail>]'
34 |     buildKeyPathMap(for: OrderDetail.self)
35 | }
Foundation.PredicateCodableKeyPathProviding.predicateCodableKeyPaths:2:28: note: protocol requires property 'predicateCodableKeyPaths' with type '[String : any PartialKeyPath<Self> & Sendable]'
1 | protocol PredicateCodableKeyPathProviding {
2 | @preconcurrency static var predicateCodableKeyPaths: [String : any PartialKeyPath<Self> & Sendable] { get }}
  |                            `- note: protocol requires property 'predicateCodableKeyPaths' with type '[String : any PartialKeyPath<Self> & Sendable]'
3 |
/Users/admin/builder/spi-builder-workspace/Sources/NorthwindSwiftData/SwiftDataExtras/CodableKeyPathes.swift:36:1: error: type 'Product' does not conform to protocol 'PredicateCodableKeyPathProviding'
34 |     buildKeyPathMap(for: OrderDetail.self)
35 | }
36 | extension Product: PredicateCodableKeyPathProviding {
   | |- error: type 'Product' does not conform to protocol 'PredicateCodableKeyPathProviding'
   | `- note: add stubs for conformance
37 |   public static let predicateCodableKeyPaths =
   |                     `- note: candidate has non-matching type '[String : PartialKeyPath<Product>]'
38 |     buildKeyPathMap(for: Product.self)
39 | }
Foundation.PredicateCodableKeyPathProviding.predicateCodableKeyPaths:2:28: note: protocol requires property 'predicateCodableKeyPaths' with type '[String : any PartialKeyPath<Self> & Sendable]'
1 | protocol PredicateCodableKeyPathProviding {
2 | @preconcurrency static var predicateCodableKeyPaths: [String : any PartialKeyPath<Self> & Sendable] { get }}
  |                            `- note: protocol requires property 'predicateCodableKeyPaths' with type '[String : any PartialKeyPath<Self> & Sendable]'
3 |
/Users/admin/builder/spi-builder-workspace/Sources/NorthwindSwiftData/SwiftDataExtras/CodableKeyPathes.swift:40:1: error: type 'Region' does not conform to protocol 'PredicateCodableKeyPathProviding'
38 |     buildKeyPathMap(for: Product.self)
39 | }
40 | extension Region: PredicateCodableKeyPathProviding {
   | |- error: type 'Region' does not conform to protocol 'PredicateCodableKeyPathProviding'
   | `- note: add stubs for conformance
41 |   public static let predicateCodableKeyPaths =
   |                     `- note: candidate has non-matching type '[String : PartialKeyPath<Region>]'
42 |     buildKeyPathMap(for: Region.self)
43 | }
Foundation.PredicateCodableKeyPathProviding.predicateCodableKeyPaths:2:28: note: protocol requires property 'predicateCodableKeyPaths' with type '[String : any PartialKeyPath<Self> & Sendable]'
1 | protocol PredicateCodableKeyPathProviding {
2 | @preconcurrency static var predicateCodableKeyPaths: [String : any PartialKeyPath<Self> & Sendable] { get }}
  |                            `- note: protocol requires property 'predicateCodableKeyPaths' with type '[String : any PartialKeyPath<Self> & Sendable]'
3 |
/Users/admin/builder/spi-builder-workspace/Sources/NorthwindSwiftData/SwiftDataExtras/CodableKeyPathes.swift:44:1: error: type 'Shipper' does not conform to protocol 'PredicateCodableKeyPathProviding'
42 |     buildKeyPathMap(for: Region.self)
43 | }
44 | extension Shipper: PredicateCodableKeyPathProviding {
   | |- error: type 'Shipper' does not conform to protocol 'PredicateCodableKeyPathProviding'
   | `- note: add stubs for conformance
45 |   public static let predicateCodableKeyPaths =
   |                     `- note: candidate has non-matching type '[String : PartialKeyPath<Shipper>]'
46 |     buildKeyPathMap(for: Shipper.self)
47 | }
Foundation.PredicateCodableKeyPathProviding.predicateCodableKeyPaths:2:28: note: protocol requires property 'predicateCodableKeyPaths' with type '[String : any PartialKeyPath<Self> & Sendable]'
1 | protocol PredicateCodableKeyPathProviding {
2 | @preconcurrency static var predicateCodableKeyPaths: [String : any PartialKeyPath<Self> & Sendable] { get }}
  |                            `- note: protocol requires property 'predicateCodableKeyPaths' with type '[String : any PartialKeyPath<Self> & Sendable]'
3 |
/Users/admin/builder/spi-builder-workspace/Sources/NorthwindSwiftData/SwiftDataExtras/CodableKeyPathes.swift:48:1: error: type 'Supplier' does not conform to protocol 'PredicateCodableKeyPathProviding'
46 |     buildKeyPathMap(for: Shipper.self)
47 | }
48 | extension Supplier: PredicateCodableKeyPathProviding {
   | |- error: type 'Supplier' does not conform to protocol 'PredicateCodableKeyPathProviding'
   | `- note: add stubs for conformance
49 |   public static let predicateCodableKeyPaths =
   |                     `- note: candidate has non-matching type '[String : PartialKeyPath<Supplier>]'
50 |     buildKeyPathMap(for: Supplier.self)
51 | }
Foundation.PredicateCodableKeyPathProviding.predicateCodableKeyPaths:2:28: note: protocol requires property 'predicateCodableKeyPaths' with type '[String : any PartialKeyPath<Self> & Sendable]'
1 | protocol PredicateCodableKeyPathProviding {
2 | @preconcurrency static var predicateCodableKeyPaths: [String : any PartialKeyPath<Self> & Sendable] { get }}
  |                            `- note: protocol requires property 'predicateCodableKeyPaths' with type '[String : any PartialKeyPath<Self> & Sendable]'
3 |
/Users/admin/builder/spi-builder-workspace/Sources/NorthwindSwiftData/SwiftDataExtras/CodableKeyPathes.swift:52:1: error: type 'Territory' does not conform to protocol 'PredicateCodableKeyPathProviding'
50 |     buildKeyPathMap(for: Supplier.self)
51 | }
52 | extension Territory: PredicateCodableKeyPathProviding {
   | |- error: type 'Territory' does not conform to protocol 'PredicateCodableKeyPathProviding'
   | `- note: add stubs for conformance
53 |   public static let predicateCodableKeyPaths =
   |                     `- note: candidate has non-matching type '[String : PartialKeyPath<Territory>]'
54 |     buildKeyPathMap(for: Territory.self)
55 | }
Foundation.PredicateCodableKeyPathProviding.predicateCodableKeyPaths:2:28: note: protocol requires property 'predicateCodableKeyPaths' with type '[String : any PartialKeyPath<Self> & Sendable]'
1 | protocol PredicateCodableKeyPathProviding {
2 | @preconcurrency static var predicateCodableKeyPaths: [String : any PartialKeyPath<Self> & Sendable] { get }}
  |                            `- note: protocol requires property 'predicateCodableKeyPaths' with type '[String : any PartialKeyPath<Self> & Sendable]'
3 |
Failed frontend command:
/Applications/Xcode-27.0.0-Release.Candidate.app/Contents/Developer/Toolchains/XcodeDefault.xctoolchain/usr/bin/swift-frontend -frontend -c /Users/admin/builder/spi-builder-workspace/.build/out/Intermediates.noindex/NorthwindManagedModels.build/Debug/NorthwindSwiftData-t.build/DerivedSources/resource_bundle_accessor.swift /Users/admin/builder/spi-builder-workspace/Sources/NorthwindSwiftData/Abstractions/AddressHolder.swift /Users/admin/builder/spi-builder-workspace/Sources/NorthwindSwiftData/Abstractions/StructedAddressProvider.swift /Users/admin/builder/spi-builder-workspace/Sources/NorthwindSwiftData/Abstractions/StructuredAddress.swift /Users/admin/builder/spi-builder-workspace/Sources/NorthwindSwiftData/Models/Category.swift /Users/admin/builder/spi-builder-workspace/Sources/NorthwindSwiftData/Models/Customer.swift /Users/admin/builder/spi-builder-workspace/Sources/NorthwindSwiftData/Models/CustomerDemographic.swift /Users/admin/builder/spi-builder-workspace/Sources/NorthwindSwiftData/Models/Employee.swift /Users/admin/builder/spi-builder-workspace/Sources/NorthwindSwiftData/Models/Order.swift /Users/admin/builder/spi-builder-workspace/Sources/NorthwindSwiftData/Models/OrderDetail.swift /Users/admin/builder/spi-builder-workspace/Sources/NorthwindSwiftData/Models/Product.swift /Users/admin/builder/spi-builder-workspace/Sources/NorthwindSwiftData/Models/Region.swift /Users/admin/builder/spi-builder-workspace/Sources/NorthwindSwiftData/Models/Shipper.swift /Users/admin/builder/spi-builder-workspace/Sources/NorthwindSwiftData/Models/Supplier.swift /Users/admin/builder/spi-builder-workspace/Sources/NorthwindSwiftData/Models/Territory.swift /Users/admin/builder/spi-builder-workspace/Sources/NorthwindSwiftData/NorthwindSchema.swift /Users/admin/builder/spi-builder-workspace/Sources/NorthwindSwiftData/NorthwindStore.swift /Users/admin/builder/spi-builder-workspace/Sources/NorthwindSwiftData/Reexports.swift -primary-file /Users/admin/builder/spi-builder-workspace/Sources/NorthwindSwiftData/SwiftDataExtras/CodableKeyPathes.swift -emit-dependencies-path /Users/admin/builder/spi-builder-workspace/.build/out/Intermediates.noindex/NorthwindManagedModels.build/Debug/NorthwindSwiftData-t.build/Objects-normal/arm64/CodableKeyPathes.d -emit-const-values-path /Users/admin/builder/spi-builder-workspace/.build/out/Intermediates.noindex/NorthwindManagedModels.build/Debug/NorthwindSwiftData-t.build/Objects-normal/arm64/CodableKeyPathes.swiftconstvalues -emit-reference-dependencies-path /Users/admin/builder/spi-builder-workspace/.build/out/Intermediates.noindex/NorthwindManagedModels.build/Debug/NorthwindSwiftData-t.build/Objects-normal/arm64/CodableKeyPathes.swiftdeps -serialize-diagnostics-path /Users/admin/builder/spi-builder-workspace/.build/out/Intermediates.noindex/NorthwindManagedModels.build/Debug/NorthwindSwiftData-t.build/Objects-normal/arm64/CodableKeyPathes.dia -target arm64-apple-macos12.0 -module-can-import-version Contacts 3844.100.1 3844.100.1 -disable-cross-import-overlay-search -swift-module-cross-import Contacts /Applications/Xcode-27.0.0-Release.Candidate.app/Contents/Developer/Platforms/MacOSX.platform/Developer/SDKs/MacOSX.sdk/System/Library/Frameworks/Contacts.framework/Modules/Contacts.swiftcrossimport/AppIntents.swiftoverlay -swift-module-cross-import Contacts /Applications/Xcode-27.0.0-Release.Candidate.app/Contents/Developer/Platforms/MacOSX.platform/Developer/SDKs/MacOSX27.0.sdk/System/Library/Frameworks/Contacts.framework/Modules/Contacts.swiftcrossimport/AppIntents.swiftoverlay -swift-module-cross-import CoreData /Applications/Xcode-27.0.0-Release.Candidate.app/Contents/Developer/Platforms/MacOSX.platform/Developer/SDKs/MacOSX.sdk/System/Library/Frameworks/CoreData.framework/Modules/CoreData.swiftcrossimport/CloudKit.swiftoverlay -swift-module-cross-import CoreData /Applications/Xcode-27.0.0-Release.Candidate.app/Contents/Developer/Platforms/MacOSX.platform/Developer/SDKs/MacOSX27.0.sdk/System/Library/Frameworks/CoreData.framework/Modules/CoreData.swiftcrossimport/CloudKit.swiftoverlay -load-resolved-plugin /Applications/Xcode-27.0.0-Release.Candidate.app/Contents/Developer/Platforms/MacOSX.platform/Developer/usr/lib/swift/host/plugins/libFoundationMacros.dylib\#/Applications/Xcode-27.0.0-Release.Candidate.app/Contents/Developer/Platforms/MacOSX.platform/Developer/usr/bin/swift-plugin-server\#FoundationMacros -load-resolved-plugin \#/Users/admin/builder/spi-builder-workspace/.build/out/Products/Debug/ManagedModelMacros\#ManagedModelMacros -load-resolved-plugin /Applications/Xcode-27.0.0-Release.Candidate.app/Contents/Developer/Platforms/MacOSX.platform/Developer/usr/lib/swift/host/plugins/libObservationMacros.dylib\#/Applications/Xcode-27.0.0-Release.Candidate.app/Contents/Developer/Platforms/MacOSX.platform/Developer/usr/bin/swift-plugin-server\#ObservationMacros -load-resolved-plugin /Applications/Xcode-27.0.0-Release.Candidate.app/Contents/Developer/Platforms/MacOSX.platform/Developer/usr/lib/swift/host/plugins/libPreviewsMacros.dylib\#/Applications/Xcode-27.0.0-Release.Candidate.app/Contents/Developer/Platforms/MacOSX.platform/Developer/usr/bin/swift-plugin-server\#PreviewsMacros -load-resolved-plugin /Applications/Xcode-27.0.0-Release.Candidate.app/Contents/Developer/Platforms/MacOSX.platform/Developer/usr/lib/swift/host/plugins/libSwiftMacros.dylib\#/Applications/Xcode-27.0.0-Release.Candidate.app/Contents/Developer/Platforms/MacOSX.platform/Developer/usr/bin/swift-plugin-server\#SwiftMacros -load-resolved-plugin /Applications/Xcode-27.0.0-Release.Candidate.app/Contents/Developer/Platforms/MacOSX.platform/Developer/usr/lib/swift/host/plugins/libSwiftUIMacros.dylib\#/Applications/Xcode-27.0.0-Release.Candidate.app/Contents/Developer/Platforms/MacOSX.platform/Developer/usr/bin/swift-plugin-server\#SwiftUIMacros -disable-implicit-swift-modules -Xcc -fno-implicit-modules -Xcc -fno-implicit-module-maps -explicit-swift-module-map-file /Users/admin/builder/spi-builder-workspace/.build/out/Intermediates.noindex/NorthwindManagedModels.build/Debug/NorthwindSwiftData-t.build/Objects-normal/arm64/NorthwindSwiftData-dependencies-1.json -Xllvm -aarch64-use-tbi -enable-objc-interop -stack-check -sdk /Applications/Xcode-27.0.0-Release.Candidate.app/Contents/Developer/Platforms/MacOSX.platform/Developer/SDKs/MacOSX27.0.sdk -I /Users/admin/builder/spi-builder-workspace/.build/out/Products/Debug -Isystem /Applications/Xcode-27.0.0-Release.Candidate.app/Contents/Developer/Platforms/MacOSX.platform/Developer/usr/lib -F /Users/admin/builder/spi-builder-workspace/.build/out/Products/Debug/PackageFrameworks -F /Users/admin/builder/spi-builder-workspace/.build/out/Products/Debug -F /Applications/Xcode-27.0.0-Release.Candidate.app/Contents/Developer/Platforms/MacOSX.platform/Developer/Library/Frameworks -module-cache-path /Users/admin/builder/spi-builder-workspace/.build/out/Intermediates.noindex/SwiftExplicitPrecompiledModules -color-diagnostics -Xcc -fcolor-diagnostics -enable-testing -g -debug-info-format\=dwarf -dwarf-version\=4 -swift-version 5 -Onone -D SWIFT_PACKAGE -D DEBUG -D SWIFT_MODULE_RESOURCE_BUNDLE_AVAILABLE -D Xcode -serialize-debugging-options -load-plugin-executable /Users/admin/builder/spi-builder-workspace/.build/out/Products/Debug/ManagedModelMacros\#ManagedModelMacros -enable-experimental-feature DebugDescriptionMacro -empty-abi-descriptor -validate-clang-modules-once -clang-build-session-file /Users/admin/builder/spi-builder-workspace/.build/out/ModuleCache.noindex/Session.modulevalidation -Xcc -working-directory -Xcc /Users/admin/builder -enable-anonymous-context-mangled-names -file-compilation-dir /Users/admin/builder -Xcc -D_LIBCPP_HARDENING_MODE\=_LIBCPP_HARDENING_MODE_DEBUG -Xcc -ivfsstatcache -Xcc /Users/admin/builder/spi-builder-workspace/.build/out/SDKStatCaches.noindex/macosx27.0-26A425-80c5bbf1d171475443272936d42f90a36a22442a12e9d48fe1a705f55a1adfc4.sdkstatcache -Xcc -fmodules-prune-interval\=86400 -Xcc -fmodules-prune-after\=345600 -Xcc -I/Users/admin/builder/spi-builder-workspace/.build/out/Products/Debug/include -Xcc -I/Users/admin/builder/spi-builder-workspace/.build/out/Intermediates.noindex/NorthwindManagedModels.build/Debug/NorthwindSwiftData-t.build/DerivedSources-normal/arm64 -Xcc -I/Users/admin/builder/spi-builder-workspace/.build/out/Intermediates.noindex/NorthwindManagedModels.build/Debug/NorthwindSwiftData-t.build/DerivedSources/arm64 -Xcc -I/Users/admin/builder/spi-builder-workspace/.build/out/Intermediates.noindex/NorthwindManagedModels.build/Debug/NorthwindSwiftData-t.build/DerivedSources -Xcc -DSWIFT_PACKAGE -Xcc -DDEBUG\=1 -no-auto-bridging-header-chaining -module-name NorthwindSwiftData -package-name spi_builder_workspace -const-gather-protocols-file /Users/admin/builder/spi-builder-workspace/.build/out/Intermediates.noindex/NorthwindManagedModels.build/Debug/NorthwindSwiftData-t.build/Objects-normal/arm64/NorthwindSwiftData_const_extract_protocols.json -disable-clang-spi -clang-target arm64-apple-macos27.0 -target-sdk-version 27.0 -target-sdk-name macosx27.0 -in-process-plugin-server-path /Applications/Xcode-27.0.0-Release.Candidate.app/Contents/Developer/Toolchains/XcodeDefault.xctoolchain/usr/lib/swift/host/libSwiftInProcPluginServer.dylib -parse-as-library -o /Users/admin/builder/spi-builder-workspace/.build/out/Intermediates.noindex/NorthwindManagedModels.build/Debug/NorthwindSwiftData-t.build/Objects-normal/arm64/CodableKeyPathes.o -debug-module-path /Users/admin/builder/spi-builder-workspace/.build/out/Intermediates.noindex/NorthwindManagedModels.build/Debug/NorthwindSwiftData-t.build/Objects-normal/arm64/NorthwindSwiftData.swiftmodule -index-unit-output-path /NorthwindManagedModels.build/Debug/NorthwindSwiftData-t.build/Objects-normal/arm64/CodableKeyPathes.o -index-store-path /Users/admin/builder/spi-builder-workspace/.build/out -index-system-modules
error: Build failed
BUILD FAILURE 6.4 macosSpm