The Swift Package Index logo.Swift Package Index

Build Information

Failed to build Object3D, reference master (46c2be), with Swift 6.4 for watchOS using Xcode 27.0 on 16 Sep 2026 00:43:56 UTC.

Build Command

No build command. This typically means the build failed at an early stage where we determine the build command.

Build Log

========================================
RunAll
========================================
Builder version: 5.1.0
Interrupt handler set up.
========================================
Checkout
========================================
Clone URL: https://github.com/jeremyabannister/object3d.git
Reference: master
Initialized empty Git repository in /Users/admin/builder/spi-builder-workspace/.git/
From https://github.com/jeremyabannister/object3d
 * branch            master     -> FETCH_HEAD
 * [new branch]      master     -> origin/master
HEAD is now at 46c2be2 Fixed bug in face indices generation when extruding a `Polygon` into a `Polyhedron`;
Cloned https://github.com/jeremyabannister/object3d.git
Revision (git rev-parse @):
46c2be27dc2fec1b47318028194c1f2d587607e7
SUCCESS checkout https://github.com/jeremyabannister/object3d.git at master
========================================
Build
========================================
Selected platform:         watchOS
Swift version:             6.4
Building package at path:  $PWD
https://github.com/jeremyabannister/object3d.git
Command line invocation:
    /Applications/Xcode-27.0.0-Release.Candidate.app/Contents/Developer/usr/bin/xcodebuild -IDEClonedSourcePackagesDirPathOverride=/Users/admin/builder/spi-builder-workspace/.dependencies -resolvePackageDependencies
Resolve Package Graph
Fetching from https://github.com/jeremyabannister/JBStandardLibraryExtensions.git
skipping cache due to an error: Failed to clone repository https://github.com/jeremyabannister/JBStandardLibraryExtensions.git:
    Cloning into bare repository '/Users/admin/Library/Caches/org.swift.swiftpm/repositories/JBStandardLibraryExtensions-aa9813b6'...
    fatal: could not read Username for 'https://github.com': terminal prompts disabled
Fetching from https://github.com/jeremyabannister/Geometry3DValueTypes.git
Fetching from https://github.com/jeremyabannister/JBStandardLibraryExtensions.git
skipping cache due to an error: Failed to clone repository https://github.com/jeremyabannister/JBStandardLibraryExtensions.git:
    Cloning into bare repository '/Users/admin/Library/Caches/org.swift.swiftpm/repositories/JBStandardLibraryExtensions-aa9813b6'...
    fatal: could not read Username for 'https://github.com': terminal prompts disabled
Resolve Package Graph
Updating from https://github.com/jeremyabannister/Geometry3DValueTypes.git
Fetching from https://github.com/jeremyabannister/JBStandardLibraryExtensions.git
skipping cache due to an error: Failed to clone repository https://github.com/jeremyabannister/JBStandardLibraryExtensions.git:
    Cloning into bare repository '/Users/admin/Library/Caches/org.swift.swiftpm/repositories/JBStandardLibraryExtensions-aa9813b6'...
    fatal: could not read Username for 'https://github.com': terminal prompts disabled
Fetching from https://github.com/jeremyabannister/JBStandardLibraryExtensions.git
skipping cache due to an error: Failed to clone repository https://github.com/jeremyabannister/JBStandardLibraryExtensions.git:
    Cloning into bare repository '/Users/admin/Library/Caches/org.swift.swiftpm/repositories/JBStandardLibraryExtensions-aa9813b6'...
    fatal: could not read Username for 'https://github.com': terminal prompts disabled
Resolve Package Graph
Fetching from https://github.com/jeremyabannister/JBStandardLibraryExtensions.git
skipping cache due to an error: Failed to clone repository https://github.com/jeremyabannister/JBStandardLibraryExtensions.git:
    Cloning into bare repository '/Users/admin/Library/Caches/org.swift.swiftpm/repositories/JBStandardLibraryExtensions-aa9813b6'...
    fatal: could not read Username for 'https://github.com': terminal prompts disabled
Updating from https://github.com/jeremyabannister/Geometry3DValueTypes.git
Fetching from https://github.com/jeremyabannister/JBStandardLibraryExtensions.git
skipping cache due to an error: Failed to clone repository https://github.com/jeremyabannister/JBStandardLibraryExtensions.git:
    Cloning into bare repository '/Users/admin/Library/Caches/org.swift.swiftpm/repositories/JBStandardLibraryExtensions-aa9813b6'...
    fatal: could not read Username for 'https://github.com': terminal prompts disabled
Resolve Package Graph
Fetching from https://github.com/jeremyabannister/JBStandardLibraryExtensions.git
skipping cache due to an error: Failed to clone repository https://github.com/jeremyabannister/JBStandardLibraryExtensions.git:
    Cloning into bare repository '/Users/admin/Library/Caches/org.swift.swiftpm/repositories/JBStandardLibraryExtensions-aa9813b6'...
    fatal: could not read Username for 'https://github.com': terminal prompts disabled
Updating from https://github.com/jeremyabannister/Geometry3DValueTypes.git
Fetching from https://github.com/jeremyabannister/JBStandardLibraryExtensions.git
skipping cache due to an error: Failed to clone repository https://github.com/jeremyabannister/JBStandardLibraryExtensions.git:
    Cloning into bare repository '/Users/admin/Library/Caches/org.swift.swiftpm/repositories/JBStandardLibraryExtensions-aa9813b6'...
    fatal: could not read Username for 'https://github.com': terminal prompts disabled
Resolve Package Graph
Fetching from https://github.com/jeremyabannister/JBStandardLibraryExtensions.git
skipping cache due to an error: Failed to clone repository https://github.com/jeremyabannister/JBStandardLibraryExtensions.git:
    Cloning into bare repository '/Users/admin/Library/Caches/org.swift.swiftpm/repositories/JBStandardLibraryExtensions-aa9813b6'...
    fatal: could not read Username for 'https://github.com': terminal prompts disabled
Updating from https://github.com/jeremyabannister/Geometry3DValueTypes.git
Fetching from https://github.com/jeremyabannister/JBStandardLibraryExtensions.git
skipping cache due to an error: Failed to clone repository https://github.com/jeremyabannister/JBStandardLibraryExtensions.git:
    Cloning into bare repository '/Users/admin/Library/Caches/org.swift.swiftpm/repositories/JBStandardLibraryExtensions-aa9813b6'...
    fatal: could not read Username for 'https://github.com': terminal prompts disabled
Resolve Package Graph
Fetching from https://github.com/jeremyabannister/JBStandardLibraryExtensions.git
skipping cache due to an error: Failed to clone repository https://github.com/jeremyabannister/JBStandardLibraryExtensions.git:
    Cloning into bare repository '/Users/admin/Library/Caches/org.swift.swiftpm/repositories/JBStandardLibraryExtensions-aa9813b6'...
    fatal: could not read Username for 'https://github.com': terminal prompts disabled
Updating from https://github.com/jeremyabannister/Geometry3DValueTypes.git
Fetching from https://github.com/jeremyabannister/JBStandardLibraryExtensions.git
skipping cache due to an error: Failed to clone repository https://github.com/jeremyabannister/JBStandardLibraryExtensions.git:
    Cloning into bare repository '/Users/admin/Library/Caches/org.swift.swiftpm/repositories/JBStandardLibraryExtensions-aa9813b6'...
    fatal: could not read Username for 'https://github.com': terminal prompts disabled
Resolve Package Graph
Fetching from https://github.com/jeremyabannister/JBStandardLibraryExtensions.git
skipping cache due to an error: Failed to clone repository https://github.com/jeremyabannister/JBStandardLibraryExtensions.git:
    Cloning into bare repository '/Users/admin/Library/Caches/org.swift.swiftpm/repositories/JBStandardLibraryExtensions-aa9813b6'...
    fatal: could not read Username for 'https://github.com': terminal prompts disabled
Updating from https://github.com/jeremyabannister/Geometry3DValueTypes.git
Fetching from https://github.com/jeremyabannister/JBStandardLibraryExtensions.git
skipping cache due to an error: Failed to clone repository https://github.com/jeremyabannister/JBStandardLibraryExtensions.git:
    Cloning into bare repository '/Users/admin/Library/Caches/org.swift.swiftpm/repositories/JBStandardLibraryExtensions-aa9813b6'...
    fatal: could not read Username for 'https://github.com': terminal prompts disabled
Resolve Package Graph
Fetching from https://github.com/jeremyabannister/JBStandardLibraryExtensions.git
skipping cache due to an error: Failed to clone repository https://github.com/jeremyabannister/JBStandardLibraryExtensions.git:
    Cloning into bare repository '/Users/admin/Library/Caches/org.swift.swiftpm/repositories/JBStandardLibraryExtensions-aa9813b6'...
    fatal: could not read Username for 'https://github.com': terminal prompts disabled
Updating from https://github.com/jeremyabannister/Geometry3DValueTypes.git
Fetching from https://github.com/jeremyabannister/JBStandardLibraryExtensions.git
skipping cache due to an error: Failed to clone repository https://github.com/jeremyabannister/JBStandardLibraryExtensions.git:
    Cloning into bare repository '/Users/admin/Library/Caches/org.swift.swiftpm/repositories/JBStandardLibraryExtensions-aa9813b6'...
    fatal: could not read Username for 'https://github.com': terminal prompts disabled
Resolve Package Graph
Fetching from https://github.com/jeremyabannister/JBStandardLibraryExtensions.git
skipping cache due to an error: Failed to clone repository https://github.com/jeremyabannister/JBStandardLibraryExtensions.git:
    Cloning into bare repository '/Users/admin/Library/Caches/org.swift.swiftpm/repositories/JBStandardLibraryExtensions-aa9813b6'...
    fatal: could not read Username for 'https://github.com': terminal prompts disabled
Updating from https://github.com/jeremyabannister/Geometry3DValueTypes.git
Fetching from https://github.com/jeremyabannister/JBStandardLibraryExtensions.git
skipping cache due to an error: Failed to clone repository https://github.com/jeremyabannister/JBStandardLibraryExtensions.git:
    Cloning into bare repository '/Users/admin/Library/Caches/org.swift.swiftpm/repositories/JBStandardLibraryExtensions-aa9813b6'...
    fatal: could not read Username for 'https://github.com': terminal prompts disabled
Resolve Package Graph
Fetching from https://github.com/jeremyabannister/JBStandardLibraryExtensions.git
skipping cache due to an error: Failed to clone repository https://github.com/jeremyabannister/JBStandardLibraryExtensions.git:
    Cloning into bare repository '/Users/admin/Library/Caches/org.swift.swiftpm/repositories/JBStandardLibraryExtensions-aa9813b6'...
    fatal: could not read Username for 'https://github.com': terminal prompts disabled
Updating from https://github.com/jeremyabannister/Geometry3DValueTypes.git
Fetching from https://github.com/jeremyabannister/JBStandardLibraryExtensions.git
skipping cache due to an error: Failed to clone repository https://github.com/jeremyabannister/JBStandardLibraryExtensions.git:
    Cloning into bare repository '/Users/admin/Library/Caches/org.swift.swiftpm/repositories/JBStandardLibraryExtensions-aa9813b6'...
    fatal: could not read Username for 'https://github.com': terminal prompts disabled
Resolve Package Graph
Fetching from https://github.com/jeremyabannister/JBStandardLibraryExtensions.git
skipping cache due to an error: Failed to clone repository https://github.com/jeremyabannister/JBStandardLibraryExtensions.git:
    Cloning into bare repository '/Users/admin/Library/Caches/org.swift.swiftpm/repositories/JBStandardLibraryExtensions-aa9813b6'...
    fatal: could not read Username for 'https://github.com': terminal prompts disabled
Updating from https://github.com/jeremyabannister/Geometry3DValueTypes.git
Fetching from https://github.com/jeremyabannister/JBStandardLibraryExtensions.git
skipping cache due to an error: Failed to clone repository https://github.com/jeremyabannister/JBStandardLibraryExtensions.git:
    Cloning into bare repository '/Users/admin/Library/Caches/org.swift.swiftpm/repositories/JBStandardLibraryExtensions-aa9813b6'...
    fatal: could not read Username for 'https://github.com': terminal prompts disabled
Resolve Package Graph
Fetching from https://github.com/jeremyabannister/JBStandardLibraryExtensions.git
skipping cache due to an error: Failed to clone repository https://github.com/jeremyabannister/JBStandardLibraryExtensions.git:
    Cloning into bare repository '/Users/admin/Library/Caches/org.swift.swiftpm/repositories/JBStandardLibraryExtensions-aa9813b6'...
    fatal: could not read Username for 'https://github.com': terminal prompts disabled
Updating from https://github.com/jeremyabannister/Geometry3DValueTypes.git
Fetching from https://github.com/jeremyabannister/JBStandardLibraryExtensions.git
skipping cache due to an error: Failed to clone repository https://github.com/jeremyabannister/JBStandardLibraryExtensions.git:
    Cloning into bare repository '/Users/admin/Library/Caches/org.swift.swiftpm/repositories/JBStandardLibraryExtensions-aa9813b6'...
    fatal: could not read Username for 'https://github.com': terminal prompts disabled
Resolve Package Graph
Fetching from https://github.com/jeremyabannister/JBStandardLibraryExtensions.git
skipping cache due to an error: Failed to clone repository https://github.com/jeremyabannister/JBStandardLibraryExtensions.git:
    Cloning into bare repository '/Users/admin/Library/Caches/org.swift.swiftpm/repositories/JBStandardLibraryExtensions-aa9813b6'...
    fatal: could not read Username for 'https://github.com': terminal prompts disabled
Updating from https://github.com/jeremyabannister/Geometry3DValueTypes.git
Fetching from https://github.com/jeremyabannister/JBStandardLibraryExtensions.git
skipping cache due to an error: Failed to clone repository https://github.com/jeremyabannister/JBStandardLibraryExtensions.git:
    Cloning into bare repository '/Users/admin/Library/Caches/org.swift.swiftpm/repositories/JBStandardLibraryExtensions-aa9813b6'...
    fatal: could not read Username for 'https://github.com': terminal prompts disabled
Resolve Package Graph
Fetching from https://github.com/jeremyabannister/JBStandardLibraryExtensions.git
skipping cache due to an error: Failed to clone repository https://github.com/jeremyabannister/JBStandardLibraryExtensions.git:
    Cloning into bare repository '/Users/admin/Library/Caches/org.swift.swiftpm/repositories/JBStandardLibraryExtensions-aa9813b6'...
    fatal: could not read Username for 'https://github.com': terminal prompts disabled
Updating from https://github.com/jeremyabannister/Geometry3DValueTypes.git
Fetching from https://github.com/jeremyabannister/JBStandardLibraryExtensions.git
skipping cache due to an error: Failed to clone repository https://github.com/jeremyabannister/JBStandardLibraryExtensions.git:
    Cloning into bare repository '/Users/admin/Library/Caches/org.swift.swiftpm/repositories/JBStandardLibraryExtensions-aa9813b6'...
    fatal: could not read Username for 'https://github.com': terminal prompts disabled
Resolve Package Graph
Fetching from https://github.com/jeremyabannister/JBStandardLibraryExtensions.git
skipping cache due to an error: Failed to clone repository https://github.com/jeremyabannister/JBStandardLibraryExtensions.git:
    Cloning into bare repository '/Users/admin/Library/Caches/org.swift.swiftpm/repositories/JBStandardLibraryExtensions-aa9813b6'...
    fatal: could not read Username for 'https://github.com': terminal prompts disabled
Updating from https://github.com/jeremyabannister/Geometry3DValueTypes.git
Fetching from https://github.com/jeremyabannister/JBStandardLibraryExtensions.git
skipping cache due to an error: Failed to clone repository https://github.com/jeremyabannister/JBStandardLibraryExtensions.git:
    Cloning into bare repository '/Users/admin/Library/Caches/org.swift.swiftpm/repositories/JBStandardLibraryExtensions-aa9813b6'...
    fatal: could not read Username for 'https://github.com': terminal prompts disabled
Resolve Package Graph
Updating from https://github.com/jeremyabannister/Geometry3DValueTypes.git
Fetching from https://github.com/jeremyabannister/JBStandardLibraryExtensions.git
skipping cache due to an error: Failed to clone repository https://github.com/jeremyabannister/JBStandardLibraryExtensions.git:
    Cloning into bare repository '/Users/admin/Library/Caches/org.swift.swiftpm/repositories/JBStandardLibraryExtensions-aa9813b6'...
    fatal: could not read Username for 'https://github.com': terminal prompts disabled
Fetching from https://github.com/jeremyabannister/JBStandardLibraryExtensions.git
skipping cache due to an error: Failed to clone repository https://github.com/jeremyabannister/JBStandardLibraryExtensions.git:
    Cloning into bare repository '/Users/admin/Library/Caches/org.swift.swiftpm/repositories/JBStandardLibraryExtensions-aa9813b6'...
    fatal: could not read Username for 'https://github.com': terminal prompts disabled
Resolve Package Graph
Fetching from https://github.com/jeremyabannister/JBStandardLibraryExtensions.git
skipping cache due to an error: Failed to clone repository https://github.com/jeremyabannister/JBStandardLibraryExtensions.git:
    Cloning into bare repository '/Users/admin/Library/Caches/org.swift.swiftpm/repositories/JBStandardLibraryExtensions-aa9813b6'...
    fatal: could not read Username for 'https://github.com': terminal prompts disabled
Updating from https://github.com/jeremyabannister/Geometry3DValueTypes.git
Fetching from https://github.com/jeremyabannister/JBStandardLibraryExtensions.git
skipping cache due to an error: Failed to clone repository https://github.com/jeremyabannister/JBStandardLibraryExtensions.git:
    Cloning into bare repository '/Users/admin/Library/Caches/org.swift.swiftpm/repositories/JBStandardLibraryExtensions-aa9813b6'...
    fatal: could not read Username for 'https://github.com': terminal prompts disabled
Resolve Package Graph
Fetching from https://github.com/jeremyabannister/JBStandardLibraryExtensions.git
skipping cache due to an error: Failed to clone repository https://github.com/jeremyabannister/JBStandardLibraryExtensions.git:
    Cloning into bare repository '/Users/admin/Library/Caches/org.swift.swiftpm/repositories/JBStandardLibraryExtensions-aa9813b6'...
    fatal: could not read Username for 'https://github.com': terminal prompts disabled
Updating from https://github.com/jeremyabannister/Geometry3DValueTypes.git
Fetching from https://github.com/jeremyabannister/JBStandardLibraryExtensions.git
skipping cache due to an error: Failed to clone repository https://github.com/jeremyabannister/JBStandardLibraryExtensions.git:
    Cloning into bare repository '/Users/admin/Library/Caches/org.swift.swiftpm/repositories/JBStandardLibraryExtensions-aa9813b6'...
    fatal: could not read Username for 'https://github.com': terminal prompts disabled
Resolve Package Graph
Fetching from https://github.com/jeremyabannister/JBStandardLibraryExtensions.git
skipping cache due to an error: Failed to clone repository https://github.com/jeremyabannister/JBStandardLibraryExtensions.git:
    Cloning into bare repository '/Users/admin/Library/Caches/org.swift.swiftpm/repositories/JBStandardLibraryExtensions-aa9813b6'...
    fatal: could not read Username for 'https://github.com': terminal prompts disabled
Updating from https://github.com/jeremyabannister/Geometry3DValueTypes.git
Fetching from https://github.com/jeremyabannister/JBStandardLibraryExtensions.git
skipping cache due to an error: Failed to clone repository https://github.com/jeremyabannister/JBStandardLibraryExtensions.git:
    Cloning into bare repository '/Users/admin/Library/Caches/org.swift.swiftpm/repositories/JBStandardLibraryExtensions-aa9813b6'...
    fatal: could not read Username for 'https://github.com': terminal prompts disabled
Resolve Package Graph
Fetching from https://github.com/jeremyabannister/JBStandardLibraryExtensions.git
skipping cache due to an error: Failed to clone repository https://github.com/jeremyabannister/JBStandardLibraryExtensions.git:
    Cloning into bare repository '/Users/admin/Library/Caches/org.swift.swiftpm/repositories/JBStandardLibraryExtensions-aa9813b6'...
    fatal: could not read Username for 'https://github.com': terminal prompts disabled
Updating from https://github.com/jeremyabannister/Geometry3DValueTypes.git
Fetching from https://github.com/jeremyabannister/JBStandardLibraryExtensions.git
skipping cache due to an error: Failed to clone repository https://github.com/jeremyabannister/JBStandardLibraryExtensions.git:
    Cloning into bare repository '/Users/admin/Library/Caches/org.swift.swiftpm/repositories/JBStandardLibraryExtensions-aa9813b6'...
    fatal: could not read Username for 'https://github.com': terminal prompts disabled
Resolve Package Graph
Updating from https://github.com/jeremyabannister/Geometry3DValueTypes.git
Fetching from https://github.com/jeremyabannister/JBStandardLibraryExtensions.git
skipping cache due to an error: Failed to clone repository https://github.com/jeremyabannister/JBStandardLibraryExtensions.git:
    Cloning into bare repository '/Users/admin/Library/Caches/org.swift.swiftpm/repositories/JBStandardLibraryExtensions-aa9813b6'...
    fatal: could not read Username for 'https://github.com': terminal prompts disabled
Fetching from https://github.com/jeremyabannister/JBStandardLibraryExtensions.git
skipping cache due to an error: Failed to clone repository https://github.com/jeremyabannister/JBStandardLibraryExtensions.git:
    Cloning into bare repository '/Users/admin/Library/Caches/org.swift.swiftpm/repositories/JBStandardLibraryExtensions-aa9813b6'...
    fatal: could not read Username for 'https://github.com': terminal prompts disabled
Resolve Package Graph
Fetching from https://github.com/jeremyabannister/JBStandardLibraryExtensions.git
skipping cache due to an error: Failed to clone repository https://github.com/jeremyabannister/JBStandardLibraryExtensions.git:
    Cloning into bare repository '/Users/admin/Library/Caches/org.swift.swiftpm/repositories/JBStandardLibraryExtensions-aa9813b6'...
    fatal: could not read Username for 'https://github.com': terminal prompts disabled
Updating from https://github.com/jeremyabannister/Geometry3DValueTypes.git
Fetching from https://github.com/jeremyabannister/JBStandardLibraryExtensions.git
skipping cache due to an error: Failed to clone repository https://github.com/jeremyabannister/JBStandardLibraryExtensions.git:
    Cloning into bare repository '/Users/admin/Library/Caches/org.swift.swiftpm/repositories/JBStandardLibraryExtensions-aa9813b6'...
    fatal: could not read Username for 'https://github.com': terminal prompts disabled
Resolve Package Graph
Fetching from https://github.com/jeremyabannister/JBStandardLibraryExtensions.git
skipping cache due to an error: Failed to clone repository https://github.com/jeremyabannister/JBStandardLibraryExtensions.git:
    Cloning into bare repository '/Users/admin/Library/Caches/org.swift.swiftpm/repositories/JBStandardLibraryExtensions-aa9813b6'...
    fatal: could not read Username for 'https://github.com': terminal prompts disabled
Updating from https://github.com/jeremyabannister/Geometry3DValueTypes.git
Fetching from https://github.com/jeremyabannister/JBStandardLibraryExtensions.git
skipping cache due to an error: Failed to clone repository https://github.com/jeremyabannister/JBStandardLibraryExtensions.git:
    Cloning into bare repository '/Users/admin/Library/Caches/org.swift.swiftpm/repositories/JBStandardLibraryExtensions-aa9813b6'...
    fatal: could not read Username for 'https://github.com': terminal prompts disabled
Resolve Package Graph
Fetching from https://github.com/jeremyabannister/JBStandardLibraryExtensions.git
skipping cache due to an error: Failed to clone repository https://github.com/jeremyabannister/JBStandardLibraryExtensions.git:
    Cloning into bare repository '/Users/admin/Library/Caches/org.swift.swiftpm/repositories/JBStandardLibraryExtensions-aa9813b6'...
    fatal: could not read Username for 'https://github.com': terminal prompts disabled
Updating from https://github.com/jeremyabannister/Geometry3DValueTypes.git
Fetching from https://github.com/jeremyabannister/JBStandardLibraryExtensions.git
skipping cache due to an error: Failed to clone repository https://github.com/jeremyabannister/JBStandardLibraryExtensions.git:
    Cloning into bare repository '/Users/admin/Library/Caches/org.swift.swiftpm/repositories/JBStandardLibraryExtensions-aa9813b6'...
    fatal: could not read Username for 'https://github.com': terminal prompts disabled
Resolved source packages:
  spi-builder-workspace: (null)
2026-09-15 20:43:54.135 xcodebuild[529:3042] Writing error result bundle to /var/folders/xq/y_g06wb113726d38xsyx71_h0000gn/T/ResultBundle_2026-15-09_20-43-0054.xcresult
xcodebuild: error: Could not resolve package dependencies:
  Failed to clone repository https://github.com/jeremyabannister/JBStandardLibraryExtensions.git:
    Cloning into bare repository '/Users/admin/builder/spi-builder-workspace/.dependencies/repositories/JBStandardLibraryExtensions-aa9813b6'...
    fatal: could not read Username for 'https://github.com': terminal prompts disabled
Command line invocation:
    /Applications/Xcode-27.0.0-Release.Candidate.app/Contents/Developer/usr/bin/xcodebuild -IDEClonedSourcePackagesDirPathOverride=/Users/admin/builder/spi-builder-workspace/.dependencies -resolvePackageDependencies
Resolve Package Graph
Fetching from https://github.com/jeremyabannister/JBStandardLibraryExtensions.git
skipping cache due to an error: Failed to clone repository https://github.com/jeremyabannister/JBStandardLibraryExtensions.git:
    Cloning into bare repository '/Users/admin/Library/Caches/org.swift.swiftpm/repositories/JBStandardLibraryExtensions-aa9813b6'...
    fatal: could not read Username for 'https://github.com': terminal prompts disabled
Updating from https://github.com/jeremyabannister/Geometry3DValueTypes.git
Fetching from https://github.com/jeremyabannister/JBStandardLibraryExtensions.git
skipping cache due to an error: Failed to clone repository https://github.com/jeremyabannister/JBStandardLibraryExtensions.git:
    Cloning into bare repository '/Users/admin/Library/Caches/org.swift.swiftpm/repositories/JBStandardLibraryExtensions-aa9813b6'...
    fatal: could not read Username for 'https://github.com': terminal prompts disabled
Resolved source packages:
  spi-builder-workspace: (null)
2026-09-15 20:43:56.622 xcodebuild[1437:6360] Writing error result bundle to /var/folders/xq/y_g06wb113726d38xsyx71_h0000gn/T/ResultBundle_2026-15-09_20-43-0056.xcresult
xcodebuild: error: Could not resolve package dependencies:
  Failed to clone repository https://github.com/jeremyabannister/JBStandardLibraryExtensions.git:
    Cloning into bare repository '/Users/admin/builder/spi-builder-workspace/.dependencies/repositories/JBStandardLibraryExtensions-aa9813b6'...
    fatal: could not read Username for 'https://github.com': terminal prompts disabled
BUILD FAILURE 6.4 watchOS