The Swift Package Index logo.Swift Package Index

Build Information

Failed to build InfomaniakDI, reference 2.0.7 (c24d45), with Swift 6.1 for Wasm on 27 Jun 2026 06:08:26 UTC.

Build Command

bash -c docker run --pull=always --rm -v "checkouts-53886769-0":/host -w "$PWD" -e JAVA_HOME="/root/.sdkman/candidates/java/current" -e SPI_BUILD="1" -e SPI_PROCESSING="1" registry.gitlab.com/saguaro1/spi-images:wasm-6.1-latest swift build --swift-sdk wasm32-unknown-wasi 2>&1

Build Log

========================================
RunAll
========================================
Builder version: 0e64495ecc1688c3b3e031a5ef1348b5c05091ae
Interrupt handler set up.
========================================
Checkout
========================================
Clone URL: https://github.com/Infomaniak/swift-dependency-injection.git
Reference: 2.0.7
Initialized empty Git repository in /host/spi-builder-workspace/.git/
hint: Using 'master' as the name for the initial branch. This default branch name
hint: is subject to change. To configure the initial branch name to use in all
hint: of your new repositories, which will suppress this warning, call:
hint:
hint: 	git config --global init.defaultBranch <name>
hint:
hint: Names commonly chosen instead of 'master' are 'main', 'trunk' and
hint: 'development'. The just-created branch can be renamed via this command:
hint:
hint: 	git branch -m <name>
From https://github.com/Infomaniak/swift-dependency-injection
 * tag               2.0.7      -> FETCH_HEAD
HEAD is now at c24d45e fix: Update workflows (#17)
Cloned https://github.com/Infomaniak/swift-dependency-injection.git
Revision (git rev-parse @):
c24d45e86efe13e864b707f4711b7a9fd4b75ac0
SUCCESS checkout https://github.com/Infomaniak/swift-dependency-injection.git at 2.0.7
========================================
Build
========================================
Selected platform:         wasm
Swift version:             6.1
Building package at path:  $PWD
https://github.com/Infomaniak/swift-dependency-injection.git
https://github.com/Infomaniak/swift-dependency-injection.git
WARNING: environment variable SUPPRESS_SWIFT_6_FLAGS is not set
Running build ...
bash -c docker run --pull=always --rm -v "checkouts-53886769-0":/host -w "$PWD" -e JAVA_HOME="/root/.sdkman/candidates/java/current" -e SPI_BUILD="1" -e SPI_PROCESSING="1" registry.gitlab.com/saguaro1/spi-images:wasm-6.1-latest swift build --swift-sdk wasm32-unknown-wasi -Xswiftc -Xfrontend -Xswiftc -stats-output-dir -Xswiftc -Xfrontend -Xswiftc .stats -Xswiftc -strict-concurrency=complete -Xswiftc -enable-upcoming-feature -Xswiftc StrictConcurrency -Xswiftc -enable-upcoming-feature -Xswiftc DisableOutwardActorInference -Xswiftc -enable-upcoming-feature -Xswiftc GlobalActorIsolatedTypesUsability -Xswiftc -enable-upcoming-feature -Xswiftc InferSendableFromCaptures 2>&1
wasm-6.1-latest: Pulling from saguaro1/spi-images
Digest: sha256:1ad245dad3d2ae0004e1afbc92334bd39884ed9ca587cf04d0a8d5f640fb02e9
Status: Image is up to date for registry.gitlab.com/saguaro1/spi-images:wasm-6.1-latest
Building for debugging...
[0/5] Write sources
[1/5] Write swift-version-24593BA9C3E375BF.txt
error: emit-module command failed with exit code 1 (use -v to see invocation)
[3/10] Compiling InfomaniakDI Factory.swift
[4/10] Compiling InfomaniakDI InjectService.swift
[5/10] Emitting module InfomaniakDI
/host/spi-builder-workspace/Sources/InfomaniakDI/LazyInjectService.swift:18:29: error: cannot find 'DispatchSemaphore' in scope
16 | /// Inject a service at the first use of the property
17 | @propertyWrapper public final class LazyInjectService<Service>: Equatable, Identifiable, @unchecked Sendable {
18 |     private let semaphore = DispatchSemaphore(value: 1)
   |                             `- error: cannot find 'DispatchSemaphore' in scope
19 |
20 |     var service: Service?
[6/10] Compiling InfomaniakDI LazyInjectService.swift
/host/spi-builder-workspace/Sources/InfomaniakDI/LazyInjectService.swift:18:29: error: cannot find 'DispatchSemaphore' in scope
16 | /// Inject a service at the first use of the property
17 | @propertyWrapper public final class LazyInjectService<Service>: Equatable, Identifiable, @unchecked Sendable {
18 |     private let semaphore = DispatchSemaphore(value: 1)
   |                             `- error: cannot find 'DispatchSemaphore' in scope
19 |
20 |     var service: Service?
[7/10] Compiling InfomaniakDI SimpleResolver.swift
Running build ...
bash -c docker run --pull=always --rm -v "checkouts-53886769-0":/host -w "$PWD" -e JAVA_HOME="/root/.sdkman/candidates/java/current" -e SPI_BUILD="1" -e SPI_PROCESSING="1" registry.gitlab.com/saguaro1/spi-images:wasm-6.1-latest swift build --swift-sdk wasm32-unknown-wasi 2>&1
wasm-6.1-latest: Pulling from saguaro1/spi-images
Digest: sha256:1ad245dad3d2ae0004e1afbc92334bd39884ed9ca587cf04d0a8d5f640fb02e9
Status: Image is up to date for registry.gitlab.com/saguaro1/spi-images:wasm-6.1-latest
[0/1] Planning build
Building for debugging...
[0/4] Write swift-version-24593BA9C3E375BF.txt
error: emit-module command failed with exit code 1 (use -v to see invocation)
[2/9] Compiling InfomaniakDI SimpleResolver.swift
[3/9] Compiling InfomaniakDI Factory.swift
[4/9] Compiling InfomaniakDI InjectService.swift
[5/9] Emitting module InfomaniakDI
/host/spi-builder-workspace/Sources/InfomaniakDI/LazyInjectService.swift:18:29: error: cannot find 'DispatchSemaphore' in scope
16 | /// Inject a service at the first use of the property
17 | @propertyWrapper public final class LazyInjectService<Service>: Equatable, Identifiable, @unchecked Sendable {
18 |     private let semaphore = DispatchSemaphore(value: 1)
   |                             `- error: cannot find 'DispatchSemaphore' in scope
19 |
20 |     var service: Service?
[6/9] Compiling InfomaniakDI LazyInjectService.swift
/host/spi-builder-workspace/Sources/InfomaniakDI/LazyInjectService.swift:18:29: error: cannot find 'DispatchSemaphore' in scope
16 | /// Inject a service at the first use of the property
17 | @propertyWrapper public final class LazyInjectService<Service>: Equatable, Identifiable, @unchecked Sendable {
18 |     private let semaphore = DispatchSemaphore(value: 1)
   |                             `- error: cannot find 'DispatchSemaphore' in scope
19 |
20 |     var service: Service?
BUILD FAILURE 6.1 wasm