Build Information
Failed to build Sisyphos, reference 0.1.0 (63c644), with Swift 6.4 for tvOS using Xcode 27.0 on 23 Sep 2026 10:46:18 UTC.
Build Command
env DEVELOPER_DIR=/Applications/Xcode-27.0.0-Release.Candidate.app xcrun xcodebuild -IDEClonedSourcePackagesDirPathOverride=$PWD/.dependencies -skipMacroValidation -skipPackagePluginValidation -derivedDataPath $PWD/.derivedData build -scheme Sisyphos -destination generic/platform=tvOSBuild Log
========================================
RunAll
========================================
Builder version: 5.1.0
Interrupt handler set up.
========================================
Checkout
========================================
Clone URL: https://github.com/SisyphosTests/Sisyphos.git
Reference: 0.1.0
Initialized empty Git repository in /Users/admin/builder/spi-builder-workspace/.git/
From https://github.com/SisyphosTests/Sisyphos
* tag 0.1.0 -> FETCH_HEAD
HEAD is now at 63c6449 Add build instruction for docs on SPI.
Cloned https://github.com/SisyphosTests/Sisyphos.git
Revision (git rev-parse @):
63c644935f0e0cc52fdb76b36dac2ec017d44bd8
SPI manifest file found: $PWD/.spi.yml
SUCCESS checkout https://github.com/SisyphosTests/Sisyphos.git at 0.1.0
========================================
Build
========================================
Selected platform: tvOS
Swift version: 6.4
Building package at path: $PWD
https://github.com/SisyphosTests/Sisyphos.git
Command line invocation:
/Applications/Xcode-27.0.0-Release.Candidate.app/Contents/Developer/usr/bin/xcodebuild -IDEClonedSourcePackagesDirPathOverride=/Users/admin/builder/spi-builder-workspace/.dependencies -resolvePackageDependencies
Resolve Package Graph
Resolve Package Graph
Resolved source packages:
Sisyphos: /Users/admin/builder/spi-builder-workspace
resolved source packages: Sisyphos
2026-09-23 06:45:23.247 xcodebuild[525:2999] [MT] IDERunDestination: Supported platforms for the buildables in the current scheme is empty.
{
"dependencies" : [
],
"manifest_display_name" : "Sisyphos",
"name" : "Sisyphos",
"path" : "/Users/admin/builder/spi-builder-workspace",
"platforms" : [
{
"name" : "macos",
"version" : "12.0"
},
{
"name" : "ios",
"version" : "14.0"
}
],
"products" : [
{
"name" : "Sisyphos",
"targets" : [
"Sisyphos"
],
"type" : {
"library" : [
"automatic"
]
}
}
],
"targets" : [
{
"c99name" : "SisyphosTests",
"module_type" : "SwiftTarget",
"name" : "SisyphosTests",
"path" : "Tests/SisyphosTests",
"sources" : [
"Internal/NSPredicateTests.swift",
"PageBuilderTests.swift",
"SisyphosTests.swift"
],
"target_dependencies" : [
"Sisyphos"
],
"type" : "test"
},
{
"c99name" : "Sisyphos",
"module_type" : "SwiftTarget",
"name" : "Sisyphos",
"path" : "Sources/Sisyphos",
"product_memberships" : [
"Sisyphos"
],
"sources" : [
"DefaultAlert.swift",
"DefaultPermissionAlert.swift",
"Extensions/NSPredicate+Description.swift",
"Extensions/String+Localized.swift",
"Extensions/XCUIApplication+CurrentPage.swift",
"Extensions/XCUIElement+Extensions.swift",
"Extensions/XCUIElementSnapshot+Matching.swift",
"Extensions/XCUIElementType+BetterCustomDebugString.swift",
"Extensions/XCUITestCase+CodeGeneration.swift",
"Extensions/XCUITestCase+InterruptionMonitor.swift",
"Internal/ElementFinder.swift",
"Internal/Snapshot.swift",
"Internal/UIInterruptionsObserver.swift",
"InterruptionMonitor.swift",
"Page Elements/Alert.swift",
"Page Elements/Button.swift",
"Page Elements/Cell.swift",
"Page Elements/CollectionView.swift",
"Page Elements/NavigationBar.swift",
"Page Elements/Other.swift",
"Page Elements/SecureTextField.swift",
"Page Elements/StaticText.swift",
"Page Elements/Switch.swift",
"Page Elements/TabBar.swift",
"Page Elements/TextField.swift",
"Page.swift",
"PageBuilder.swift",
"PageDescription.swift",
"PageElement.swift",
"PageElementIdentifier.swift",
"PageExistsResults.swift",
"QueryIdentifier.swift",
"TestData.swift"
],
"type" : "library"
}
],
"tools_version" : "5.6"
}
{
"workspace" : {
"name" : "Sisyphos",
"schemes" : [
"Sisyphos"
]
}
}
2026-09-23 06:46:04.623 xcodebuild[623:3974] [MT] IDERunDestination: Supported platforms for the buildables in the current scheme is empty.
Running build ...
env DEVELOPER_DIR=/Applications/Xcode-27.0.0-Release.Candidate.app xcrun xcodebuild -IDEClonedSourcePackagesDirPathOverride=$PWD/.dependencies -skipMacroValidation -skipPackagePluginValidation -derivedDataPath $PWD/.derivedData build -scheme Sisyphos -destination generic/platform=tvOS
Command line invocation:
/Applications/Xcode-27.0.0-Release.Candidate.app/Contents/Developer/usr/bin/xcodebuild -IDEClonedSourcePackagesDirPathOverride=/Users/admin/builder/spi-builder-workspace/.dependencies -skipMacroValidation -skipPackagePluginValidation -derivedDataPath /Users/admin/builder/spi-builder-workspace/.derivedData build -scheme Sisyphos -destination generic/platform=tvOS
Resolve Package Graph
Resolved source packages:
Sisyphos: /Users/admin/builder/spi-builder-workspace
ComputePackagePrebuildTargetDependencyGraph
Prepare packages
CreateBuildRequest
SendProjectDescription
CreateBuildOperation
ComputeTargetDependencyGraph
note: Building targets in dependency order
note: Target dependency graph (2 targets)
Target 'Sisyphos-product' in project 'Sisyphos'
➜ Explicit dependency on target 'Sisyphos' in project 'Sisyphos'
Target 'Sisyphos' in project 'Sisyphos' (no dependencies)
GatherProvisioningInputs
CreateBuildDescription
ExecuteExternalTool /Applications/Xcode-27.0.0-Release.Candidate.app/Contents/Developer/Toolchains/XcodeDefault.xctoolchain/usr/bin/clang -v -E -dM -isysroot /Applications/Xcode-27.0.0-Release.Candidate.app/Contents/Developer/Platforms/AppleTVOS.platform/Developer/SDKs/AppleTVOS27.0.sdk -x c -c /dev/null
ExecuteExternalTool /Applications/Xcode-27.0.0-Release.Candidate.app/Contents/Developer/Toolchains/XcodeDefault.xctoolchain/usr/bin/swiftc --version
ExecuteExternalTool /Applications/Xcode-27.0.0-Release.Candidate.app/Contents/Developer/Toolchains/XcodeDefault.xctoolchain/usr/bin/ld -version_details
ReadFileContents /Applications/Xcode-27.0.0-Release.Candidate.app/Contents/Developer/Toolchains/XcodeDefault.xctoolchain/usr/share/docc/features.json
Build description signature: 16aea71369a9fff82ee4af65b1104d6f
Build description path: /Users/admin/builder/spi-builder-workspace/.derivedData/Build/Intermediates.noindex/XCBuildData/16aea71369a9fff82ee4af65b1104d6f.xcbuilddata
CreateBuildDirectory /Users/admin/builder/spi-builder-workspace/.derivedData/SDKExplicitPrecompiledModules
cd /Users/admin/builder/spi-builder-workspace/.swiftpm/xcode
builtin-create-build-directory /Users/admin/builder/spi-builder-workspace/.derivedData/SDKExplicitPrecompiledModules
CreateBuildDirectory /Users/admin/builder/spi-builder-workspace/.derivedData/ModuleCache.noindex
cd /Users/admin/builder/spi-builder-workspace/.swiftpm/xcode
builtin-create-build-directory /Users/admin/builder/spi-builder-workspace/.derivedData/ModuleCache.noindex
CreateBuildDirectory /Users/admin/builder/spi-builder-workspace/.derivedData/CompilationCache.noindex
cd /Users/admin/builder/spi-builder-workspace/.swiftpm/xcode
builtin-create-build-directory /Users/admin/builder/spi-builder-workspace/.derivedData/CompilationCache.noindex
CreateBuildDirectory /Users/admin/builder/spi-builder-workspace/.derivedData/Build/Products
cd /Users/admin/builder/spi-builder-workspace/.swiftpm/xcode
builtin-create-build-directory /Users/admin/builder/spi-builder-workspace/.derivedData/Build/Products
ClangStatCache /Applications/Xcode-27.0.0-Release.Candidate.app/Contents/Developer/Toolchains/XcodeDefault.xctoolchain/usr/bin/clang-stat-cache /Applications/Xcode-27.0.0-Release.Candidate.app/Contents/Developer/Platforms/AppleTVOS.platform/Developer/SDKs/AppleTVOS27.0.sdk /Users/admin/builder/spi-builder-workspace/.derivedData/SDKStatCaches.noindex/appletvos27.0-24J360-e829b21a6f8c9b70876ba0858053c044b32bfd8d43560033f8d89884cdb90028.sdkstatcache
cd /Users/admin/builder/spi-builder-workspace/.swiftpm/xcode
/Applications/Xcode-27.0.0-Release.Candidate.app/Contents/Developer/Toolchains/XcodeDefault.xctoolchain/usr/bin/clang-stat-cache /Applications/Xcode-27.0.0-Release.Candidate.app/Contents/Developer/Platforms/AppleTVOS.platform/Developer/SDKs/AppleTVOS27.0.sdk -o /Users/admin/builder/spi-builder-workspace/.derivedData/SDKStatCaches.noindex/appletvos27.0-24J360-e829b21a6f8c9b70876ba0858053c044b32bfd8d43560033f8d89884cdb90028.sdkstatcache
CreateBuildDirectory /Users/admin/builder/spi-builder-workspace/.derivedData/Build/Intermediates.noindex
cd /Users/admin/builder/spi-builder-workspace/.swiftpm/xcode
builtin-create-build-directory /Users/admin/builder/spi-builder-workspace/.derivedData/Build/Intermediates.noindex
CreateBuildDirectory /Users/admin/builder/spi-builder-workspace/.derivedData/Build/Products/Debug-appletvos
cd /Users/admin/builder/spi-builder-workspace/.swiftpm/xcode
builtin-create-build-directory /Users/admin/builder/spi-builder-workspace/.derivedData/Build/Products/Debug-appletvos
CreateBuildDirectory /Users/admin/builder/spi-builder-workspace/.derivedData/Build/Intermediates.noindex/SwiftExplicitPrecompiledModules
cd /Users/admin/builder/spi-builder-workspace/.swiftpm/xcode
builtin-create-build-directory /Users/admin/builder/spi-builder-workspace/.derivedData/Build/Intermediates.noindex/SwiftExplicitPrecompiledModules
CreateBuildDirectory /Users/admin/builder/spi-builder-workspace/.derivedData/Build/Intermediates.noindex/PrecompiledHeaders
cd /Users/admin/builder/spi-builder-workspace/.swiftpm/xcode
builtin-create-build-directory /Users/admin/builder/spi-builder-workspace/.derivedData/Build/Intermediates.noindex/PrecompiledHeaders
CreateBuildDirectory /Users/admin/builder/spi-builder-workspace/.derivedData/Build/Intermediates.noindex/ExplicitPrecompiledModules
cd /Users/admin/builder/spi-builder-workspace/.swiftpm/xcode
builtin-create-build-directory /Users/admin/builder/spi-builder-workspace/.derivedData/Build/Intermediates.noindex/ExplicitPrecompiledModules
CreateBuildDirectory /Users/admin/builder/spi-builder-workspace/.derivedData/Build/Intermediates.noindex/EagerLinkingTBDs/Debug-appletvos
cd /Users/admin/builder/spi-builder-workspace/.swiftpm/xcode
builtin-create-build-directory /Users/admin/builder/spi-builder-workspace/.derivedData/Build/Intermediates.noindex/EagerLinkingTBDs/Debug-appletvos
CreateBuildDirectory /Users/admin/builder/spi-builder-workspace/.derivedData/Build/Products/Debug-appletvos/PackageFrameworks
cd /Users/admin/builder/spi-builder-workspace/.swiftpm/xcode
builtin-create-build-directory /Users/admin/builder/spi-builder-workspace/.derivedData/Build/Products/Debug-appletvos/PackageFrameworks
WriteAuxiliaryFile /Users/admin/builder/spi-builder-workspace/.derivedData/Build/Intermediates.noindex/Sisyphos.build/Debug-appletvos/Sisyphos-t.build/Sisyphos.DependencyStaticMetadataFileList (in target 'Sisyphos' from project 'Sisyphos')
cd /Users/admin/builder/spi-builder-workspace
write-file /Users/admin/builder/spi-builder-workspace/.derivedData/Build/Intermediates.noindex/Sisyphos.build/Debug-appletvos/Sisyphos-t.build/Sisyphos.DependencyStaticMetadataFileList
WriteAuxiliaryFile /Users/admin/builder/spi-builder-workspace/.derivedData/Build/Intermediates.noindex/Sisyphos.build/Debug-appletvos/Sisyphos-t.build/Sisyphos.modulemap (in target 'Sisyphos' from project 'Sisyphos')
cd /Users/admin/builder/spi-builder-workspace
write-file /Users/admin/builder/spi-builder-workspace/.derivedData/Build/Intermediates.noindex/Sisyphos.build/Debug-appletvos/Sisyphos-t.build/Sisyphos.modulemap
WriteAuxiliaryFile /Users/admin/builder/spi-builder-workspace/.derivedData/Build/Intermediates.noindex/Sisyphos.build/Debug-appletvos/Sisyphos-t.build/Sisyphos.DependencyMetadataFileList (in target 'Sisyphos' from project 'Sisyphos')
cd /Users/admin/builder/spi-builder-workspace
write-file /Users/admin/builder/spi-builder-workspace/.derivedData/Build/Intermediates.noindex/Sisyphos.build/Debug-appletvos/Sisyphos-t.build/Sisyphos.DependencyMetadataFileList
WriteAuxiliaryFile /Users/admin/builder/spi-builder-workspace/.derivedData/Build/Intermediates.noindex/Sisyphos.build/Debug-appletvos/Sisyphos-t.build/Objects-normal/arm64/Sisyphos.SwiftConstValuesFileList (in target 'Sisyphos' from project 'Sisyphos')
cd /Users/admin/builder/spi-builder-workspace
write-file /Users/admin/builder/spi-builder-workspace/.derivedData/Build/Intermediates.noindex/Sisyphos.build/Debug-appletvos/Sisyphos-t.build/Objects-normal/arm64/Sisyphos.SwiftConstValuesFileList
WriteAuxiliaryFile /Users/admin/builder/spi-builder-workspace/.derivedData/Build/Intermediates.noindex/Sisyphos.build/Debug-appletvos/Sisyphos-t.build/Objects-normal/arm64/Sisyphos-OutputFileMap.json (in target 'Sisyphos' from project 'Sisyphos')
cd /Users/admin/builder/spi-builder-workspace
write-file /Users/admin/builder/spi-builder-workspace/.derivedData/Build/Intermediates.noindex/Sisyphos.build/Debug-appletvos/Sisyphos-t.build/Objects-normal/arm64/Sisyphos-OutputFileMap.json
WriteAuxiliaryFile /Users/admin/builder/spi-builder-workspace/.derivedData/Build/Intermediates.noindex/Sisyphos.build/Debug-appletvos/Sisyphos-t.build/Objects-normal/arm64/Sisyphos_const_extract_protocols.json (in target 'Sisyphos' from project 'Sisyphos')
cd /Users/admin/builder/spi-builder-workspace
write-file /Users/admin/builder/spi-builder-workspace/.derivedData/Build/Intermediates.noindex/Sisyphos.build/Debug-appletvos/Sisyphos-t.build/Objects-normal/arm64/Sisyphos_const_extract_protocols.json
WriteAuxiliaryFile /Users/admin/builder/spi-builder-workspace/.derivedData/Build/Intermediates.noindex/Sisyphos.build/Debug-appletvos/Sisyphos-t.build/Objects-normal/arm64/Sisyphos.SwiftFileList (in target 'Sisyphos' from project 'Sisyphos')
cd /Users/admin/builder/spi-builder-workspace
write-file /Users/admin/builder/spi-builder-workspace/.derivedData/Build/Intermediates.noindex/Sisyphos.build/Debug-appletvos/Sisyphos-t.build/Objects-normal/arm64/Sisyphos.SwiftFileList
WriteAuxiliaryFile /Users/admin/builder/spi-builder-workspace/.derivedData/Build/Intermediates.noindex/Sisyphos.build/Debug-appletvos/Sisyphos-t.build/Objects-normal/arm64/Sisyphos.LinkFileList (in target 'Sisyphos' from project 'Sisyphos')
cd /Users/admin/builder/spi-builder-workspace
write-file /Users/admin/builder/spi-builder-workspace/.derivedData/Build/Intermediates.noindex/Sisyphos.build/Debug-appletvos/Sisyphos-t.build/Objects-normal/arm64/Sisyphos.LinkFileList
Copy /Users/admin/builder/spi-builder-workspace/.derivedData/Build/Intermediates.noindex/GeneratedModuleMaps-appletvos/Sisyphos.modulemap /Users/admin/builder/spi-builder-workspace/.derivedData/Build/Intermediates.noindex/Sisyphos.build/Debug-appletvos/Sisyphos-t.build/Sisyphos.modulemap (in target 'Sisyphos' from project 'Sisyphos')
cd /Users/admin/builder/spi-builder-workspace
builtin-copy -exclude .DS_Store -exclude CVS -exclude .svn -exclude .git -exclude .hg -resolve-src-symlinks /Users/admin/builder/spi-builder-workspace/.derivedData/Build/Intermediates.noindex/Sisyphos.build/Debug-appletvos/Sisyphos-t.build/Sisyphos.modulemap /Users/admin/builder/spi-builder-workspace/.derivedData/Build/Intermediates.noindex/GeneratedModuleMaps-appletvos
SwiftDriver Sisyphos normal arm64 com.apple.xcode.tools.swift.compiler (in target 'Sisyphos' from project 'Sisyphos')
cd /Users/admin/builder/spi-builder-workspace/.swiftpm/xcode
builtin-SwiftDriver -- /Applications/Xcode-27.0.0-Release.Candidate.app/Contents/Developer/Toolchains/XcodeDefault.xctoolchain/usr/bin/swiftc -parse-as-library -module-name Sisyphos -Onone @/Users/admin/builder/spi-builder-workspace/.derivedData/Build/Intermediates.noindex/Sisyphos.build/Debug-appletvos/Sisyphos-t.build/Objects-normal/arm64/Sisyphos.SwiftFileList -DSWIFT_PACKAGE -DDEBUG -DSWIFT_MODULE_RESOURCE_BUNDLE_UNAVAILABLE -DXcode -plugin-path /Applications/Xcode-27.0.0-Release.Candidate.app/Contents/Developer/Toolchains/XcodeDefault.xctoolchain/usr/lib/swift/host/plugins/testing -enable-experimental-feature DebugDescriptionMacro -sdk /Applications/Xcode-27.0.0-Release.Candidate.app/Contents/Developer/Platforms/AppleTVOS.platform/Developer/SDKs/AppleTVOS27.0.sdk -target arm64-apple-tvos15.0 -g -module-cache-path /Users/admin/builder/spi-builder-workspace/.derivedData/ModuleCache.noindex -Xfrontend -serialize-debugging-options -profile-coverage-mapping -profile-generate -enable-testing -index-store-path /Users/admin/builder/spi-builder-workspace/.derivedData/Index.noindex/DataStore -Xcc -D_LIBCPP_HARDENING_MODE\=_LIBCPP_HARDENING_MODE_DEBUG -swift-version 5 -I /Users/admin/builder/spi-builder-workspace/.derivedData/Build/Products/Debug-appletvos -Isystem /Applications/Xcode-27.0.0-Release.Candidate.app/Contents/Developer/Platforms/AppleTVOS.platform/Developer/usr/lib -F /Users/admin/builder/spi-builder-workspace/.derivedData/Build/Products/Debug-appletvos -F /Applications/Xcode-27.0.0-Release.Candidate.app/Contents/Developer/Platforms/AppleTVOS.platform/Developer/Library/Frameworks -F /Applications/Xcode-27.0.0-Release.Candidate.app/Contents/Developer/Platforms/AppleTVOS.platform/Developer/SDKs/AppleTVOS27.0.sdk/Developer/Library/Frameworks -c -j10 -enable-batch-mode -incremental -Xcc -ivfsstatcache -Xcc /Users/admin/builder/spi-builder-workspace/.derivedData/SDKStatCaches.noindex/appletvos27.0-24J360-e829b21a6f8c9b70876ba0858053c044b32bfd8d43560033f8d89884cdb90028.sdkstatcache -output-file-map /Users/admin/builder/spi-builder-workspace/.derivedData/Build/Intermediates.noindex/Sisyphos.build/Debug-appletvos/Sisyphos-t.build/Objects-normal/arm64/Sisyphos-OutputFileMap.json -save-temps -no-color-diagnostics -explicit-module-build -module-cache-path /Users/admin/builder/spi-builder-workspace/.derivedData/Build/Intermediates.noindex/SwiftExplicitPrecompiledModules -clang-scanner-module-cache-path /Users/admin/builder/spi-builder-workspace/.derivedData/ModuleCache.noindex -sdk-module-cache-path /Users/admin/builder/spi-builder-workspace/.derivedData/SDKExplicitPrecompiledModules -emit-dependencies -emit-module -emit-module-path /Users/admin/builder/spi-builder-workspace/.derivedData/Build/Intermediates.noindex/Sisyphos.build/Debug-appletvos/Sisyphos-t.build/Objects-normal/arm64/Sisyphos.swiftmodule -serialize-diagnostics -dependency-scan-serialize-diagnostics-path /Users/admin/builder/spi-builder-workspace/.derivedData/Build/Intermediates.noindex/Sisyphos.build/Debug-appletvos/Sisyphos-t.build/Objects-normal/arm64/Sisyphos-dependency-scan.dia -validate-clang-modules-once -clang-build-session-file /Users/admin/builder/spi-builder-workspace/.derivedData/ModuleCache.noindex/Session.modulevalidation -Xcc -fmodules-prune-interval\=86400 -Xcc -fmodules-prune-after\=345600 -emit-const-values -const-gather-protocols-list /Users/admin/builder/spi-builder-workspace/.derivedData/Build/Intermediates.noindex/Sisyphos.build/Debug-appletvos/Sisyphos-t.build/Objects-normal/arm64/Sisyphos_const_extract_protocols.json -Xcc -I/Users/admin/builder/spi-builder-workspace/.derivedData/Build/Products/Debug-appletvos/include -Xcc -I/Users/admin/builder/spi-builder-workspace/.derivedData/Build/Intermediates.noindex/Sisyphos.build/Debug-appletvos/Sisyphos-t.build/DerivedSources-normal/arm64 -Xcc -I/Users/admin/builder/spi-builder-workspace/.derivedData/Build/Intermediates.noindex/Sisyphos.build/Debug-appletvos/Sisyphos-t.build/DerivedSources/arm64 -Xcc -I/Users/admin/builder/spi-builder-workspace/.derivedData/Build/Intermediates.noindex/Sisyphos.build/Debug-appletvos/Sisyphos-t.build/DerivedSources -Xcc -DSWIFT_PACKAGE -Xcc -DDEBUG\=1 -emit-objc-header -emit-objc-header-path /Users/admin/builder/spi-builder-workspace/.derivedData/Build/Intermediates.noindex/Sisyphos.build/Debug-appletvos/Sisyphos-t.build/Objects-normal/arm64/Sisyphos-Swift.h -working-directory /Users/admin/builder/spi-builder-workspace/.swiftpm/xcode -experimental-emit-module-separately -disable-cmo
SwiftExplicitDependencyGeneratePcm arm64 /Users/admin/builder/spi-builder-workspace/.derivedData/SDKExplicitPrecompiledModules/ptrauth-8X2KEPL7CTRPS40TUB9APHPK6.pcm
SwiftExplicitDependencyGeneratePcm arm64 /Users/admin/builder/spi-builder-workspace/.derivedData/SDKExplicitPrecompiledModules/SwiftShims-8N4EXJ4RUJTR8K9OO3CMOH1EP.pcm
SwiftExplicitDependencyGeneratePcm arm64 /Users/admin/builder/spi-builder-workspace/.derivedData/SDKExplicitPrecompiledModules/_SwiftConcurrencyShims-BY5PD8KF1L5KF6F4Q69HE3TJ4.pcm
SwiftExplicitDependencyGeneratePcm arm64 /Users/admin/builder/spi-builder-workspace/.derivedData/SDKExplicitPrecompiledModules/_Builtin_stdarg-BO2OCAUYVAXDRVQWQ8ISKGNUQ.pcm
SwiftExplicitDependencyGeneratePcm arm64 /Users/admin/builder/spi-builder-workspace/.derivedData/SDKExplicitPrecompiledModules/_Builtin_stdbool-AHRDH5EKLY6D04C5E42F3VCQI.pcm
SwiftExplicitDependencyGeneratePcm arm64 /Users/admin/builder/spi-builder-workspace/.derivedData/SDKExplicitPrecompiledModules/DeveloperToolsSupport-B1X8RI63V48AJRTH2RK6JAARV.pcm
SwiftExplicitDependencyGeneratePcm arm64 /Users/admin/builder/spi-builder-workspace/.derivedData/SDKExplicitPrecompiledModules/_Builtin_stddef-9ZJZ6FDEZNKTZU8YLPMFT9RAQ.pcm
SwiftExplicitDependencyGeneratePcm arm64 /Users/admin/builder/spi-builder-workspace/.derivedData/SDKExplicitPrecompiledModules/_AvailabilityInternal-BV2EDDP0MI5QJDDPEEV4D9D3V.pcm
SwiftExplicitDependencyGeneratePcm arm64 /Users/admin/builder/spi-builder-workspace/.derivedData/SDKExplicitPrecompiledModules/_Builtin_float-8ZJAYZ85YBOAOP52Y9H6IUNP3.pcm
SwiftExplicitDependencyGeneratePcm arm64 /Users/admin/builder/spi-builder-workspace/.derivedData/SDKExplicitPrecompiledModules/ptrcheck-2AZ6B5IBYD3RRRTFWN2ONASY3.pcm
SwiftExplicitDependencyGeneratePcm arm64 /Users/admin/builder/spi-builder-workspace/.derivedData/SDKExplicitPrecompiledModules/_DarwinFoundation1-JOTYMOA1YZCIJ2NON6FQ848O.pcm
SwiftExplicitDependencyGeneratePcm arm64 /Users/admin/builder/spi-builder-workspace/.derivedData/SDKExplicitPrecompiledModules/_Builtin_limits-7JU2HP127LIT1X9E2V3D8WZ1.pcm
SwiftExplicitDependencyGeneratePcm arm64 /Users/admin/builder/spi-builder-workspace/.derivedData/SDKExplicitPrecompiledModules/_DarwinFoundation2-AOGAN1O02NKXRJN5V73AV3V3M.pcm
SwiftExplicitDependencyGeneratePcm arm64 /Users/admin/builder/spi-builder-workspace/.derivedData/SDKExplicitPrecompiledModules/sys_types-8GCAV1YMG5UUGHUID3CA20TCH.pcm
SwiftExplicitDependencyGeneratePcm arm64 /Users/admin/builder/spi-builder-workspace/.derivedData/SDKExplicitPrecompiledModules/string_h-6EVHP7A717OUS5DMC78F79HWO.pcm
SwiftExplicitDependencyGeneratePcm arm64 /Users/admin/builder/spi-builder-workspace/.derivedData/SDKExplicitPrecompiledModules/_Builtin_stdint-6NFTB6IBKS143IVPGT1EKB7HO.pcm
SwiftExplicitDependencyGeneratePcm arm64 /Users/admin/builder/spi-builder-workspace/.derivedData/SDKExplicitPrecompiledModules/_Builtin_tgmath-7ULT1EUHDHW4OZPSTT33H6QGE.pcm
SwiftExplicitDependencyGeneratePcm arm64 /Users/admin/builder/spi-builder-workspace/.derivedData/SDKExplicitPrecompiledModules/_Builtin_stdatomic-3YXHN678NGYM3NL9POJ2HVEIF.pcm
SwiftExplicitDependencyGeneratePcm arm64 /Users/admin/builder/spi-builder-workspace/.derivedData/SDKExplicitPrecompiledModules/_Builtin_intrinsics-437O2R2NID4WAQVENR63GR82C.pcm
SwiftExplicitDependencyGeneratePcm arm64 /Users/admin/builder/spi-builder-workspace/.derivedData/SDKExplicitPrecompiledModules/_DarwinFoundation3-8SR3855WDFHQPR6G9GHOI2C07.pcm
SwiftExplicitDependencyGeneratePcm arm64 /Users/admin/builder/spi-builder-workspace/.derivedData/SDKExplicitPrecompiledModules/_Builtin_inttypes-6X1IQ3QK9KEVKXOK9Y79EW7J3.pcm
SwiftExplicitDependencyGeneratePcm arm64 /Users/admin/builder/spi-builder-workspace/.derivedData/SDKExplicitPrecompiledModules/Darwin-DBSQAVBBPC3D2OMU5ZI2RXMST.pcm
SwiftExplicitDependencyGeneratePcm arm64 /Users/admin/builder/spi-builder-workspace/.derivedData/SDKExplicitPrecompiledModules/simd-117QUXEUT3Z7UQCUYWV2UA228.pcm
SwiftExplicitDependencyGeneratePcm arm64 /Users/admin/builder/spi-builder-workspace/.derivedData/SDKExplicitPrecompiledModules/MachO-EH3F5PJCIZG05NO51CEFSZYPW.pcm
SwiftExplicitDependencyGeneratePcm arm64 /Users/admin/builder/spi-builder-workspace/.derivedData/SDKExplicitPrecompiledModules/ObjectiveC-5250FDCE56N8508OR6XUYDKZM.pcm
SwiftExplicitDependencyGeneratePcm arm64 /Users/admin/builder/spi-builder-workspace/.derivedData/SDKExplicitPrecompiledModules/os_object-E2DGZ0SX0TULQHULZRPO6OKNW.pcm
SwiftExplicitDependencyGeneratePcm arm64 /Users/admin/builder/spi-builder-workspace/.derivedData/SDKExplicitPrecompiledModules/os_workgroup-DBUFF7811DKMX7VPBOJPGGF1U.pcm
SwiftExplicitDependencyGeneratePcm arm64 /Users/admin/builder/spi-builder-workspace/.derivedData/SDKExplicitPrecompiledModules/Dispatch-1QL58A0V50C39KVAIC6C38SHL.pcm
SwiftExplicitDependencyGeneratePcm arm64 /Users/admin/builder/spi-builder-workspace/.derivedData/SDKExplicitPrecompiledModules/Spatial-7U8NLEFXSB8BR7PJQGVMF5A4Q.pcm
SwiftExplicitDependencyGeneratePcm arm64 /Users/admin/builder/spi-builder-workspace/.derivedData/SDKExplicitPrecompiledModules/XPC-6O2DJFT3QUJ7QKTD3SNUB6PCR.pcm
SwiftExplicitDependencyGeneratePcm arm64 /Users/admin/builder/spi-builder-workspace/.derivedData/SDKExplicitPrecompiledModules/CoreFoundation-7TPJ7ENDC4L1A1ESHYI9TXS0D.pcm
SwiftExplicitDependencyGeneratePcm arm64 /Users/admin/builder/spi-builder-workspace/.derivedData/SDKExplicitPrecompiledModules/os-3GJI8H0BNAEZPQPQ1V0VVY3FY.pcm
SwiftExplicitDependencyGeneratePcm arm64 /Users/admin/builder/spi-builder-workspace/.derivedData/SDKExplicitPrecompiledModules/CoreGraphics-CWSP3J98S2658BYCVL6RP99T3.pcm
SwiftExplicitDependencyGeneratePcm arm64 /Users/admin/builder/spi-builder-workspace/.derivedData/SDKExplicitPrecompiledModules/CFNetwork-2CUR2VK9S3S3WPFXPNXNUWYGN.pcm
SwiftExplicitDependencyGeneratePcm arm64 /Users/admin/builder/spi-builder-workspace/.derivedData/SDKExplicitPrecompiledModules/Security-8VMXEKVDA3MHUH9AOTP905DID.pcm
SwiftExplicitDependencyGeneratePcm arm64 /Users/admin/builder/spi-builder-workspace/.derivedData/SDKExplicitPrecompiledModules/Foundation-BSSIP64DIGUKMAYJOG1WPQ78X.pcm
SwiftExplicitDependencyGeneratePcm arm64 /Users/admin/builder/spi-builder-workspace/.derivedData/SDKExplicitPrecompiledModules/CoreText-59NY7PABM0I4V978161FOC04A.pcm
SwiftExplicitDependencyGeneratePcm arm64 /Users/admin/builder/spi-builder-workspace/.derivedData/SDKExplicitPrecompiledModules/ImageIO-88D4CLEBD4CLWQKT78PZ6H1O8.pcm
SwiftExplicitDependencyGeneratePcm arm64 /Users/admin/builder/spi-builder-workspace/.derivedData/SDKExplicitPrecompiledModules/UniformTypeIdentifiers-95CC8U42ZA9STP5K6GP9ZVJS5.pcm
SwiftExplicitDependencyGeneratePcm arm64 /Users/admin/builder/spi-builder-workspace/.derivedData/SDKExplicitPrecompiledModules/IOSurface-38FJ1CKX9FV2RD97O64Z7QB17.pcm
SwiftExplicitDependencyGeneratePcm arm64 /Users/admin/builder/spi-builder-workspace/.derivedData/SDKExplicitPrecompiledModules/UserNotifications-E9ZW5TH066WIJWH9080RC5NG4.pcm
SwiftExplicitDependencyGeneratePcm arm64 /Users/admin/builder/spi-builder-workspace/.derivedData/SDKExplicitPrecompiledModules/OSLog-7OT6HHTMY0ZFEQJ095LJZ6NLC.pcm
SwiftExplicitDependencyGeneratePcm arm64 /Users/admin/builder/spi-builder-workspace/.derivedData/SDKExplicitPrecompiledModules/Symbols-B5AU9VM9Y7NU79RLMH13Z4IFM.pcm
SwiftExplicitDependencyGeneratePcm arm64 /Users/admin/builder/spi-builder-workspace/.derivedData/SDKExplicitPrecompiledModules/DataDetection-37JIYZ2GWDA1L166PP1D9JKAF.pcm
SwiftExplicitDependencyGeneratePcm arm64 /Users/admin/builder/spi-builder-workspace/.derivedData/SDKExplicitPrecompiledModules/UIUtilities-6ZFJ1AK4H8IBGEBMYQBWGBYLK.pcm
SwiftExplicitDependencyGeneratePcm arm64 /Users/admin/builder/spi-builder-workspace/.derivedData/SDKExplicitPrecompiledModules/CoreTransferable-7V4O8DATEQ9F7SDNTCW8YWLG3.pcm
SwiftExplicitDependencyGeneratePcm arm64 /Users/admin/builder/spi-builder-workspace/.derivedData/SDKExplicitPrecompiledModules/Accessibility-B6BODGZ4MQQTY0PBC4SHRP009.pcm
SwiftExplicitDependencyGeneratePcm arm64 /Users/admin/builder/spi-builder-workspace/.derivedData/SDKExplicitPrecompiledModules/_LocationEssentials-ETSJ65FELPWR8WH8G49R1DF2E.pcm
SwiftExplicitDependencyGeneratePcm arm64 /Users/admin/builder/spi-builder-workspace/.derivedData/SDKExplicitPrecompiledModules/CoreLocation-YVXXAOMVX0JH2KO1XTTKTY51.pcm
SwiftExplicitDependencyGeneratePcm arm64 /Users/admin/builder/spi-builder-workspace/.derivedData/SDKExplicitPrecompiledModules/Metal-2KYBS7IML1SD788M91YV7Q0CC.pcm
SwiftExplicitDependencyGeneratePcm arm64 /Users/admin/builder/spi-builder-workspace/.derivedData/SDKExplicitPrecompiledModules/OpenGLES-4NY99CNDU9WUNUYEIXSS1QFGE.pcm
SwiftExplicitDependencyGeneratePcm arm64 /Users/admin/builder/spi-builder-workspace/.derivedData/SDKExplicitPrecompiledModules/CoreVideo-DPU0PB5X0XLSVA2ETRGI6FJBM.pcm
SwiftExplicitDependencyGeneratePcm arm64 /Users/admin/builder/spi-builder-workspace/.derivedData/SDKExplicitPrecompiledModules/CoreImage-7S2AFJ8EIY3DUFYLEAX1JR1QV.pcm
SwiftExplicitDependencyGeneratePcm arm64 /Users/admin/builder/spi-builder-workspace/.derivedData/SDKExplicitPrecompiledModules/QuartzCore-DJSYAWKXFGVSAK5CQMOB3JSR.pcm
SwiftExplicitDependencyGeneratePcm arm64 /Users/admin/builder/spi-builder-workspace/.derivedData/SDKExplicitPrecompiledModules/SwiftUICore-543QU5V2NHKUFCYFJDKUJ7NYG.pcm
SwiftExplicitDependencyGeneratePcm arm64 /Users/admin/builder/spi-builder-workspace/.derivedData/SDKExplicitPrecompiledModules/UIKit-1TKWN7VC2X6N3ITMRVA2G0EB2.pcm
SwiftExplicitDependencyGeneratePcm arm64 /Users/admin/builder/spi-builder-workspace/.derivedData/Build/Intermediates.noindex/SwiftExplicitPrecompiledModules/XCUIAutomation-FJBJYHY5O0CJFAW58X6D04WA.pcm
SwiftExplicitDependencyCompileModuleFromInterface arm64 /Users/admin/builder/spi-builder-workspace/.derivedData/Build/Intermediates.noindex/SwiftExplicitPrecompiledModules/XCUIAutomation-210SQ6RQ6TUMZ.swiftmodule
SwiftExplicitDependencyGeneratePcm arm64 /Users/admin/builder/spi-builder-workspace/.derivedData/Build/Intermediates.noindex/SwiftExplicitPrecompiledModules/XCTest-7MV3G0KAJR9WCI4ZIQ137RH2R.pcm
SwiftExplicitDependencyCompileModuleFromInterface arm64 /Users/admin/builder/spi-builder-workspace/.derivedData/Build/Intermediates.noindex/SwiftExplicitPrecompiledModules/XCTest-303JGZX9ARS8K.swiftmodule
SwiftCompile normal arm64 Compiling\ PageExistsResults.swift,\ QueryIdentifier.swift,\ TestData.swift /Users/admin/builder/spi-builder-workspace/Sources/Sisyphos/PageExistsResults.swift /Users/admin/builder/spi-builder-workspace/Sources/Sisyphos/QueryIdentifier.swift /Users/admin/builder/spi-builder-workspace/Sources/Sisyphos/TestData.swift (in target 'Sisyphos' from project 'Sisyphos')
SwiftCompile normal arm64 /Users/admin/builder/spi-builder-workspace/Sources/Sisyphos/PageExistsResults.swift (in target 'Sisyphos' from project 'Sisyphos')
cd /Users/admin/builder/spi-builder-workspace/.swiftpm/xcode
builtin-SwiftPerFileCompile PageExistsResults.swift
SwiftCompile normal arm64 /Users/admin/builder/spi-builder-workspace/Sources/Sisyphos/QueryIdentifier.swift (in target 'Sisyphos' from project 'Sisyphos')
cd /Users/admin/builder/spi-builder-workspace/.swiftpm/xcode
builtin-SwiftPerFileCompile QueryIdentifier.swift
SwiftCompile normal arm64 /Users/admin/builder/spi-builder-workspace/Sources/Sisyphos/TestData.swift (in target 'Sisyphos' from project 'Sisyphos')
cd /Users/admin/builder/spi-builder-workspace/.swiftpm/xcode
builtin-SwiftPerFileCompile TestData.swift
SwiftEmitModule normal arm64 Emitting\ module\ for\ Sisyphos (in target 'Sisyphos' from project 'Sisyphos')
/Users/admin/builder/spi-builder-workspace/Sources/Sisyphos/Extensions/XCUIElementSnapshot+Matching.swift:44:33: warning: no method declared with Objective-C selector '_matchesElement:'
42 | func matches(element: NSObject) -> Bool {
43 | typealias MethodType = @convention(c) (NSObject, Selector, NSObject) -> Bool
44 | let selector = Selector("_matchesElement:")
| |- warning: no method declared with Objective-C selector '_matchesElement:'
| `- note: wrap the selector name in parentheses to suppress this warning
45 | let methodImplementation = unsafeBitCast(method(for: selector), to: MethodType.self)
46 | return methodImplementation(self, selector, element)
/Users/admin/builder/spi-builder-workspace/Sources/Sisyphos/Extensions/XCUIElementType+BetterCustomDebugString.swift:7:1: warning: extension declares a conformance of imported type 'ElementType' to imported protocol 'CustomDebugStringConvertible'; this will not behave correctly if the owners of 'XCUIAutomation' introduce this conformance in the future
5 | /// `__C.XCUIElementType` for every element type which gives no idea of which type the element is. This implementation
6 | /// will print the actual element type, e.g. `.staticText` or `.other`.
7 | extension XCUIElement.ElementType: CustomDebugStringConvertible {
| |- warning: extension declares a conformance of imported type 'ElementType' to imported protocol 'CustomDebugStringConvertible'; this will not behave correctly if the owners of 'XCUIAutomation' introduce this conformance in the future
| `- note: add '@retroactive' to silence this warning
8 | public var debugDescription: String {
9 | guard let elementType = ElementType(self) else { return "XCUIElement.ElementType(rawValue:\(rawValue))" }
SwiftCompile normal arm64 (in target 'Sisyphos' from project 'Sisyphos')
cd /Users/admin/builder/spi-builder-workspace/.swiftpm/xcode
SwiftCompile normal arm64 Compiling\ NavigationBar.swift,\ Other.swift,\ SecureTextField.swift /Users/admin/builder/spi-builder-workspace/Sources/Sisyphos/Page\ Elements/NavigationBar.swift /Users/admin/builder/spi-builder-workspace/Sources/Sisyphos/Page\ Elements/Other.swift /Users/admin/builder/spi-builder-workspace/Sources/Sisyphos/Page\ Elements/SecureTextField.swift (in target 'Sisyphos' from project 'Sisyphos')
SwiftCompile normal arm64 /Users/admin/builder/spi-builder-workspace/Sources/Sisyphos/Page\ Elements/NavigationBar.swift (in target 'Sisyphos' from project 'Sisyphos')
cd /Users/admin/builder/spi-builder-workspace/.swiftpm/xcode
builtin-SwiftPerFileCompile NavigationBar.swift
SwiftCompile normal arm64 /Users/admin/builder/spi-builder-workspace/Sources/Sisyphos/Page\ Elements/Other.swift (in target 'Sisyphos' from project 'Sisyphos')
cd /Users/admin/builder/spi-builder-workspace/.swiftpm/xcode
builtin-SwiftPerFileCompile Other.swift
SwiftCompile normal arm64 /Users/admin/builder/spi-builder-workspace/Sources/Sisyphos/Page\ Elements/SecureTextField.swift (in target 'Sisyphos' from project 'Sisyphos')
cd /Users/admin/builder/spi-builder-workspace/.swiftpm/xcode
builtin-SwiftPerFileCompile SecureTextField.swift
SwiftCompile normal arm64 Compiling\ Button.swift,\ Cell.swift,\ CollectionView.swift /Users/admin/builder/spi-builder-workspace/Sources/Sisyphos/Page\ Elements/Button.swift /Users/admin/builder/spi-builder-workspace/Sources/Sisyphos/Page\ Elements/Cell.swift /Users/admin/builder/spi-builder-workspace/Sources/Sisyphos/Page\ Elements/CollectionView.swift (in target 'Sisyphos' from project 'Sisyphos')
SwiftCompile normal arm64 /Users/admin/builder/spi-builder-workspace/Sources/Sisyphos/Page\ Elements/Button.swift (in target 'Sisyphos' from project 'Sisyphos')
cd /Users/admin/builder/spi-builder-workspace/.swiftpm/xcode
builtin-SwiftPerFileCompile Button.swift
SwiftCompile normal arm64 /Users/admin/builder/spi-builder-workspace/Sources/Sisyphos/Page\ Elements/Cell.swift (in target 'Sisyphos' from project 'Sisyphos')
cd /Users/admin/builder/spi-builder-workspace/.swiftpm/xcode
builtin-SwiftPerFileCompile Cell.swift
SwiftCompile normal arm64 /Users/admin/builder/spi-builder-workspace/Sources/Sisyphos/Page\ Elements/CollectionView.swift (in target 'Sisyphos' from project 'Sisyphos')
cd /Users/admin/builder/spi-builder-workspace/.swiftpm/xcode
builtin-SwiftPerFileCompile CollectionView.swift
SwiftCompile normal arm64 Compiling\ PageDescription.swift,\ PageElement.swift,\ PageElementIdentifier.swift /Users/admin/builder/spi-builder-workspace/Sources/Sisyphos/PageDescription.swift /Users/admin/builder/spi-builder-workspace/Sources/Sisyphos/PageElement.swift /Users/admin/builder/spi-builder-workspace/Sources/Sisyphos/PageElementIdentifier.swift (in target 'Sisyphos' from project 'Sisyphos')
/Users/admin/builder/spi-builder-workspace/Sources/Sisyphos/PageElement.swift:68:17: error: 'tap()' is unavailable in tvOS
66 | guard let element = getXCUIElement(forAction: "tap()") else { return }
67 | element.waitUntilStablePosition()
68 | element.tap()
| `- error: 'tap()' is unavailable in tvOS
69 | }
70 |
/Applications/Xcode-27.0.0-Release.Candidate.app/Contents/Developer/Platforms/AppleTVOS.platform/Developer/Library/Frameworks/XCUIAutomation.framework/Headers/XCUIElement.h:139:1: note: 'tap()' has been explicitly marked unavailable here
137 | * Sends a tap event to a hittable point computed for the element.
138 | */
139 | - (void)tap API_UNAVAILABLE(tvos);
| `- note: 'tap()' has been explicitly marked unavailable here
140 |
141 | /*!
/Users/admin/builder/spi-builder-workspace/Sources/Sisyphos/PageElement.swift:81:17: error: value of type 'XCUIElement' has no member 'coordinate'
79 | guard let element = getXCUIElement(forAction: "tap()") else { return }
80 | element.waitUntilStablePosition()
81 | element.coordinate(withNormalizedOffset: coordinates).tap()
| `- error: value of type 'XCUIElement' has no member 'coordinate'
82 | }
83 |
/Users/admin/builder/spi-builder-workspace/Sources/Sisyphos/PageElement.swift:100:21: error: value of type 'XCUIElement' has no member 'coordinate'
98 | guard let element = getXCUIElement(forAction: "type(text: \(text.debugDescription)") else { return }
99 | element.waitUntilStablePosition()
100 | element.coordinate(withNormalizedOffset: CGVector(dx: 0.5, dy: 0.5)).tap()
| `- error: value of type 'XCUIElement' has no member 'coordinate'
101 | element.typeText(text)
102 |
/Users/admin/builder/spi-builder-workspace/Sources/Sisyphos/PageElement.swift:165:35: error: value of type 'XCUIApplication' has no member 'coordinate'
163 | guard !CGRectContainsRect(window.frame, element.frame) else { return }
164 | var tryCounter = maxTryCount
165 | var startCoordinate = app.coordinate(withNormalizedOffset: CGVector(dx: 0.5, dy: 0.5))
| `- error: value of type 'XCUIApplication' has no member 'coordinate'
166 | repeat {
167 | var endCoordinate = startCoordinate
Failed frontend command:
/Applications/Xcode-27.0.0-Release.Candidate.app/Contents/Developer/Toolchains/XcodeDefault.xctoolchain/usr/bin/swift-frontend -frontend -c /Users/admin/builder/spi-builder-workspace/Sources/Sisyphos/DefaultAlert.swift /Users/admin/builder/spi-builder-workspace/Sources/Sisyphos/DefaultPermissionAlert.swift /Users/admin/builder/spi-builder-workspace/Sources/Sisyphos/Extensions/NSPredicate+Description.swift /Users/admin/builder/spi-builder-workspace/Sources/Sisyphos/Extensions/String+Localized.swift /Users/admin/builder/spi-builder-workspace/Sources/Sisyphos/Extensions/XCUIApplication+CurrentPage.swift /Users/admin/builder/spi-builder-workspace/Sources/Sisyphos/Extensions/XCUIElement+Extensions.swift /Users/admin/builder/spi-builder-workspace/Sources/Sisyphos/Extensions/XCUIElementSnapshot+Matching.swift /Users/admin/builder/spi-builder-workspace/Sources/Sisyphos/Extensions/XCUIElementType+BetterCustomDebugString.swift /Users/admin/builder/spi-builder-workspace/Sources/Sisyphos/Extensions/XCUITestCase+CodeGeneration.swift /Users/admin/builder/spi-builder-workspace/Sources/Sisyphos/Extensions/XCUITestCase+InterruptionMonitor.swift /Users/admin/builder/spi-builder-workspace/Sources/Sisyphos/Internal/ElementFinder.swift /Users/admin/builder/spi-builder-workspace/Sources/Sisyphos/Internal/Snapshot.swift /Users/admin/builder/spi-builder-workspace/Sources/Sisyphos/Internal/UIInterruptionsObserver.swift /Users/admin/builder/spi-builder-workspace/Sources/Sisyphos/InterruptionMonitor.swift /Users/admin/builder/spi-builder-workspace/Sources/Sisyphos/Page\ Elements/Alert.swift /Users/admin/builder/spi-builder-workspace/Sources/Sisyphos/Page\ Elements/Button.swift /Users/admin/builder/spi-builder-workspace/Sources/Sisyphos/Page\ Elements/Cell.swift /Users/admin/builder/spi-builder-workspace/Sources/Sisyphos/Page\ Elements/CollectionView.swift /Users/admin/builder/spi-builder-workspace/Sources/Sisyphos/Page\ Elements/NavigationBar.swift /Users/admin/builder/spi-builder-workspace/Sources/Sisyphos/Page\ Elements/Other.swift /Users/admin/builder/spi-builder-workspace/Sources/Sisyphos/Page\ Elements/SecureTextField.swift /Users/admin/builder/spi-builder-workspace/Sources/Sisyphos/Page\ Elements/StaticText.swift /Users/admin/builder/spi-builder-workspace/Sources/Sisyphos/Page\ Elements/Switch.swift /Users/admin/builder/spi-builder-workspace/Sources/Sisyphos/Page\ Elements/TabBar.swift /Users/admin/builder/spi-builder-workspace/Sources/Sisyphos/Page\ Elements/TextField.swift /Users/admin/builder/spi-builder-workspace/Sources/Sisyphos/Page.swift /Users/admin/builder/spi-builder-workspace/Sources/Sisyphos/PageBuilder.swift -primary-file /Users/admin/builder/spi-builder-workspace/Sources/Sisyphos/PageDescription.swift -primary-file /Users/admin/builder/spi-builder-workspace/Sources/Sisyphos/PageElement.swift -primary-file /Users/admin/builder/spi-builder-workspace/Sources/Sisyphos/PageElementIdentifier.swift /Users/admin/builder/spi-builder-workspace/Sources/Sisyphos/PageExistsResults.swift /Users/admin/builder/spi-builder-workspace/Sources/Sisyphos/QueryIdentifier.swift /Users/admin/builder/spi-builder-workspace/Sources/Sisyphos/TestData.swift -supplementary-output-file-map /Users/admin/builder/spi-builder-workspace/.derivedData/Build/Intermediates.noindex/Sisyphos.build/Debug-appletvos/Sisyphos-t.build/Objects-normal/arm64/supplementaryOutputs-9 -target arm64-apple-tvos15.0 -module-can-import-version UIKit 9127.0.84.1 9127.0.84 -disable-cross-import-overlay-search -load-resolved-plugin /Applications/Xcode-27.0.0-Release.Candidate.app/Contents/Developer/Platforms/AppleTVOS.platform/Developer/usr/lib/swift/host/plugins/libFoundationMacros.dylib\#/Applications/Xcode-27.0.0-Release.Candidate.app/Contents/Developer/Platforms/AppleTVOS.platform/Developer/usr/bin/swift-plugin-server\#FoundationMacros -load-resolved-plugin /Applications/Xcode-27.0.0-Release.Candidate.app/Contents/Developer/Platforms/AppleTVOS.platform/Developer/usr/lib/swift/host/plugins/libObservationMacros.dylib\#/Applications/Xcode-27.0.0-Release.Candidate.app/Contents/Developer/Platforms/AppleTVOS.platform/Developer/usr/bin/swift-plugin-server\#ObservationMacros -load-resolved-plugin /Applications/Xcode-27.0.0-Release.Candidate.app/Contents/Developer/Platforms/AppleTVOS.platform/Developer/usr/lib/swift/host/plugins/libPreviewsMacros.dylib\#/Applications/Xcode-27.0.0-Release.Candidate.app/Contents/Developer/Platforms/AppleTVOS.platform/Developer/usr/bin/swift-plugin-server\#PreviewsMacros -load-resolved-plugin /Applications/Xcode-27.0.0-Release.Candidate.app/Contents/Developer/Platforms/AppleTVOS.platform/Developer/usr/lib/swift/host/plugins/libSwiftMacros.dylib\#/Applications/Xcode-27.0.0-Release.Candidate.app/Contents/Developer/Platforms/AppleTVOS.platform/Developer/usr/bin/swift-plugin-server\#SwiftMacros -load-resolved-plugin /Applications/Xcode-27.0.0-Release.Candidate.app/Contents/Developer/Platforms/AppleTVOS.platform/Developer/usr/lib/swift/host/plugins/libSwiftUIMacros.dylib\#/Applications/Xcode-27.0.0-Release.Candidate.app/Contents/Developer/Platforms/AppleTVOS.platform/Developer/usr/bin/swift-plugin-server\#SwiftUIMacros -disable-implicit-swift-modules -Xcc -fno-implicit-modules -Xcc -fno-implicit-module-maps -explicit-swift-module-map-file /Users/admin/builder/spi-builder-workspace/.derivedData/Build/Intermediates.noindex/Sisyphos.build/Debug-appletvos/Sisyphos-t.build/Objects-normal/arm64/Sisyphos-dependencies-1.json -Xllvm -aarch64-use-tbi -enable-objc-interop -stack-check -sdk /Applications/Xcode-27.0.0-Release.Candidate.app/Contents/Developer/Platforms/AppleTVOS.platform/Developer/SDKs/AppleTVOS27.0.sdk -I /Users/admin/builder/spi-builder-workspace/.derivedData/Build/Products/Debug-appletvos -Isystem /Applications/Xcode-27.0.0-Release.Candidate.app/Contents/Developer/Platforms/AppleTVOS.platform/Developer/usr/lib -F /Users/admin/builder/spi-builder-workspace/.derivedData/Build/Products/Debug-appletvos -F /Applications/Xcode-27.0.0-Release.Candidate.app/Contents/Developer/Platforms/AppleTVOS.platform/Developer/Library/Frameworks -F /Applications/Xcode-27.0.0-Release.Candidate.app/Contents/Developer/Platforms/AppleTVOS.platform/Developer/SDKs/AppleTVOS27.0.sdk/Developer/Library/Frameworks -module-cache-path /Users/admin/builder/spi-builder-workspace/.derivedData/Build/Intermediates.noindex/SwiftExplicitPrecompiledModules -no-color-diagnostics -Xcc -fno-color-diagnostics -enable-testing -g -debug-info-format\=dwarf -dwarf-version\=4 -profile-generate -profile-coverage-mapping -swift-version 5 -Onone -D SWIFT_PACKAGE -D DEBUG -D SWIFT_MODULE_RESOURCE_BUNDLE_UNAVAILABLE -D Xcode -serialize-debugging-options -enable-experimental-feature DebugDescriptionMacro -empty-abi-descriptor -validate-clang-modules-once -clang-build-session-file /Users/admin/builder/spi-builder-workspace/.derivedData/ModuleCache.noindex/Session.modulevalidation -Xcc -working-directory -Xcc /Users/admin/builder/spi-builder-workspace/.swiftpm/xcode -enable-anonymous-context-mangled-names -file-compilation-dir /Users/admin/builder/spi-builder-workspace/.swiftpm/xcode -Xcc -D_LIBCPP_HARDENING_MODE\=_LIBCPP_HARDENING_MODE_DEBUG -Xcc -ivfsstatcache -Xcc /Users/admin/builder/spi-builder-workspace/.derivedData/SDKStatCaches.noindex/appletvos27.0-24J360-e829b21a6f8c9b70876ba0858053c044b32bfd8d43560033f8d89884cdb90028.sdkstatcache -Xcc -fmodules-prune-interval\=86400 -Xcc -fmodules-prune-after\=345600 -Xcc -I/Users/admin/builder/spi-builder-workspace/.derivedData/Build/Products/Debug-appletvos/include -Xcc -I/Users/admin/builder/spi-builder-workspace/.derivedData/Build/Intermediates.noindex/Sisyphos.build/Debug-appletvos/Sisyphos-t.build/DerivedSources-normal/arm64 -Xcc -I/Users/admin/builder/spi-builder-workspace/.derivedData/Build/Intermediates.noindex/Sisyphos.build/Debug-appletvos/Sisyphos-t.build/DerivedSources/arm64 -Xcc -I/Users/admin/builder/spi-builder-workspace/.derivedData/Build/Intermediates.noindex/Sisyphos.build/Debug-appletvos/Sisyphos-t.build/DerivedSources -Xcc -DSWIFT_PACKAGE -Xcc -DDEBUG\=1 -no-auto-bridging-header-chaining -module-name Sisyphos -const-gather-protocols-file /Users/admin/builder/spi-builder-workspace/.derivedData/Build/Intermediates.noindex/Sisyphos.build/Debug-appletvos/Sisyphos-t.build/Objects-normal/arm64/Sisyphos_const_extract_protocols.json -disable-clang-spi -clang-target arm64-apple-tvos27.0 -target-sdk-version 27.0 -target-sdk-name appletvos27.0 -in-process-plugin-server-path /Applications/Xcode-27.0.0-Release.Candidate.app/Contents/Developer/Toolchains/XcodeDefault.xctoolchain/usr/lib/swift/host/libSwiftInProcPluginServer.dylib -parse-as-library -o /Users/admin/builder/spi-builder-workspace/.derivedData/Build/Intermediates.noindex/Sisyphos.build/Debug-appletvos/Sisyphos-t.build/Objects-normal/arm64/PageDescription.o -o /Users/admin/builder/spi-builder-workspace/.derivedData/Build/Intermediates.noindex/Sisyphos.build/Debug-appletvos/Sisyphos-t.build/Objects-normal/arm64/PageElement.o -o /Users/admin/builder/spi-builder-workspace/.derivedData/Build/Intermediates.noindex/Sisyphos.build/Debug-appletvos/Sisyphos-t.build/Objects-normal/arm64/PageElementIdentifier.o -debug-module-path /Users/admin/builder/spi-builder-workspace/.derivedData/Build/Intermediates.noindex/Sisyphos.build/Debug-appletvos/Sisyphos-t.build/Objects-normal/arm64/Sisyphos.swiftmodule -index-unit-output-path /Sisyphos.build/Debug-appletvos/Sisyphos-t.build/Objects-normal/arm64/PageDescription.o -index-unit-output-path /Sisyphos.build/Debug-appletvos/Sisyphos-t.build/Objects-normal/arm64/PageElement.o -index-unit-output-path /Sisyphos.build/Debug-appletvos/Sisyphos-t.build/Objects-normal/arm64/PageElementIdentifier.o -index-store-path /Users/admin/builder/spi-builder-workspace/.derivedData/Index.noindex/DataStore -index-system-modules
SwiftCompile normal arm64 /Users/admin/builder/spi-builder-workspace/Sources/Sisyphos/PageDescription.swift (in target 'Sisyphos' from project 'Sisyphos')
cd /Users/admin/builder/spi-builder-workspace/.swiftpm/xcode
builtin-SwiftPerFileCompile PageDescription.swift
SwiftCompile normal arm64 /Users/admin/builder/spi-builder-workspace/Sources/Sisyphos/PageElement.swift (in target 'Sisyphos' from project 'Sisyphos')
cd /Users/admin/builder/spi-builder-workspace/.swiftpm/xcode
builtin-SwiftPerFileCompile PageElement.swift
SwiftCompile normal arm64 /Users/admin/builder/spi-builder-workspace/Sources/Sisyphos/PageElementIdentifier.swift (in target 'Sisyphos' from project 'Sisyphos')
cd /Users/admin/builder/spi-builder-workspace/.swiftpm/xcode
builtin-SwiftPerFileCompile PageElementIdentifier.swift
SwiftCompile normal arm64 Compiling\ StaticText.swift,\ Switch.swift,\ TabBar.swift /Users/admin/builder/spi-builder-workspace/Sources/Sisyphos/Page\ Elements/StaticText.swift /Users/admin/builder/spi-builder-workspace/Sources/Sisyphos/Page\ Elements/Switch.swift /Users/admin/builder/spi-builder-workspace/Sources/Sisyphos/Page\ Elements/TabBar.swift (in target 'Sisyphos' from project 'Sisyphos')
SwiftCompile normal arm64 /Users/admin/builder/spi-builder-workspace/Sources/Sisyphos/Page\ Elements/StaticText.swift (in target 'Sisyphos' from project 'Sisyphos')
cd /Users/admin/builder/spi-builder-workspace/.swiftpm/xcode
builtin-SwiftPerFileCompile StaticText.swift
SwiftCompile normal arm64 /Users/admin/builder/spi-builder-workspace/Sources/Sisyphos/Page\ Elements/Switch.swift (in target 'Sisyphos' from project 'Sisyphos')
cd /Users/admin/builder/spi-builder-workspace/.swiftpm/xcode
builtin-SwiftPerFileCompile Switch.swift
SwiftCompile normal arm64 /Users/admin/builder/spi-builder-workspace/Sources/Sisyphos/Page\ Elements/TabBar.swift (in target 'Sisyphos' from project 'Sisyphos')
cd /Users/admin/builder/spi-builder-workspace/.swiftpm/xcode
builtin-SwiftPerFileCompile TabBar.swift
SwiftCompile normal arm64 Compiling\ XCUIApplication+CurrentPage.swift,\ XCUIElement+Extensions.swift,\ XCUIElementSnapshot+Matching.swift,\ XCUIElementType+BetterCustomDebugString.swift /Users/admin/builder/spi-builder-workspace/Sources/Sisyphos/Extensions/XCUIApplication+CurrentPage.swift /Users/admin/builder/spi-builder-workspace/Sources/Sisyphos/Extensions/XCUIElement+Extensions.swift /Users/admin/builder/spi-builder-workspace/Sources/Sisyphos/Extensions/XCUIElementSnapshot+Matching.swift /Users/admin/builder/spi-builder-workspace/Sources/Sisyphos/Extensions/XCUIElementType+BetterCustomDebugString.swift (in target 'Sisyphos' from project 'Sisyphos')
SwiftCompile normal arm64 /Users/admin/builder/spi-builder-workspace/Sources/Sisyphos/Extensions/XCUIApplication+CurrentPage.swift (in target 'Sisyphos' from project 'Sisyphos')
cd /Users/admin/builder/spi-builder-workspace/.swiftpm/xcode
builtin-SwiftPerFileCompile XCUIApplication+CurrentPage.swift
SwiftCompile normal arm64 /Users/admin/builder/spi-builder-workspace/Sources/Sisyphos/Extensions/XCUIElement+Extensions.swift (in target 'Sisyphos' from project 'Sisyphos')
cd /Users/admin/builder/spi-builder-workspace/.swiftpm/xcode
builtin-SwiftPerFileCompile XCUIElement+Extensions.swift
SwiftCompile normal arm64 /Users/admin/builder/spi-builder-workspace/Sources/Sisyphos/Extensions/XCUIElementSnapshot+Matching.swift (in target 'Sisyphos' from project 'Sisyphos')
cd /Users/admin/builder/spi-builder-workspace/.swiftpm/xcode
builtin-SwiftPerFileCompile XCUIElementSnapshot+Matching.swift
SwiftCompile normal arm64 /Users/admin/builder/spi-builder-workspace/Sources/Sisyphos/Extensions/XCUIElementType+BetterCustomDebugString.swift (in target 'Sisyphos' from project 'Sisyphos')
cd /Users/admin/builder/spi-builder-workspace/.swiftpm/xcode
builtin-SwiftPerFileCompile XCUIElementType+BetterCustomDebugString.swift
/Users/admin/builder/spi-builder-workspace/Sources/Sisyphos/Extensions/XCUIElementSnapshot+Matching.swift:15:41: warning: conditional cast from 'XCUIElement' to 'NSObject' always succeeds
13 | guard
14 | let selfObject = self as? NSObject,
15 | let elementObject = element as? NSObject
| `- warning: conditional cast from 'XCUIElement' to 'NSObject' always succeeds
16 | else {
17 | return false
/Users/admin/builder/spi-builder-workspace/Sources/Sisyphos/Extensions/XCUIElementSnapshot+Matching.swift:44:33: warning: no method declared with Objective-C selector '_matchesElement:'
42 | func matches(element: NSObject) -> Bool {
43 | typealias MethodType = @convention(c) (NSObject, Selector, NSObject) -> Bool
44 | let selector = Selector("_matchesElement:")
| |- warning: no method declared with Objective-C selector '_matchesElement:'
| `- note: wrap the selector name in parentheses to suppress this warning
45 | let methodImplementation = unsafeBitCast(method(for: selector), to: MethodType.self)
46 | return methodImplementation(self, selector, element)
/Users/admin/builder/spi-builder-workspace/Sources/Sisyphos/Extensions/XCUIElementType+BetterCustomDebugString.swift:7:1: warning: extension declares a conformance of imported type 'ElementType' to imported protocol 'CustomDebugStringConvertible'; this will not behave correctly if the owners of 'XCUIAutomation' introduce this conformance in the future
5 | /// `__C.XCUIElementType` for every element type which gives no idea of which type the element is. This implementation
6 | /// will print the actual element type, e.g. `.staticText` or `.other`.
7 | extension XCUIElement.ElementType: CustomDebugStringConvertible {
| |- warning: extension declares a conformance of imported type 'ElementType' to imported protocol 'CustomDebugStringConvertible'; this will not behave correctly if the owners of 'XCUIAutomation' introduce this conformance in the future
| `- note: add '@retroactive' to silence this warning
8 | public var debugDescription: String {
9 | guard let elementType = ElementType(self) else { return "XCUIElement.ElementType(rawValue:\(rawValue))" }
SwiftCompile normal arm64 Compiling\ XCUITestCase+CodeGeneration.swift,\ XCUITestCase+InterruptionMonitor.swift,\ ElementFinder.swift,\ Snapshot.swift /Users/admin/builder/spi-builder-workspace/Sources/Sisyphos/Extensions/XCUITestCase+CodeGeneration.swift /Users/admin/builder/spi-builder-workspace/Sources/Sisyphos/Extensions/XCUITestCase+InterruptionMonitor.swift /Users/admin/builder/spi-builder-workspace/Sources/Sisyphos/Internal/ElementFinder.swift /Users/admin/builder/spi-builder-workspace/Sources/Sisyphos/Internal/Snapshot.swift (in target 'Sisyphos' from project 'Sisyphos')
SwiftCompile normal arm64 /Users/admin/builder/spi-builder-workspace/Sources/Sisyphos/Extensions/XCUITestCase+CodeGeneration.swift (in target 'Sisyphos' from project 'Sisyphos')
cd /Users/admin/builder/spi-builder-workspace/.swiftpm/xcode
builtin-SwiftPerFileCompile XCUITestCase+CodeGeneration.swift
SwiftCompile normal arm64 /Users/admin/builder/spi-builder-workspace/Sources/Sisyphos/Extensions/XCUITestCase+InterruptionMonitor.swift (in target 'Sisyphos' from project 'Sisyphos')
cd /Users/admin/builder/spi-builder-workspace/.swiftpm/xcode
builtin-SwiftPerFileCompile XCUITestCase+InterruptionMonitor.swift
SwiftCompile normal arm64 /Users/admin/builder/spi-builder-workspace/Sources/Sisyphos/Internal/ElementFinder.swift (in target 'Sisyphos' from project 'Sisyphos')
cd /Users/admin/builder/spi-builder-workspace/.swiftpm/xcode
builtin-SwiftPerFileCompile ElementFinder.swift
SwiftCompile normal arm64 /Users/admin/builder/spi-builder-workspace/Sources/Sisyphos/Internal/Snapshot.swift (in target 'Sisyphos' from project 'Sisyphos')
cd /Users/admin/builder/spi-builder-workspace/.swiftpm/xcode
builtin-SwiftPerFileCompile Snapshot.swift
SwiftCompile normal arm64 Compiling\ DefaultAlert.swift,\ DefaultPermissionAlert.swift,\ NSPredicate+Description.swift,\ String+Localized.swift /Users/admin/builder/spi-builder-workspace/Sources/Sisyphos/DefaultAlert.swift /Users/admin/builder/spi-builder-workspace/Sources/Sisyphos/DefaultPermissionAlert.swift /Users/admin/builder/spi-builder-workspace/Sources/Sisyphos/Extensions/NSPredicate+Description.swift /Users/admin/builder/spi-builder-workspace/Sources/Sisyphos/Extensions/String+Localized.swift (in target 'Sisyphos' from project 'Sisyphos')
SwiftCompile normal arm64 /Users/admin/builder/spi-builder-workspace/Sources/Sisyphos/DefaultAlert.swift (in target 'Sisyphos' from project 'Sisyphos')
cd /Users/admin/builder/spi-builder-workspace/.swiftpm/xcode
builtin-SwiftPerFileCompile DefaultAlert.swift
SwiftCompile normal arm64 /Users/admin/builder/spi-builder-workspace/Sources/Sisyphos/DefaultPermissionAlert.swift (in target 'Sisyphos' from project 'Sisyphos')
cd /Users/admin/builder/spi-builder-workspace/.swiftpm/xcode
builtin-SwiftPerFileCompile DefaultPermissionAlert.swift
SwiftCompile normal arm64 /Users/admin/builder/spi-builder-workspace/Sources/Sisyphos/Extensions/NSPredicate+Description.swift (in target 'Sisyphos' from project 'Sisyphos')
cd /Users/admin/builder/spi-builder-workspace/.swiftpm/xcode
builtin-SwiftPerFileCompile NSPredicate+Description.swift
SwiftCompile normal arm64 /Users/admin/builder/spi-builder-workspace/Sources/Sisyphos/Extensions/String+Localized.swift (in target 'Sisyphos' from project 'Sisyphos')
cd /Users/admin/builder/spi-builder-workspace/.swiftpm/xcode
builtin-SwiftPerFileCompile String+Localized.swift
SwiftCompile normal arm64 Compiling\ UIInterruptionsObserver.swift,\ InterruptionMonitor.swift,\ Alert.swift /Users/admin/builder/spi-builder-workspace/Sources/Sisyphos/Internal/UIInterruptionsObserver.swift /Users/admin/builder/spi-builder-workspace/Sources/Sisyphos/InterruptionMonitor.swift /Users/admin/builder/spi-builder-workspace/Sources/Sisyphos/Page\ Elements/Alert.swift (in target 'Sisyphos' from project 'Sisyphos')
SwiftCompile normal arm64 /Users/admin/builder/spi-builder-workspace/Sources/Sisyphos/Internal/UIInterruptionsObserver.swift (in target 'Sisyphos' from project 'Sisyphos')
cd /Users/admin/builder/spi-builder-workspace/.swiftpm/xcode
builtin-SwiftPerFileCompile UIInterruptionsObserver.swift
SwiftCompile normal arm64 /Users/admin/builder/spi-builder-workspace/Sources/Sisyphos/InterruptionMonitor.swift (in target 'Sisyphos' from project 'Sisyphos')
cd /Users/admin/builder/spi-builder-workspace/.swiftpm/xcode
builtin-SwiftPerFileCompile InterruptionMonitor.swift
SwiftCompile normal arm64 /Users/admin/builder/spi-builder-workspace/Sources/Sisyphos/Page\ Elements/Alert.swift (in target 'Sisyphos' from project 'Sisyphos')
cd /Users/admin/builder/spi-builder-workspace/.swiftpm/xcode
builtin-SwiftPerFileCompile Alert.swift
SwiftCompile normal arm64 Compiling\ TextField.swift,\ Page.swift,\ PageBuilder.swift /Users/admin/builder/spi-builder-workspace/Sources/Sisyphos/Page\ Elements/TextField.swift /Users/admin/builder/spi-builder-workspace/Sources/Sisyphos/Page.swift /Users/admin/builder/spi-builder-workspace/Sources/Sisyphos/PageBuilder.swift (in target 'Sisyphos' from project 'Sisyphos')
SwiftCompile normal arm64 /Users/admin/builder/spi-builder-workspace/Sources/Sisyphos/Page\ Elements/TextField.swift (in target 'Sisyphos' from project 'Sisyphos')
cd /Users/admin/builder/spi-builder-workspace/.swiftpm/xcode
builtin-SwiftPerFileCompile TextField.swift
SwiftCompile normal arm64 /Users/admin/builder/spi-builder-workspace/Sources/Sisyphos/Page.swift (in target 'Sisyphos' from project 'Sisyphos')
cd /Users/admin/builder/spi-builder-workspace/.swiftpm/xcode
builtin-SwiftPerFileCompile Page.swift
SwiftCompile normal arm64 /Users/admin/builder/spi-builder-workspace/Sources/Sisyphos/PageBuilder.swift (in target 'Sisyphos' from project 'Sisyphos')
cd /Users/admin/builder/spi-builder-workspace/.swiftpm/xcode
builtin-SwiftPerFileCompile PageBuilder.swift
SwiftDriverJobDiscovery normal arm64 Emitting module for Sisyphos (in target 'Sisyphos' from project 'Sisyphos')
SwiftDriver\ Compilation\ Requirements Sisyphos normal arm64 com.apple.xcode.tools.swift.compiler (in target 'Sisyphos' from project 'Sisyphos')
cd /Users/admin/builder/spi-builder-workspace/.swiftpm/xcode
builtin-Swift-Compilation-Requirements -- /Applications/Xcode-27.0.0-Release.Candidate.app/Contents/Developer/Toolchains/XcodeDefault.xctoolchain/usr/bin/swiftc -parse-as-library -module-name Sisyphos -Onone @/Users/admin/builder/spi-builder-workspace/.derivedData/Build/Intermediates.noindex/Sisyphos.build/Debug-appletvos/Sisyphos-t.build/Objects-normal/arm64/Sisyphos.SwiftFileList -DSWIFT_PACKAGE -DDEBUG -DSWIFT_MODULE_RESOURCE_BUNDLE_UNAVAILABLE -DXcode -plugin-path /Applications/Xcode-27.0.0-Release.Candidate.app/Contents/Developer/Toolchains/XcodeDefault.xctoolchain/usr/lib/swift/host/plugins/testing -enable-experimental-feature DebugDescriptionMacro -sdk /Applications/Xcode-27.0.0-Release.Candidate.app/Contents/Developer/Platforms/AppleTVOS.platform/Developer/SDKs/AppleTVOS27.0.sdk -target arm64-apple-tvos15.0 -g -module-cache-path /Users/admin/builder/spi-builder-workspace/.derivedData/ModuleCache.noindex -Xfrontend -serialize-debugging-options -profile-coverage-mapping -profile-generate -enable-testing -index-store-path /Users/admin/builder/spi-builder-workspace/.derivedData/Index.noindex/DataStore -Xcc -D_LIBCPP_HARDENING_MODE\=_LIBCPP_HARDENING_MODE_DEBUG -swift-version 5 -I /Users/admin/builder/spi-builder-workspace/.derivedData/Build/Products/Debug-appletvos -Isystem /Applications/Xcode-27.0.0-Release.Candidate.app/Contents/Developer/Platforms/AppleTVOS.platform/Developer/usr/lib -F /Users/admin/builder/spi-builder-workspace/.derivedData/Build/Products/Debug-appletvos -F /Applications/Xcode-27.0.0-Release.Candidate.app/Contents/Developer/Platforms/AppleTVOS.platform/Developer/Library/Frameworks -F /Applications/Xcode-27.0.0-Release.Candidate.app/Contents/Developer/Platforms/AppleTVOS.platform/Developer/SDKs/AppleTVOS27.0.sdk/Developer/Library/Frameworks -c -j10 -enable-batch-mode -incremental -Xcc -ivfsstatcache -Xcc /Users/admin/builder/spi-builder-workspace/.derivedData/SDKStatCaches.noindex/appletvos27.0-24J360-e829b21a6f8c9b70876ba0858053c044b32bfd8d43560033f8d89884cdb90028.sdkstatcache -output-file-map /Users/admin/builder/spi-builder-workspace/.derivedData/Build/Intermediates.noindex/Sisyphos.build/Debug-appletvos/Sisyphos-t.build/Objects-normal/arm64/Sisyphos-OutputFileMap.json -save-temps -no-color-diagnostics -explicit-module-build -module-cache-path /Users/admin/builder/spi-builder-workspace/.derivedData/Build/Intermediates.noindex/SwiftExplicitPrecompiledModules -clang-scanner-module-cache-path /Users/admin/builder/spi-builder-workspace/.derivedData/ModuleCache.noindex -sdk-module-cache-path /Users/admin/builder/spi-builder-workspace/.derivedData/SDKExplicitPrecompiledModules -emit-dependencies -emit-module -emit-module-path /Users/admin/builder/spi-builder-workspace/.derivedData/Build/Intermediates.noindex/Sisyphos.build/Debug-appletvos/Sisyphos-t.build/Objects-normal/arm64/Sisyphos.swiftmodule -serialize-diagnostics -dependency-scan-serialize-diagnostics-path /Users/admin/builder/spi-builder-workspace/.derivedData/Build/Intermediates.noindex/Sisyphos.build/Debug-appletvos/Sisyphos-t.build/Objects-normal/arm64/Sisyphos-dependency-scan.dia -validate-clang-modules-once -clang-build-session-file /Users/admin/builder/spi-builder-workspace/.derivedData/ModuleCache.noindex/Session.modulevalidation -Xcc -fmodules-prune-interval\=86400 -Xcc -fmodules-prune-after\=345600 -emit-const-values -const-gather-protocols-list /Users/admin/builder/spi-builder-workspace/.derivedData/Build/Intermediates.noindex/Sisyphos.build/Debug-appletvos/Sisyphos-t.build/Objects-normal/arm64/Sisyphos_const_extract_protocols.json -Xcc -I/Users/admin/builder/spi-builder-workspace/.derivedData/Build/Products/Debug-appletvos/include -Xcc -I/Users/admin/builder/spi-builder-workspace/.derivedData/Build/Intermediates.noindex/Sisyphos.build/Debug-appletvos/Sisyphos-t.build/DerivedSources-normal/arm64 -Xcc -I/Users/admin/builder/spi-builder-workspace/.derivedData/Build/Intermediates.noindex/Sisyphos.build/Debug-appletvos/Sisyphos-t.build/DerivedSources/arm64 -Xcc -I/Users/admin/builder/spi-builder-workspace/.derivedData/Build/Intermediates.noindex/Sisyphos.build/Debug-appletvos/Sisyphos-t.build/DerivedSources -Xcc -DSWIFT_PACKAGE -Xcc -DDEBUG\=1 -emit-objc-header -emit-objc-header-path /Users/admin/builder/spi-builder-workspace/.derivedData/Build/Intermediates.noindex/Sisyphos.build/Debug-appletvos/Sisyphos-t.build/Objects-normal/arm64/Sisyphos-Swift.h -working-directory /Users/admin/builder/spi-builder-workspace/.swiftpm/xcode -experimental-emit-module-separately -disable-cmo
SwiftDriverJobDiscovery normal arm64 Compiling Button.swift, Cell.swift, CollectionView.swift (in target 'Sisyphos' from project 'Sisyphos')
SwiftDriverJobDiscovery normal arm64 Compiling StaticText.swift, Switch.swift, TabBar.swift (in target 'Sisyphos' from project 'Sisyphos')
SwiftDriverJobDiscovery normal arm64 Compiling NavigationBar.swift, Other.swift, SecureTextField.swift (in target 'Sisyphos' from project 'Sisyphos')
SwiftMergeGeneratedHeaders /Users/admin/builder/spi-builder-workspace/.derivedData/Build/Intermediates.noindex/GeneratedModuleMaps-appletvos/Sisyphos-Swift.h /Users/admin/builder/spi-builder-workspace/.derivedData/Build/Intermediates.noindex/Sisyphos.build/Debug-appletvos/Sisyphos-t.build/Objects-normal/arm64/Sisyphos-Swift.h (in target 'Sisyphos' from project 'Sisyphos')
cd /Users/admin/builder/spi-builder-workspace
builtin-swiftHeaderTool -arch arm64 /Users/admin/builder/spi-builder-workspace/.derivedData/Build/Intermediates.noindex/Sisyphos.build/Debug-appletvos/Sisyphos-t.build/Objects-normal/arm64/Sisyphos-Swift.h -o /Users/admin/builder/spi-builder-workspace/.derivedData/Build/Intermediates.noindex/GeneratedModuleMaps-appletvos/Sisyphos-Swift.h
Copy /Users/admin/builder/spi-builder-workspace/.derivedData/Build/Products/Debug-appletvos/Sisyphos.swiftmodule/arm64-apple-tvos.swiftdoc /Users/admin/builder/spi-builder-workspace/.derivedData/Build/Intermediates.noindex/Sisyphos.build/Debug-appletvos/Sisyphos-t.build/Objects-normal/arm64/Sisyphos.swiftdoc (in target 'Sisyphos' from project 'Sisyphos')
cd /Users/admin/builder/spi-builder-workspace
builtin-copy -exclude .DS_Store -exclude CVS -exclude .svn -exclude .git -exclude .hg -resolve-src-symlinks -rename /Users/admin/builder/spi-builder-workspace/.derivedData/Build/Intermediates.noindex/Sisyphos.build/Debug-appletvos/Sisyphos-t.build/Objects-normal/arm64/Sisyphos.swiftdoc /Users/admin/builder/spi-builder-workspace/.derivedData/Build/Products/Debug-appletvos/Sisyphos.swiftmodule/arm64-apple-tvos.swiftdoc
Copy /Users/admin/builder/spi-builder-workspace/.derivedData/Build/Products/Debug-appletvos/Sisyphos.swiftmodule/arm64-apple-tvos.swiftmodule /Users/admin/builder/spi-builder-workspace/.derivedData/Build/Intermediates.noindex/Sisyphos.build/Debug-appletvos/Sisyphos-t.build/Objects-normal/arm64/Sisyphos.swiftmodule (in target 'Sisyphos' from project 'Sisyphos')
cd /Users/admin/builder/spi-builder-workspace
builtin-copy -exclude .DS_Store -exclude CVS -exclude .svn -exclude .git -exclude .hg -resolve-src-symlinks -rename /Users/admin/builder/spi-builder-workspace/.derivedData/Build/Intermediates.noindex/Sisyphos.build/Debug-appletvos/Sisyphos-t.build/Objects-normal/arm64/Sisyphos.swiftmodule /Users/admin/builder/spi-builder-workspace/.derivedData/Build/Products/Debug-appletvos/Sisyphos.swiftmodule/arm64-apple-tvos.swiftmodule
Copy /Users/admin/builder/spi-builder-workspace/.derivedData/Build/Products/Debug-appletvos/Sisyphos.swiftmodule/arm64-apple-tvos.abi.json /Users/admin/builder/spi-builder-workspace/.derivedData/Build/Intermediates.noindex/Sisyphos.build/Debug-appletvos/Sisyphos-t.build/Objects-normal/arm64/Sisyphos.abi.json (in target 'Sisyphos' from project 'Sisyphos')
cd /Users/admin/builder/spi-builder-workspace
builtin-copy -exclude .DS_Store -exclude CVS -exclude .svn -exclude .git -exclude .hg -resolve-src-symlinks -rename /Users/admin/builder/spi-builder-workspace/.derivedData/Build/Intermediates.noindex/Sisyphos.build/Debug-appletvos/Sisyphos-t.build/Objects-normal/arm64/Sisyphos.abi.json /Users/admin/builder/spi-builder-workspace/.derivedData/Build/Products/Debug-appletvos/Sisyphos.swiftmodule/arm64-apple-tvos.abi.json
Copy /Users/admin/builder/spi-builder-workspace/.derivedData/Build/Products/Debug-appletvos/Sisyphos.swiftmodule/Project/arm64-apple-tvos.swiftsourceinfo /Users/admin/builder/spi-builder-workspace/.derivedData/Build/Intermediates.noindex/Sisyphos.build/Debug-appletvos/Sisyphos-t.build/Objects-normal/arm64/Sisyphos.swiftsourceinfo (in target 'Sisyphos' from project 'Sisyphos')
cd /Users/admin/builder/spi-builder-workspace
builtin-copy -exclude .DS_Store -exclude CVS -exclude .svn -exclude .git -exclude .hg -resolve-src-symlinks -rename /Users/admin/builder/spi-builder-workspace/.derivedData/Build/Intermediates.noindex/Sisyphos.build/Debug-appletvos/Sisyphos-t.build/Objects-normal/arm64/Sisyphos.swiftsourceinfo /Users/admin/builder/spi-builder-workspace/.derivedData/Build/Products/Debug-appletvos/Sisyphos.swiftmodule/Project/arm64-apple-tvos.swiftsourceinfo
PruneExplicitPrecompiledModules /Users/admin/builder/spi-builder-workspace/.derivedData/Build/Intermediates.noindex/ExplicitPrecompiledModules
PruneExplicitPrecompiledModules /Users/admin/builder/spi-builder-workspace/.derivedData/Build/Intermediates.noindex/SwiftExplicitPrecompiledModules
PruneExplicitPrecompiledModules /Users/admin/builder/spi-builder-workspace/.derivedData/SDKExplicitPrecompiledModules
2026-09-23 06:46:06.219 xcodebuild[651:4180] [MT] IDERunDestination: Supported platforms for the buildables in the current scheme is empty.
** BUILD FAILED **
The following build commands failed:
SwiftCompile normal arm64 Compiling\ PageDescription.swift,\ PageElement.swift,\ PageElementIdentifier.swift /Users/admin/builder/spi-builder-workspace/Sources/Sisyphos/PageDescription.swift /Users/admin/builder/spi-builder-workspace/Sources/Sisyphos/PageElement.swift /Users/admin/builder/spi-builder-workspace/Sources/Sisyphos/PageElementIdentifier.swift (in target 'Sisyphos' from project 'Sisyphos')
SwiftCompile normal arm64 /Users/admin/builder/spi-builder-workspace/Sources/Sisyphos/PageElement.swift (in target 'Sisyphos' from project 'Sisyphos')
Building workspace Sisyphos with scheme Sisyphos
(3 failures)
Command line invocation:
/Applications/Xcode-27.0.0-Release.Candidate.app/Contents/Developer/usr/bin/xcodebuild -IDEClonedSourcePackagesDirPathOverride=/Users/admin/builder/spi-builder-workspace/.dependencies -resolvePackageDependencies
Resolve Package Graph
Resolved source packages:
Sisyphos: /Users/admin/builder/spi-builder-workspace
resolved source packages: Sisyphos
2026-09-23 06:46:15.609 xcodebuild[737:4572] [MT] IDERunDestination: Supported platforms for the buildables in the current scheme is empty.
{
"dependencies" : [
],
"manifest_display_name" : "Sisyphos",
"name" : "Sisyphos",
"path" : "/Users/admin/builder/spi-builder-workspace",
"platforms" : [
{
"name" : "macos",
"version" : "12.0"
},
{
"name" : "ios",
"version" : "14.0"
}
],
"products" : [
{
"name" : "Sisyphos",
"targets" : [
"Sisyphos"
],
"type" : {
"library" : [
"automatic"
]
}
}
],
"targets" : [
{
"c99name" : "SisyphosTests",
"module_type" : "SwiftTarget",
"name" : "SisyphosTests",
"path" : "Tests/SisyphosTests",
"sources" : [
"Internal/NSPredicateTests.swift",
"PageBuilderTests.swift",
"SisyphosTests.swift"
],
"target_dependencies" : [
"Sisyphos"
],
"type" : "test"
},
{
"c99name" : "Sisyphos",
"module_type" : "SwiftTarget",
"name" : "Sisyphos",
"path" : "Sources/Sisyphos",
"product_memberships" : [
"Sisyphos"
],
"sources" : [
"DefaultAlert.swift",
"DefaultPermissionAlert.swift",
"Extensions/NSPredicate+Description.swift",
"Extensions/String+Localized.swift",
"Extensions/XCUIApplication+CurrentPage.swift",
"Extensions/XCUIElement+Extensions.swift",
"Extensions/XCUIElementSnapshot+Matching.swift",
"Extensions/XCUIElementType+BetterCustomDebugString.swift",
"Extensions/XCUITestCase+CodeGeneration.swift",
"Extensions/XCUITestCase+InterruptionMonitor.swift",
"Internal/ElementFinder.swift",
"Internal/Snapshot.swift",
"Internal/UIInterruptionsObserver.swift",
"InterruptionMonitor.swift",
"Page Elements/Alert.swift",
"Page Elements/Button.swift",
"Page Elements/Cell.swift",
"Page Elements/CollectionView.swift",
"Page Elements/NavigationBar.swift",
"Page Elements/Other.swift",
"Page Elements/SecureTextField.swift",
"Page Elements/StaticText.swift",
"Page Elements/Switch.swift",
"Page Elements/TabBar.swift",
"Page Elements/TextField.swift",
"Page.swift",
"PageBuilder.swift",
"PageDescription.swift",
"PageElement.swift",
"PageElementIdentifier.swift",
"PageExistsResults.swift",
"QueryIdentifier.swift",
"TestData.swift"
],
"type" : "library"
}
],
"tools_version" : "5.6"
}
{
"workspace" : {
"name" : "Sisyphos",
"schemes" : [
"Sisyphos"
]
}
}
2026-09-23 06:46:16.870 xcodebuild[745:4642] [MT] IDERunDestination: Supported platforms for the buildables in the current scheme is empty.
Running build ...
env DEVELOPER_DIR=/Applications/Xcode-27.0.0-Release.Candidate.app xcrun xcodebuild -IDEClonedSourcePackagesDirPathOverride=$PWD/.dependencies -skipMacroValidation -skipPackagePluginValidation -derivedDataPath $PWD/.derivedData build -scheme Sisyphos -destination generic/platform=tvOS
Command line invocation:
/Applications/Xcode-27.0.0-Release.Candidate.app/Contents/Developer/usr/bin/xcodebuild -IDEClonedSourcePackagesDirPathOverride=/Users/admin/builder/spi-builder-workspace/.dependencies -skipMacroValidation -skipPackagePluginValidation -derivedDataPath /Users/admin/builder/spi-builder-workspace/.derivedData build -scheme Sisyphos -destination generic/platform=tvOS
Resolve Package Graph
Resolved source packages:
Sisyphos: /Users/admin/builder/spi-builder-workspace
ComputePackagePrebuildTargetDependencyGraph
Prepare packages
CreateBuildRequest
SendProjectDescription
CreateBuildOperation
ComputeTargetDependencyGraph
note: Building targets in dependency order
note: Target dependency graph (2 targets)
Target 'Sisyphos-product' in project 'Sisyphos'
➜ Explicit dependency on target 'Sisyphos' in project 'Sisyphos'
Target 'Sisyphos' in project 'Sisyphos' (no dependencies)
GatherProvisioningInputs
CreateBuildDescription
ClangStatCache /Applications/Xcode-27.0.0-Release.Candidate.app/Contents/Developer/Toolchains/XcodeDefault.xctoolchain/usr/bin/clang-stat-cache /Applications/Xcode-27.0.0-Release.Candidate.app/Contents/Developer/Platforms/AppleTVOS.platform/Developer/SDKs/AppleTVOS27.0.sdk /Users/admin/builder/spi-builder-workspace/.derivedData/SDKStatCaches.noindex/appletvos27.0-24J360-e829b21a6f8c9b70876ba0858053c044b32bfd8d43560033f8d89884cdb90028.sdkstatcache
cd /Users/admin/builder/spi-builder-workspace/.swiftpm/xcode
/Applications/Xcode-27.0.0-Release.Candidate.app/Contents/Developer/Toolchains/XcodeDefault.xctoolchain/usr/bin/clang-stat-cache /Applications/Xcode-27.0.0-Release.Candidate.app/Contents/Developer/Platforms/AppleTVOS.platform/Developer/SDKs/AppleTVOS27.0.sdk -o /Users/admin/builder/spi-builder-workspace/.derivedData/SDKStatCaches.noindex/appletvos27.0-24J360-e829b21a6f8c9b70876ba0858053c044b32bfd8d43560033f8d89884cdb90028.sdkstatcache
SwiftDriver Sisyphos normal arm64 com.apple.xcode.tools.swift.compiler (in target 'Sisyphos' from project 'Sisyphos')
cd /Users/admin/builder/spi-builder-workspace/.swiftpm/xcode
builtin-SwiftDriver -- /Applications/Xcode-27.0.0-Release.Candidate.app/Contents/Developer/Toolchains/XcodeDefault.xctoolchain/usr/bin/swiftc -parse-as-library -module-name Sisyphos -Onone @/Users/admin/builder/spi-builder-workspace/.derivedData/Build/Intermediates.noindex/Sisyphos.build/Debug-appletvos/Sisyphos-t.build/Objects-normal/arm64/Sisyphos.SwiftFileList -DSWIFT_PACKAGE -DDEBUG -DSWIFT_MODULE_RESOURCE_BUNDLE_UNAVAILABLE -DXcode -plugin-path /Applications/Xcode-27.0.0-Release.Candidate.app/Contents/Developer/Toolchains/XcodeDefault.xctoolchain/usr/lib/swift/host/plugins/testing -enable-experimental-feature DebugDescriptionMacro -sdk /Applications/Xcode-27.0.0-Release.Candidate.app/Contents/Developer/Platforms/AppleTVOS.platform/Developer/SDKs/AppleTVOS27.0.sdk -target arm64-apple-tvos15.0 -g -module-cache-path /Users/admin/builder/spi-builder-workspace/.derivedData/ModuleCache.noindex -Xfrontend -serialize-debugging-options -profile-coverage-mapping -profile-generate -enable-testing -index-store-path /Users/admin/builder/spi-builder-workspace/.derivedData/Index.noindex/DataStore -Xcc -D_LIBCPP_HARDENING_MODE\=_LIBCPP_HARDENING_MODE_DEBUG -swift-version 5 -I /Users/admin/builder/spi-builder-workspace/.derivedData/Build/Products/Debug-appletvos -Isystem /Applications/Xcode-27.0.0-Release.Candidate.app/Contents/Developer/Platforms/AppleTVOS.platform/Developer/usr/lib -F /Users/admin/builder/spi-builder-workspace/.derivedData/Build/Products/Debug-appletvos -F /Applications/Xcode-27.0.0-Release.Candidate.app/Contents/Developer/Platforms/AppleTVOS.platform/Developer/Library/Frameworks -F /Applications/Xcode-27.0.0-Release.Candidate.app/Contents/Developer/Platforms/AppleTVOS.platform/Developer/SDKs/AppleTVOS27.0.sdk/Developer/Library/Frameworks -c -j10 -enable-batch-mode -incremental -Xcc -ivfsstatcache -Xcc /Users/admin/builder/spi-builder-workspace/.derivedData/SDKStatCaches.noindex/appletvos27.0-24J360-e829b21a6f8c9b70876ba0858053c044b32bfd8d43560033f8d89884cdb90028.sdkstatcache -output-file-map /Users/admin/builder/spi-builder-workspace/.derivedData/Build/Intermediates.noindex/Sisyphos.build/Debug-appletvos/Sisyphos-t.build/Objects-normal/arm64/Sisyphos-OutputFileMap.json -save-temps -no-color-diagnostics -explicit-module-build -module-cache-path /Users/admin/builder/spi-builder-workspace/.derivedData/Build/Intermediates.noindex/SwiftExplicitPrecompiledModules -clang-scanner-module-cache-path /Users/admin/builder/spi-builder-workspace/.derivedData/ModuleCache.noindex -sdk-module-cache-path /Users/admin/builder/spi-builder-workspace/.derivedData/SDKExplicitPrecompiledModules -emit-dependencies -emit-module -emit-module-path /Users/admin/builder/spi-builder-workspace/.derivedData/Build/Intermediates.noindex/Sisyphos.build/Debug-appletvos/Sisyphos-t.build/Objects-normal/arm64/Sisyphos.swiftmodule -serialize-diagnostics -dependency-scan-serialize-diagnostics-path /Users/admin/builder/spi-builder-workspace/.derivedData/Build/Intermediates.noindex/Sisyphos.build/Debug-appletvos/Sisyphos-t.build/Objects-normal/arm64/Sisyphos-dependency-scan.dia -validate-clang-modules-once -clang-build-session-file /Users/admin/builder/spi-builder-workspace/.derivedData/ModuleCache.noindex/Session.modulevalidation -Xcc -fmodules-prune-interval\=86400 -Xcc -fmodules-prune-after\=345600 -emit-const-values -const-gather-protocols-list /Users/admin/builder/spi-builder-workspace/.derivedData/Build/Intermediates.noindex/Sisyphos.build/Debug-appletvos/Sisyphos-t.build/Objects-normal/arm64/Sisyphos_const_extract_protocols.json -Xcc -I/Users/admin/builder/spi-builder-workspace/.derivedData/Build/Products/Debug-appletvos/include -Xcc -I/Users/admin/builder/spi-builder-workspace/.derivedData/Build/Intermediates.noindex/Sisyphos.build/Debug-appletvos/Sisyphos-t.build/DerivedSources-normal/arm64 -Xcc -I/Users/admin/builder/spi-builder-workspace/.derivedData/Build/Intermediates.noindex/Sisyphos.build/Debug-appletvos/Sisyphos-t.build/DerivedSources/arm64 -Xcc -I/Users/admin/builder/spi-builder-workspace/.derivedData/Build/Intermediates.noindex/Sisyphos.build/Debug-appletvos/Sisyphos-t.build/DerivedSources -Xcc -DSWIFT_PACKAGE -Xcc -DDEBUG\=1 -emit-objc-header -emit-objc-header-path /Users/admin/builder/spi-builder-workspace/.derivedData/Build/Intermediates.noindex/Sisyphos.build/Debug-appletvos/Sisyphos-t.build/Objects-normal/arm64/Sisyphos-Swift.h -working-directory /Users/admin/builder/spi-builder-workspace/.swiftpm/xcode -experimental-emit-module-separately -disable-cmo
SwiftCompile normal arm64 Compiling\ DefaultAlert.swift,\ DefaultPermissionAlert.swift,\ NSPredicate+Description.swift /Users/admin/builder/spi-builder-workspace/Sources/Sisyphos/DefaultAlert.swift /Users/admin/builder/spi-builder-workspace/Sources/Sisyphos/DefaultPermissionAlert.swift /Users/admin/builder/spi-builder-workspace/Sources/Sisyphos/Extensions/NSPredicate+Description.swift (in target 'Sisyphos' from project 'Sisyphos')
SwiftCompile normal arm64 /Users/admin/builder/spi-builder-workspace/Sources/Sisyphos/DefaultAlert.swift (in target 'Sisyphos' from project 'Sisyphos')
cd /Users/admin/builder/spi-builder-workspace/.swiftpm/xcode
builtin-SwiftPerFileCompile DefaultAlert.swift
SwiftCompile normal arm64 /Users/admin/builder/spi-builder-workspace/Sources/Sisyphos/DefaultPermissionAlert.swift (in target 'Sisyphos' from project 'Sisyphos')
cd /Users/admin/builder/spi-builder-workspace/.swiftpm/xcode
builtin-SwiftPerFileCompile DefaultPermissionAlert.swift
SwiftCompile normal arm64 /Users/admin/builder/spi-builder-workspace/Sources/Sisyphos/Extensions/NSPredicate+Description.swift (in target 'Sisyphos' from project 'Sisyphos')
cd /Users/admin/builder/spi-builder-workspace/.swiftpm/xcode
builtin-SwiftPerFileCompile NSPredicate+Description.swift
SwiftCompile normal arm64 Compiling\ UIInterruptionsObserver.swift,\ InterruptionMonitor.swift /Users/admin/builder/spi-builder-workspace/Sources/Sisyphos/Internal/UIInterruptionsObserver.swift /Users/admin/builder/spi-builder-workspace/Sources/Sisyphos/InterruptionMonitor.swift (in target 'Sisyphos' from project 'Sisyphos')
SwiftCompile normal arm64 /Users/admin/builder/spi-builder-workspace/Sources/Sisyphos/Internal/UIInterruptionsObserver.swift (in target 'Sisyphos' from project 'Sisyphos')
cd /Users/admin/builder/spi-builder-workspace/.swiftpm/xcode
builtin-SwiftPerFileCompile UIInterruptionsObserver.swift
SwiftCompile normal arm64 /Users/admin/builder/spi-builder-workspace/Sources/Sisyphos/InterruptionMonitor.swift (in target 'Sisyphos' from project 'Sisyphos')
cd /Users/admin/builder/spi-builder-workspace/.swiftpm/xcode
builtin-SwiftPerFileCompile InterruptionMonitor.swift
SwiftCompile normal arm64 Compiling\ Alert.swift,\ TextField.swift /Users/admin/builder/spi-builder-workspace/Sources/Sisyphos/Page\ Elements/Alert.swift /Users/admin/builder/spi-builder-workspace/Sources/Sisyphos/Page\ Elements/TextField.swift (in target 'Sisyphos' from project 'Sisyphos')
SwiftCompile normal arm64 /Users/admin/builder/spi-builder-workspace/Sources/Sisyphos/Page\ Elements/Alert.swift (in target 'Sisyphos' from project 'Sisyphos')
cd /Users/admin/builder/spi-builder-workspace/.swiftpm/xcode
builtin-SwiftPerFileCompile Alert.swift
SwiftCompile normal arm64 /Users/admin/builder/spi-builder-workspace/Sources/Sisyphos/Page\ Elements/TextField.swift (in target 'Sisyphos' from project 'Sisyphos')
cd /Users/admin/builder/spi-builder-workspace/.swiftpm/xcode
builtin-SwiftPerFileCompile TextField.swift
SwiftEmitModule normal arm64 Emitting\ module\ for\ Sisyphos (in target 'Sisyphos' from project 'Sisyphos')
SwiftCompile normal arm64 (in target 'Sisyphos' from project 'Sisyphos')
cd /Users/admin/builder/spi-builder-workspace/.swiftpm/xcode
/Users/admin/builder/spi-builder-workspace/Sources/Sisyphos/Extensions/XCUIElementSnapshot+Matching.swift:44:33: warning: no method declared with Objective-C selector '_matchesElement:'
42 | func matches(element: NSObject) -> Bool {
43 | typealias MethodType = @convention(c) (NSObject, Selector, NSObject) -> Bool
44 | let selector = Selector("_matchesElement:")
| |- warning: no method declared with Objective-C selector '_matchesElement:'
| `- note: wrap the selector name in parentheses to suppress this warning
45 | let methodImplementation = unsafeBitCast(method(for: selector), to: MethodType.self)
46 | return methodImplementation(self, selector, element)
/Users/admin/builder/spi-builder-workspace/Sources/Sisyphos/Extensions/XCUIElementType+BetterCustomDebugString.swift:7:1: warning: extension declares a conformance of imported type 'ElementType' to imported protocol 'CustomDebugStringConvertible'; this will not behave correctly if the owners of 'XCUIAutomation' introduce this conformance in the future
5 | /// `__C.XCUIElementType` for every element type which gives no idea of which type the element is. This implementation
6 | /// will print the actual element type, e.g. `.staticText` or `.other`.
7 | extension XCUIElement.ElementType: CustomDebugStringConvertible {
| |- warning: extension declares a conformance of imported type 'ElementType' to imported protocol 'CustomDebugStringConvertible'; this will not behave correctly if the owners of 'XCUIAutomation' introduce this conformance in the future
| `- note: add '@retroactive' to silence this warning
8 | public var debugDescription: String {
9 | guard let elementType = ElementType(self) else { return "XCUIElement.ElementType(rawValue:\(rawValue))" }
SwiftCompile normal arm64 Compiling\ XCUITestCase+InterruptionMonitor.swift,\ ElementFinder.swift,\ Snapshot.swift /Users/admin/builder/spi-builder-workspace/Sources/Sisyphos/Extensions/XCUITestCase+InterruptionMonitor.swift /Users/admin/builder/spi-builder-workspace/Sources/Sisyphos/Internal/ElementFinder.swift /Users/admin/builder/spi-builder-workspace/Sources/Sisyphos/Internal/Snapshot.swift (in target 'Sisyphos' from project 'Sisyphos')
SwiftCompile normal arm64 /Users/admin/builder/spi-builder-workspace/Sources/Sisyphos/Extensions/XCUITestCase+InterruptionMonitor.swift (in target 'Sisyphos' from project 'Sisyphos')
cd /Users/admin/builder/spi-builder-workspace/.swiftpm/xcode
builtin-SwiftPerFileCompile XCUITestCase+InterruptionMonitor.swift
SwiftCompile normal arm64 /Users/admin/builder/spi-builder-workspace/Sources/Sisyphos/Internal/ElementFinder.swift (in target 'Sisyphos' from project 'Sisyphos')
cd /Users/admin/builder/spi-builder-workspace/.swiftpm/xcode
builtin-SwiftPerFileCompile ElementFinder.swift
SwiftCompile normal arm64 /Users/admin/builder/spi-builder-workspace/Sources/Sisyphos/Internal/Snapshot.swift (in target 'Sisyphos' from project 'Sisyphos')
cd /Users/admin/builder/spi-builder-workspace/.swiftpm/xcode
builtin-SwiftPerFileCompile Snapshot.swift
SwiftCompile normal arm64 Compiling\ Page.swift,\ PageBuilder.swift /Users/admin/builder/spi-builder-workspace/Sources/Sisyphos/Page.swift /Users/admin/builder/spi-builder-workspace/Sources/Sisyphos/PageBuilder.swift (in target 'Sisyphos' from project 'Sisyphos')
SwiftCompile normal arm64 /Users/admin/builder/spi-builder-workspace/Sources/Sisyphos/Page.swift (in target 'Sisyphos' from project 'Sisyphos')
cd /Users/admin/builder/spi-builder-workspace/.swiftpm/xcode
builtin-SwiftPerFileCompile Page.swift
SwiftCompile normal arm64 /Users/admin/builder/spi-builder-workspace/Sources/Sisyphos/PageBuilder.swift (in target 'Sisyphos' from project 'Sisyphos')
cd /Users/admin/builder/spi-builder-workspace/.swiftpm/xcode
builtin-SwiftPerFileCompile PageBuilder.swift
SwiftCompile normal arm64 Compiling\ PageElementIdentifier.swift,\ PageExistsResults.swift /Users/admin/builder/spi-builder-workspace/Sources/Sisyphos/PageElementIdentifier.swift /Users/admin/builder/spi-builder-workspace/Sources/Sisyphos/PageExistsResults.swift (in target 'Sisyphos' from project 'Sisyphos')
SwiftCompile normal arm64 /Users/admin/builder/spi-builder-workspace/Sources/Sisyphos/PageElementIdentifier.swift (in target 'Sisyphos' from project 'Sisyphos')
cd /Users/admin/builder/spi-builder-workspace/.swiftpm/xcode
builtin-SwiftPerFileCompile PageElementIdentifier.swift
SwiftCompile normal arm64 /Users/admin/builder/spi-builder-workspace/Sources/Sisyphos/PageExistsResults.swift (in target 'Sisyphos' from project 'Sisyphos')
cd /Users/admin/builder/spi-builder-workspace/.swiftpm/xcode
builtin-SwiftPerFileCompile PageExistsResults.swift
SwiftCompile normal arm64 Compiling\ PageDescription.swift,\ PageElement.swift /Users/admin/builder/spi-builder-workspace/Sources/Sisyphos/PageDescription.swift /Users/admin/builder/spi-builder-workspace/Sources/Sisyphos/PageElement.swift (in target 'Sisyphos' from project 'Sisyphos')
/Users/admin/builder/spi-builder-workspace/Sources/Sisyphos/PageElement.swift:68:17: error: 'tap()' is unavailable in tvOS
66 | guard let element = getXCUIElement(forAction: "tap()") else { return }
67 | element.waitUntilStablePosition()
68 | element.tap()
| `- error: 'tap()' is unavailable in tvOS
69 | }
70 |
/Applications/Xcode-27.0.0-Release.Candidate.app/Contents/Developer/Platforms/AppleTVOS.platform/Developer/Library/Frameworks/XCUIAutomation.framework/Headers/XCUIElement.h:139:1: note: 'tap()' has been explicitly marked unavailable here
137 | * Sends a tap event to a hittable point computed for the element.
138 | */
139 | - (void)tap API_UNAVAILABLE(tvos);
| `- note: 'tap()' has been explicitly marked unavailable here
140 |
141 | /*!
/Users/admin/builder/spi-builder-workspace/Sources/Sisyphos/PageElement.swift:81:17: error: value of type 'XCUIElement' has no member 'coordinate'
79 | guard let element = getXCUIElement(forAction: "tap()") else { return }
80 | element.waitUntilStablePosition()
81 | element.coordinate(withNormalizedOffset: coordinates).tap()
| `- error: value of type 'XCUIElement' has no member 'coordinate'
82 | }
83 |
/Users/admin/builder/spi-builder-workspace/Sources/Sisyphos/PageElement.swift:100:21: error: value of type 'XCUIElement' has no member 'coordinate'
98 | guard let element = getXCUIElement(forAction: "type(text: \(text.debugDescription)") else { return }
99 | element.waitUntilStablePosition()
100 | element.coordinate(withNormalizedOffset: CGVector(dx: 0.5, dy: 0.5)).tap()
| `- error: value of type 'XCUIElement' has no member 'coordinate'
101 | element.typeText(text)
102 |
/Users/admin/builder/spi-builder-workspace/Sources/Sisyphos/PageElement.swift:165:35: error: value of type 'XCUIApplication' has no member 'coordinate'
163 | guard !CGRectContainsRect(window.frame, element.frame) else { return }
164 | var tryCounter = maxTryCount
165 | var startCoordinate = app.coordinate(withNormalizedOffset: CGVector(dx: 0.5, dy: 0.5))
| `- error: value of type 'XCUIApplication' has no member 'coordinate'
166 | repeat {
167 | var endCoordinate = startCoordinate
Failed frontend command:
/Applications/Xcode-27.0.0-Release.Candidate.app/Contents/Developer/Toolchains/XcodeDefault.xctoolchain/usr/bin/swift-frontend -frontend -c /Users/admin/builder/spi-builder-workspace/Sources/Sisyphos/DefaultAlert.swift /Users/admin/builder/spi-builder-workspace/Sources/Sisyphos/DefaultPermissionAlert.swift /Users/admin/builder/spi-builder-workspace/Sources/Sisyphos/Extensions/NSPredicate+Description.swift /Users/admin/builder/spi-builder-workspace/Sources/Sisyphos/Extensions/String+Localized.swift /Users/admin/builder/spi-builder-workspace/Sources/Sisyphos/Extensions/XCUIApplication+CurrentPage.swift /Users/admin/builder/spi-builder-workspace/Sources/Sisyphos/Extensions/XCUIElement+Extensions.swift /Users/admin/builder/spi-builder-workspace/Sources/Sisyphos/Extensions/XCUIElementSnapshot+Matching.swift /Users/admin/builder/spi-builder-workspace/Sources/Sisyphos/Extensions/XCUIElementType+BetterCustomDebugString.swift /Users/admin/builder/spi-builder-workspace/Sources/Sisyphos/Extensions/XCUITestCase+CodeGeneration.swift /Users/admin/builder/spi-builder-workspace/Sources/Sisyphos/Extensions/XCUITestCase+InterruptionMonitor.swift /Users/admin/builder/spi-builder-workspace/Sources/Sisyphos/Internal/ElementFinder.swift /Users/admin/builder/spi-builder-workspace/Sources/Sisyphos/Internal/Snapshot.swift /Users/admin/builder/spi-builder-workspace/Sources/Sisyphos/Internal/UIInterruptionsObserver.swift /Users/admin/builder/spi-builder-workspace/Sources/Sisyphos/InterruptionMonitor.swift /Users/admin/builder/spi-builder-workspace/Sources/Sisyphos/Page\ Elements/Alert.swift /Users/admin/builder/spi-builder-workspace/Sources/Sisyphos/Page\ Elements/Button.swift /Users/admin/builder/spi-builder-workspace/Sources/Sisyphos/Page\ Elements/Cell.swift /Users/admin/builder/spi-builder-workspace/Sources/Sisyphos/Page\ Elements/CollectionView.swift /Users/admin/builder/spi-builder-workspace/Sources/Sisyphos/Page\ Elements/NavigationBar.swift /Users/admin/builder/spi-builder-workspace/Sources/Sisyphos/Page\ Elements/Other.swift /Users/admin/builder/spi-builder-workspace/Sources/Sisyphos/Page\ Elements/SecureTextField.swift /Users/admin/builder/spi-builder-workspace/Sources/Sisyphos/Page\ Elements/StaticText.swift /Users/admin/builder/spi-builder-workspace/Sources/Sisyphos/Page\ Elements/Switch.swift /Users/admin/builder/spi-builder-workspace/Sources/Sisyphos/Page\ Elements/TabBar.swift /Users/admin/builder/spi-builder-workspace/Sources/Sisyphos/Page\ Elements/TextField.swift /Users/admin/builder/spi-builder-workspace/Sources/Sisyphos/Page.swift /Users/admin/builder/spi-builder-workspace/Sources/Sisyphos/PageBuilder.swift -primary-file /Users/admin/builder/spi-builder-workspace/Sources/Sisyphos/PageDescription.swift -primary-file /Users/admin/builder/spi-builder-workspace/Sources/Sisyphos/PageElement.swift /Users/admin/builder/spi-builder-workspace/Sources/Sisyphos/PageElementIdentifier.swift /Users/admin/builder/spi-builder-workspace/Sources/Sisyphos/PageExistsResults.swift /Users/admin/builder/spi-builder-workspace/Sources/Sisyphos/QueryIdentifier.swift /Users/admin/builder/spi-builder-workspace/Sources/Sisyphos/TestData.swift -emit-dependencies-path /Users/admin/builder/spi-builder-workspace/.derivedData/Build/Intermediates.noindex/Sisyphos.build/Debug-appletvos/Sisyphos-t.build/Objects-normal/arm64/PageDescription.d -emit-const-values-path /Users/admin/builder/spi-builder-workspace/.derivedData/Build/Intermediates.noindex/Sisyphos.build/Debug-appletvos/Sisyphos-t.build/Objects-normal/arm64/PageDescription.swiftconstvalues -emit-reference-dependencies-path /Users/admin/builder/spi-builder-workspace/.derivedData/Build/Intermediates.noindex/Sisyphos.build/Debug-appletvos/Sisyphos-t.build/Objects-normal/arm64/PageDescription.swiftdeps -serialize-diagnostics-path /Users/admin/builder/spi-builder-workspace/.derivedData/Build/Intermediates.noindex/Sisyphos.build/Debug-appletvos/Sisyphos-t.build/Objects-normal/arm64/PageDescription.dia -emit-dependencies-path /Users/admin/builder/spi-builder-workspace/.derivedData/Build/Intermediates.noindex/Sisyphos.build/Debug-appletvos/Sisyphos-t.build/Objects-normal/arm64/PageElement.d -emit-const-values-path /Users/admin/builder/spi-builder-workspace/.derivedData/Build/Intermediates.noindex/Sisyphos.build/Debug-appletvos/Sisyphos-t.build/Objects-normal/arm64/PageElement.swiftconstvalues -emit-reference-dependencies-path /Users/admin/builder/spi-builder-workspace/.derivedData/Build/Intermediates.noindex/Sisyphos.build/Debug-appletvos/Sisyphos-t.build/Objects-normal/arm64/PageElement.swiftdeps -serialize-diagnostics-path /Users/admin/builder/spi-builder-workspace/.derivedData/Build/Intermediates.noindex/Sisyphos.build/Debug-appletvos/Sisyphos-t.build/Objects-normal/arm64/PageElement.dia -target arm64-apple-tvos15.0 -module-can-import-version UIKit 9127.0.84.1 9127.0.84 -disable-cross-import-overlay-search -load-resolved-plugin /Applications/Xcode-27.0.0-Release.Candidate.app/Contents/Developer/Platforms/AppleTVOS.platform/Developer/usr/lib/swift/host/plugins/libFoundationMacros.dylib\#/Applications/Xcode-27.0.0-Release.Candidate.app/Contents/Developer/Platforms/AppleTVOS.platform/Developer/usr/bin/swift-plugin-server\#FoundationMacros -load-resolved-plugin /Applications/Xcode-27.0.0-Release.Candidate.app/Contents/Developer/Platforms/AppleTVOS.platform/Developer/usr/lib/swift/host/plugins/libObservationMacros.dylib\#/Applications/Xcode-27.0.0-Release.Candidate.app/Contents/Developer/Platforms/AppleTVOS.platform/Developer/usr/bin/swift-plugin-server\#ObservationMacros -load-resolved-plugin /Applications/Xcode-27.0.0-Release.Candidate.app/Contents/Developer/Platforms/AppleTVOS.platform/Developer/usr/lib/swift/host/plugins/libPreviewsMacros.dylib\#/Applications/Xcode-27.0.0-Release.Candidate.app/Contents/Developer/Platforms/AppleTVOS.platform/Developer/usr/bin/swift-plugin-server\#PreviewsMacros -load-resolved-plugin /Applications/Xcode-27.0.0-Release.Candidate.app/Contents/Developer/Platforms/AppleTVOS.platform/Developer/usr/lib/swift/host/plugins/libSwiftMacros.dylib\#/Applications/Xcode-27.0.0-Release.Candidate.app/Contents/Developer/Platforms/AppleTVOS.platform/Developer/usr/bin/swift-plugin-server\#SwiftMacros -load-resolved-plugin /Applications/Xcode-27.0.0-Release.Candidate.app/Contents/Developer/Platforms/AppleTVOS.platform/Developer/usr/lib/swift/host/plugins/libSwiftUIMacros.dylib\#/Applications/Xcode-27.0.0-Release.Candidate.app/Contents/Developer/Platforms/AppleTVOS.platform/Developer/usr/bin/swift-plugin-server\#SwiftUIMacros -disable-implicit-swift-modules -Xcc -fno-implicit-modules -Xcc -fno-implicit-module-maps -explicit-swift-module-map-file /Users/admin/builder/spi-builder-workspace/.derivedData/Build/Intermediates.noindex/Sisyphos.build/Debug-appletvos/Sisyphos-t.build/Objects-normal/arm64/Sisyphos-dependencies-1.json -Xllvm -aarch64-use-tbi -enable-objc-interop -stack-check -sdk /Applications/Xcode-27.0.0-Release.Candidate.app/Contents/Developer/Platforms/AppleTVOS.platform/Developer/SDKs/AppleTVOS27.0.sdk -I /Users/admin/builder/spi-builder-workspace/.derivedData/Build/Products/Debug-appletvos -Isystem /Applications/Xcode-27.0.0-Release.Candidate.app/Contents/Developer/Platforms/AppleTVOS.platform/Developer/usr/lib -F /Users/admin/builder/spi-builder-workspace/.derivedData/Build/Products/Debug-appletvos -F /Applications/Xcode-27.0.0-Release.Candidate.app/Contents/Developer/Platforms/AppleTVOS.platform/Developer/Library/Frameworks -F /Applications/Xcode-27.0.0-Release.Candidate.app/Contents/Developer/Platforms/AppleTVOS.platform/Developer/SDKs/AppleTVOS27.0.sdk/Developer/Library/Frameworks -module-cache-path /Users/admin/builder/spi-builder-workspace/.derivedData/Build/Intermediates.noindex/SwiftExplicitPrecompiledModules -no-color-diagnostics -Xcc -fno-color-diagnostics -enable-testing -g -debug-info-format\=dwarf -dwarf-version\=4 -profile-generate -profile-coverage-mapping -swift-version 5 -Onone -D SWIFT_PACKAGE -D DEBUG -D SWIFT_MODULE_RESOURCE_BUNDLE_UNAVAILABLE -D Xcode -serialize-debugging-options -enable-experimental-feature DebugDescriptionMacro -empty-abi-descriptor -validate-clang-modules-once -clang-build-session-file /Users/admin/builder/spi-builder-workspace/.derivedData/ModuleCache.noindex/Session.modulevalidation -Xcc -working-directory -Xcc /Users/admin/builder/spi-builder-workspace/.swiftpm/xcode -enable-anonymous-context-mangled-names -file-compilation-dir /Users/admin/builder/spi-builder-workspace/.swiftpm/xcode -Xcc -D_LIBCPP_HARDENING_MODE\=_LIBCPP_HARDENING_MODE_DEBUG -Xcc -ivfsstatcache -Xcc /Users/admin/builder/spi-builder-workspace/.derivedData/SDKStatCaches.noindex/appletvos27.0-24J360-e829b21a6f8c9b70876ba0858053c044b32bfd8d43560033f8d89884cdb90028.sdkstatcache -Xcc -fmodules-prune-interval\=86400 -Xcc -fmodules-prune-after\=345600 -Xcc -I/Users/admin/builder/spi-builder-workspace/.derivedData/Build/Products/Debug-appletvos/include -Xcc -I/Users/admin/builder/spi-builder-workspace/.derivedData/Build/Intermediates.noindex/Sisyphos.build/Debug-appletvos/Sisyphos-t.build/DerivedSources-normal/arm64 -Xcc -I/Users/admin/builder/spi-builder-workspace/.derivedData/Build/Intermediates.noindex/Sisyphos.build/Debug-appletvos/Sisyphos-t.build/DerivedSources/arm64 -Xcc -I/Users/admin/builder/spi-builder-workspace/.derivedData/Build/Intermediates.noindex/Sisyphos.build/Debug-appletvos/Sisyphos-t.build/DerivedSources -Xcc -DSWIFT_PACKAGE -Xcc -DDEBUG\=1 -no-auto-bridging-header-chaining -module-name Sisyphos -const-gather-protocols-file /Users/admin/builder/spi-builder-workspace/.derivedData/Build/Intermediates.noindex/Sisyphos.build/Debug-appletvos/Sisyphos-t.build/Objects-normal/arm64/Sisyphos_const_extract_protocols.json -disable-clang-spi -clang-target arm64-apple-tvos27.0 -target-sdk-version 27.0 -target-sdk-name appletvos27.0 -in-process-plugin-server-path /Applications/Xcode-27.0.0-Release.Candidate.app/Contents/Developer/Toolchains/XcodeDefault.xctoolchain/usr/lib/swift/host/libSwiftInProcPluginServer.dylib -parse-as-library -o /Users/admin/builder/spi-builder-workspace/.derivedData/Build/Intermediates.noindex/Sisyphos.build/Debug-appletvos/Sisyphos-t.build/Objects-normal/arm64/PageDescription.o -o /Users/admin/builder/spi-builder-workspace/.derivedData/Build/Intermediates.noindex/Sisyphos.build/Debug-appletvos/Sisyphos-t.build/Objects-normal/arm64/PageElement.o -debug-module-path /Users/admin/builder/spi-builder-workspace/.derivedData/Build/Intermediates.noindex/Sisyphos.build/Debug-appletvos/Sisyphos-t.build/Objects-normal/arm64/Sisyphos.swiftmodule -index-unit-output-path /Sisyphos.build/Debug-appletvos/Sisyphos-t.build/Objects-normal/arm64/PageDescription.o -index-unit-output-path /Sisyphos.build/Debug-appletvos/Sisyphos-t.build/Objects-normal/arm64/PageElement.o -index-store-path /Users/admin/builder/spi-builder-workspace/.derivedData/Index.noindex/DataStore -index-system-modules
SwiftCompile normal arm64 /Users/admin/builder/spi-builder-workspace/Sources/Sisyphos/PageDescription.swift (in target 'Sisyphos' from project 'Sisyphos')
cd /Users/admin/builder/spi-builder-workspace/.swiftpm/xcode
builtin-SwiftPerFileCompile PageDescription.swift
SwiftCompile normal arm64 /Users/admin/builder/spi-builder-workspace/Sources/Sisyphos/PageElement.swift (in target 'Sisyphos' from project 'Sisyphos')
cd /Users/admin/builder/spi-builder-workspace/.swiftpm/xcode
builtin-SwiftPerFileCompile PageElement.swift
SwiftCompile normal arm64 Compiling\ QueryIdentifier.swift,\ TestData.swift /Users/admin/builder/spi-builder-workspace/Sources/Sisyphos/QueryIdentifier.swift /Users/admin/builder/spi-builder-workspace/Sources/Sisyphos/TestData.swift (in target 'Sisyphos' from project 'Sisyphos')
SwiftCompile normal arm64 /Users/admin/builder/spi-builder-workspace/Sources/Sisyphos/QueryIdentifier.swift (in target 'Sisyphos' from project 'Sisyphos')
cd /Users/admin/builder/spi-builder-workspace/.swiftpm/xcode
builtin-SwiftPerFileCompile QueryIdentifier.swift
SwiftCompile normal arm64 /Users/admin/builder/spi-builder-workspace/Sources/Sisyphos/TestData.swift (in target 'Sisyphos' from project 'Sisyphos')
cd /Users/admin/builder/spi-builder-workspace/.swiftpm/xcode
builtin-SwiftPerFileCompile TestData.swift
SwiftCompile normal arm64 Compiling\ XCUIElementSnapshot+Matching.swift,\ XCUIElementType+BetterCustomDebugString.swift,\ XCUITestCase+CodeGeneration.swift /Users/admin/builder/spi-builder-workspace/Sources/Sisyphos/Extensions/XCUIElementSnapshot+Matching.swift /Users/admin/builder/spi-builder-workspace/Sources/Sisyphos/Extensions/XCUIElementType+BetterCustomDebugString.swift /Users/admin/builder/spi-builder-workspace/Sources/Sisyphos/Extensions/XCUITestCase+CodeGeneration.swift (in target 'Sisyphos' from project 'Sisyphos')
SwiftCompile normal arm64 /Users/admin/builder/spi-builder-workspace/Sources/Sisyphos/Extensions/XCUIElementSnapshot+Matching.swift (in target 'Sisyphos' from project 'Sisyphos')
cd /Users/admin/builder/spi-builder-workspace/.swiftpm/xcode
builtin-SwiftPerFileCompile XCUIElementSnapshot+Matching.swift
SwiftCompile normal arm64 /Users/admin/builder/spi-builder-workspace/Sources/Sisyphos/Extensions/XCUIElementType+BetterCustomDebugString.swift (in target 'Sisyphos' from project 'Sisyphos')
cd /Users/admin/builder/spi-builder-workspace/.swiftpm/xcode
builtin-SwiftPerFileCompile XCUIElementType+BetterCustomDebugString.swift
SwiftCompile normal arm64 /Users/admin/builder/spi-builder-workspace/Sources/Sisyphos/Extensions/XCUITestCase+CodeGeneration.swift (in target 'Sisyphos' from project 'Sisyphos')
cd /Users/admin/builder/spi-builder-workspace/.swiftpm/xcode
builtin-SwiftPerFileCompile XCUITestCase+CodeGeneration.swift
/Users/admin/builder/spi-builder-workspace/Sources/Sisyphos/Extensions/XCUIElementSnapshot+Matching.swift:15:41: warning: conditional cast from 'XCUIElement' to 'NSObject' always succeeds
13 | guard
14 | let selfObject = self as? NSObject,
15 | let elementObject = element as? NSObject
| `- warning: conditional cast from 'XCUIElement' to 'NSObject' always succeeds
16 | else {
17 | return false
/Users/admin/builder/spi-builder-workspace/Sources/Sisyphos/Extensions/XCUIElementSnapshot+Matching.swift:44:33: warning: no method declared with Objective-C selector '_matchesElement:'
42 | func matches(element: NSObject) -> Bool {
43 | typealias MethodType = @convention(c) (NSObject, Selector, NSObject) -> Bool
44 | let selector = Selector("_matchesElement:")
| |- warning: no method declared with Objective-C selector '_matchesElement:'
| `- note: wrap the selector name in parentheses to suppress this warning
45 | let methodImplementation = unsafeBitCast(method(for: selector), to: MethodType.self)
46 | return methodImplementation(self, selector, element)
SwiftCompile normal arm64 Compiling\ String+Localized.swift,\ XCUIApplication+CurrentPage.swift,\ XCUIElement+Extensions.swift /Users/admin/builder/spi-builder-workspace/Sources/Sisyphos/Extensions/String+Localized.swift /Users/admin/builder/spi-builder-workspace/Sources/Sisyphos/Extensions/XCUIApplication+CurrentPage.swift /Users/admin/builder/spi-builder-workspace/Sources/Sisyphos/Extensions/XCUIElement+Extensions.swift (in target 'Sisyphos' from project 'Sisyphos')
SwiftCompile normal arm64 /Users/admin/builder/spi-builder-workspace/Sources/Sisyphos/Extensions/String+Localized.swift (in target 'Sisyphos' from project 'Sisyphos')
cd /Users/admin/builder/spi-builder-workspace/.swiftpm/xcode
builtin-SwiftPerFileCompile String+Localized.swift
SwiftCompile normal arm64 /Users/admin/builder/spi-builder-workspace/Sources/Sisyphos/Extensions/XCUIApplication+CurrentPage.swift (in target 'Sisyphos' from project 'Sisyphos')
cd /Users/admin/builder/spi-builder-workspace/.swiftpm/xcode
builtin-SwiftPerFileCompile XCUIApplication+CurrentPage.swift
SwiftCompile normal arm64 /Users/admin/builder/spi-builder-workspace/Sources/Sisyphos/Extensions/XCUIElement+Extensions.swift (in target 'Sisyphos' from project 'Sisyphos')
cd /Users/admin/builder/spi-builder-workspace/.swiftpm/xcode
builtin-SwiftPerFileCompile XCUIElement+Extensions.swift
SwiftDriverJobDiscovery normal arm64 Compiling Alert.swift, TextField.swift (in target 'Sisyphos' from project 'Sisyphos')
SwiftDriverJobDiscovery normal arm64 Compiling PageElementIdentifier.swift, PageExistsResults.swift (in target 'Sisyphos' from project 'Sisyphos')
SwiftCompile normal arm64 Compiling\ Cell.swift /Users/admin/builder/spi-builder-workspace/Sources/Sisyphos/Page\ Elements/Cell.swift (in target 'Sisyphos' from project 'Sisyphos')
SwiftCompile normal arm64 /Users/admin/builder/spi-builder-workspace/Sources/Sisyphos/Page\ Elements/Cell.swift (in target 'Sisyphos' from project 'Sisyphos')
cd /Users/admin/builder/spi-builder-workspace/.swiftpm/xcode
builtin-SwiftPerFileCompile Cell.swift
SwiftCompile normal arm64 Compiling\ CollectionView.swift /Users/admin/builder/spi-builder-workspace/Sources/Sisyphos/Page\ Elements/CollectionView.swift (in target 'Sisyphos' from project 'Sisyphos')
SwiftCompile normal arm64 /Users/admin/builder/spi-builder-workspace/Sources/Sisyphos/Page\ Elements/CollectionView.swift (in target 'Sisyphos' from project 'Sisyphos')
cd /Users/admin/builder/spi-builder-workspace/.swiftpm/xcode
builtin-SwiftPerFileCompile CollectionView.swift
SwiftDriverJobDiscovery normal arm64 Compiling QueryIdentifier.swift, TestData.swift (in target 'Sisyphos' from project 'Sisyphos')
SwiftCompile normal arm64 Compiling\ Other.swift /Users/admin/builder/spi-builder-workspace/Sources/Sisyphos/Page\ Elements/Other.swift (in target 'Sisyphos' from project 'Sisyphos')
SwiftCompile normal arm64 /Users/admin/builder/spi-builder-workspace/Sources/Sisyphos/Page\ Elements/Other.swift (in target 'Sisyphos' from project 'Sisyphos')
cd /Users/admin/builder/spi-builder-workspace/.swiftpm/xcode
builtin-SwiftPerFileCompile Other.swift
SwiftDriverJobDiscovery normal arm64 Compiling DefaultAlert.swift, DefaultPermissionAlert.swift, NSPredicate+Description.swift (in target 'Sisyphos' from project 'Sisyphos')
SwiftCompile normal arm64 Compiling\ Switch.swift /Users/admin/builder/spi-builder-workspace/Sources/Sisyphos/Page\ Elements/Switch.swift (in target 'Sisyphos' from project 'Sisyphos')
SwiftCompile normal arm64 /Users/admin/builder/spi-builder-workspace/Sources/Sisyphos/Page\ Elements/Switch.swift (in target 'Sisyphos' from project 'Sisyphos')
cd /Users/admin/builder/spi-builder-workspace/.swiftpm/xcode
builtin-SwiftPerFileCompile Switch.swift
SwiftDriverJobDiscovery normal arm64 Compiling UIInterruptionsObserver.swift, InterruptionMonitor.swift (in target 'Sisyphos' from project 'Sisyphos')
SwiftCompile normal arm64 Compiling\ TabBar.swift /Users/admin/builder/spi-builder-workspace/Sources/Sisyphos/Page\ Elements/TabBar.swift (in target 'Sisyphos' from project 'Sisyphos')
SwiftCompile normal arm64 /Users/admin/builder/spi-builder-workspace/Sources/Sisyphos/Page\ Elements/TabBar.swift (in target 'Sisyphos' from project 'Sisyphos')
cd /Users/admin/builder/spi-builder-workspace/.swiftpm/xcode
builtin-SwiftPerFileCompile TabBar.swift
SwiftCompile normal arm64 Compiling\ NavigationBar.swift /Users/admin/builder/spi-builder-workspace/Sources/Sisyphos/Page\ Elements/NavigationBar.swift (in target 'Sisyphos' from project 'Sisyphos')
SwiftCompile normal arm64 /Users/admin/builder/spi-builder-workspace/Sources/Sisyphos/Page\ Elements/NavigationBar.swift (in target 'Sisyphos' from project 'Sisyphos')
cd /Users/admin/builder/spi-builder-workspace/.swiftpm/xcode
builtin-SwiftPerFileCompile NavigationBar.swift
PruneExplicitPrecompiledModules /Users/admin/builder/spi-builder-workspace/.derivedData/Build/Intermediates.noindex/ExplicitPrecompiledModules
PruneExplicitPrecompiledModules /Users/admin/builder/spi-builder-workspace/.derivedData/Build/Intermediates.noindex/SwiftExplicitPrecompiledModules
PruneExplicitPrecompiledModules /Users/admin/builder/spi-builder-workspace/.derivedData/SDKExplicitPrecompiledModules
2026-09-23 06:46:17.831 xcodebuild[746:4671] [MT] IDERunDestination: Supported platforms for the buildables in the current scheme is empty.
** BUILD FAILED **
The following build commands failed:
SwiftCompile normal arm64 Compiling\ PageDescription.swift,\ PageElement.swift /Users/admin/builder/spi-builder-workspace/Sources/Sisyphos/PageDescription.swift /Users/admin/builder/spi-builder-workspace/Sources/Sisyphos/PageElement.swift (in target 'Sisyphos' from project 'Sisyphos')
SwiftCompile normal arm64 /Users/admin/builder/spi-builder-workspace/Sources/Sisyphos/PageElement.swift (in target 'Sisyphos' from project 'Sisyphos')
Building workspace Sisyphos with scheme Sisyphos
(3 failures)
BUILD FAILURE 6.4 tvOS