Build Information
Failed to build GeoHash, reference main (c298ad), with Swift 6.3 for Linux on 10 Aug 2026 18:18:20 UTC.
Build Command
bash -c docker run --pull=always --rm -v "checkouts-54344847-3":/host -w "$PWD" -e JAVA_HOME="/root/.sdkman/candidates/java/current" -e SPI_BUILD="1" -e SPI_PROCESSING="1" registry.gitlab.com/saguaro1/spi-images:basic-6.3-latest swift build --triple x86_64-unknown-linux-gnu 2>&1Build Log
========================================
RunAll
========================================
Builder version: 729ceb5fcd9493dc13ee340bc4f0908bd201f85d
Interrupt handler set up.
========================================
Checkout
========================================
Clone URL: https://github.com/fummicc1/GeoHashSwift.git
Reference: main
Initialized empty Git repository in /host/spi-builder-workspace/.git/
hint: Using 'master' as the name for the initial branch. This default branch name
hint: is subject to change. To configure the initial branch name to use in all
hint: of your new repositories, which will suppress this warning, call:
hint:
hint: git config --global init.defaultBranch <name>
hint:
hint: Names commonly chosen instead of 'master' are 'main', 'trunk' and
hint: 'development'. The just-created branch can be renamed via this command:
hint:
hint: git branch -m <name>
From https://github.com/fummicc1/GeoHashSwift
* branch main -> FETCH_HEAD
* [new branch] main -> origin/main
HEAD is now at c298ad5 Merge pull request #14 from fummicc1/ci/track-action-v1
Cloned https://github.com/fummicc1/GeoHashSwift.git
Revision (git rev-parse @):
c298ad5dbc7a57320385697b1f8d84166337ba0b
SUCCESS checkout https://github.com/fummicc1/GeoHashSwift.git at main
========================================
Build
========================================
Selected platform: linux
Swift version: 6.3
Building package at path: $PWD
https://github.com/fummicc1/GeoHashSwift.git
Running build ...
bash -c docker run --pull=always --rm -v "checkouts-54344847-3":/host -w "$PWD" -e JAVA_HOME="/root/.sdkman/candidates/java/current" -e SPI_BUILD="1" -e SPI_PROCESSING="1" registry.gitlab.com/saguaro1/spi-images:basic-6.3-latest swift build --triple x86_64-unknown-linux-gnu 2>&1
basic-6.3-latest: Pulling from saguaro1/spi-images
Digest: sha256:b82c9ac2aaad9c671b7a7653c8e6eeaf006cac60f6a8910901b9357c067e0892
Status: Image is up to date for registry.gitlab.com/saguaro1/spi-images:basic-6.3-latest
Fetching https://github.com/apple/swift-argument-parser
[1/18270] Fetching swift-argument-parser
Fetched https://github.com/apple/swift-argument-parser from cache (0.79s)
Computing version for https://github.com/apple/swift-argument-parser
Computed https://github.com/apple/swift-argument-parser at 1.8.2 (0.97s)
Creating working copy for https://github.com/apple/swift-argument-parser
Working copy of https://github.com/apple/swift-argument-parser resolved at 1.8.2
[1/1] Compiling plugin GenerateManual
[2/2] Compiling plugin GenerateDoccReference
Building for debugging...
[2/13] Write sources
[6/13] Write swift-version-24593BA9C3E375BF.txt
error: emit-module command failed with exit code 1 (use -v to see invocation)
[8/20] Emitting module GeoHashFramework
/host/spi-builder-workspace/Sources/GeoHashFramework/RuntimeWarning.swift:9:8: error: no such module 'OSLog'
7 |
8 | import Foundation
9 | import OSLog
| `- error: no such module 'OSLog'
10 |
11 | enum RuntimeWarning {
[9/20] Compiling ArgumentParserToolInfo ToolInfo.swift
[10/20] Emitting module ArgumentParserToolInfo
[11/21] Wrapping AST for ArgumentParserToolInfo for debugging
[13/68] Emitting module ArgumentParser
[14/74] Compiling ArgumentParser ParentCommand.swift
[15/74] Compiling ArgumentParser AsyncParsableCommand.swift
[16/74] Compiling ArgumentParser CommandConfiguration.swift
[17/74] Compiling ArgumentParser CommandGroup.swift
[18/74] Compiling ArgumentParser EnumerableFlag.swift
[19/74] Compiling ArgumentParser ExpressibleByArgument.swift
[20/74] Compiling ArgumentParser ParsableArguments.swift
[21/74] Compiling ArgumentParser Mutex.swift
[22/74] Compiling ArgumentParser Platform.swift
[23/74] Compiling ArgumentParser SequenceExtensions.swift
[24/74] Compiling ArgumentParser StringExtensions.swift
[25/74] Compiling ArgumentParser SwiftExtensions.swift
[26/74] Compiling ArgumentParser Tree.swift
[27/74] Compiling ArgumentParser Name.swift
[28/74] Compiling ArgumentParser Parsed.swift
[29/74] Compiling ArgumentParser ParsedValues.swift
[30/74] Compiling ArgumentParser ParserError.swift
[31/74] Compiling ArgumentParser SplitArguments.swift
[32/74] Compiling ArgumentParser DumpHelpGenerator.swift
[33/74] Compiling GeoHashFramework GeoHashBitsPrecision.swift
/host/spi-builder-workspace/Sources/GeoHashFramework/RuntimeWarning.swift:9:8: error: no such module 'OSLog'
7 |
8 | import Foundation
9 | import OSLog
| `- error: no such module 'OSLog'
10 |
11 | enum RuntimeWarning {
[34/74] Compiling GeoHashFramework GeoHashCoordinate2D.swift
/host/spi-builder-workspace/Sources/GeoHashFramework/RuntimeWarning.swift:9:8: error: no such module 'OSLog'
7 |
8 | import Foundation
9 | import OSLog
| `- error: no such module 'OSLog'
10 |
11 | enum RuntimeWarning {
[35/74] Compiling GeoHashFramework RuntimeWarning.swift
/host/spi-builder-workspace/Sources/GeoHashFramework/RuntimeWarning.swift:9:8: error: no such module 'OSLog'
7 |
8 | import Foundation
9 | import OSLog
| `- error: no such module 'OSLog'
10 |
11 | enum RuntimeWarning {
[36/74] Compiling GeoHashFramework GeoHash.swift
/host/spi-builder-workspace/Sources/GeoHashFramework/RuntimeWarning.swift:9:8: error: no such module 'OSLog'
7 |
8 | import Foundation
9 | import OSLog
| `- error: no such module 'OSLog'
10 |
11 | enum RuntimeWarning {
BUILD FAILURE 6.3 linux