The Swift Package Index logo.Swift Package Index

Build Information

Failed to build package-swift-lsp, reference main (324a4c), with Swift 6.4 for Wasm on 25 Sep 2026 02:34:52 UTC.

Build Command

bash -c docker run --pull=always --rm -v "checkouts-54344845-1":/host -w "$PWD" -e JAVA_HOME="/root/.sdkman/candidates/java/current" -e SPI_BUILD="1" -e SPI_PROCESSING="1" registry.gitlab.com/saguaro1/spi-images:wasm-6.4-latest swift build --swift-sdk swift-6.4.x-DEVELOPMENT-SNAPSHOT-2026-09-04-a_wasm 2>&1

Build Log

========================================
RunAll
========================================
Builder version: 5.1.0
Interrupt handler set up.
========================================
Checkout
========================================
Clone URL: https://github.com/kattouf/package-swift-lsp.git
Reference: main
Initialized empty Git repository in /host/spi-builder-workspace/.git/
hint: Using 'master' as the name for the initial branch. This default branch name
hint: is subject to change. To configure the initial branch name to use in all
hint: of your new repositories, which will suppress this warning, call:
hint:
hint: 	git config --global init.defaultBranch <name>
hint:
hint: Names commonly chosen instead of 'master' are 'main', 'trunk' and
hint: 'development'. The just-created branch can be renamed via this command:
hint:
hint: 	git branch -m <name>
From https://github.com/kattouf/package-swift-lsp
 * branch            main       -> FETCH_HEAD
 * [new branch]      main       -> origin/main
HEAD is now at 324a4cb chore(release): Bump version to 1.6.1
Cloned https://github.com/kattouf/package-swift-lsp.git
Revision (git rev-parse @):
324a4cb02ee23642b49108bcf8a8133ed14893d7
SUCCESS checkout https://github.com/kattouf/package-swift-lsp.git at main
========================================
Build
========================================
Selected platform:         wasm
Swift version:             6.4
Building package at path:  $PWD
https://github.com/kattouf/package-swift-lsp.git
Running build ...
bash -c docker run --pull=always --rm -v "checkouts-54344845-1":/host -w "$PWD" -e JAVA_HOME="/root/.sdkman/candidates/java/current" -e SPI_BUILD="1" -e SPI_PROCESSING="1" registry.gitlab.com/saguaro1/spi-images:wasm-6.4-latest swift build --swift-sdk swift-6.4.x-DEVELOPMENT-SNAPSHOT-2026-09-04-a_wasm 2>&1
wasm-6.4-latest: Pulling from saguaro1/spi-images
Digest: sha256:4328fdb43c680d205c1d6761b1e3267aa38277eefdda9ddfb17b6a0f1a77857a
Status: Image is up to date for registry.gitlab.com/saguaro1/spi-images:wasm-6.4-latest
Fetching https://github.com/ChimeHQ/LanguageServer
[1/92] Fetching languageserver
Fetched https://github.com/ChimeHQ/LanguageServer (0.43s)
Fetching https://github.com/swiftlang/swift-package-manager
[1/192308] Fetching swift-package-manager
Fetched https://github.com/swiftlang/swift-package-manager (10.69s)
Fetching https://github.com/swiftlang/swift-llbuild.git
[1/29923] Fetching swift-llbuild
Fetched https://github.com/swiftlang/swift-llbuild.git (1.41s)
Fetching https://github.com/swiftlang/swift-syntax.git
[1/80067] Fetching swift-syntax
Fetched https://github.com/swiftlang/swift-syntax.git (3.60s)
Fetching https://github.com/swiftlang/swift-tools-support-core.git
[1/7402] Fetching swift-tools-support-core
Fetched https://github.com/swiftlang/swift-tools-support-core.git (0.66s)
Fetching https://github.com/swiftlang/swift-driver.git
[1/39115] Fetching swift-driver
Fetched https://github.com/swiftlang/swift-driver.git (1.52s)
Fetching https://github.com/apple/swift-argument-parser.git
Fetching https://github.com/swiftlang/swift-subprocess.git
Fetching https://github.com/apple/swift-crypto.git
Fetching https://github.com/ChimeHQ/LanguageServerProtocol
Fetching https://github.com/swiftlang/swift-toolchain-sqlite
Fetching https://github.com/apple/swift-collections.git
[1/1964] Fetching languageserverprotocol
[80/2340] Fetching languageserverprotocol, swift-toolchain-sqlite
[929/20889] Fetching languageserverprotocol, swift-toolchain-sqlite, swift-crypto
[2530/25665] Fetching languageserverprotocol, swift-toolchain-sqlite, swift-crypto, swift-subprocess
Fetched https://github.com/ChimeHQ/LanguageServerProtocol (0.45s)
[613/23701] Fetching swift-toolchain-sqlite, swift-crypto, swift-subprocess
Fetching https://github.com/apple/swift-system.git
[1463/42642] Fetching swift-toolchain-sqlite, swift-crypto, swift-subprocess, swift-argument-parser
[11358/70344] Fetching swift-toolchain-sqlite, swift-crypto, swift-subprocess, swift-argument-parser, swift-collections
[50904/77296] Fetching swift-toolchain-sqlite, swift-crypto, swift-subprocess, swift-argument-parser, swift-collections, swift-system
Fetched https://github.com/apple/swift-system.git (0.83s)
Fetching https://github.com/apple/swift-certificates.git
[69417/70344] Fetching swift-toolchain-sqlite, swift-crypto, swift-subprocess, swift-argument-parser, swift-collections
Fetched https://github.com/swiftlang/swift-toolchain-sqlite (1.49s)
Fetching https://github.com/pointfreeco/swift-concurrency-extras.git
Fetched https://github.com/apple/swift-collections.git (1.61s)
Fetching https://github.com/apple/swift-log.git
Fetched https://github.com/swiftlang/swift-subprocess.git (1.66s)
Fetched https://github.com/apple/swift-argument-parser.git (1.66s)
Fetched https://github.com/apple/swift-crypto.git (1.67s)
[1/7575] Fetching swift-certificates
Fetched https://github.com/apple/swift-certificates.git (0.58s)
[1/1058] Fetching swift-concurrency-extras
Fetched https://github.com/pointfreeco/swift-concurrency-extras.git (0.47s)
[1/8165] Fetching swift-log
Fetched https://github.com/apple/swift-log.git (0.53s)
Computing version for https://github.com/apple/swift-crypto.git
Computed https://github.com/apple/swift-crypto.git at 3.0.0 (2.36s)
Computing version for https://github.com/ChimeHQ/LanguageServerProtocol
Computed https://github.com/ChimeHQ/LanguageServerProtocol at 0.14.2 (0.17s)
Fetching https://github.com/ChimeHQ/JSONRPC
[1/634] Fetching jsonrpc
Fetched https://github.com/ChimeHQ/JSONRPC (0.38s)
Computing version for https://github.com/ChimeHQ/JSONRPC
Computed https://github.com/ChimeHQ/JSONRPC at 0.9.2 (0.52s)
Computing version for https://github.com/pointfreeco/swift-concurrency-extras.git
Computed https://github.com/pointfreeco/swift-concurrency-extras.git at 1.4.1 (0.17s)
Computing version for https://github.com/swiftlang/swift-subprocess.git
Computed https://github.com/swiftlang/swift-subprocess.git at 0.5.0 (0.18s)
Computing version for https://github.com/apple/swift-certificates.git
Computed https://github.com/apple/swift-certificates.git at 1.5.0 (0.22s)
Fetching https://github.com/apple/swift-asn1.git
[1/1983] Fetching swift-asn1
Fetched https://github.com/apple/swift-asn1.git (0.42s)
Computing version for https://github.com/apple/swift-argument-parser.git
Computed https://github.com/apple/swift-argument-parser.git at 1.8.2 (0.59s)
Computing version for https://github.com/apple/swift-collections.git
Computed https://github.com/apple/swift-collections.git at 1.1.6 (0.32s)
Computing version for https://github.com/apple/swift-asn1.git
Computed https://github.com/apple/swift-asn1.git at 1.7.3 (0.20s)
Computing version for https://github.com/swiftlang/swift-toolchain-sqlite
Computed https://github.com/swiftlang/swift-toolchain-sqlite at 1.0.13 (0.19s)
Computing version for https://github.com/apple/swift-system.git
Computed https://github.com/apple/swift-system.git at 1.8.1 (0.21s)
Computing version for https://github.com/apple/swift-log.git
Computed https://github.com/apple/swift-log.git at 1.15.1 (0.19s)
Creating working copy for https://github.com/ChimeHQ/LanguageServerProtocol
Working copy of https://github.com/ChimeHQ/LanguageServerProtocol resolved at 0.14.2
Creating working copy for https://github.com/apple/swift-argument-parser.git
Working copy of https://github.com/apple/swift-argument-parser.git resolved at 1.8.2
Creating working copy for https://github.com/apple/swift-crypto.git
Working copy of https://github.com/apple/swift-crypto.git resolved at 3.0.0
Creating working copy for https://github.com/apple/swift-certificates.git
Working copy of https://github.com/apple/swift-certificates.git resolved at 1.5.0
Creating working copy for https://github.com/swiftlang/swift-package-manager
Working copy of https://github.com/swiftlang/swift-package-manager resolved at 3cf1cb66ebde00dab737dcebad96218e2017530d
Creating working copy for https://github.com/swiftlang/swift-driver.git
Working copy of https://github.com/swiftlang/swift-driver.git resolved at release/6.2 (aedacc6)
Creating working copy for https://github.com/apple/swift-system.git
Working copy of https://github.com/apple/swift-system.git resolved at 1.8.1
Creating working copy for https://github.com/apple/swift-log.git
Working copy of https://github.com/apple/swift-log.git resolved at 1.15.1
Creating working copy for https://github.com/apple/swift-asn1.git
Working copy of https://github.com/apple/swift-asn1.git resolved at 1.7.3
Creating working copy for https://github.com/swiftlang/swift-toolchain-sqlite
Working copy of https://github.com/swiftlang/swift-toolchain-sqlite resolved at 1.0.13
Creating working copy for https://github.com/ChimeHQ/JSONRPC
Working copy of https://github.com/ChimeHQ/JSONRPC resolved at 0.9.2
Creating working copy for https://github.com/swiftlang/swift-tools-support-core.git
Working copy of https://github.com/swiftlang/swift-tools-support-core.git resolved at release/6.2 (5a993c8)
Creating working copy for https://github.com/ChimeHQ/LanguageServer
Working copy of https://github.com/ChimeHQ/LanguageServer resolved at main (d7d5724)
Creating working copy for https://github.com/swiftlang/swift-llbuild.git
Working copy of https://github.com/swiftlang/swift-llbuild.git resolved at release/6.2 (073dff5)
Creating working copy for https://github.com/apple/swift-collections.git
Working copy of https://github.com/apple/swift-collections.git resolved at 1.1.6
Creating working copy for https://github.com/swiftlang/swift-syntax.git
Working copy of https://github.com/swiftlang/swift-syntax.git resolved at release/6.2 (5a87516)
Creating working copy for https://github.com/swiftlang/swift-subprocess.git
Working copy of https://github.com/swiftlang/swift-subprocess.git resolved at 0.5.0
Creating working copy for https://github.com/pointfreeco/swift-concurrency-extras.git
Working copy of https://github.com/pointfreeco/swift-concurrency-extras.git resolved at 1.4.1
warning: 'swift-package-manager': couldn't find pc file for sqlite3
Building for debugging...
[Computing dependencies]
[Constructing description]
[Pre-planning 1 / 1689]
[Planning 1310 / 1689]
[Planning deferred tasks]
[Constructing 1291 / 4081]
[Starting]
[7 / 1051]
/host/spi-builder-workspace/.build/checkouts/swift-subprocess/Sources/_SubprocessCShims/process_shims.c:31:10: fatal error: 'grp.h' file not found
   31 | #include <grp.h>
      |          ^~~~~~~
1 error generated.
error: CompileC /host/spi-builder-workspace/.build/out/Intermediates.noindex/swift-subprocess.build/Debug-webassembly-wasm32/_SubprocessCShims-t.build/Objects-normal/wasm32/process_shims.o /host/spi-builder-workspace/.build/checkouts/swift-subprocess/Sources/_SubprocessCShims/process_shims.c normal wasm32 c com.apple.compilers.llvm.clang.1_0.compiler failed with a nonzero exit code. Command line:     cd /host

    Using response file: /host/spi-builder-workspace/.build/out/Intermediates.noindex/swift-subprocess.build/Debug-webassembly-wasm32/_SubprocessCShims-t.build/Objects-normal/wasm32/9f65232cb83f8421e3a495a5062eba382369c975104ee97bafc405ab795bfc5e-common-args.resp

    /usr/bin/clang -x c -target wasm32-unknown-wasip1 -fmessage-length\=0 -fdiagnostics-show-note-include-stack -fmacro-backtrace-limit\=0 -fcolor-diagnostics -Wno-trigraphs -Wno-missing-field-initializers -Wno-missing-prototypes -Wno-return-type -Wno-missing-braces -Wparentheses -Wswitch -Wno-unused-function -Wno-unused-label -Wno-unused-parameter -Wno-unused-variable -Wunused-value -Wno-empty-body -Wno-uninitialized -Wno-unknown-pragmas -w -Wno-shadow -Wno-four-char-constants -Wno-conversion -Wno-constant-conversion -Wno-int-conversion -Wno-bool-conversion -Wno-enum-conversion -Wno-float-conversion -Wno-non-literal-null-conversion -Wno-objc-literal-conversion -Wno-shorten-64-to-32 -Wpointer-sign -Wno-newline-eof -Wno-implicit-fallthrough -fstrict-aliasing -Wdeprecated-declarations -Wno-sign-conversion -Wno-infinite-recursion -Wno-comma -Wno-block-capture-autoreleasing -Wno-strict-prototypes -Wno-semicolon-before-method-body --sysroot /root/.swiftpm/swift-sdks/swift-6.4.x-DEVELOPMENT-SNAPSHOT-2026-09-04-a_wasm.artifactbundle/swift-6.4.x-DEVELOPMENT-SNAPSHOT-2026-09-04-a_wasm/wasm32-unknown-wasip1/WASI.sdk @/host/spi-builder-workspace/.build/out/Intermediates.noindex/swift-subprocess.build/Debug-webassembly-wasm32/_SubprocessCShims-t.build/Objects-normal/wasm32/9f65232cb83f8421e3a495a5062eba382369c975104ee97bafc405ab795bfc5e-common-args.resp -MMD -MT dependencies -MF /host/spi-builder-workspace/.build/out/Intermediates.noindex/swift-subprocess.build/Debug-webassembly-wasm32/_SubprocessCShims-t.build/Objects-normal/wasm32/process_shims.d --serialize-diagnostics /host/spi-builder-workspace/.build/out/Intermediates.noindex/swift-subprocess.build/Debug-webassembly-wasm32/_SubprocessCShims-t.build/Objects-normal/wasm32/process_shims.dia -c /host/spi-builder-workspace/.build/checkouts/swift-subprocess/Sources/_SubprocessCShims/process_shims.c -o /host/spi-builder-workspace/.build/out/Intermediates.noindex/swift-subprocess.build/Debug-webassembly-wasm32/_SubprocessCShims-t.build/Objects-normal/wasm32/process_shims.o
In file included from /host/spi-builder-workspace/.build/checkouts/swift-tools-support-core/Sources/TSCclibc/process.c:15:
/host/spi-builder-workspace/.build/checkouts/swift-tools-support-core/Sources/TSCclibc/include/process.h:3:10: fatal error: 'spawn.h' file not found
    3 | #include <spawn.h>
      |          ^~~~~~~~~
1 error generated.
error: CompileC /host/spi-builder-workspace/.build/out/Intermediates.noindex/swift-tools-support-core.build/Debug-webassembly-wasm32/TSCclibc-t.build/Objects-normal/wasm32/process.o /host/spi-builder-workspace/.build/checkouts/swift-tools-support-core/Sources/TSCclibc/process.c normal wasm32 c com.apple.compilers.llvm.clang.1_0.compiler failed with a nonzero exit code. Command line:     cd /host

    Using response file: /host/spi-builder-workspace/.build/out/Intermediates.noindex/swift-tools-support-core.build/Debug-webassembly-wasm32/TSCclibc-t.build/Objects-normal/wasm32/9f65232cb83f8421e3a495a5062eba382369c975104ee97bafc405ab795bfc5e-common-args.resp

    /usr/bin/clang -x c -target wasm32-unknown-wasip1 -fmessage-length\=0 -fdiagnostics-show-note-include-stack -fmacro-backtrace-limit\=0 -fcolor-diagnostics -Wno-trigraphs -Wno-missing-field-initializers -Wno-missing-prototypes -Wno-return-type -Wno-missing-braces -Wparentheses -Wswitch -Wno-unused-function -Wno-unused-label -Wno-unused-parameter -Wno-unused-variable -Wunused-value -Wno-empty-body -Wno-uninitialized -Wno-unknown-pragmas -w -Wno-shadow -Wno-four-char-constants -Wno-conversion -Wno-constant-conversion -Wno-int-conversion -Wno-bool-conversion -Wno-enum-conversion -Wno-float-conversion -Wno-non-literal-null-conversion -Wno-objc-literal-conversion -Wno-shorten-64-to-32 -Wpointer-sign -Wno-newline-eof -Wno-implicit-fallthrough -fstrict-aliasing -Wdeprecated-declarations -Wno-sign-conversion -Wno-infinite-recursion -Wno-comma -Wno-block-capture-autoreleasing -Wno-strict-prototypes -Wno-semicolon-before-method-body --sysroot /root/.swiftpm/swift-sdks/swift-6.4.x-DEVELOPMENT-SNAPSHOT-2026-09-04-a_wasm.artifactbundle/swift-6.4.x-DEVELOPMENT-SNAPSHOT-2026-09-04-a_wasm/wasm32-unknown-wasip1/WASI.sdk @/host/spi-builder-workspace/.build/out/Intermediates.noindex/swift-tools-support-core.build/Debug-webassembly-wasm32/TSCclibc-t.build/Objects-normal/wasm32/9f65232cb83f8421e3a495a5062eba382369c975104ee97bafc405ab795bfc5e-common-args.resp -MMD -MT dependencies -MF /host/spi-builder-workspace/.build/out/Intermediates.noindex/swift-tools-support-core.build/Debug-webassembly-wasm32/TSCclibc-t.build/Objects-normal/wasm32/process.d --serialize-diagnostics /host/spi-builder-workspace/.build/out/Intermediates.noindex/swift-tools-support-core.build/Debug-webassembly-wasm32/TSCclibc-t.build/Objects-normal/wasm32/process.dia -c /host/spi-builder-workspace/.build/checkouts/swift-tools-support-core/Sources/TSCclibc/process.c -o /host/spi-builder-workspace/.build/out/Intermediates.noindex/swift-tools-support-core.build/Debug-webassembly-wasm32/TSCclibc-t.build/Objects-normal/wasm32/process.o
error: Build failed
BUILD FAILURE 6.4 wasm