Build Information
Failed to build swift-process, reference 0.2.1 (2f2742), with Swift 6.2 for Wasm on 14 Aug 2026 20:34:08 UTC.
Build Command
bash -c docker run --pull=always --rm -v "checkouts-54344849-0":/host -w "$PWD" -e JAVA_HOME="/root/.sdkman/candidates/java/current" -e SPI_BUILD="1" -e SPI_PROCESSING="1" registry.gitlab.com/saguaro1/spi-images:wasm-6.2-latest swift build --swift-sdk swift-6.2-RELEASE_wasm 2>&1Build Log
========================================
RunAll
========================================
Builder version: 5.0.1
Interrupt handler set up.
========================================
Checkout
========================================
Clone URL: https://github.com/orchetect/swift-process.git
Reference: 0.2.1
Initialized empty Git repository in /host/spi-builder-workspace/.git/
hint: Using 'master' as the name for the initial branch. This default branch name
hint: is subject to change. To configure the initial branch name to use in all
hint: of your new repositories, which will suppress this warning, call:
hint:
hint: git config --global init.defaultBranch <name>
hint:
hint: Names commonly chosen instead of 'master' are 'main', 'trunk' and
hint: 'development'. The just-created branch can be renamed via this command:
hint:
hint: git branch -m <name>
From https://github.com/orchetect/swift-process
* tag 0.2.1 -> FETCH_HEAD
HEAD is now at 2f2742f `CommandProcess`: `runAndWait()`: async overload now exclusively uses Swift concurrency
Cloned https://github.com/orchetect/swift-process.git
Revision (git rev-parse @):
2f2742f4a769f49d15a777597f6a0a96927b6f09
SPI manifest file found: $PWD/.spi.yml
SUCCESS checkout https://github.com/orchetect/swift-process.git at 0.2.1
========================================
Build
========================================
Selected platform: wasm
Swift version: 6.2
Building package at path: $PWD
https://github.com/orchetect/swift-process.git
Running build ...
bash -c docker run --pull=always --rm -v "checkouts-54344849-0":/host -w "$PWD" -e JAVA_HOME="/root/.sdkman/candidates/java/current" -e SPI_BUILD="1" -e SPI_PROCESSING="1" registry.gitlab.com/saguaro1/spi-images:wasm-6.2-latest swift build --swift-sdk swift-6.2-RELEASE_wasm 2>&1
wasm-6.2-latest: Pulling from saguaro1/spi-images
Digest: sha256:70428a4f4110aef5b17a27427e965f31cf3855e8cf1dfdc416ed61c780337965
Status: Image is up to date for registry.gitlab.com/saguaro1/spi-images:wasm-6.2-latest
Fetching https://github.com/orchetect/swift-testing-extensions
[1/1172] Fetching swift-testing-extensions
Fetched https://github.com/orchetect/swift-testing-extensions from cache (0.47s)
Computing version for https://github.com/orchetect/swift-testing-extensions
Computed https://github.com/orchetect/swift-testing-extensions at 0.3.1 (0.65s)
Fetching https://github.com/swiftlang/swift-syntax.git
Fetching https://github.com/tsolomko/SWCompression
[1/18078] Fetching swcompression
Fetched https://github.com/tsolomko/SWCompression from cache (0.85s)
[1/76475] Fetching swift-syntax
Fetched https://github.com/swiftlang/swift-syntax.git from cache (2.84s)
Computing version for https://github.com/tsolomko/SWCompression
Computed https://github.com/tsolomko/SWCompression at 4.9.1 (3.01s)
Fetching https://github.com/tsolomko/BitByteData
[1/3281] Fetching bitbytedata
Fetched https://github.com/tsolomko/BitByteData from cache (0.58s)
Computing version for https://github.com/tsolomko/BitByteData
Computed https://github.com/tsolomko/BitByteData at 2.1.0 (0.72s)
Computing version for https://github.com/swiftlang/swift-syntax.git
Computed https://github.com/swiftlang/swift-syntax.git at 603.0.2 (0.96s)
Creating working copy for https://github.com/tsolomko/BitByteData
Working copy of https://github.com/tsolomko/BitByteData resolved at 2.1.0
Creating working copy for https://github.com/tsolomko/SWCompression
Working copy of https://github.com/tsolomko/SWCompression resolved at 4.9.1
Creating working copy for https://github.com/swiftlang/swift-syntax.git
Working copy of https://github.com/swiftlang/swift-syntax.git resolved at 603.0.2
Creating working copy for https://github.com/orchetect/swift-testing-extensions
Working copy of https://github.com/orchetect/swift-testing-extensions resolved at 0.3.1
Building for debugging...
[0/2] Write sources
[1/2] Write swift-version-24593BA9C3E375BF.txt
[3/39] Emitting module SwiftProcess
[4/44] Compiling SwiftProcess Sequence+BundleID.swift
[5/44] Compiling SwiftProcess BundleID NonEmptyValidationRule.swift
[6/44] Compiling SwiftProcess BundleID RelaxedFormatValidationRule.swift
[7/44] Compiling SwiftProcess BundleID StrictFormatValidationRule.swift
[8/44] Compiling SwiftProcess BundleID ValidationRule.swift
[9/44] Compiling SwiftProcess PID InfoIterator.swift
[10/44] Compiling SwiftProcess PID InfoSequence.swift
[11/44] Compiling SwiftProcess bsdinfo+Properties.swift
[12/44] Compiling SwiftProcess bsdshortinfo+Properties.swift
[13/44] Compiling SwiftProcess SendableLock.swift
[14/44] Compiling SwiftProcess FSEventsFileDescriptorInfoType.swift
[15/44] Compiling SwiftProcess FileDescriptorInfoType.swift
[16/44] Compiling SwiftProcess PipeFileDescriptorInfoType.swift
[17/44] Compiling SwiftProcess SocketFileDescriptorInfoType.swift
[18/44] Compiling SwiftProcess VNodeFileDescriptorInfoType.swift
[19/44] Compiling SwiftProcess SwiftProcess-API-0.2.0.swift
[20/44] Compiling SwiftProcess BundleID+Metadata+Bundle.swift
[21/44] Compiling SwiftProcess BundleID+Metadata+PID.swift
[22/44] Compiling SwiftProcess BundleID+Static.swift
[23/44] Compiling SwiftProcess BundleID+Validation.swift
[24/44] Compiling SwiftProcess BundleID.swift
[25/44] Compiling SwiftProcess Sequence+FileDescriptorInfo.swift
[26/44] Compiling SwiftProcess PIDError.swift
[27/44] Compiling SwiftProcess PID+Ancestors+BundleID.swift
[28/44] Compiling SwiftProcess PID+Ancestors.swift
[29/44] Compiling SwiftProcess PID+Metadata+BSD.swift
[30/44] Compiling SwiftProcess PID.swift
[31/44] Compiling SwiftProcess Sequence+PID+BundleID.swift
[32/44] Compiling SwiftProcess Sequence+PID.swift
[33/44] Compiling SwiftProcess PID AncestorsIterator.swift
[34/44] Compiling SwiftProcess PID AncestorsSequence.swift
[35/44] Compiling SwiftProcess BackgroundCommandProcess.swift
[36/44] Compiling SwiftProcess CommandProcess.swift
[37/44] Compiling SwiftProcess Process+Utilities.swift
[38/44] Compiling SwiftProcess FileDescriptorFlavor.swift
[39/44] Compiling SwiftProcess FileDescriptorInfo.swift
[40/44] Compiling SwiftProcess PID+Metadata+BundleID.swift
/host/spi-builder-workspace/Sources/SwiftProcess/PID/PID+Methods.swift:20:22: error: cannot find 'kill' in scope
18 | public func terminate(force isForced: Bool = false) throws(PIDError) {
19 | #if !os(Android)
20 | let result = kill(rawValue, isForced ? SIGKILL : SIGTERM)
| `- error: cannot find 'kill' in scope
21 |
22 | // On success, 0 is returned.
/host/spi-builder-workspace/Sources/SwiftProcess/PID/PID+Methods.swift:20:48: error: cannot find 'SIGKILL' in scope
18 | public func terminate(force isForced: Bool = false) throws(PIDError) {
19 | #if !os(Android)
20 | let result = kill(rawValue, isForced ? SIGKILL : SIGTERM)
| `- error: cannot find 'SIGKILL' in scope
21 |
22 | // On success, 0 is returned.
/host/spi-builder-workspace/Sources/SwiftProcess/PID/PID+Methods.swift:20:58: error: cannot find 'SIGTERM' in scope
18 | public func terminate(force isForced: Bool = false) throws(PIDError) {
19 | #if !os(Android)
20 | let result = kill(rawValue, isForced ? SIGKILL : SIGTERM)
| `- error: cannot find 'SIGTERM' in scope
21 |
22 | // On success, 0 is returned.
[41/44] Compiling SwiftProcess PID+Metadata+CodeSigning.swift
/host/spi-builder-workspace/Sources/SwiftProcess/PID/PID+Methods.swift:20:22: error: cannot find 'kill' in scope
18 | public func terminate(force isForced: Bool = false) throws(PIDError) {
19 | #if !os(Android)
20 | let result = kill(rawValue, isForced ? SIGKILL : SIGTERM)
| `- error: cannot find 'kill' in scope
21 |
22 | // On success, 0 is returned.
/host/spi-builder-workspace/Sources/SwiftProcess/PID/PID+Methods.swift:20:48: error: cannot find 'SIGKILL' in scope
18 | public func terminate(force isForced: Bool = false) throws(PIDError) {
19 | #if !os(Android)
20 | let result = kill(rawValue, isForced ? SIGKILL : SIGTERM)
| `- error: cannot find 'SIGKILL' in scope
21 |
22 | // On success, 0 is returned.
/host/spi-builder-workspace/Sources/SwiftProcess/PID/PID+Methods.swift:20:58: error: cannot find 'SIGTERM' in scope
18 | public func terminate(force isForced: Bool = false) throws(PIDError) {
19 | #if !os(Android)
20 | let result = kill(rawValue, isForced ? SIGKILL : SIGTERM)
| `- error: cannot find 'SIGTERM' in scope
21 |
22 | // On success, 0 is returned.
[42/44] Compiling SwiftProcess PID+Metadata.swift
/host/spi-builder-workspace/Sources/SwiftProcess/PID/PID+Methods.swift:20:22: error: cannot find 'kill' in scope
18 | public func terminate(force isForced: Bool = false) throws(PIDError) {
19 | #if !os(Android)
20 | let result = kill(rawValue, isForced ? SIGKILL : SIGTERM)
| `- error: cannot find 'kill' in scope
21 |
22 | // On success, 0 is returned.
/host/spi-builder-workspace/Sources/SwiftProcess/PID/PID+Methods.swift:20:48: error: cannot find 'SIGKILL' in scope
18 | public func terminate(force isForced: Bool = false) throws(PIDError) {
19 | #if !os(Android)
20 | let result = kill(rawValue, isForced ? SIGKILL : SIGTERM)
| `- error: cannot find 'SIGKILL' in scope
21 |
22 | // On success, 0 is returned.
/host/spi-builder-workspace/Sources/SwiftProcess/PID/PID+Methods.swift:20:58: error: cannot find 'SIGTERM' in scope
18 | public func terminate(force isForced: Bool = false) throws(PIDError) {
19 | #if !os(Android)
20 | let result = kill(rawValue, isForced ? SIGKILL : SIGTERM)
| `- error: cannot find 'SIGTERM' in scope
21 |
22 | // On success, 0 is returned.
[43/44] Compiling SwiftProcess PID+Methods.swift
/host/spi-builder-workspace/Sources/SwiftProcess/PID/PID+Methods.swift:20:22: error: cannot find 'kill' in scope
18 | public func terminate(force isForced: Bool = false) throws(PIDError) {
19 | #if !os(Android)
20 | let result = kill(rawValue, isForced ? SIGKILL : SIGTERM)
| `- error: cannot find 'kill' in scope
21 |
22 | // On success, 0 is returned.
/host/spi-builder-workspace/Sources/SwiftProcess/PID/PID+Methods.swift:20:48: error: cannot find 'SIGKILL' in scope
18 | public func terminate(force isForced: Bool = false) throws(PIDError) {
19 | #if !os(Android)
20 | let result = kill(rawValue, isForced ? SIGKILL : SIGTERM)
| `- error: cannot find 'SIGKILL' in scope
21 |
22 | // On success, 0 is returned.
/host/spi-builder-workspace/Sources/SwiftProcess/PID/PID+Methods.swift:20:58: error: cannot find 'SIGTERM' in scope
18 | public func terminate(force isForced: Bool = false) throws(PIDError) {
19 | #if !os(Android)
20 | let result = kill(rawValue, isForced ? SIGKILL : SIGTERM)
| `- error: cannot find 'SIGTERM' in scope
21 |
22 | // On success, 0 is returned.
[44/44] Compiling SwiftProcess PID+Static.swift
/host/spi-builder-workspace/Sources/SwiftProcess/PID/PID+Methods.swift:20:22: error: cannot find 'kill' in scope
18 | public func terminate(force isForced: Bool = false) throws(PIDError) {
19 | #if !os(Android)
20 | let result = kill(rawValue, isForced ? SIGKILL : SIGTERM)
| `- error: cannot find 'kill' in scope
21 |
22 | // On success, 0 is returned.
/host/spi-builder-workspace/Sources/SwiftProcess/PID/PID+Methods.swift:20:48: error: cannot find 'SIGKILL' in scope
18 | public func terminate(force isForced: Bool = false) throws(PIDError) {
19 | #if !os(Android)
20 | let result = kill(rawValue, isForced ? SIGKILL : SIGTERM)
| `- error: cannot find 'SIGKILL' in scope
21 |
22 | // On success, 0 is returned.
/host/spi-builder-workspace/Sources/SwiftProcess/PID/PID+Methods.swift:20:58: error: cannot find 'SIGTERM' in scope
18 | public func terminate(force isForced: Bool = false) throws(PIDError) {
19 | #if !os(Android)
20 | let result = kill(rawValue, isForced ? SIGKILL : SIGTERM)
| `- error: cannot find 'SIGTERM' in scope
21 |
22 | // On success, 0 is returned.
BUILD FAILURE 6.2 wasm