Build Information
Failed to build Selenops, reference master (8c2ee9), with Swift 6.4 for watchOS using Xcode 27.0 on 17 Sep 2026 12:13:08 UTC.
Build Command
env DEVELOPER_DIR=/Applications/Xcode-27.0.0-Release.Candidate.app xcrun xcodebuild -IDEClonedSourcePackagesDirPathOverride=$PWD/.dependencies -skipMacroValidation -skipPackagePluginValidation -derivedDataPath $PWD/.derivedData build -scheme Selenops-Package -destination generic/platform=watchOSBuild Log
cd /Users/admin/builder/spi-builder-workspace/.dependencies/checkouts/swift-tools-support-core
builtin-swiftHeaderTool -arch arm64 /Users/admin/builder/spi-builder-workspace/.derivedData/Build/Intermediates.noindex/swift-tools-support-core.build/Debug-watchos/TSCLibc-t.build/Objects-normal/arm64/TSCLibc-Swift.h -arch arm64_32 /Users/admin/builder/spi-builder-workspace/.derivedData/Build/Intermediates.noindex/swift-tools-support-core.build/Debug-watchos/TSCLibc-t.build/Objects-normal/arm64_32/TSCLibc-Swift.h -o /Users/admin/builder/spi-builder-workspace/.derivedData/Build/Intermediates.noindex/GeneratedModuleMaps-watchos/TSCLibc-Swift.h
Copy /Users/admin/builder/spi-builder-workspace/.derivedData/Build/Products/Debug-watchos/TSCLibc.swiftmodule/arm64_32-apple-watchos.swiftdoc /Users/admin/builder/spi-builder-workspace/.derivedData/Build/Intermediates.noindex/swift-tools-support-core.build/Debug-watchos/TSCLibc-t.build/Objects-normal/arm64_32/TSCLibc.swiftdoc (in target 'TSCLibc' from project 'swift-tools-support-core')
cd /Users/admin/builder/spi-builder-workspace/.dependencies/checkouts/swift-tools-support-core
builtin-copy -exclude .DS_Store -exclude CVS -exclude .svn -exclude .git -exclude .hg -resolve-src-symlinks -rename /Users/admin/builder/spi-builder-workspace/.derivedData/Build/Intermediates.noindex/swift-tools-support-core.build/Debug-watchos/TSCLibc-t.build/Objects-normal/arm64_32/TSCLibc.swiftdoc /Users/admin/builder/spi-builder-workspace/.derivedData/Build/Products/Debug-watchos/TSCLibc.swiftmodule/arm64_32-apple-watchos.swiftdoc
Copy /Users/admin/builder/spi-builder-workspace/.derivedData/Build/Products/Debug-watchos/TSCLibc.swiftmodule/arm64_32-apple-watchos.swiftmodule /Users/admin/builder/spi-builder-workspace/.derivedData/Build/Intermediates.noindex/swift-tools-support-core.build/Debug-watchos/TSCLibc-t.build/Objects-normal/arm64_32/TSCLibc.swiftmodule (in target 'TSCLibc' from project 'swift-tools-support-core')
cd /Users/admin/builder/spi-builder-workspace/.dependencies/checkouts/swift-tools-support-core
builtin-copy -exclude .DS_Store -exclude CVS -exclude .svn -exclude .git -exclude .hg -resolve-src-symlinks -rename /Users/admin/builder/spi-builder-workspace/.derivedData/Build/Intermediates.noindex/swift-tools-support-core.build/Debug-watchos/TSCLibc-t.build/Objects-normal/arm64_32/TSCLibc.swiftmodule /Users/admin/builder/spi-builder-workspace/.derivedData/Build/Products/Debug-watchos/TSCLibc.swiftmodule/arm64_32-apple-watchos.swiftmodule
Copy /Users/admin/builder/spi-builder-workspace/.derivedData/Build/Products/Debug-watchos/TSCLibc.swiftmodule/arm64_32-apple-watchos.abi.json /Users/admin/builder/spi-builder-workspace/.derivedData/Build/Intermediates.noindex/swift-tools-support-core.build/Debug-watchos/TSCLibc-t.build/Objects-normal/arm64_32/TSCLibc.abi.json (in target 'TSCLibc' from project 'swift-tools-support-core')
cd /Users/admin/builder/spi-builder-workspace/.dependencies/checkouts/swift-tools-support-core
builtin-copy -exclude .DS_Store -exclude CVS -exclude .svn -exclude .git -exclude .hg -resolve-src-symlinks -rename /Users/admin/builder/spi-builder-workspace/.derivedData/Build/Intermediates.noindex/swift-tools-support-core.build/Debug-watchos/TSCLibc-t.build/Objects-normal/arm64_32/TSCLibc.abi.json /Users/admin/builder/spi-builder-workspace/.derivedData/Build/Products/Debug-watchos/TSCLibc.swiftmodule/arm64_32-apple-watchos.abi.json
Copy /Users/admin/builder/spi-builder-workspace/.derivedData/Build/Products/Debug-watchos/TSCLibc.swiftmodule/Project/arm64_32-apple-watchos.swiftsourceinfo /Users/admin/builder/spi-builder-workspace/.derivedData/Build/Intermediates.noindex/swift-tools-support-core.build/Debug-watchos/TSCLibc-t.build/Objects-normal/arm64_32/TSCLibc.swiftsourceinfo (in target 'TSCLibc' from project 'swift-tools-support-core')
cd /Users/admin/builder/spi-builder-workspace/.dependencies/checkouts/swift-tools-support-core
builtin-copy -exclude .DS_Store -exclude CVS -exclude .svn -exclude .git -exclude .hg -resolve-src-symlinks -rename /Users/admin/builder/spi-builder-workspace/.derivedData/Build/Intermediates.noindex/swift-tools-support-core.build/Debug-watchos/TSCLibc-t.build/Objects-normal/arm64_32/TSCLibc.swiftsourceinfo /Users/admin/builder/spi-builder-workspace/.derivedData/Build/Products/Debug-watchos/TSCLibc.swiftmodule/Project/arm64_32-apple-watchos.swiftsourceinfo
SwiftDriver TSCBasic normal arm64 com.apple.xcode.tools.swift.compiler (in target 'TSCBasic' from project 'swift-tools-support-core')
cd /Users/admin/builder/spi-builder-workspace/.swiftpm/xcode
builtin-SwiftDriver -- /Applications/Xcode-27.0.0-Release.Candidate.app/Contents/Developer/Toolchains/XcodeDefault.xctoolchain/usr/bin/swiftc -parse-as-library -module-name TSCBasic -Onone @/Users/admin/builder/spi-builder-workspace/.derivedData/Build/Intermediates.noindex/swift-tools-support-core.build/Debug-watchos/TSCBasic-t.build/Objects-normal/arm64/TSCBasic.SwiftFileList -DSWIFT_PACKAGE -DDEBUG -DSWIFT_MODULE_RESOURCE_BUNDLE_UNAVAILABLE -Xcc -fmodule-map-file\=/Users/admin/builder/spi-builder-workspace/.dependencies/checkouts/swift-tools-support-core/Sources/TSCclibc/include/module.modulemap -DXcode -plugin-path /Applications/Xcode-27.0.0-Release.Candidate.app/Contents/Developer/Toolchains/XcodeDefault.xctoolchain/usr/lib/swift/host/plugins/testing -enable-experimental-feature DebugDescriptionMacro -sdk /Applications/Xcode-27.0.0-Release.Candidate.app/Contents/Developer/Platforms/WatchOS.platform/Developer/SDKs/WatchOS27.0.sdk -target arm64-apple-watchos9.0 -g -module-cache-path /Users/admin/builder/spi-builder-workspace/.derivedData/ModuleCache.noindex -Xfrontend -serialize-debugging-options -enable-testing -suppress-warnings -index-store-path /Users/admin/builder/spi-builder-workspace/.derivedData/Index.noindex/DataStore -Xcc -D_LIBCPP_HARDENING_MODE\=_LIBCPP_HARDENING_MODE_DEBUG -swift-version 5 -I /Users/admin/builder/spi-builder-workspace/.derivedData/Build/Products/Debug-watchos -Isystem /Applications/Xcode-27.0.0-Release.Candidate.app/Contents/Developer/Platforms/WatchOS.platform/Developer/usr/lib -F /Users/admin/builder/spi-builder-workspace/.derivedData/Build/Products/Debug-watchos/PackageFrameworks -F /Users/admin/builder/spi-builder-workspace/.derivedData/Build/Products/Debug-watchos -F /Applications/Xcode-27.0.0-Release.Candidate.app/Contents/Developer/Platforms/WatchOS.platform/Developer/Library/Frameworks -F /Applications/Xcode-27.0.0-Release.Candidate.app/Contents/Developer/Platforms/WatchOS.platform/Developer/SDKs/WatchOS27.0.sdk/Developer/Library/Frameworks -c -j10 -enable-batch-mode -incremental -Xcc -ivfsstatcache -Xcc /Users/admin/builder/spi-builder-workspace/.derivedData/SDKStatCaches.noindex/watchos27.0-24R360-e829b21a6f8c9b70876ba0858053c04477534ef55a1706bf4c1112bbb242f0a2.sdkstatcache -output-file-map /Users/admin/builder/spi-builder-workspace/.derivedData/Build/Intermediates.noindex/swift-tools-support-core.build/Debug-watchos/TSCBasic-t.build/Objects-normal/arm64/TSCBasic-OutputFileMap.json -save-temps -no-color-diagnostics -explicit-module-build -module-cache-path /Users/admin/builder/spi-builder-workspace/.derivedData/Build/Intermediates.noindex/SwiftExplicitPrecompiledModules -clang-scanner-module-cache-path /Users/admin/builder/spi-builder-workspace/.derivedData/ModuleCache.noindex -sdk-module-cache-path /Users/admin/builder/spi-builder-workspace/.derivedData/SDKExplicitPrecompiledModules -emit-dependencies -emit-module -emit-module-path /Users/admin/builder/spi-builder-workspace/.derivedData/Build/Intermediates.noindex/swift-tools-support-core.build/Debug-watchos/TSCBasic-t.build/Objects-normal/arm64/TSCBasic.swiftmodule -serialize-diagnostics -dependency-scan-serialize-diagnostics-path /Users/admin/builder/spi-builder-workspace/.derivedData/Build/Intermediates.noindex/swift-tools-support-core.build/Debug-watchos/TSCBasic-t.build/Objects-normal/arm64/TSCBasic-dependency-scan.dia -validate-clang-modules-once -clang-build-session-file /Users/admin/builder/spi-builder-workspace/.derivedData/ModuleCache.noindex/Session.modulevalidation -Xcc -fmodules-prune-interval\=86400 -Xcc -fmodules-prune-after\=345600 -emit-const-values -const-gather-protocols-list /Users/admin/builder/spi-builder-workspace/.derivedData/Build/Intermediates.noindex/swift-tools-support-core.build/Debug-watchos/TSCBasic-t.build/Objects-normal/arm64/TSCBasic_const_extract_protocols.json -Xcc -I/Users/admin/builder/spi-builder-workspace/.dependencies/checkouts/swift-tools-support-core/Sources/TSCclibc/include -Xcc -I/Users/admin/builder/spi-builder-workspace/.derivedData/Build/Products/Debug-watchos/include -Xcc -I/Users/admin/builder/spi-builder-workspace/.derivedData/Build/Intermediates.noindex/swift-tools-support-core.build/Debug-watchos/TSCBasic-t.build/DerivedSources-normal/arm64 -Xcc -I/Users/admin/builder/spi-builder-workspace/.derivedData/Build/Intermediates.noindex/swift-tools-support-core.build/Debug-watchos/TSCBasic-t.build/DerivedSources/arm64 -Xcc -I/Users/admin/builder/spi-builder-workspace/.derivedData/Build/Intermediates.noindex/swift-tools-support-core.build/Debug-watchos/TSCBasic-t.build/DerivedSources -Xcc -DSWIFT_PACKAGE -Xcc -DDEBUG\=1 -emit-objc-header -emit-objc-header-path /Users/admin/builder/spi-builder-workspace/.derivedData/Build/Intermediates.noindex/swift-tools-support-core.build/Debug-watchos/TSCBasic-t.build/Objects-normal/arm64/TSCBasic-Swift.h -working-directory /Users/admin/builder/spi-builder-workspace/.swiftpm/xcode -experimental-emit-module-separately -disable-cmo
SwiftDriver TSCBasic normal arm64_32 com.apple.xcode.tools.swift.compiler (in target 'TSCBasic' from project 'swift-tools-support-core')
cd /Users/admin/builder/spi-builder-workspace/.swiftpm/xcode
builtin-SwiftDriver -- /Applications/Xcode-27.0.0-Release.Candidate.app/Contents/Developer/Toolchains/XcodeDefault.xctoolchain/usr/bin/swiftc -parse-as-library -module-name TSCBasic -Onone @/Users/admin/builder/spi-builder-workspace/.derivedData/Build/Intermediates.noindex/swift-tools-support-core.build/Debug-watchos/TSCBasic-t.build/Objects-normal/arm64_32/TSCBasic.SwiftFileList -DSWIFT_PACKAGE -DDEBUG -DSWIFT_MODULE_RESOURCE_BUNDLE_UNAVAILABLE -Xcc -fmodule-map-file\=/Users/admin/builder/spi-builder-workspace/.dependencies/checkouts/swift-tools-support-core/Sources/TSCclibc/include/module.modulemap -DXcode -plugin-path /Applications/Xcode-27.0.0-Release.Candidate.app/Contents/Developer/Toolchains/XcodeDefault.xctoolchain/usr/lib/swift/host/plugins/testing -enable-experimental-feature DebugDescriptionMacro -sdk /Applications/Xcode-27.0.0-Release.Candidate.app/Contents/Developer/Platforms/WatchOS.platform/Developer/SDKs/WatchOS27.0.sdk -target arm64_32-apple-watchos9.0 -g -module-cache-path /Users/admin/builder/spi-builder-workspace/.derivedData/ModuleCache.noindex -Xfrontend -serialize-debugging-options -enable-testing -suppress-warnings -index-store-path /Users/admin/builder/spi-builder-workspace/.derivedData/Index.noindex/DataStore -Xcc -D_LIBCPP_HARDENING_MODE\=_LIBCPP_HARDENING_MODE_DEBUG -swift-version 5 -I /Users/admin/builder/spi-builder-workspace/.derivedData/Build/Products/Debug-watchos -Isystem /Applications/Xcode-27.0.0-Release.Candidate.app/Contents/Developer/Platforms/WatchOS.platform/Developer/usr/lib -F /Users/admin/builder/spi-builder-workspace/.derivedData/Build/Products/Debug-watchos/PackageFrameworks -F /Users/admin/builder/spi-builder-workspace/.derivedData/Build/Products/Debug-watchos -F /Applications/Xcode-27.0.0-Release.Candidate.app/Contents/Developer/Platforms/WatchOS.platform/Developer/Library/Frameworks -F /Applications/Xcode-27.0.0-Release.Candidate.app/Contents/Developer/Platforms/WatchOS.platform/Developer/SDKs/WatchOS27.0.sdk/Developer/Library/Frameworks -c -j10 -enable-batch-mode -incremental -Xcc -ivfsstatcache -Xcc /Users/admin/builder/spi-builder-workspace/.derivedData/SDKStatCaches.noindex/watchos27.0-24R360-e829b21a6f8c9b70876ba0858053c04477534ef55a1706bf4c1112bbb242f0a2.sdkstatcache -output-file-map /Users/admin/builder/spi-builder-workspace/.derivedData/Build/Intermediates.noindex/swift-tools-support-core.build/Debug-watchos/TSCBasic-t.build/Objects-normal/arm64_32/TSCBasic-OutputFileMap.json -save-temps -no-color-diagnostics -explicit-module-build -module-cache-path /Users/admin/builder/spi-builder-workspace/.derivedData/Build/Intermediates.noindex/SwiftExplicitPrecompiledModules -clang-scanner-module-cache-path /Users/admin/builder/spi-builder-workspace/.derivedData/ModuleCache.noindex -sdk-module-cache-path /Users/admin/builder/spi-builder-workspace/.derivedData/SDKExplicitPrecompiledModules -emit-dependencies -emit-module -emit-module-path /Users/admin/builder/spi-builder-workspace/.derivedData/Build/Intermediates.noindex/swift-tools-support-core.build/Debug-watchos/TSCBasic-t.build/Objects-normal/arm64_32/TSCBasic.swiftmodule -serialize-diagnostics -dependency-scan-serialize-diagnostics-path /Users/admin/builder/spi-builder-workspace/.derivedData/Build/Intermediates.noindex/swift-tools-support-core.build/Debug-watchos/TSCBasic-t.build/Objects-normal/arm64_32/TSCBasic-dependency-scan.dia -validate-clang-modules-once -clang-build-session-file /Users/admin/builder/spi-builder-workspace/.derivedData/ModuleCache.noindex/Session.modulevalidation -Xcc -fmodules-prune-interval\=86400 -Xcc -fmodules-prune-after\=345600 -emit-const-values -const-gather-protocols-list /Users/admin/builder/spi-builder-workspace/.derivedData/Build/Intermediates.noindex/swift-tools-support-core.build/Debug-watchos/TSCBasic-t.build/Objects-normal/arm64_32/TSCBasic_const_extract_protocols.json -Xcc -I/Users/admin/builder/spi-builder-workspace/.dependencies/checkouts/swift-tools-support-core/Sources/TSCclibc/include -Xcc -I/Users/admin/builder/spi-builder-workspace/.derivedData/Build/Products/Debug-watchos/include -Xcc -I/Users/admin/builder/spi-builder-workspace/.derivedData/Build/Intermediates.noindex/swift-tools-support-core.build/Debug-watchos/TSCBasic-t.build/DerivedSources-normal/arm64_32 -Xcc -I/Users/admin/builder/spi-builder-workspace/.derivedData/Build/Intermediates.noindex/swift-tools-support-core.build/Debug-watchos/TSCBasic-t.build/DerivedSources/arm64_32 -Xcc -I/Users/admin/builder/spi-builder-workspace/.derivedData/Build/Intermediates.noindex/swift-tools-support-core.build/Debug-watchos/TSCBasic-t.build/DerivedSources -Xcc -DSWIFT_PACKAGE -Xcc -DDEBUG\=1 -emit-objc-header -emit-objc-header-path /Users/admin/builder/spi-builder-workspace/.derivedData/Build/Intermediates.noindex/swift-tools-support-core.build/Debug-watchos/TSCBasic-t.build/Objects-normal/arm64_32/TSCBasic-Swift.h -working-directory /Users/admin/builder/spi-builder-workspace/.swiftpm/xcode -experimental-emit-module-separately -disable-cmo
SwiftExplicitDependencyGeneratePcm arm64_32 /Users/admin/builder/spi-builder-workspace/.derivedData/SDKExplicitPrecompiledModules/os_object-5YWTC6L4756IWSTPGXS5NM0D0.pcm
SwiftExplicitDependencyGeneratePcm arm64 /Users/admin/builder/spi-builder-workspace/.derivedData/SDKExplicitPrecompiledModules/os_workgroup-89GG5G7YC2D0ZTK6AZXXQ20DH.pcm
SwiftExplicitDependencyGeneratePcm arm64_32 /Users/admin/builder/spi-builder-workspace/.derivedData/SDKExplicitPrecompiledModules/os_workgroup-5JHTPDMNBUNHLJI8LPHKQK1JK.pcm
SwiftExplicitDependencyGeneratePcm arm64 /Users/admin/builder/spi-builder-workspace/.derivedData/SDKExplicitPrecompiledModules/Dispatch-1NLJOVAK60XP0DUB05XA59EIM.pcm
SwiftExplicitDependencyGeneratePcm arm64 /Users/admin/builder/spi-builder-workspace/.derivedData/SDKExplicitPrecompiledModules/ObjectiveC-22CZPC4WYQC9G8T393WT2KKLW.pcm
SwiftExplicitDependencyGeneratePcm arm64_32 /Users/admin/builder/spi-builder-workspace/.derivedData/SDKExplicitPrecompiledModules/Dispatch-2P62F1T4XV63S4P99TUDTOK2Q.pcm
SwiftExplicitDependencyGeneratePcm arm64_32 /Users/admin/builder/spi-builder-workspace/.derivedData/SDKExplicitPrecompiledModules/ObjectiveC-71AGZNHLBMR2QK817EJNUN54E.pcm
SwiftExplicitDependencyGeneratePcm arm64 /Users/admin/builder/spi-builder-workspace/.derivedData/SDKExplicitPrecompiledModules/XPC-40DR0X1DHKGCV4J1IOLFS8MOU.pcm
SwiftExplicitDependencyGeneratePcm arm64 /Users/admin/builder/spi-builder-workspace/.derivedData/SDKExplicitPrecompiledModules/CoreFoundation-8T2L24YC5NU7WO6WQJWRY7W08.pcm
SwiftExplicitDependencyGeneratePcm arm64 /Users/admin/builder/spi-builder-workspace/.derivedData/SDKExplicitPrecompiledModules/os_object-6KYGGZ4DPVZ3BBAZ6QICZN8LI.pcm
SwiftExplicitDependencyGeneratePcm arm64_32 /Users/admin/builder/spi-builder-workspace/.derivedData/SDKExplicitPrecompiledModules/XPC-81Y45QFY96XYYFCW2GT6FY8S4.pcm
SwiftExplicitDependencyGeneratePcm arm64_32 /Users/admin/builder/spi-builder-workspace/.derivedData/SDKExplicitPrecompiledModules/CoreFoundation-8E6Y4BA3EXYKUGJ24GT9LGV3N.pcm
SwiftExplicitDependencyGeneratePcm arm64_32 /Users/admin/builder/spi-builder-workspace/.derivedData/SDKExplicitPrecompiledModules/os_object-CTXVQBCWDOH6JHUXIFDUOWFRL.pcm
SwiftExplicitDependencyGeneratePcm arm64 /Users/admin/builder/spi-builder-workspace/.derivedData/SDKExplicitPrecompiledModules/os_workgroup-AHE7ULDQBKER38CYPIKDTZF4M.pcm
SwiftExplicitDependencyGeneratePcm arm64 /Users/admin/builder/spi-builder-workspace/.derivedData/SDKExplicitPrecompiledModules/_Builtin_stdatomic-7JEFA3KBJJJN6TKJWY3OG1VG5.pcm
SwiftExplicitDependencyGeneratePcm arm64 /Users/admin/builder/spi-builder-workspace/.derivedData/SDKExplicitPrecompiledModules/MachO-2U90NNSAQILBNBPS1SA4F8TYP.pcm
SwiftExplicitDependencyGeneratePcm arm64_32 /Users/admin/builder/spi-builder-workspace/.derivedData/SDKExplicitPrecompiledModules/os_workgroup-9L9R05BT5LTFRZ2NM68BZTVV2.pcm
SwiftExplicitDependencyGeneratePcm arm64_32 /Users/admin/builder/spi-builder-workspace/.derivedData/SDKExplicitPrecompiledModules/_Builtin_stdatomic-1TY035TURL76BF2U98PZPPZRX.pcm
SwiftExplicitDependencyGeneratePcm arm64_32 /Users/admin/builder/spi-builder-workspace/.derivedData/SDKExplicitPrecompiledModules/MachO-56838ZJ0NC1EBAJ0O6O8QMPDX.pcm
SwiftExplicitDependencyGeneratePcm arm64 /Users/admin/builder/spi-builder-workspace/.derivedData/SDKExplicitPrecompiledModules/Dispatch-39VR0G01IUJ09PQKMFGOHXZ4L.pcm
SwiftExplicitDependencyGeneratePcm arm64 /Users/admin/builder/spi-builder-workspace/.derivedData/SDKExplicitPrecompiledModules/Security-6RZ6YBRU8WCUHRFFRVUK5WKMM.pcm
SwiftExplicitDependencyGeneratePcm arm64_32 /Users/admin/builder/spi-builder-workspace/.derivedData/SDKExplicitPrecompiledModules/Security-D7TOWF88VWF67TB9HAFP5UWB1.pcm
SwiftExplicitDependencyGeneratePcm arm64_32 /Users/admin/builder/spi-builder-workspace/.derivedData/SDKExplicitPrecompiledModules/Dispatch-CGIMI9KQKHNRQHR2IECIPRG14.pcm
SwiftExplicitDependencyGeneratePcm arm64 /Users/admin/builder/spi-builder-workspace/.derivedData/SDKExplicitPrecompiledModules/os-5DIL6Z9LFIGLMZAHM7X2T5435.pcm
SwiftExplicitDependencyGeneratePcm arm64_32 /Users/admin/builder/spi-builder-workspace/.derivedData/SDKExplicitPrecompiledModules/os-E5IGB442IA6SBB25TTCOLK2OC.pcm
SwiftExplicitDependencyGeneratePcm arm64 /Users/admin/builder/spi-builder-workspace/.derivedData/SDKExplicitPrecompiledModules/CoreFoundation-59XKO8YNRGGYNC5U5LK8B4EM.pcm
SwiftExplicitDependencyGeneratePcm arm64 /Users/admin/builder/spi-builder-workspace/.derivedData/SDKExplicitPrecompiledModules/XPC-650JAZBTM6I0OMHYO6CKM0CWJ.pcm
SwiftExplicitDependencyGeneratePcm arm64_32 /Users/admin/builder/spi-builder-workspace/.derivedData/SDKExplicitPrecompiledModules/XPC-7SLKI45KYLKXH9QET2WYS3UZ4.pcm
SwiftExplicitDependencyGeneratePcm arm64_32 /Users/admin/builder/spi-builder-workspace/.derivedData/SDKExplicitPrecompiledModules/CoreFoundation-76B9WJP9MDYT33HZQVSNNZQZD.pcm
SwiftExplicitDependencyGeneratePcm arm64 /Users/admin/builder/spi-builder-workspace/.derivedData/SDKExplicitPrecompiledModules/Foundation-DLBKUSGXN8QHAT8W0OARR9S8A.pcm
SwiftExplicitDependencyGeneratePcm arm64_32 /Users/admin/builder/spi-builder-workspace/.derivedData/SDKExplicitPrecompiledModules/Foundation-BJ2VQGI3OGR34500MEQ1VKHPH.pcm
SwiftExplicitDependencyGeneratePcm arm64 /Users/admin/builder/spi-builder-workspace/.derivedData/SDKExplicitPrecompiledModules/Security-69WNGEAVQP55EDBQHP3BLE8QU.pcm
SwiftExplicitDependencyGeneratePcm arm64_32 /Users/admin/builder/spi-builder-workspace/.derivedData/SDKExplicitPrecompiledModules/Security-1W411BS4UH2UNMNII2341429S.pcm
SwiftExplicitDependencyGeneratePcm arm64 /Users/admin/builder/spi-builder-workspace/.derivedData/SDKExplicitPrecompiledModules/Foundation-B3IXODHI7VO4VRX2RWRXLVJZT.pcm
SwiftDriverJobDiscovery normal arm64_32 Compiling libc.swift (in target 'TSCLibc' from project 'swift-tools-support-core')
SwiftDriver\ Compilation TSCLibc normal arm64_32 com.apple.xcode.tools.swift.compiler (in target 'TSCLibc' from project 'swift-tools-support-core')
cd /Users/admin/builder/spi-builder-workspace/.swiftpm/xcode
builtin-Swift-Compilation -- /Applications/Xcode-27.0.0-Release.Candidate.app/Contents/Developer/Toolchains/XcodeDefault.xctoolchain/usr/bin/swiftc -parse-as-library -module-name TSCLibc -Onone @/Users/admin/builder/spi-builder-workspace/.derivedData/Build/Intermediates.noindex/swift-tools-support-core.build/Debug-watchos/TSCLibc-t.build/Objects-normal/arm64_32/TSCLibc.SwiftFileList -DSWIFT_PACKAGE -DDEBUG -DSWIFT_MODULE_RESOURCE_BUNDLE_UNAVAILABLE -Xcc -fmodule-map-file\=/Users/admin/builder/spi-builder-workspace/.dependencies/checkouts/swift-tools-support-core/Sources/TSCclibc/include/module.modulemap -DXcode -plugin-path /Applications/Xcode-27.0.0-Release.Candidate.app/Contents/Developer/Toolchains/XcodeDefault.xctoolchain/usr/lib/swift/host/plugins/testing -enable-experimental-feature DebugDescriptionMacro -sdk /Applications/Xcode-27.0.0-Release.Candidate.app/Contents/Developer/Platforms/WatchOS.platform/Developer/SDKs/WatchOS27.0.sdk -target arm64_32-apple-watchos9.0 -g -module-cache-path /Users/admin/builder/spi-builder-workspace/.derivedData/ModuleCache.noindex -Xfrontend -serialize-debugging-options -enable-testing -suppress-warnings -index-store-path /Users/admin/builder/spi-builder-workspace/.derivedData/Index.noindex/DataStore -Xcc -D_LIBCPP_HARDENING_MODE\=_LIBCPP_HARDENING_MODE_DEBUG -swift-version 5 -I /Users/admin/builder/spi-builder-workspace/.derivedData/Build/Products/Debug-watchos -Isystem /Applications/Xcode-27.0.0-Release.Candidate.app/Contents/Developer/Platforms/WatchOS.platform/Developer/usr/lib -F /Users/admin/builder/spi-builder-workspace/.derivedData/Build/Products/Debug-watchos/PackageFrameworks -F /Users/admin/builder/spi-builder-workspace/.derivedData/Build/Products/Debug-watchos -F /Applications/Xcode-27.0.0-Release.Candidate.app/Contents/Developer/Platforms/WatchOS.platform/Developer/Library/Frameworks -F /Applications/Xcode-27.0.0-Release.Candidate.app/Contents/Developer/Platforms/WatchOS.platform/Developer/SDKs/WatchOS27.0.sdk/Developer/Library/Frameworks -c -j10 -enable-batch-mode -incremental -Xcc -ivfsstatcache -Xcc /Users/admin/builder/spi-builder-workspace/.derivedData/SDKStatCaches.noindex/watchos27.0-24R360-e829b21a6f8c9b70876ba0858053c04477534ef55a1706bf4c1112bbb242f0a2.sdkstatcache -output-file-map /Users/admin/builder/spi-builder-workspace/.derivedData/Build/Intermediates.noindex/swift-tools-support-core.build/Debug-watchos/TSCLibc-t.build/Objects-normal/arm64_32/TSCLibc-OutputFileMap.json -save-temps -no-color-diagnostics -explicit-module-build -module-cache-path /Users/admin/builder/spi-builder-workspace/.derivedData/Build/Intermediates.noindex/SwiftExplicitPrecompiledModules -clang-scanner-module-cache-path /Users/admin/builder/spi-builder-workspace/.derivedData/ModuleCache.noindex -sdk-module-cache-path /Users/admin/builder/spi-builder-workspace/.derivedData/SDKExplicitPrecompiledModules -emit-dependencies -emit-module -emit-module-path /Users/admin/builder/spi-builder-workspace/.derivedData/Build/Intermediates.noindex/swift-tools-support-core.build/Debug-watchos/TSCLibc-t.build/Objects-normal/arm64_32/TSCLibc.swiftmodule -serialize-diagnostics -dependency-scan-serialize-diagnostics-path /Users/admin/builder/spi-builder-workspace/.derivedData/Build/Intermediates.noindex/swift-tools-support-core.build/Debug-watchos/TSCLibc-t.build/Objects-normal/arm64_32/TSCLibc-dependency-scan.dia -validate-clang-modules-once -clang-build-session-file /Users/admin/builder/spi-builder-workspace/.derivedData/ModuleCache.noindex/Session.modulevalidation -Xcc -fmodules-prune-interval\=86400 -Xcc -fmodules-prune-after\=345600 -emit-const-values -const-gather-protocols-list /Users/admin/builder/spi-builder-workspace/.derivedData/Build/Intermediates.noindex/swift-tools-support-core.build/Debug-watchos/TSCLibc-t.build/Objects-normal/arm64_32/TSCLibc_const_extract_protocols.json -Xcc -I/Users/admin/builder/spi-builder-workspace/.dependencies/checkouts/swift-tools-support-core/Sources/TSCclibc/include -Xcc -I/Users/admin/builder/spi-builder-workspace/.derivedData/Build/Products/Debug-watchos/include -Xcc -I/Users/admin/builder/spi-builder-workspace/.derivedData/Build/Intermediates.noindex/swift-tools-support-core.build/Debug-watchos/TSCLibc-t.build/DerivedSources-normal/arm64_32 -Xcc -I/Users/admin/builder/spi-builder-workspace/.derivedData/Build/Intermediates.noindex/swift-tools-support-core.build/Debug-watchos/TSCLibc-t.build/DerivedSources/arm64_32 -Xcc -I/Users/admin/builder/spi-builder-workspace/.derivedData/Build/Intermediates.noindex/swift-tools-support-core.build/Debug-watchos/TSCLibc-t.build/DerivedSources -Xcc -DSWIFT_PACKAGE -Xcc -DDEBUG\=1 -emit-objc-header -emit-objc-header-path /Users/admin/builder/spi-builder-workspace/.derivedData/Build/Intermediates.noindex/swift-tools-support-core.build/Debug-watchos/TSCLibc-t.build/Objects-normal/arm64_32/TSCLibc-Swift.h -working-directory /Users/admin/builder/spi-builder-workspace/.swiftpm/xcode -experimental-emit-module-separately -disable-cmo
SwiftDriverJobDiscovery normal arm64 Compiling libc.swift (in target 'TSCLibc' from project 'swift-tools-support-core')
SwiftDriver\ Compilation TSCLibc normal arm64 com.apple.xcode.tools.swift.compiler (in target 'TSCLibc' from project 'swift-tools-support-core')
cd /Users/admin/builder/spi-builder-workspace/.swiftpm/xcode
builtin-Swift-Compilation -- /Applications/Xcode-27.0.0-Release.Candidate.app/Contents/Developer/Toolchains/XcodeDefault.xctoolchain/usr/bin/swiftc -parse-as-library -module-name TSCLibc -Onone @/Users/admin/builder/spi-builder-workspace/.derivedData/Build/Intermediates.noindex/swift-tools-support-core.build/Debug-watchos/TSCLibc-t.build/Objects-normal/arm64/TSCLibc.SwiftFileList -DSWIFT_PACKAGE -DDEBUG -DSWIFT_MODULE_RESOURCE_BUNDLE_UNAVAILABLE -Xcc -fmodule-map-file\=/Users/admin/builder/spi-builder-workspace/.dependencies/checkouts/swift-tools-support-core/Sources/TSCclibc/include/module.modulemap -DXcode -plugin-path /Applications/Xcode-27.0.0-Release.Candidate.app/Contents/Developer/Toolchains/XcodeDefault.xctoolchain/usr/lib/swift/host/plugins/testing -enable-experimental-feature DebugDescriptionMacro -sdk /Applications/Xcode-27.0.0-Release.Candidate.app/Contents/Developer/Platforms/WatchOS.platform/Developer/SDKs/WatchOS27.0.sdk -target arm64-apple-watchos9.0 -g -module-cache-path /Users/admin/builder/spi-builder-workspace/.derivedData/ModuleCache.noindex -Xfrontend -serialize-debugging-options -enable-testing -suppress-warnings -index-store-path /Users/admin/builder/spi-builder-workspace/.derivedData/Index.noindex/DataStore -Xcc -D_LIBCPP_HARDENING_MODE\=_LIBCPP_HARDENING_MODE_DEBUG -swift-version 5 -I /Users/admin/builder/spi-builder-workspace/.derivedData/Build/Products/Debug-watchos -Isystem /Applications/Xcode-27.0.0-Release.Candidate.app/Contents/Developer/Platforms/WatchOS.platform/Developer/usr/lib -F /Users/admin/builder/spi-builder-workspace/.derivedData/Build/Products/Debug-watchos/PackageFrameworks -F /Users/admin/builder/spi-builder-workspace/.derivedData/Build/Products/Debug-watchos -F /Applications/Xcode-27.0.0-Release.Candidate.app/Contents/Developer/Platforms/WatchOS.platform/Developer/Library/Frameworks -F /Applications/Xcode-27.0.0-Release.Candidate.app/Contents/Developer/Platforms/WatchOS.platform/Developer/SDKs/WatchOS27.0.sdk/Developer/Library/Frameworks -c -j10 -enable-batch-mode -incremental -Xcc -ivfsstatcache -Xcc /Users/admin/builder/spi-builder-workspace/.derivedData/SDKStatCaches.noindex/watchos27.0-24R360-e829b21a6f8c9b70876ba0858053c04477534ef55a1706bf4c1112bbb242f0a2.sdkstatcache -output-file-map /Users/admin/builder/spi-builder-workspace/.derivedData/Build/Intermediates.noindex/swift-tools-support-core.build/Debug-watchos/TSCLibc-t.build/Objects-normal/arm64/TSCLibc-OutputFileMap.json -save-temps -no-color-diagnostics -explicit-module-build -module-cache-path /Users/admin/builder/spi-builder-workspace/.derivedData/Build/Intermediates.noindex/SwiftExplicitPrecompiledModules -clang-scanner-module-cache-path /Users/admin/builder/spi-builder-workspace/.derivedData/ModuleCache.noindex -sdk-module-cache-path /Users/admin/builder/spi-builder-workspace/.derivedData/SDKExplicitPrecompiledModules -emit-dependencies -emit-module -emit-module-path /Users/admin/builder/spi-builder-workspace/.derivedData/Build/Intermediates.noindex/swift-tools-support-core.build/Debug-watchos/TSCLibc-t.build/Objects-normal/arm64/TSCLibc.swiftmodule -serialize-diagnostics -dependency-scan-serialize-diagnostics-path /Users/admin/builder/spi-builder-workspace/.derivedData/Build/Intermediates.noindex/swift-tools-support-core.build/Debug-watchos/TSCLibc-t.build/Objects-normal/arm64/TSCLibc-dependency-scan.dia -validate-clang-modules-once -clang-build-session-file /Users/admin/builder/spi-builder-workspace/.derivedData/ModuleCache.noindex/Session.modulevalidation -Xcc -fmodules-prune-interval\=86400 -Xcc -fmodules-prune-after\=345600 -emit-const-values -const-gather-protocols-list /Users/admin/builder/spi-builder-workspace/.derivedData/Build/Intermediates.noindex/swift-tools-support-core.build/Debug-watchos/TSCLibc-t.build/Objects-normal/arm64/TSCLibc_const_extract_protocols.json -Xcc -I/Users/admin/builder/spi-builder-workspace/.dependencies/checkouts/swift-tools-support-core/Sources/TSCclibc/include -Xcc -I/Users/admin/builder/spi-builder-workspace/.derivedData/Build/Products/Debug-watchos/include -Xcc -I/Users/admin/builder/spi-builder-workspace/.derivedData/Build/Intermediates.noindex/swift-tools-support-core.build/Debug-watchos/TSCLibc-t.build/DerivedSources-normal/arm64 -Xcc -I/Users/admin/builder/spi-builder-workspace/.derivedData/Build/Intermediates.noindex/swift-tools-support-core.build/Debug-watchos/TSCLibc-t.build/DerivedSources/arm64 -Xcc -I/Users/admin/builder/spi-builder-workspace/.derivedData/Build/Intermediates.noindex/swift-tools-support-core.build/Debug-watchos/TSCLibc-t.build/DerivedSources -Xcc -DSWIFT_PACKAGE -Xcc -DDEBUG\=1 -emit-objc-header -emit-objc-header-path /Users/admin/builder/spi-builder-workspace/.derivedData/Build/Intermediates.noindex/swift-tools-support-core.build/Debug-watchos/TSCLibc-t.build/Objects-normal/arm64/TSCLibc-Swift.h -working-directory /Users/admin/builder/spi-builder-workspace/.swiftpm/xcode -experimental-emit-module-separately -disable-cmo
Ld /Users/admin/builder/spi-builder-workspace/.derivedData/Build/Intermediates.noindex/swift-tools-support-core.build/Debug-watchos/TSCLibc-t.build/Objects-normal/arm64_32/Binary/TSCLibc.o normal arm64_32 (in target 'TSCLibc' from project 'swift-tools-support-core')
cd /Users/admin/builder/spi-builder-workspace/.dependencies/checkouts/swift-tools-support-core
/Applications/Xcode-27.0.0-Release.Candidate.app/Contents/Developer/Toolchains/XcodeDefault.xctoolchain/usr/bin/clang -Xlinker -reproducible -target arm64_32-apple-watchos9.0 -r -isysroot /Applications/Xcode-27.0.0-Release.Candidate.app/Contents/Developer/Platforms/WatchOS.platform/Developer/SDKs/WatchOS27.0.sdk -O0 -w -Xlinker -no_warn_duplicate_libraries -F/Users/admin/builder/spi-builder-workspace/.derivedData/Build/Intermediates.noindex/EagerLinkingTBDs/Debug-watchos -F/Users/admin/builder/spi-builder-workspace/.derivedData/Build/Products/Debug-watchos/PackageFrameworks -F/Users/admin/builder/spi-builder-workspace/.derivedData/Build/Products/Debug-watchos -iframework /Applications/Xcode-27.0.0-Release.Candidate.app/Contents/Developer/Platforms/WatchOS.platform/Developer/Library/Frameworks -iframework /Applications/Xcode-27.0.0-Release.Candidate.app/Contents/Developer/Platforms/WatchOS.platform/Developer/SDKs/WatchOS27.0.sdk/Developer/Library/Frameworks -filelist /Users/admin/builder/spi-builder-workspace/.derivedData/Build/Intermediates.noindex/swift-tools-support-core.build/Debug-watchos/TSCLibc-t.build/Objects-normal/arm64_32/TSCLibc.LinkFileList -nostdlib -Xlinker -object_path_lto -Xlinker /Users/admin/builder/spi-builder-workspace/.derivedData/Build/Intermediates.noindex/swift-tools-support-core.build/Debug-watchos/TSCLibc-t.build/Objects-normal/arm64_32/TSCLibc_lto.o -Xlinker -no_deduplicate -Xlinker -dependency_info -Xlinker /Users/admin/builder/spi-builder-workspace/.derivedData/Build/Intermediates.noindex/swift-tools-support-core.build/Debug-watchos/TSCLibc-t.build/Objects-normal/arm64_32/TSCLibc_dependency_info.dat -fobjc-link-runtime -L/Applications/Xcode-27.0.0-Release.Candidate.app/Contents/Developer/Toolchains/XcodeDefault.xctoolchain/usr/lib/swift/watchos -L/usr/lib/swift -Xlinker -add_ast_path -Xlinker /Users/admin/builder/spi-builder-workspace/.derivedData/Build/Intermediates.noindex/swift-tools-support-core.build/Debug-watchos/TSCLibc-t.build/Objects-normal/arm64_32/TSCLibc.swiftmodule -o /Users/admin/builder/spi-builder-workspace/.derivedData/Build/Intermediates.noindex/swift-tools-support-core.build/Debug-watchos/TSCLibc-t.build/Objects-normal/arm64_32/Binary/TSCLibc.o
Ld /Users/admin/builder/spi-builder-workspace/.derivedData/Build/Intermediates.noindex/swift-tools-support-core.build/Debug-watchos/TSCLibc-t.build/Objects-normal/arm64/Binary/TSCLibc.o normal arm64 (in target 'TSCLibc' from project 'swift-tools-support-core')
cd /Users/admin/builder/spi-builder-workspace/.dependencies/checkouts/swift-tools-support-core
/Applications/Xcode-27.0.0-Release.Candidate.app/Contents/Developer/Toolchains/XcodeDefault.xctoolchain/usr/bin/clang -Xlinker -reproducible -target arm64-apple-watchos9.0 -r -isysroot /Applications/Xcode-27.0.0-Release.Candidate.app/Contents/Developer/Platforms/WatchOS.platform/Developer/SDKs/WatchOS27.0.sdk -O0 -w -Xlinker -no_warn_duplicate_libraries -F/Users/admin/builder/spi-builder-workspace/.derivedData/Build/Intermediates.noindex/EagerLinkingTBDs/Debug-watchos -F/Users/admin/builder/spi-builder-workspace/.derivedData/Build/Products/Debug-watchos/PackageFrameworks -F/Users/admin/builder/spi-builder-workspace/.derivedData/Build/Products/Debug-watchos -iframework /Applications/Xcode-27.0.0-Release.Candidate.app/Contents/Developer/Platforms/WatchOS.platform/Developer/Library/Frameworks -iframework /Applications/Xcode-27.0.0-Release.Candidate.app/Contents/Developer/Platforms/WatchOS.platform/Developer/SDKs/WatchOS27.0.sdk/Developer/Library/Frameworks -filelist /Users/admin/builder/spi-builder-workspace/.derivedData/Build/Intermediates.noindex/swift-tools-support-core.build/Debug-watchos/TSCLibc-t.build/Objects-normal/arm64/TSCLibc.LinkFileList -nostdlib -Xlinker -object_path_lto -Xlinker /Users/admin/builder/spi-builder-workspace/.derivedData/Build/Intermediates.noindex/swift-tools-support-core.build/Debug-watchos/TSCLibc-t.build/Objects-normal/arm64/TSCLibc_lto.o -Xlinker -no_deduplicate -Xlinker -dependency_info -Xlinker /Users/admin/builder/spi-builder-workspace/.derivedData/Build/Intermediates.noindex/swift-tools-support-core.build/Debug-watchos/TSCLibc-t.build/Objects-normal/arm64/TSCLibc_dependency_info.dat -fobjc-link-runtime -L/Applications/Xcode-27.0.0-Release.Candidate.app/Contents/Developer/Toolchains/XcodeDefault.xctoolchain/usr/lib/swift/watchos -L/usr/lib/swift -Xlinker -add_ast_path -Xlinker /Users/admin/builder/spi-builder-workspace/.derivedData/Build/Intermediates.noindex/swift-tools-support-core.build/Debug-watchos/TSCLibc-t.build/Objects-normal/arm64/TSCLibc.swiftmodule -o /Users/admin/builder/spi-builder-workspace/.derivedData/Build/Intermediates.noindex/swift-tools-support-core.build/Debug-watchos/TSCLibc-t.build/Objects-normal/arm64/Binary/TSCLibc.o
SwiftExplicitDependencyGeneratePcm arm64_32 /Users/admin/builder/spi-builder-workspace/.derivedData/SDKExplicitPrecompiledModules/Foundation-AIQ30TCDC2B0LBUU6FPQZ0HWI.pcm
CreateUniversalBinary /Users/admin/builder/spi-builder-workspace/.derivedData/Build/Products/Debug-watchos/TSCLibc.o normal arm64\ arm64_32 (in target 'TSCLibc' from project 'swift-tools-support-core')
cd /Users/admin/builder/spi-builder-workspace/.dependencies/checkouts/swift-tools-support-core
/Applications/Xcode-27.0.0-Release.Candidate.app/Contents/Developer/Toolchains/XcodeDefault.xctoolchain/usr/bin/lipo -create /Users/admin/builder/spi-builder-workspace/.derivedData/Build/Intermediates.noindex/swift-tools-support-core.build/Debug-watchos/TSCLibc-t.build/Objects-normal/arm64/Binary/TSCLibc.o /Users/admin/builder/spi-builder-workspace/.derivedData/Build/Intermediates.noindex/swift-tools-support-core.build/Debug-watchos/TSCLibc-t.build/Objects-normal/arm64_32/Binary/TSCLibc.o -output /Users/admin/builder/spi-builder-workspace/.derivedData/Build/Products/Debug-watchos/TSCLibc.o
ExtractAppIntentsMetadata (in target 'TSCLibc' from project 'swift-tools-support-core')
cd /Users/admin/builder/spi-builder-workspace/.dependencies/checkouts/swift-tools-support-core
/Applications/Xcode-27.0.0-Release.Candidate.app/Contents/Developer/Toolchains/XcodeDefault.xctoolchain/usr/bin/appintentsmetadataprocessor --toolchain-dir /var/run/com.apple.security.cryptexd/mnt/com.apple.MobileAsset.MetalToolchain-v27.1.266.1.31jrcv/Metal.xctoolchain --module-name TSCLibc --sdk-root /Applications/Xcode-27.0.0-Release.Candidate.app/Contents/Developer/Platforms/WatchOS.platform/Developer/SDKs/WatchOS27.0.sdk --xcode-version 27A266a --platform-family watchOS --deployment-target 9.0 --bundle-identifier swift-tools-support-core.TSCLibc --output /Users/admin/builder/spi-builder-workspace/.derivedData/Build/Products/Debug-watchos/TSCLibc.appintents --target-triple arm64-apple-watchos9.0 --target-triple arm64_32-apple-watchos9.0 --binary-file /Users/admin/builder/spi-builder-workspace/.derivedData/Build/Products/Debug-watchos/TSCLibc.o --dependency-file /Users/admin/builder/spi-builder-workspace/.derivedData/Build/Intermediates.noindex/swift-tools-support-core.build/Debug-watchos/TSCLibc-t.build/Objects-normal/arm64/TSCLibc_dependency_info.dat --dependency-file /Users/admin/builder/spi-builder-workspace/.derivedData/Build/Intermediates.noindex/swift-tools-support-core.build/Debug-watchos/TSCLibc-t.build/Objects-normal/arm64_32/TSCLibc_dependency_info.dat --stringsdata-file /Users/admin/builder/spi-builder-workspace/.derivedData/Build/Intermediates.noindex/swift-tools-support-core.build/Debug-watchos/TSCLibc-t.build/Objects-normal/arm64/ExtractedAppShortcutsMetadata.stringsdata --stringsdata-file /Users/admin/builder/spi-builder-workspace/.derivedData/Build/Intermediates.noindex/swift-tools-support-core.build/Debug-watchos/TSCLibc-t.build/Objects-normal/arm64_32/ExtractedAppShortcutsMetadata.stringsdata --source-file-list /Users/admin/builder/spi-builder-workspace/.derivedData/Build/Intermediates.noindex/swift-tools-support-core.build/Debug-watchos/TSCLibc-t.build/Objects-normal/arm64/TSCLibc.SwiftFileList --source-file-list /Users/admin/builder/spi-builder-workspace/.derivedData/Build/Intermediates.noindex/swift-tools-support-core.build/Debug-watchos/TSCLibc-t.build/Objects-normal/arm64_32/TSCLibc.SwiftFileList --metadata-file-list /Users/admin/builder/spi-builder-workspace/.derivedData/Build/Intermediates.noindex/swift-tools-support-core.build/Debug-watchos/TSCLibc-t.build/TSCLibc.DependencyMetadataFileList --static-metadata-file-list /Users/admin/builder/spi-builder-workspace/.derivedData/Build/Intermediates.noindex/swift-tools-support-core.build/Debug-watchos/TSCLibc-t.build/TSCLibc.DependencyStaticMetadataFileList --swift-const-vals-list /Users/admin/builder/spi-builder-workspace/.derivedData/Build/Intermediates.noindex/swift-tools-support-core.build/Debug-watchos/TSCLibc-t.build/Objects-normal/arm64/TSCLibc.SwiftConstValuesFileList --swift-const-vals-list /Users/admin/builder/spi-builder-workspace/.derivedData/Build/Intermediates.noindex/swift-tools-support-core.build/Debug-watchos/TSCLibc-t.build/Objects-normal/arm64_32/TSCLibc.SwiftConstValuesFileList --force --compile-time-extraction --deployment-aware-processing --no-app-shortcuts-localization
2026-09-17 08:13:02.679 appintentsmetadataprocessor[932:5497] Starting appintentsmetadataprocessor export
2026-09-17 08:13:02.810 appintentsmetadataprocessor[932:5497] Extracted no relevant App Intents symbols, skipping writing output
SwiftCompile normal arm64 Compiling\ ObjectIdentifierProtocol.swift,\ OrderedDictionary.swift,\ OrderedSet.swift,\ OutputByteStream.swift /Users/admin/builder/spi-builder-workspace/.dependencies/checkouts/swift-tools-support-core/Sources/TSCBasic/ObjectIdentifierProtocol.swift /Users/admin/builder/spi-builder-workspace/.dependencies/checkouts/swift-tools-support-core/Sources/TSCBasic/OrderedDictionary.swift /Users/admin/builder/spi-builder-workspace/.dependencies/checkouts/swift-tools-support-core/Sources/TSCBasic/OrderedSet.swift /Users/admin/builder/spi-builder-workspace/.dependencies/checkouts/swift-tools-support-core/Sources/TSCBasic/OutputByteStream.swift (in target 'TSCBasic' from project 'swift-tools-support-core')
SwiftCompile normal arm64 /Users/admin/builder/spi-builder-workspace/.dependencies/checkouts/swift-tools-support-core/Sources/TSCBasic/ObjectIdentifierProtocol.swift (in target 'TSCBasic' from project 'swift-tools-support-core')
cd /Users/admin/builder/spi-builder-workspace/.swiftpm/xcode
builtin-SwiftPerFileCompile ObjectIdentifierProtocol.swift
SwiftCompile normal arm64 /Users/admin/builder/spi-builder-workspace/.dependencies/checkouts/swift-tools-support-core/Sources/TSCBasic/OrderedDictionary.swift (in target 'TSCBasic' from project 'swift-tools-support-core')
cd /Users/admin/builder/spi-builder-workspace/.swiftpm/xcode
builtin-SwiftPerFileCompile OrderedDictionary.swift
SwiftCompile normal arm64 /Users/admin/builder/spi-builder-workspace/.dependencies/checkouts/swift-tools-support-core/Sources/TSCBasic/OrderedSet.swift (in target 'TSCBasic' from project 'swift-tools-support-core')
cd /Users/admin/builder/spi-builder-workspace/.swiftpm/xcode
builtin-SwiftPerFileCompile OrderedSet.swift
SwiftCompile normal arm64 /Users/admin/builder/spi-builder-workspace/.dependencies/checkouts/swift-tools-support-core/Sources/TSCBasic/OutputByteStream.swift (in target 'TSCBasic' from project 'swift-tools-support-core')
cd /Users/admin/builder/spi-builder-workspace/.swiftpm/xcode
builtin-SwiftPerFileCompile OutputByteStream.swift
SwiftEmitModule normal arm64 Emitting\ module\ for\ TSCBasic (in target 'TSCBasic' from project 'swift-tools-support-core')
SwiftCompile normal arm64 (in target 'TSCBasic' from project 'swift-tools-support-core')
cd /Users/admin/builder/spi-builder-workspace/.swiftpm/xcode
SwiftCompile normal arm64 Compiling\ TerminalController.swift,\ Thread.swift,\ Tuple.swift,\ misc.swift /Users/admin/builder/spi-builder-workspace/.dependencies/checkouts/swift-tools-support-core/Sources/TSCBasic/TerminalController.swift /Users/admin/builder/spi-builder-workspace/.dependencies/checkouts/swift-tools-support-core/Sources/TSCBasic/Thread.swift /Users/admin/builder/spi-builder-workspace/.dependencies/checkouts/swift-tools-support-core/Sources/TSCBasic/Tuple.swift /Users/admin/builder/spi-builder-workspace/.dependencies/checkouts/swift-tools-support-core/Sources/TSCBasic/misc.swift (in target 'TSCBasic' from project 'swift-tools-support-core')
/Users/admin/builder/spi-builder-workspace/.dependencies/checkouts/swift-tools-support-core/Sources/TSCBasic/misc.swift:31:11: error: 'execv' is unavailable in watchOS
29 | }
30 | #else
31 | guard execv(path, cArgs.cArray) != -1 else {
| `- error: 'execv' is unavailable in watchOS
32 | throw SystemError.exec(errno, path: path, args: args)
33 | }
/Applications/Xcode-27.0.0-Release.Candidate.app/Contents/Developer/Platforms/WatchOS.platform/Developer/SDKs/WatchOS.sdk/usr/include/unistd.h:456:6: note: 'execv' has been explicitly marked unavailable here
454 | int execle(const char * __path, const char * __arg0, ...) __WATCHOS_PROHIBITED __TVOS_PROHIBITED;
455 | int execlp(const char * __file, const char * __arg0, ...) __WATCHOS_PROHIBITED __TVOS_PROHIBITED;
456 | int execv(const char * __path, char *_LIBC_CSTR const *_LIBC_NULL_TERMINATED __argv) __WATCHOS_PROHIBITED __TVOS_PROHIBITED;
| `- note: 'execv' has been explicitly marked unavailable here
457 | int execve(const char * __file, char *_LIBC_CSTR const *_LIBC_NULL_TERMINATED __argv, char *_LIBC_CSTR const *_LIBC_NULL_TERMINATED __envp) __WATCHOS_PROHIBITED __TVOS_PROHIBITED;
458 | int execvp(const char * __file, char *_LIBC_CSTR const *_LIBC_NULL_TERMINATED __argv) __WATCHOS_PROHIBITED __TVOS_PROHIBITED;
Failed frontend command:
SwiftCompile normal arm64 /Users/admin/builder/spi-builder-workspace/.dependencies/checkouts/swift-tools-support-core/Sources/TSCBasic/TerminalController.swift (in target 'TSCBasic' from project 'swift-tools-support-core')
cd /Users/admin/builder/spi-builder-workspace/.swiftpm/xcode
builtin-SwiftPerFileCompile TerminalController.swift
SwiftCompile normal arm64 /Users/admin/builder/spi-builder-workspace/.dependencies/checkouts/swift-tools-support-core/Sources/TSCBasic/Thread.swift (in target 'TSCBasic' from project 'swift-tools-support-core')
cd /Users/admin/builder/spi-builder-workspace/.swiftpm/xcode
builtin-SwiftPerFileCompile Thread.swift
SwiftCompile normal arm64 /Users/admin/builder/spi-builder-workspace/.dependencies/checkouts/swift-tools-support-core/Sources/TSCBasic/Tuple.swift (in target 'TSCBasic' from project 'swift-tools-support-core')
cd /Users/admin/builder/spi-builder-workspace/.swiftpm/xcode
builtin-SwiftPerFileCompile Tuple.swift
SwiftCompile normal arm64 /Users/admin/builder/spi-builder-workspace/.dependencies/checkouts/swift-tools-support-core/Sources/TSCBasic/misc.swift (in target 'TSCBasic' from project 'swift-tools-support-core')
cd /Users/admin/builder/spi-builder-workspace/.swiftpm/xcode
builtin-SwiftPerFileCompile misc.swift
/Applications/Xcode-27.0.0-Release.Candidate.app/Contents/Developer/Toolchains/XcodeDefault.xctoolchain/usr/bin/swift-frontend -frontend -c /Users/admin/builder/spi-builder-workspace/.dependencies/checkouts/swift-tools-support-core/Sources/TSCBasic/Await.swift /Users/admin/builder/spi-builder-workspace/.dependencies/checkouts/swift-tools-support-core/Sources/TSCBasic/ByteString.swift /Users/admin/builder/spi-builder-workspace/.dependencies/checkouts/swift-tools-support-core/Sources/TSCBasic/CStringArray.swift /Users/admin/builder/spi-builder-workspace/.dependencies/checkouts/swift-tools-support-core/Sources/TSCBasic/CacheableSequence.swift /Users/admin/builder/spi-builder-workspace/.dependencies/checkouts/swift-tools-support-core/Sources/TSCBasic/CodableResult.swift /Users/admin/builder/spi-builder-workspace/.dependencies/checkouts/swift-tools-support-core/Sources/TSCBasic/CollectionAlgorithms.swift /Users/admin/builder/spi-builder-workspace/.dependencies/checkouts/swift-tools-support-core/Sources/TSCBasic/CollectionExtensions.swift /Users/admin/builder/spi-builder-workspace/.dependencies/checkouts/swift-tools-support-core/Sources/TSCBasic/Condition.swift /Users/admin/builder/spi-builder-workspace/.dependencies/checkouts/swift-tools-support-core/Sources/TSCBasic/DeltaAlgorithm.swift /Users/admin/builder/spi-builder-workspace/.dependencies/checkouts/swift-tools-support-core/Sources/TSCBasic/DiagnosticsEngine.swift /Users/admin/builder/spi-builder-workspace/.dependencies/checkouts/swift-tools-support-core/Sources/TSCBasic/DictionaryExtensions.swift /Users/admin/builder/spi-builder-workspace/.dependencies/checkouts/swift-tools-support-core/Sources/TSCBasic/DictionaryLiteralExtensions.swift /Users/admin/builder/spi-builder-workspace/.dependencies/checkouts/swift-tools-support-core/Sources/TSCBasic/EditDistance.swift /Users/admin/builder/spi-builder-workspace/.dependencies/checkouts/swift-tools-support-core/Sources/TSCBasic/FileInfo.swift /Users/admin/builder/spi-builder-workspace/.dependencies/checkouts/swift-tools-support-core/Sources/TSCBasic/FileSystem.swift /Users/admin/builder/spi-builder-workspace/.dependencies/checkouts/swift-tools-support-core/Sources/TSCBasic/GraphAlgorithms.swift /Users/admin/builder/spi-builder-workspace/.dependencies/checkouts/swift-tools-support-core/Sources/TSCBasic/JSON.swift /Users/admin/builder/spi-builder-workspace/.dependencies/checkouts/swift-tools-support-core/Sources/TSCBasic/JSONMapper.swift /Users/admin/builder/spi-builder-workspace/.dependencies/checkouts/swift-tools-support-core/Sources/TSCBasic/KeyedPair.swift /Users/admin/builder/spi-builder-workspace/.dependencies/checkouts/swift-tools-support-core/Sources/TSCBasic/LazyCache.swift /Users/admin/builder/spi-builder-workspace/.dependencies/checkouts/swift-tools-support-core/Sources/TSCBasic/Lock.swift /Users/admin/builder/spi-builder-workspace/.dependencies/checkouts/swift-tools-support-core/Sources/TSCBasic/OSLog.swift /Users/admin/builder/spi-builder-workspace/.dependencies/checkouts/swift-tools-support-core/Sources/TSCBasic/ObjectIdentifierProtocol.swift /Users/admin/builder/spi-builder-workspace/.dependencies/checkouts/swift-tools-support-core/Sources/TSCBasic/OrderedDictionary.swift /Users/admin/builder/spi-builder-workspace/.dependencies/checkouts/swift-tools-support-core/Sources/TSCBasic/OrderedSet.swift /Users/admin/builder/spi-builder-workspace/.dependencies/checkouts/swift-tools-support-core/Sources/TSCBasic/OutputByteStream.swift /Users/admin/builder/spi-builder-workspace/.dependencies/checkouts/swift-tools-support-core/Sources/TSCBasic/Path.swift /Users/admin/builder/spi-builder-workspace/.dependencies/checkouts/swift-tools-support-core/Sources/TSCBasic/PathShims.swift /Users/admin/builder/spi-builder-workspace/.dependencies/checkouts/swift-tools-support-core/Sources/TSCBasic/Process.swift /Users/admin/builder/spi-builder-workspace/.dependencies/checkouts/swift-tools-support-core/Sources/TSCBasic/ProcessEnv.swift /Users/admin/builder/spi-builder-workspace/.dependencies/checkouts/swift-tools-support-core/Sources/TSCBasic/ProcessSet.swift /Users/admin/builder/spi-builder-workspace/.dependencies/checkouts/swift-tools-support-core/Sources/TSCBasic/RegEx.swift /Users/admin/builder/spi-builder-workspace/.dependencies/checkouts/swift-tools-support-core/Sources/TSCBasic/Result.swift /Users/admin/builder/spi-builder-workspace/.dependencies/checkouts/swift-tools-support-core/Sources/TSCBasic/SHA256.swift /Users/admin/builder/spi-builder-workspace/.dependencies/checkouts/swift-tools-support-core/Sources/TSCBasic/SortedArray.swift /Users/admin/builder/spi-builder-workspace/.dependencies/checkouts/swift-tools-support-core/Sources/TSCBasic/StringConversions.swift /Users/admin/builder/spi-builder-workspace/.dependencies/checkouts/swift-tools-support-core/Sources/TSCBasic/SynchronizedQueue.swift /Users/admin/builder/spi-builder-workspace/.dependencies/checkouts/swift-tools-support-core/Sources/TSCBasic/TemporaryFile.swift -primary-file /Users/admin/builder/spi-builder-workspace/.dependencies/checkouts/swift-tools-support-core/Sources/TSCBasic/TerminalController.swift -primary-file /Users/admin/builder/spi-builder-workspace/.dependencies/checkouts/swift-tools-support-core/Sources/TSCBasic/Thread.swift -primary-file /Users/admin/builder/spi-builder-workspace/.dependencies/checkouts/swift-tools-support-core/Sources/TSCBasic/Tuple.swift -primary-file /Users/admin/builder/spi-builder-workspace/.dependencies/checkouts/swift-tools-support-core/Sources/TSCBasic/misc.swift -supplementary-output-file-map /Users/admin/builder/spi-builder-workspace/.derivedData/Build/Intermediates.noindex/swift-tools-support-core.build/Debug-watchos/TSCBasic-t.build/Objects-normal/arm64/supplementaryOutputs-50 -target arm64-apple-watchos9.0 -module-can-import-version Darwin 428.0.10 0 -module-can-import-version os 1090 0 -disable-cross-import-overlay-search -swift-module-cross-import Darwin /Applications/Xcode-27.0.0-Release.Candidate.app/Contents/Developer/Platforms/WatchOS.platform/Developer/SDKs/WatchOS.sdk/usr/include/Darwin.swiftcrossimport/xlocale.swiftoverlay -load-resolved-plugin /Applications/Xcode-27.0.0-Release.Candidate.app/Contents/Developer/Platforms/WatchOS.platform/Developer/usr/lib/swift/host/plugins/libFoundationMacros.dylib\#/Applications/Xcode-27.0.0-Release.Candidate.app/Contents/Developer/Platforms/WatchOS.platform/Developer/usr/bin/swift-plugin-server\#FoundationMacros -load-resolved-plugin /Applications/Xcode-27.0.0-Release.Candidate.app/Contents/Developer/Platforms/WatchOS.platform/Developer/usr/lib/swift/host/plugins/libObservationMacros.dylib\#/Applications/Xcode-27.0.0-Release.Candidate.app/Contents/Developer/Platforms/WatchOS.platform/Developer/usr/bin/swift-plugin-server\#ObservationMacros -load-resolved-plugin /Applications/Xcode-27.0.0-Release.Candidate.app/Contents/Developer/Platforms/WatchOS.platform/Developer/usr/lib/swift/host/plugins/libSwiftMacros.dylib\#/Applications/Xcode-27.0.0-Release.Candidate.app/Contents/Developer/Platforms/WatchOS.platform/Developer/usr/bin/swift-plugin-server\#SwiftMacros -disable-implicit-swift-modules -Xcc -fno-implicit-modules -Xcc -fno-implicit-module-maps -explicit-swift-module-map-file /Users/admin/builder/spi-builder-workspace/.derivedData/Build/Intermediates.noindex/swift-tools-support-core.build/Debug-watchos/TSCBasic-t.build/Objects-normal/arm64/TSCBasic-dependencies-1.json -Xllvm -aarch64-use-tbi -enable-objc-interop -stack-check -sdk /Applications/Xcode-27.0.0-Release.Candidate.app/Contents/Developer/Platforms/WatchOS.platform/Developer/SDKs/WatchOS27.0.sdk -I /Users/admin/builder/spi-builder-workspace/.derivedData/Build/Products/Debug-watchos -Isystem /Applications/Xcode-27.0.0-Release.Candidate.app/Contents/Developer/Platforms/WatchOS.platform/Developer/usr/lib -F /Users/admin/builder/spi-builder-workspace/.derivedData/Build/Products/Debug-watchos/PackageFrameworks -F /Users/admin/builder/spi-builder-workspace/.derivedData/Build/Products/Debug-watchos -F /Applications/Xcode-27.0.0-Release.Candidate.app/Contents/Developer/Platforms/WatchOS.platform/Developer/Library/Frameworks -F /Applications/Xcode-27.0.0-Release.Candidate.app/Contents/Developer/Platforms/WatchOS.platform/Developer/SDKs/WatchOS27.0.sdk/Developer/Library/Frameworks -module-cache-path /Users/admin/builder/spi-builder-workspace/.derivedData/Build/Intermediates.noindex/SwiftExplicitPrecompiledModules -no-color-diagnostics -Xcc -fno-color-diagnostics -enable-testing -g -debug-info-format\=dwarf -dwarf-version\=4 -suppress-warnings -swift-version 5 -Onone -D SWIFT_PACKAGE -D DEBUG -D SWIFT_MODULE_RESOURCE_BUNDLE_UNAVAILABLE -D Xcode -serialize-debugging-options -enable-experimental-feature DebugDescriptionMacro -empty-abi-descriptor -validate-clang-modules-once -clang-build-session-file /Users/admin/builder/spi-builder-workspace/.derivedData/ModuleCache.noindex/Session.modulevalidation -Xcc -working-directory -Xcc /Users/admin/builder/spi-builder-workspace/.swiftpm/xcode -enable-anonymous-context-mangled-names -file-compilation-dir /Users/admin/builder/spi-builder-workspace/.swiftpm/xcode -Xcc -fmodule-map-file\=/Users/admin/builder/spi-builder-workspace/.dependencies/checkouts/swift-tools-support-core/Sources/TSCclibc/include/module.modulemap -Xcc -D_LIBCPP_HARDENING_MODE\=_LIBCPP_HARDENING_MODE_DEBUG -Xcc -ivfsstatcache -Xcc /Users/admin/builder/spi-builder-workspace/.derivedData/SDKStatCaches.noindex/watchos27.0-24R360-e829b21a6f8c9b70876ba0858053c04477534ef55a1706bf4c1112bbb242f0a2.sdkstatcache -Xcc -fmodules-prune-interval\=86400 -Xcc -fmodules-prune-after\=345600 -Xcc -I/Users/admin/builder/spi-builder-workspace/.dependencies/checkouts/swift-tools-support-core/Sources/TSCclibc/include -Xcc -I/Users/admin/builder/spi-builder-workspace/.derivedData/Build/Products/Debug-watchos/include -Xcc -I/Users/admin/builder/spi-builder-workspace/.derivedData/Build/Intermediates.noindex/swift-tools-support-core.build/Debug-watchos/TSCBasic-t.build/DerivedSources-normal/arm64 -Xcc -I/Users/admin/builder/spi-builder-workspace/.derivedData/Build/Intermediates.noindex/swift-tools-support-core.build/Debug-watchos/TSCBasic-t.build/DerivedSources/arm64 -Xcc -I/Users/admin/builder/spi-builder-workspace/.derivedData/Build/Intermediates.noindex/swift-tools-support-core.build/Debug-watchos/TSCBasic-t.build/DerivedSources -Xcc -DSWIFT_PACKAGE -Xcc -DDEBUG\=1 -no-auto-bridging-header-chaining -module-name TSCBasic -const-gather-protocols-file /Users/admin/builder/spi-builder-workspace/.derivedData/Build/Intermediates.noindex/swift-tools-support-core.build/Debug-watchos/TSCBasic-t.build/Objects-normal/arm64/TSCBasic_const_extract_protocols.json -disable-clang-spi -clang-target arm64-apple-watchos27.0 -target-sdk-version 27.0 -target-sdk-name watchos27.0 -in-process-plugin-server-path /Applications/Xcode-27.0.0-Release.Candidate.app/Contents/Developer/Toolchains/XcodeDefault.xctoolchain/usr/lib/swift/host/libSwiftInProcPluginServer.dylib -parse-as-library -o /Users/admin/builder/spi-builder-workspace/.derivedData/Build/Intermediates.noindex/swift-tools-support-core.build/Debug-watchos/TSCBasic-t.build/Objects-normal/arm64/TerminalController.o -o /Users/admin/builder/spi-builder-workspace/.derivedData/Build/Intermediates.noindex/swift-tools-support-core.build/Debug-watchos/TSCBasic-t.build/Objects-normal/arm64/Thread.o -o /Users/admin/builder/spi-builder-workspace/.derivedData/Build/Intermediates.noindex/swift-tools-support-core.build/Debug-watchos/TSCBasic-t.build/Objects-normal/arm64/Tuple.o -o /Users/admin/builder/spi-builder-workspace/.derivedData/Build/Intermediates.noindex/swift-tools-support-core.build/Debug-watchos/TSCBasic-t.build/Objects-normal/arm64/misc.o -debug-module-path /Users/admin/builder/spi-builder-workspace/.derivedData/Build/Intermediates.noindex/swift-tools-support-core.build/Debug-watchos/TSCBasic-t.build/Objects-normal/arm64/TSCBasic.swiftmodule -index-unit-output-path /swift-tools-support-core.build/Debug-watchos/TSCBasic-t.build/Objects-normal/arm64/TerminalController.o -index-unit-output-path /swift-tools-support-core.build/Debug-watchos/TSCBasic-t.build/Objects-normal/arm64/Thread.o -index-unit-output-path /swift-tools-support-core.build/Debug-watchos/TSCBasic-t.build/Objects-normal/arm64/Tuple.o -index-unit-output-path /swift-tools-support-core.build/Debug-watchos/TSCBasic-t.build/Objects-normal/arm64/misc.o -index-store-path /Users/admin/builder/spi-builder-workspace/.derivedData/Index.noindex/DataStore -index-system-modules
SwiftCompile normal arm64 Compiling\ ProcessSet.swift,\ RegEx.swift,\ Result.swift,\ SHA256.swift /Users/admin/builder/spi-builder-workspace/.dependencies/checkouts/swift-tools-support-core/Sources/TSCBasic/ProcessSet.swift /Users/admin/builder/spi-builder-workspace/.dependencies/checkouts/swift-tools-support-core/Sources/TSCBasic/RegEx.swift /Users/admin/builder/spi-builder-workspace/.dependencies/checkouts/swift-tools-support-core/Sources/TSCBasic/Result.swift /Users/admin/builder/spi-builder-workspace/.dependencies/checkouts/swift-tools-support-core/Sources/TSCBasic/SHA256.swift (in target 'TSCBasic' from project 'swift-tools-support-core')
SwiftCompile normal arm64 /Users/admin/builder/spi-builder-workspace/.dependencies/checkouts/swift-tools-support-core/Sources/TSCBasic/ProcessSet.swift (in target 'TSCBasic' from project 'swift-tools-support-core')
cd /Users/admin/builder/spi-builder-workspace/.swiftpm/xcode
builtin-SwiftPerFileCompile ProcessSet.swift
SwiftCompile normal arm64 /Users/admin/builder/spi-builder-workspace/.dependencies/checkouts/swift-tools-support-core/Sources/TSCBasic/RegEx.swift (in target 'TSCBasic' from project 'swift-tools-support-core')
cd /Users/admin/builder/spi-builder-workspace/.swiftpm/xcode
builtin-SwiftPerFileCompile RegEx.swift
SwiftCompile normal arm64 /Users/admin/builder/spi-builder-workspace/.dependencies/checkouts/swift-tools-support-core/Sources/TSCBasic/Result.swift (in target 'TSCBasic' from project 'swift-tools-support-core')
cd /Users/admin/builder/spi-builder-workspace/.swiftpm/xcode
builtin-SwiftPerFileCompile Result.swift
SwiftCompile normal arm64 /Users/admin/builder/spi-builder-workspace/.dependencies/checkouts/swift-tools-support-core/Sources/TSCBasic/SHA256.swift (in target 'TSCBasic' from project 'swift-tools-support-core')
cd /Users/admin/builder/spi-builder-workspace/.swiftpm/xcode
builtin-SwiftPerFileCompile SHA256.swift
SwiftCompile normal arm64 Compiling\ FileSystem.swift,\ GraphAlgorithms.swift,\ JSON.swift,\ JSONMapper.swift /Users/admin/builder/spi-builder-workspace/.dependencies/checkouts/swift-tools-support-core/Sources/TSCBasic/FileSystem.swift /Users/admin/builder/spi-builder-workspace/.dependencies/checkouts/swift-tools-support-core/Sources/TSCBasic/GraphAlgorithms.swift /Users/admin/builder/spi-builder-workspace/.dependencies/checkouts/swift-tools-support-core/Sources/TSCBasic/JSON.swift /Users/admin/builder/spi-builder-workspace/.dependencies/checkouts/swift-tools-support-core/Sources/TSCBasic/JSONMapper.swift (in target 'TSCBasic' from project 'swift-tools-support-core')
SwiftCompile normal arm64 /Users/admin/builder/spi-builder-workspace/.dependencies/checkouts/swift-tools-support-core/Sources/TSCBasic/FileSystem.swift (in target 'TSCBasic' from project 'swift-tools-support-core')
cd /Users/admin/builder/spi-builder-workspace/.swiftpm/xcode
builtin-SwiftPerFileCompile FileSystem.swift
SwiftCompile normal arm64 /Users/admin/builder/spi-builder-workspace/.dependencies/checkouts/swift-tools-support-core/Sources/TSCBasic/GraphAlgorithms.swift (in target 'TSCBasic' from project 'swift-tools-support-core')
cd /Users/admin/builder/spi-builder-workspace/.swiftpm/xcode
builtin-SwiftPerFileCompile GraphAlgorithms.swift
SwiftCompile normal arm64 /Users/admin/builder/spi-builder-workspace/.dependencies/checkouts/swift-tools-support-core/Sources/TSCBasic/JSON.swift (in target 'TSCBasic' from project 'swift-tools-support-core')
cd /Users/admin/builder/spi-builder-workspace/.swiftpm/xcode
builtin-SwiftPerFileCompile JSON.swift
SwiftCompile normal arm64 /Users/admin/builder/spi-builder-workspace/.dependencies/checkouts/swift-tools-support-core/Sources/TSCBasic/JSONMapper.swift (in target 'TSCBasic' from project 'swift-tools-support-core')
cd /Users/admin/builder/spi-builder-workspace/.swiftpm/xcode
builtin-SwiftPerFileCompile JSONMapper.swift
SwiftCompile normal arm64 Compiling\ Path.swift,\ PathShims.swift,\ Process.swift,\ ProcessEnv.swift /Users/admin/builder/spi-builder-workspace/.dependencies/checkouts/swift-tools-support-core/Sources/TSCBasic/Path.swift /Users/admin/builder/spi-builder-workspace/.dependencies/checkouts/swift-tools-support-core/Sources/TSCBasic/PathShims.swift /Users/admin/builder/spi-builder-workspace/.dependencies/checkouts/swift-tools-support-core/Sources/TSCBasic/Process.swift /Users/admin/builder/spi-builder-workspace/.dependencies/checkouts/swift-tools-support-core/Sources/TSCBasic/ProcessEnv.swift (in target 'TSCBasic' from project 'swift-tools-support-core')
/Users/admin/builder/spi-builder-workspace/.dependencies/checkouts/swift-tools-support-core/Sources/TSCBasic/Process.swift:320:9: error: 'posix_spawnattr_init' is unavailable in watchOS
318 | var attributes = posix_spawnattr_t()
319 | #endif
320 | posix_spawnattr_init(&attributes)
| `- error: 'posix_spawnattr_init' is unavailable in watchOS
321 | defer { posix_spawnattr_destroy(&attributes) }
322 |
/Applications/Xcode-27.0.0-Release.Candidate.app/Contents/Developer/Platforms/WatchOS.platform/Developer/SDKs/WatchOS27.0.sdk/usr/include/spawn.h:105:9: note: 'posix_spawnattr_init' has been explicitly marked unavailable here
103 | sigset_t * __restrict) __API_AVAILABLE(macos(10.5), ios(2.0)) __API_UNAVAILABLE(watchos, tvos);
104 |
105 | int posix_spawnattr_init(posix_spawnattr_t *) __API_AVAILABLE(macos(10.5), ios(2.0)) __API_UNAVAILABLE(watchos, tvos);
| `- note: 'posix_spawnattr_init' has been explicitly marked unavailable here
106 |
107 | int posix_spawnattr_setsigdefault(posix_spawnattr_t * __restrict,
/Users/admin/builder/spi-builder-workspace/.dependencies/checkouts/swift-tools-support-core/Sources/TSCBasic/Process.swift:321:17: error: 'posix_spawnattr_destroy' is unavailable in watchOS
319 | #endif
320 | posix_spawnattr_init(&attributes)
321 | defer { posix_spawnattr_destroy(&attributes) }
| `- error: 'posix_spawnattr_destroy' is unavailable in watchOS
322 |
323 | // Unmask all signals.
/Applications/Xcode-27.0.0-Release.Candidate.app/Contents/Developer/Platforms/WatchOS.platform/Developer/SDKs/WatchOS27.0.sdk/usr/include/spawn.h:91:9: note: 'posix_spawnattr_destroy' has been explicitly marked unavailable here
89 | int posix_spawn_file_actions_init(posix_spawn_file_actions_t *) __API_AVAILABLE(macos(10.5), ios(2.0)) __API_UNAVAILABLE(watchos, tvos);
90 |
91 | int posix_spawnattr_destroy(posix_spawnattr_t *) __API_AVAILABLE(macos(10.5), ios(2.0)) __API_UNAVAILABLE(watchos, tvos);
| `- note: 'posix_spawnattr_destroy' has been explicitly marked unavailable here
92 |
93 | int posix_spawnattr_getsigdefault(const posix_spawnattr_t * __restrict,
/Users/admin/builder/spi-builder-workspace/.dependencies/checkouts/swift-tools-support-core/Sources/TSCBasic/Process.swift:326:9: error: 'posix_spawnattr_setsigmask' is unavailable in watchOS
324 | var noSignals = sigset_t()
325 | sigemptyset(&noSignals)
326 | posix_spawnattr_setsigmask(&attributes, &noSignals)
| `- error: 'posix_spawnattr_setsigmask' is unavailable in watchOS
327 |
328 | // Reset all signals to default behavior.
/Applications/Xcode-27.0.0-Release.Candidate.app/Contents/Developer/Platforms/WatchOS.platform/Developer/SDKs/WatchOS27.0.sdk/usr/include/spawn.h:114:9: note: 'posix_spawnattr_setsigmask' has been explicitly marked unavailable here
112 | int posix_spawnattr_setpgroup(posix_spawnattr_t *, pid_t) __API_AVAILABLE(macos(10.5), ios(2.0)) __API_UNAVAILABLE(watchos, tvos);
113 |
114 | int posix_spawnattr_setsigmask(posix_spawnattr_t * __restrict,
| `- note: 'posix_spawnattr_setsigmask' has been explicitly marked unavailable here
115 | const sigset_t * __restrict) __API_AVAILABLE(macos(10.5), ios(2.0)) __API_UNAVAILABLE(watchos, tvos);
116 |
/Users/admin/builder/spi-builder-workspace/.dependencies/checkouts/swift-tools-support-core/Sources/TSCBasic/Process.swift:346:9: error: 'posix_spawnattr_setsigdefault' is unavailable in watchOS
344 | sigaddset(&mostSignals, i)
345 | }
346 | posix_spawnattr_setsigdefault(&attributes, &mostSignals)
| `- error: 'posix_spawnattr_setsigdefault' is unavailable in watchOS
347 | #endif
348 |
/Applications/Xcode-27.0.0-Release.Candidate.app/Contents/Developer/Platforms/WatchOS.platform/Developer/SDKs/WatchOS27.0.sdk/usr/include/spawn.h:107:9: note: 'posix_spawnattr_setsigdefault' has been explicitly marked unavailable here
105 | int posix_spawnattr_init(posix_spawnattr_t *) __API_AVAILABLE(macos(10.5), ios(2.0)) __API_UNAVAILABLE(watchos, tvos);
106 |
107 | int posix_spawnattr_setsigdefault(posix_spawnattr_t * __restrict,
| `- note: 'posix_spawnattr_setsigdefault' has been explicitly marked unavailable here
108 | const sigset_t * __restrict) __API_AVAILABLE(macos(10.5), ios(2.0)) __API_UNAVAILABLE(watchos, tvos);
109 |
/Users/admin/builder/spi-builder-workspace/.dependencies/checkouts/swift-tools-support-core/Sources/TSCBasic/Process.swift:354:13: error: 'posix_spawnattr_setpgroup' is unavailable in watchOS
352 | // Establish a separate process group.
353 | flags |= POSIX_SPAWN_SETPGROUP
354 | posix_spawnattr_setpgroup(&attributes, 0)
| `- error: 'posix_spawnattr_setpgroup' is unavailable in watchOS
355 | }
356 |
/Applications/Xcode-27.0.0-Release.Candidate.app/Contents/Developer/Platforms/WatchOS.platform/Developer/SDKs/WatchOS27.0.sdk/usr/include/spawn.h:112:9: note: 'posix_spawnattr_setpgroup' has been explicitly marked unavailable here
110 | int posix_spawnattr_setflags(posix_spawnattr_t *, short) __API_AVAILABLE(macos(10.5), ios(2.0)) __API_UNAVAILABLE(watchos, tvos);
111 |
112 | int posix_spawnattr_setpgroup(posix_spawnattr_t *, pid_t) __API_AVAILABLE(macos(10.5), ios(2.0)) __API_UNAVAILABLE(watchos, tvos);
| `- note: 'posix_spawnattr_setpgroup' has been explicitly marked unavailable here
113 |
114 | int posix_spawnattr_setsigmask(posix_spawnattr_t * __restrict,
/Users/admin/builder/spi-builder-workspace/.dependencies/checkouts/swift-tools-support-core/Sources/TSCBasic/Process.swift:357:9: error: 'posix_spawnattr_setflags' is unavailable in watchOS
355 | }
356 |
357 | posix_spawnattr_setflags(&attributes, Int16(flags))
| `- error: 'posix_spawnattr_setflags' is unavailable in watchOS
358 |
359 | // Setup the file actions.
/Applications/Xcode-27.0.0-Release.Candidate.app/Contents/Developer/Platforms/WatchOS.platform/Developer/SDKs/WatchOS27.0.sdk/usr/include/spawn.h:110:9: note: 'posix_spawnattr_setflags' has been explicitly marked unavailable here
108 | const sigset_t * __restrict) __API_AVAILABLE(macos(10.5), ios(2.0)) __API_UNAVAILABLE(watchos, tvos);
109 |
110 | int posix_spawnattr_setflags(posix_spawnattr_t *, short) __API_AVAILABLE(macos(10.5), ios(2.0)) __API_UNAVAILABLE(watchos, tvos);
| `- note: 'posix_spawnattr_setflags' has been explicitly marked unavailable here
111 |
112 | int posix_spawnattr_setpgroup(posix_spawnattr_t *, pid_t) __API_AVAILABLE(macos(10.5), ios(2.0)) __API_UNAVAILABLE(watchos, tvos);
/Users/admin/builder/spi-builder-workspace/.dependencies/checkouts/swift-tools-support-core/Sources/TSCBasic/Process.swift:365:9: error: 'posix_spawn_file_actions_init' is unavailable in watchOS
363 | var fileActions = posix_spawn_file_actions_t()
364 | #endif
365 | posix_spawn_file_actions_init(&fileActions)
| `- error: 'posix_spawn_file_actions_init' is unavailable in watchOS
366 | defer { posix_spawn_file_actions_destroy(&fileActions) }
367 |
/Applications/Xcode-27.0.0-Release.Candidate.app/Contents/Developer/Platforms/WatchOS.platform/Developer/SDKs/WatchOS27.0.sdk/usr/include/spawn.h:89:9: note: 'posix_spawn_file_actions_init' has been explicitly marked unavailable here
87 | int posix_spawn_file_actions_destroy(posix_spawn_file_actions_t *) __API_AVAILABLE(macos(10.5), ios(2.0)) __API_UNAVAILABLE(watchos, tvos);
88 |
89 | int posix_spawn_file_actions_init(posix_spawn_file_actions_t *) __API_AVAILABLE(macos(10.5), ios(2.0)) __API_UNAVAILABLE(watchos, tvos);
| `- note: 'posix_spawn_file_actions_init' has been explicitly marked unavailable here
90 |
91 | int posix_spawnattr_destroy(posix_spawnattr_t *) __API_AVAILABLE(macos(10.5), ios(2.0)) __API_UNAVAILABLE(watchos, tvos);
/Users/admin/builder/spi-builder-workspace/.dependencies/checkouts/swift-tools-support-core/Sources/TSCBasic/Process.swift:366:17: error: 'posix_spawn_file_actions_destroy' is unavailable in watchOS
364 | #endif
365 | posix_spawn_file_actions_init(&fileActions)
366 | defer { posix_spawn_file_actions_destroy(&fileActions) }
| `- error: 'posix_spawn_file_actions_destroy' is unavailable in watchOS
367 |
368 | // Workaround for https://sourceware.org/git/gitweb.cgi?p=glibc.git;h=89e435f3559c53084498e9baad22172b64429362
/Applications/Xcode-27.0.0-Release.Candidate.app/Contents/Developer/Platforms/WatchOS.platform/Developer/SDKs/WatchOS27.0.sdk/usr/include/spawn.h:87:9: note: 'posix_spawn_file_actions_destroy' has been explicitly marked unavailable here
85 | const char * __restrict, int, mode_t) __API_AVAILABLE(macos(10.5), ios(2.0)) __API_UNAVAILABLE(watchos, tvos);
86 |
87 | int posix_spawn_file_actions_destroy(posix_spawn_file_actions_t *) __API_AVAILABLE(macos(10.5), ios(2.0)) __API_UNAVAILABLE(watchos, tvos);
| `- note: 'posix_spawn_file_actions_destroy' has been explicitly marked unavailable here
88 |
89 | int posix_spawn_file_actions_init(posix_spawn_file_actions_t *) __API_AVAILABLE(macos(10.5), ios(2.0)) __API_UNAVAILABLE(watchos, tvos);
/Users/admin/builder/spi-builder-workspace/.dependencies/checkouts/swift-tools-support-core/Sources/TSCBasic/Process.swift:372:9: error: 'posix_spawn_file_actions_addopen' is unavailable in watchOS
370 | defer { free(devNull) }
371 | // Open /dev/null as stdin.
372 | posix_spawn_file_actions_addopen(&fileActions, 0, devNull, O_RDONLY, 0)
| `- error: 'posix_spawn_file_actions_addopen' is unavailable in watchOS
373 |
374 | var outputPipe: [Int32] = [0, 0]
/Applications/Xcode-27.0.0-Release.Candidate.app/Contents/Developer/Platforms/WatchOS.platform/Developer/SDKs/WatchOS27.0.sdk/usr/include/spawn.h:83:9: note: 'posix_spawn_file_actions_addopen' has been explicitly marked unavailable here
81 | int) __API_AVAILABLE(macos(10.5), ios(2.0)) __API_UNAVAILABLE(watchos, tvos);
82 |
83 | int posix_spawn_file_actions_addopen(
| `- note: 'posix_spawn_file_actions_addopen' has been explicitly marked unavailable here
84 | posix_spawn_file_actions_t * __restrict, int,
85 | const char * __restrict, int, mode_t) __API_AVAILABLE(macos(10.5), ios(2.0)) __API_UNAVAILABLE(watchos, tvos);
/Users/admin/builder/spi-builder-workspace/.dependencies/checkouts/swift-tools-support-core/Sources/TSCBasic/Process.swift:381:13: error: 'posix_spawn_file_actions_adddup2' is unavailable in watchOS
379 | try open(pipe: &stderrPipe)
380 | // Open the write end of the pipe as stdout and stderr, if desired.
381 | posix_spawn_file_actions_adddup2(&fileActions, outputPipe[1], 1)
| `- error: 'posix_spawn_file_actions_adddup2' is unavailable in watchOS
382 | posix_spawn_file_actions_adddup2(&fileActions, stderrPipe[1], 2)
383 | // Close the other ends of the pipe.
/Applications/Xcode-27.0.0-Release.Candidate.app/Contents/Developer/Platforms/WatchOS.platform/Developer/SDKs/WatchOS27.0.sdk/usr/include/spawn.h:80:9: note: 'posix_spawn_file_actions_adddup2' has been explicitly marked unavailable here
78 | int posix_spawn_file_actions_addclose(posix_spawn_file_actions_t *, int) __API_AVAILABLE(macos(10.5), ios(2.0)) __API_UNAVAILABLE(watchos, tvos);
79 |
80 | int posix_spawn_file_actions_adddup2(posix_spawn_file_actions_t *, int,
| `- note: 'posix_spawn_file_actions_adddup2' has been explicitly marked unavailable here
81 | int) __API_AVAILABLE(macos(10.5), ios(2.0)) __API_UNAVAILABLE(watchos, tvos);
82 |
/Users/admin/builder/spi-builder-workspace/.dependencies/checkouts/swift-tools-support-core/Sources/TSCBasic/Process.swift:382:13: error: 'posix_spawn_file_actions_adddup2' is unavailable in watchOS
380 | // Open the write end of the pipe as stdout and stderr, if desired.
381 | posix_spawn_file_actions_adddup2(&fileActions, outputPipe[1], 1)
382 | posix_spawn_file_actions_adddup2(&fileActions, stderrPipe[1], 2)
| `- error: 'posix_spawn_file_actions_adddup2' is unavailable in watchOS
383 | // Close the other ends of the pipe.
384 | for pipe in [outputPipe, stderrPipe] {
/Applications/Xcode-27.0.0-Release.Candidate.app/Contents/Developer/Platforms/WatchOS.platform/Developer/SDKs/WatchOS27.0.sdk/usr/include/spawn.h:80:9: note: 'posix_spawn_file_actions_adddup2' has been explicitly marked unavailable here
78 | int posix_spawn_file_actions_addclose(posix_spawn_file_actions_t *, int) __API_AVAILABLE(macos(10.5), ios(2.0)) __API_UNAVAILABLE(watchos, tvos);
79 |
80 | int posix_spawn_file_actions_adddup2(posix_spawn_file_actions_t *, int,
| `- note: 'posix_spawn_file_actions_adddup2' has been explicitly marked unavailable here
81 | int) __API_AVAILABLE(macos(10.5), ios(2.0)) __API_UNAVAILABLE(watchos, tvos);
82 |
/Users/admin/builder/spi-builder-workspace/.dependencies/checkouts/swift-tools-support-core/Sources/TSCBasic/Process.swift:385:17: error: 'posix_spawn_file_actions_addclose' is unavailable in watchOS
383 | // Close the other ends of the pipe.
384 | for pipe in [outputPipe, stderrPipe] {
385 | posix_spawn_file_actions_addclose(&fileActions, pipe[0])
| `- error: 'posix_spawn_file_actions_addclose' is unavailable in watchOS
386 | posix_spawn_file_actions_addclose(&fileActions, pipe[1])
387 | }
/Applications/Xcode-27.0.0-Release.Candidate.app/Contents/Developer/Platforms/WatchOS.platform/Developer/SDKs/WatchOS27.0.sdk/usr/include/spawn.h:78:9: note: 'posix_spawn_file_actions_addclose' has been explicitly marked unavailable here
76 | int) __API_AVAILABLE(macos(26.0)) __API_UNAVAILABLE(ios, tvos, watchos, visionos);
77 |
78 | int posix_spawn_file_actions_addclose(posix_spawn_file_actions_t *, int) __API_AVAILABLE(macos(10.5), ios(2.0)) __API_UNAVAILABLE(watchos, tvos);
| `- note: 'posix_spawn_file_actions_addclose' has been explicitly marked unavailable here
79 |
80 | int posix_spawn_file_actions_adddup2(posix_spawn_file_actions_t *, int,
/Users/admin/builder/spi-builder-workspace/.dependencies/checkouts/swift-tools-support-core/Sources/TSCBasic/Process.swift:386:17: error: 'posix_spawn_file_actions_addclose' is unavailable in watchOS
384 | for pipe in [outputPipe, stderrPipe] {
385 | posix_spawn_file_actions_addclose(&fileActions, pipe[0])
386 | posix_spawn_file_actions_addclose(&fileActions, pipe[1])
| `- error: 'posix_spawn_file_actions_addclose' is unavailable in watchOS
387 | }
388 | } else {
/Applications/Xcode-27.0.0-Release.Candidate.app/Contents/Developer/Platforms/WatchOS.platform/Developer/SDKs/WatchOS27.0.sdk/usr/include/spawn.h:78:9: note: 'posix_spawn_file_actions_addclose' has been explicitly marked unavailable here
76 | int) __API_AVAILABLE(macos(26.0)) __API_UNAVAILABLE(ios, tvos, watchos, visionos);
77 |
78 | int posix_spawn_file_actions_addclose(posix_spawn_file_actions_t *, int) __API_AVAILABLE(macos(10.5), ios(2.0)) __API_UNAVAILABLE(watchos, tvos);
| `- note: 'posix_spawn_file_actions_addclose' has been explicitly marked unavailable here
79 |
80 | int posix_spawn_file_actions_adddup2(posix_spawn_file_actions_t *, int,
/Users/admin/builder/spi-builder-workspace/.dependencies/checkouts/swift-tools-support-core/Sources/TSCBasic/Process.swift:389:13: error: 'posix_spawn_file_actions_adddup2' is unavailable in watchOS
387 | }
388 | } else {
389 | posix_spawn_file_actions_adddup2(&fileActions, 1, 1)
| `- error: 'posix_spawn_file_actions_adddup2' is unavailable in watchOS
390 | posix_spawn_file_actions_adddup2(&fileActions, 2, 2)
391 | }
/Applications/Xcode-27.0.0-Release.Candidate.app/Contents/Developer/Platforms/WatchOS.platform/Developer/SDKs/WatchOS27.0.sdk/usr/include/spawn.h:80:9: note: 'posix_spawn_file_actions_adddup2' has been explicitly marked unavailable here
78 | int posix_spawn_file_actions_addclose(posix_spawn_file_actions_t *, int) __API_AVAILABLE(macos(10.5), ios(2.0)) __API_UNAVAILABLE(watchos, tvos);
79 |
80 | int posix_spawn_file_actions_adddup2(posix_spawn_file_actions_t *, int,
| `- note: 'posix_spawn_file_actions_adddup2' has been explicitly marked unavailable here
81 | int) __API_AVAILABLE(macos(10.5), ios(2.0)) __API_UNAVAILABLE(watchos, tvos);
82 |
/Users/admin/builder/spi-builder-workspace/.dependencies/checkouts/swift-tools-support-core/Sources/TSCBasic/Process.swift:390:13: error: 'posix_spawn_file_actions_adddup2' is unavailable in watchOS
388 | } else {
389 | posix_spawn_file_actions_adddup2(&fileActions, 1, 1)
390 | posix_spawn_file_actions_adddup2(&fileActions, 2, 2)
| `- error: 'posix_spawn_file_actions_adddup2' is unavailable in watchOS
391 | }
392 |
/Applications/Xcode-27.0.0-Release.Candidate.app/Contents/Developer/Platforms/WatchOS.platform/Developer/SDKs/WatchOS27.0.sdk/usr/include/spawn.h:80:9: note: 'posix_spawn_file_actions_adddup2' has been explicitly marked unavailable here
78 | int posix_spawn_file_actions_addclose(posix_spawn_file_actions_t *, int) __API_AVAILABLE(macos(10.5), ios(2.0)) __API_UNAVAILABLE(watchos, tvos);
79 |
80 | int posix_spawn_file_actions_adddup2(posix_spawn_file_actions_t *, int,
| `- note: 'posix_spawn_file_actions_adddup2' has been explicitly marked unavailable here
81 | int) __API_AVAILABLE(macos(10.5), ios(2.0)) __API_UNAVAILABLE(watchos, tvos);
82 |
SwiftCompile normal arm64 /Users/admin/builder/spi-builder-workspace/.dependencies/checkouts/swift-tools-support-core/Sources/TSCBasic/Path.swift (in target 'TSCBasic' from project 'swift-tools-support-core')
cd /Users/admin/builder/spi-builder-workspace/.swiftpm/xcode
builtin-SwiftPerFileCompile Path.swift
SwiftCompile normal arm64 /Users/admin/builder/spi-builder-workspace/.dependencies/checkouts/swift-tools-support-core/Sources/TSCBasic/PathShims.swift (in target 'TSCBasic' from project 'swift-tools-support-core')
cd /Users/admin/builder/spi-builder-workspace/.swiftpm/xcode
builtin-SwiftPerFileCompile PathShims.swift
SwiftCompile normal arm64 /Users/admin/builder/spi-builder-workspace/.dependencies/checkouts/swift-tools-support-core/Sources/TSCBasic/Process.swift (in target 'TSCBasic' from project 'swift-tools-support-core')
cd /Users/admin/builder/spi-builder-workspace/.swiftpm/xcode
builtin-SwiftPerFileCompile Process.swift
SwiftCompile normal arm64 /Users/admin/builder/spi-builder-workspace/.dependencies/checkouts/swift-tools-support-core/Sources/TSCBasic/ProcessEnv.swift (in target 'TSCBasic' from project 'swift-tools-support-core')
cd /Users/admin/builder/spi-builder-workspace/.swiftpm/xcode
builtin-SwiftPerFileCompile ProcessEnv.swift
SwiftCompile normal arm64 Compiling\ KeyedPair.swift,\ LazyCache.swift,\ Lock.swift,\ OSLog.swift /Users/admin/builder/spi-builder-workspace/.dependencies/checkouts/swift-tools-support-core/Sources/TSCBasic/KeyedPair.swift /Users/admin/builder/spi-builder-workspace/.dependencies/checkouts/swift-tools-support-core/Sources/TSCBasic/LazyCache.swift /Users/admin/builder/spi-builder-workspace/.dependencies/checkouts/swift-tools-support-core/Sources/TSCBasic/Lock.swift /Users/admin/builder/spi-builder-workspace/.dependencies/checkouts/swift-tools-support-core/Sources/TSCBasic/OSLog.swift (in target 'TSCBasic' from project 'swift-tools-support-core')
SwiftCompile normal arm64 /Users/admin/builder/spi-builder-workspace/.dependencies/checkouts/swift-tools-support-core/Sources/TSCBasic/KeyedPair.swift (in target 'TSCBasic' from project 'swift-tools-support-core')
cd /Users/admin/builder/spi-builder-workspace/.swiftpm/xcode
builtin-SwiftPerFileCompile KeyedPair.swift
SwiftCompile normal arm64 /Users/admin/builder/spi-builder-workspace/.dependencies/checkouts/swift-tools-support-core/Sources/TSCBasic/LazyCache.swift (in target 'TSCBasic' from project 'swift-tools-support-core')
cd /Users/admin/builder/spi-builder-workspace/.swiftpm/xcode
builtin-SwiftPerFileCompile LazyCache.swift
SwiftCompile normal arm64 /Users/admin/builder/spi-builder-workspace/.dependencies/checkouts/swift-tools-support-core/Sources/TSCBasic/Lock.swift (in target 'TSCBasic' from project 'swift-tools-support-core')
cd /Users/admin/builder/spi-builder-workspace/.swiftpm/xcode
builtin-SwiftPerFileCompile Lock.swift
SwiftCompile normal arm64 /Users/admin/builder/spi-builder-workspace/.dependencies/checkouts/swift-tools-support-core/Sources/TSCBasic/OSLog.swift (in target 'TSCBasic' from project 'swift-tools-support-core')
cd /Users/admin/builder/spi-builder-workspace/.swiftpm/xcode
builtin-SwiftPerFileCompile OSLog.swift
SwiftEmitModule normal arm64_32 Emitting\ module\ for\ TSCBasic (in target 'TSCBasic' from project 'swift-tools-support-core')
SwiftCompile normal arm64_32 (in target 'TSCBasic' from project 'swift-tools-support-core')
cd /Users/admin/builder/spi-builder-workspace/.swiftpm/xcode
SwiftEmitModule normal arm64_32 Emitting\ module\ for\ ArgumentParser (in target 'ArgumentParser' from project 'swift-argument-parser')
SwiftCompile normal arm64_32 (in target 'ArgumentParser' from project 'swift-argument-parser')
cd /Users/admin/builder/spi-builder-workspace/.swiftpm/xcode
SwiftEmitModule normal arm64 Emitting\ module\ for\ SwiftSoup (in target 'SwiftSoup' from project 'SwiftSoup')
SwiftCompile normal arm64 (in target 'SwiftSoup' from project 'SwiftSoup')
cd /Users/admin/builder/spi-builder-workspace/.swiftpm/xcode
SwiftEmitModule normal arm64_32 Emitting\ module\ for\ SwiftSoup (in target 'SwiftSoup' from project 'SwiftSoup')
SwiftCompile normal arm64_32 (in target 'SwiftSoup' from project 'SwiftSoup')
cd /Users/admin/builder/spi-builder-workspace/.swiftpm/xcode
SwiftDriverJobDiscovery normal arm64 Emitting module for TSCBasic (in target 'TSCBasic' from project 'swift-tools-support-core')
SwiftDriver\ Compilation\ Requirements TSCBasic normal arm64 com.apple.xcode.tools.swift.compiler (in target 'TSCBasic' from project 'swift-tools-support-core')
cd /Users/admin/builder/spi-builder-workspace/.swiftpm/xcode
builtin-Swift-Compilation-Requirements -- /Applications/Xcode-27.0.0-Release.Candidate.app/Contents/Developer/Toolchains/XcodeDefault.xctoolchain/usr/bin/swiftc -parse-as-library -module-name TSCBasic -Onone @/Users/admin/builder/spi-builder-workspace/.derivedData/Build/Intermediates.noindex/swift-tools-support-core.build/Debug-watchos/TSCBasic-t.build/Objects-normal/arm64/TSCBasic.SwiftFileList -DSWIFT_PACKAGE -DDEBUG -DSWIFT_MODULE_RESOURCE_BUNDLE_UNAVAILABLE -Xcc -fmodule-map-file\=/Users/admin/builder/spi-builder-workspace/.dependencies/checkouts/swift-tools-support-core/Sources/TSCclibc/include/module.modulemap -DXcode -plugin-path /Applications/Xcode-27.0.0-Release.Candidate.app/Contents/Developer/Toolchains/XcodeDefault.xctoolchain/usr/lib/swift/host/plugins/testing -enable-experimental-feature DebugDescriptionMacro -sdk /Applications/Xcode-27.0.0-Release.Candidate.app/Contents/Developer/Platforms/WatchOS.platform/Developer/SDKs/WatchOS27.0.sdk -target arm64-apple-watchos9.0 -g -module-cache-path /Users/admin/builder/spi-builder-workspace/.derivedData/ModuleCache.noindex -Xfrontend -serialize-debugging-options -enable-testing -suppress-warnings -index-store-path /Users/admin/builder/spi-builder-workspace/.derivedData/Index.noindex/DataStore -Xcc -D_LIBCPP_HARDENING_MODE\=_LIBCPP_HARDENING_MODE_DEBUG -swift-version 5 -I /Users/admin/builder/spi-builder-workspace/.derivedData/Build/Products/Debug-watchos -Isystem /Applications/Xcode-27.0.0-Release.Candidate.app/Contents/Developer/Platforms/WatchOS.platform/Developer/usr/lib -F /Users/admin/builder/spi-builder-workspace/.derivedData/Build/Products/Debug-watchos/PackageFrameworks -F /Users/admin/builder/spi-builder-workspace/.derivedData/Build/Products/Debug-watchos -F /Applications/Xcode-27.0.0-Release.Candidate.app/Contents/Developer/Platforms/WatchOS.platform/Developer/Library/Frameworks -F /Applications/Xcode-27.0.0-Release.Candidate.app/Contents/Developer/Platforms/WatchOS.platform/Developer/SDKs/WatchOS27.0.sdk/Developer/Library/Frameworks -c -j10 -enable-batch-mode -incremental -Xcc -ivfsstatcache -Xcc /Users/admin/builder/spi-builder-workspace/.derivedData/SDKStatCaches.noindex/watchos27.0-24R360-e829b21a6f8c9b70876ba0858053c04477534ef55a1706bf4c1112bbb242f0a2.sdkstatcache -output-file-map /Users/admin/builder/spi-builder-workspace/.derivedData/Build/Intermediates.noindex/swift-tools-support-core.build/Debug-watchos/TSCBasic-t.build/Objects-normal/arm64/TSCBasic-OutputFileMap.json -save-temps -no-color-diagnostics -explicit-module-build -module-cache-path /Users/admin/builder/spi-builder-workspace/.derivedData/Build/Intermediates.noindex/SwiftExplicitPrecompiledModules -clang-scanner-module-cache-path /Users/admin/builder/spi-builder-workspace/.derivedData/ModuleCache.noindex -sdk-module-cache-path /Users/admin/builder/spi-builder-workspace/.derivedData/SDKExplicitPrecompiledModules -emit-dependencies -emit-module -emit-module-path /Users/admin/builder/spi-builder-workspace/.derivedData/Build/Intermediates.noindex/swift-tools-support-core.build/Debug-watchos/TSCBasic-t.build/Objects-normal/arm64/TSCBasic.swiftmodule -serialize-diagnostics -dependency-scan-serialize-diagnostics-path /Users/admin/builder/spi-builder-workspace/.derivedData/Build/Intermediates.noindex/swift-tools-support-core.build/Debug-watchos/TSCBasic-t.build/Objects-normal/arm64/TSCBasic-dependency-scan.dia -validate-clang-modules-once -clang-build-session-file /Users/admin/builder/spi-builder-workspace/.derivedData/ModuleCache.noindex/Session.modulevalidation -Xcc -fmodules-prune-interval\=86400 -Xcc -fmodules-prune-after\=345600 -emit-const-values -const-gather-protocols-list /Users/admin/builder/spi-builder-workspace/.derivedData/Build/Intermediates.noindex/swift-tools-support-core.build/Debug-watchos/TSCBasic-t.build/Objects-normal/arm64/TSCBasic_const_extract_protocols.json -Xcc -I/Users/admin/builder/spi-builder-workspace/.dependencies/checkouts/swift-tools-support-core/Sources/TSCclibc/include -Xcc -I/Users/admin/builder/spi-builder-workspace/.derivedData/Build/Products/Debug-watchos/include -Xcc -I/Users/admin/builder/spi-builder-workspace/.derivedData/Build/Intermediates.noindex/swift-tools-support-core.build/Debug-watchos/TSCBasic-t.build/DerivedSources-normal/arm64 -Xcc -I/Users/admin/builder/spi-builder-workspace/.derivedData/Build/Intermediates.noindex/swift-tools-support-core.build/Debug-watchos/TSCBasic-t.build/DerivedSources/arm64 -Xcc -I/Users/admin/builder/spi-builder-workspace/.derivedData/Build/Intermediates.noindex/swift-tools-support-core.build/Debug-watchos/TSCBasic-t.build/DerivedSources -Xcc -DSWIFT_PACKAGE -Xcc -DDEBUG\=1 -emit-objc-header -emit-objc-header-path /Users/admin/builder/spi-builder-workspace/.derivedData/Build/Intermediates.noindex/swift-tools-support-core.build/Debug-watchos/TSCBasic-t.build/Objects-normal/arm64/TSCBasic-Swift.h -working-directory /Users/admin/builder/spi-builder-workspace/.swiftpm/xcode -experimental-emit-module-separately -disable-cmo
SwiftDriverJobDiscovery normal arm64_32 Emitting module for ArgumentParser (in target 'ArgumentParser' from project 'swift-argument-parser')
SwiftEmitModule normal arm64 Emitting\ module\ for\ ArgumentParser (in target 'ArgumentParser' from project 'swift-argument-parser')
SwiftCompile normal arm64 (in target 'ArgumentParser' from project 'swift-argument-parser')
cd /Users/admin/builder/spi-builder-workspace/.swiftpm/xcode
Copy /Users/admin/builder/spi-builder-workspace/.derivedData/Build/Products/Debug-watchos/TSCBasic.swiftmodule/arm64-apple-watchos.swiftmodule /Users/admin/builder/spi-builder-workspace/.derivedData/Build/Intermediates.noindex/swift-tools-support-core.build/Debug-watchos/TSCBasic-t.build/Objects-normal/arm64/TSCBasic.swiftmodule (in target 'TSCBasic' from project 'swift-tools-support-core')
cd /Users/admin/builder/spi-builder-workspace/.dependencies/checkouts/swift-tools-support-core
builtin-copy -exclude .DS_Store -exclude CVS -exclude .svn -exclude .git -exclude .hg -resolve-src-symlinks -rename /Users/admin/builder/spi-builder-workspace/.derivedData/Build/Intermediates.noindex/swift-tools-support-core.build/Debug-watchos/TSCBasic-t.build/Objects-normal/arm64/TSCBasic.swiftmodule /Users/admin/builder/spi-builder-workspace/.derivedData/Build/Products/Debug-watchos/TSCBasic.swiftmodule/arm64-apple-watchos.swiftmodule
SwiftDriverJobDiscovery normal arm64_32 Emitting module for TSCBasic (in target 'TSCBasic' from project 'swift-tools-support-core')
SwiftDriver\ Compilation\ Requirements TSCBasic normal arm64_32 com.apple.xcode.tools.swift.compiler (in target 'TSCBasic' from project 'swift-tools-support-core')
cd /Users/admin/builder/spi-builder-workspace/.swiftpm/xcode
builtin-Swift-Compilation-Requirements -- /Applications/Xcode-27.0.0-Release.Candidate.app/Contents/Developer/Toolchains/XcodeDefault.xctoolchain/usr/bin/swiftc -parse-as-library -module-name TSCBasic -Onone @/Users/admin/builder/spi-builder-workspace/.derivedData/Build/Intermediates.noindex/swift-tools-support-core.build/Debug-watchos/TSCBasic-t.build/Objects-normal/arm64_32/TSCBasic.SwiftFileList -DSWIFT_PACKAGE -DDEBUG -DSWIFT_MODULE_RESOURCE_BUNDLE_UNAVAILABLE -Xcc -fmodule-map-file\=/Users/admin/builder/spi-builder-workspace/.dependencies/checkouts/swift-tools-support-core/Sources/TSCclibc/include/module.modulemap -DXcode -plugin-path /Applications/Xcode-27.0.0-Release.Candidate.app/Contents/Developer/Toolchains/XcodeDefault.xctoolchain/usr/lib/swift/host/plugins/testing -enable-experimental-feature DebugDescriptionMacro -sdk /Applications/Xcode-27.0.0-Release.Candidate.app/Contents/Developer/Platforms/WatchOS.platform/Developer/SDKs/WatchOS27.0.sdk -target arm64_32-apple-watchos9.0 -g -module-cache-path /Users/admin/builder/spi-builder-workspace/.derivedData/ModuleCache.noindex -Xfrontend -serialize-debugging-options -enable-testing -suppress-warnings -index-store-path /Users/admin/builder/spi-builder-workspace/.derivedData/Index.noindex/DataStore -Xcc -D_LIBCPP_HARDENING_MODE\=_LIBCPP_HARDENING_MODE_DEBUG -swift-version 5 -I /Users/admin/builder/spi-builder-workspace/.derivedData/Build/Products/Debug-watchos -Isystem /Applications/Xcode-27.0.0-Release.Candidate.app/Contents/Developer/Platforms/WatchOS.platform/Developer/usr/lib -F /Users/admin/builder/spi-builder-workspace/.derivedData/Build/Products/Debug-watchos/PackageFrameworks -F /Users/admin/builder/spi-builder-workspace/.derivedData/Build/Products/Debug-watchos -F /Applications/Xcode-27.0.0-Release.Candidate.app/Contents/Developer/Platforms/WatchOS.platform/Developer/Library/Frameworks -F /Applications/Xcode-27.0.0-Release.Candidate.app/Contents/Developer/Platforms/WatchOS.platform/Developer/SDKs/WatchOS27.0.sdk/Developer/Library/Frameworks -c -j10 -enable-batch-mode -incremental -Xcc -ivfsstatcache -Xcc /Users/admin/builder/spi-builder-workspace/.derivedData/SDKStatCaches.noindex/watchos27.0-24R360-e829b21a6f8c9b70876ba0858053c04477534ef55a1706bf4c1112bbb242f0a2.sdkstatcache -output-file-map /Users/admin/builder/spi-builder-workspace/.derivedData/Build/Intermediates.noindex/swift-tools-support-core.build/Debug-watchos/TSCBasic-t.build/Objects-normal/arm64_32/TSCBasic-OutputFileMap.json -save-temps -no-color-diagnostics -explicit-module-build -module-cache-path /Users/admin/builder/spi-builder-workspace/.derivedData/Build/Intermediates.noindex/SwiftExplicitPrecompiledModules -clang-scanner-module-cache-path /Users/admin/builder/spi-builder-workspace/.derivedData/ModuleCache.noindex -sdk-module-cache-path /Users/admin/builder/spi-builder-workspace/.derivedData/SDKExplicitPrecompiledModules -emit-dependencies -emit-module -emit-module-path /Users/admin/builder/spi-builder-workspace/.derivedData/Build/Intermediates.noindex/swift-tools-support-core.build/Debug-watchos/TSCBasic-t.build/Objects-normal/arm64_32/TSCBasic.swiftmodule -serialize-diagnostics -dependency-scan-serialize-diagnostics-path /Users/admin/builder/spi-builder-workspace/.derivedData/Build/Intermediates.noindex/swift-tools-support-core.build/Debug-watchos/TSCBasic-t.build/Objects-normal/arm64_32/TSCBasic-dependency-scan.dia -validate-clang-modules-once -clang-build-session-file /Users/admin/builder/spi-builder-workspace/.derivedData/ModuleCache.noindex/Session.modulevalidation -Xcc -fmodules-prune-interval\=86400 -Xcc -fmodules-prune-after\=345600 -emit-const-values -const-gather-protocols-list /Users/admin/builder/spi-builder-workspace/.derivedData/Build/Intermediates.noindex/swift-tools-support-core.build/Debug-watchos/TSCBasic-t.build/Objects-normal/arm64_32/TSCBasic_const_extract_protocols.json -Xcc -I/Users/admin/builder/spi-builder-workspace/.dependencies/checkouts/swift-tools-support-core/Sources/TSCclibc/include -Xcc -I/Users/admin/builder/spi-builder-workspace/.derivedData/Build/Products/Debug-watchos/include -Xcc -I/Users/admin/builder/spi-builder-workspace/.derivedData/Build/Intermediates.noindex/swift-tools-support-core.build/Debug-watchos/TSCBasic-t.build/DerivedSources-normal/arm64_32 -Xcc -I/Users/admin/builder/spi-builder-workspace/.derivedData/Build/Intermediates.noindex/swift-tools-support-core.build/Debug-watchos/TSCBasic-t.build/DerivedSources/arm64_32 -Xcc -I/Users/admin/builder/spi-builder-workspace/.derivedData/Build/Intermediates.noindex/swift-tools-support-core.build/Debug-watchos/TSCBasic-t.build/DerivedSources -Xcc -DSWIFT_PACKAGE -Xcc -DDEBUG\=1 -emit-objc-header -emit-objc-header-path /Users/admin/builder/spi-builder-workspace/.derivedData/Build/Intermediates.noindex/swift-tools-support-core.build/Debug-watchos/TSCBasic-t.build/Objects-normal/arm64_32/TSCBasic-Swift.h -working-directory /Users/admin/builder/spi-builder-workspace/.swiftpm/xcode -experimental-emit-module-separately -disable-cmo
Copy /Users/admin/builder/spi-builder-workspace/.derivedData/Build/Products/Debug-watchos/TSCBasic.swiftmodule/arm64-apple-watchos.swiftdoc /Users/admin/builder/spi-builder-workspace/.derivedData/Build/Intermediates.noindex/swift-tools-support-core.build/Debug-watchos/TSCBasic-t.build/Objects-normal/arm64/TSCBasic.swiftdoc (in target 'TSCBasic' from project 'swift-tools-support-core')
cd /Users/admin/builder/spi-builder-workspace/.dependencies/checkouts/swift-tools-support-core
builtin-copy -exclude .DS_Store -exclude CVS -exclude .svn -exclude .git -exclude .hg -resolve-src-symlinks -rename /Users/admin/builder/spi-builder-workspace/.derivedData/Build/Intermediates.noindex/swift-tools-support-core.build/Debug-watchos/TSCBasic-t.build/Objects-normal/arm64/TSCBasic.swiftdoc /Users/admin/builder/spi-builder-workspace/.derivedData/Build/Products/Debug-watchos/TSCBasic.swiftmodule/arm64-apple-watchos.swiftdoc
SwiftMergeGeneratedHeaders /Users/admin/builder/spi-builder-workspace/.derivedData/Build/Intermediates.noindex/GeneratedModuleMaps-watchos/TSCBasic-Swift.h /Users/admin/builder/spi-builder-workspace/.derivedData/Build/Intermediates.noindex/swift-tools-support-core.build/Debug-watchos/TSCBasic-t.build/Objects-normal/arm64/TSCBasic-Swift.h /Users/admin/builder/spi-builder-workspace/.derivedData/Build/Intermediates.noindex/swift-tools-support-core.build/Debug-watchos/TSCBasic-t.build/Objects-normal/arm64_32/TSCBasic-Swift.h (in target 'TSCBasic' from project 'swift-tools-support-core')
cd /Users/admin/builder/spi-builder-workspace/.dependencies/checkouts/swift-tools-support-core
builtin-swiftHeaderTool -arch arm64 /Users/admin/builder/spi-builder-workspace/.derivedData/Build/Intermediates.noindex/swift-tools-support-core.build/Debug-watchos/TSCBasic-t.build/Objects-normal/arm64/TSCBasic-Swift.h -arch arm64_32 /Users/admin/builder/spi-builder-workspace/.derivedData/Build/Intermediates.noindex/swift-tools-support-core.build/Debug-watchos/TSCBasic-t.build/Objects-normal/arm64_32/TSCBasic-Swift.h -o /Users/admin/builder/spi-builder-workspace/.derivedData/Build/Intermediates.noindex/GeneratedModuleMaps-watchos/TSCBasic-Swift.h
Copy /Users/admin/builder/spi-builder-workspace/.derivedData/Build/Products/Debug-watchos/TSCBasic.swiftmodule/arm64_32-apple-watchos.swiftmodule /Users/admin/builder/spi-builder-workspace/.derivedData/Build/Intermediates.noindex/swift-tools-support-core.build/Debug-watchos/TSCBasic-t.build/Objects-normal/arm64_32/TSCBasic.swiftmodule (in target 'TSCBasic' from project 'swift-tools-support-core')
cd /Users/admin/builder/spi-builder-workspace/.dependencies/checkouts/swift-tools-support-core
builtin-copy -exclude .DS_Store -exclude CVS -exclude .svn -exclude .git -exclude .hg -resolve-src-symlinks -rename /Users/admin/builder/spi-builder-workspace/.derivedData/Build/Intermediates.noindex/swift-tools-support-core.build/Debug-watchos/TSCBasic-t.build/Objects-normal/arm64_32/TSCBasic.swiftmodule /Users/admin/builder/spi-builder-workspace/.derivedData/Build/Products/Debug-watchos/TSCBasic.swiftmodule/arm64_32-apple-watchos.swiftmodule
Copy /Users/admin/builder/spi-builder-workspace/.derivedData/Build/Products/Debug-watchos/TSCBasic.swiftmodule/arm64_32-apple-watchos.swiftdoc /Users/admin/builder/spi-builder-workspace/.derivedData/Build/Intermediates.noindex/swift-tools-support-core.build/Debug-watchos/TSCBasic-t.build/Objects-normal/arm64_32/TSCBasic.swiftdoc (in target 'TSCBasic' from project 'swift-tools-support-core')
cd /Users/admin/builder/spi-builder-workspace/.dependencies/checkouts/swift-tools-support-core
builtin-copy -exclude .DS_Store -exclude CVS -exclude .svn -exclude .git -exclude .hg -resolve-src-symlinks -rename /Users/admin/builder/spi-builder-workspace/.derivedData/Build/Intermediates.noindex/swift-tools-support-core.build/Debug-watchos/TSCBasic-t.build/Objects-normal/arm64_32/TSCBasic.swiftdoc /Users/admin/builder/spi-builder-workspace/.derivedData/Build/Products/Debug-watchos/TSCBasic.swiftmodule/arm64_32-apple-watchos.swiftdoc
Copy /Users/admin/builder/spi-builder-workspace/.derivedData/Build/Products/Debug-watchos/TSCBasic.swiftmodule/arm64_32-apple-watchos.abi.json /Users/admin/builder/spi-builder-workspace/.derivedData/Build/Intermediates.noindex/swift-tools-support-core.build/Debug-watchos/TSCBasic-t.build/Objects-normal/arm64_32/TSCBasic.abi.json (in target 'TSCBasic' from project 'swift-tools-support-core')
cd /Users/admin/builder/spi-builder-workspace/.dependencies/checkouts/swift-tools-support-core
builtin-copy -exclude .DS_Store -exclude CVS -exclude .svn -exclude .git -exclude .hg -resolve-src-symlinks -rename /Users/admin/builder/spi-builder-workspace/.derivedData/Build/Intermediates.noindex/swift-tools-support-core.build/Debug-watchos/TSCBasic-t.build/Objects-normal/arm64_32/TSCBasic.abi.json /Users/admin/builder/spi-builder-workspace/.derivedData/Build/Products/Debug-watchos/TSCBasic.swiftmodule/arm64_32-apple-watchos.abi.json
Copy /Users/admin/builder/spi-builder-workspace/.derivedData/Build/Products/Debug-watchos/TSCBasic.swiftmodule/arm64-apple-watchos.abi.json /Users/admin/builder/spi-builder-workspace/.derivedData/Build/Intermediates.noindex/swift-tools-support-core.build/Debug-watchos/TSCBasic-t.build/Objects-normal/arm64/TSCBasic.abi.json (in target 'TSCBasic' from project 'swift-tools-support-core')
cd /Users/admin/builder/spi-builder-workspace/.dependencies/checkouts/swift-tools-support-core
builtin-copy -exclude .DS_Store -exclude CVS -exclude .svn -exclude .git -exclude .hg -resolve-src-symlinks -rename /Users/admin/builder/spi-builder-workspace/.derivedData/Build/Intermediates.noindex/swift-tools-support-core.build/Debug-watchos/TSCBasic-t.build/Objects-normal/arm64/TSCBasic.abi.json /Users/admin/builder/spi-builder-workspace/.derivedData/Build/Products/Debug-watchos/TSCBasic.swiftmodule/arm64-apple-watchos.abi.json
Copy /Users/admin/builder/spi-builder-workspace/.derivedData/Build/Products/Debug-watchos/TSCBasic.swiftmodule/Project/arm64_32-apple-watchos.swiftsourceinfo /Users/admin/builder/spi-builder-workspace/.derivedData/Build/Intermediates.noindex/swift-tools-support-core.build/Debug-watchos/TSCBasic-t.build/Objects-normal/arm64_32/TSCBasic.swiftsourceinfo (in target 'TSCBasic' from project 'swift-tools-support-core')
cd /Users/admin/builder/spi-builder-workspace/.dependencies/checkouts/swift-tools-support-core
builtin-copy -exclude .DS_Store -exclude CVS -exclude .svn -exclude .git -exclude .hg -resolve-src-symlinks -rename /Users/admin/builder/spi-builder-workspace/.derivedData/Build/Intermediates.noindex/swift-tools-support-core.build/Debug-watchos/TSCBasic-t.build/Objects-normal/arm64_32/TSCBasic.swiftsourceinfo /Users/admin/builder/spi-builder-workspace/.derivedData/Build/Products/Debug-watchos/TSCBasic.swiftmodule/Project/arm64_32-apple-watchos.swiftsourceinfo
Copy /Users/admin/builder/spi-builder-workspace/.derivedData/Build/Products/Debug-watchos/TSCBasic.swiftmodule/Project/arm64-apple-watchos.swiftsourceinfo /Users/admin/builder/spi-builder-workspace/.derivedData/Build/Intermediates.noindex/swift-tools-support-core.build/Debug-watchos/TSCBasic-t.build/Objects-normal/arm64/TSCBasic.swiftsourceinfo (in target 'TSCBasic' from project 'swift-tools-support-core')
cd /Users/admin/builder/spi-builder-workspace/.dependencies/checkouts/swift-tools-support-core
builtin-copy -exclude .DS_Store -exclude CVS -exclude .svn -exclude .git -exclude .hg -resolve-src-symlinks -rename /Users/admin/builder/spi-builder-workspace/.derivedData/Build/Intermediates.noindex/swift-tools-support-core.build/Debug-watchos/TSCBasic-t.build/Objects-normal/arm64/TSCBasic.swiftsourceinfo /Users/admin/builder/spi-builder-workspace/.derivedData/Build/Products/Debug-watchos/TSCBasic.swiftmodule/Project/arm64-apple-watchos.swiftsourceinfo
SwiftDriver\ Compilation\ Requirements ArgumentParser normal arm64_32 com.apple.xcode.tools.swift.compiler (in target 'ArgumentParser' from project 'swift-argument-parser')
cd /Users/admin/builder/spi-builder-workspace/.swiftpm/xcode
builtin-Swift-Compilation-Requirements -- /Applications/Xcode-27.0.0-Release.Candidate.app/Contents/Developer/Toolchains/XcodeDefault.xctoolchain/usr/bin/swiftc -parse-as-library -module-name ArgumentParser -Onone @/Users/admin/builder/spi-builder-workspace/.derivedData/Build/Intermediates.noindex/swift-argument-parser.build/Debug-watchos/ArgumentParser-t.build/Objects-normal/arm64_32/ArgumentParser.SwiftFileList -DSWIFT_PACKAGE -DDEBUG -DSWIFT_MODULE_RESOURCE_BUNDLE_UNAVAILABLE -DXcode -plugin-path /Applications/Xcode-27.0.0-Release.Candidate.app/Contents/Developer/Toolchains/XcodeDefault.xctoolchain/usr/lib/swift/host/plugins/testing -enable-experimental-feature DebugDescriptionMacro -sdk /Applications/Xcode-27.0.0-Release.Candidate.app/Contents/Developer/Platforms/WatchOS.platform/Developer/SDKs/WatchOS27.0.sdk -target arm64_32-apple-watchos9.0 -g -module-cache-path /Users/admin/builder/spi-builder-workspace/.derivedData/ModuleCache.noindex -Xfrontend -serialize-debugging-options -enable-testing -suppress-warnings -index-store-path /Users/admin/builder/spi-builder-workspace/.derivedData/Index.noindex/DataStore -Xcc -D_LIBCPP_HARDENING_MODE\=_LIBCPP_HARDENING_MODE_DEBUG -swift-version 5 -I /Users/admin/builder/spi-builder-workspace/.derivedData/Build/Products/Debug-watchos -Isystem /Applications/Xcode-27.0.0-Release.Candidate.app/Contents/Developer/Platforms/WatchOS.platform/Developer/usr/lib -F /Users/admin/builder/spi-builder-workspace/.derivedData/Build/Products/Debug-watchos -F /Applications/Xcode-27.0.0-Release.Candidate.app/Contents/Developer/Platforms/WatchOS.platform/Developer/Library/Frameworks -F /Applications/Xcode-27.0.0-Release.Candidate.app/Contents/Developer/Platforms/WatchOS.platform/Developer/SDKs/WatchOS27.0.sdk/Developer/Library/Frameworks -c -j10 -enable-batch-mode -incremental -Xcc -ivfsstatcache -Xcc /Users/admin/builder/spi-builder-workspace/.derivedData/SDKStatCaches.noindex/watchos27.0-24R360-e829b21a6f8c9b70876ba0858053c04477534ef55a1706bf4c1112bbb242f0a2.sdkstatcache -output-file-map /Users/admin/builder/spi-builder-workspace/.derivedData/Build/Intermediates.noindex/swift-argument-parser.build/Debug-watchos/ArgumentParser-t.build/Objects-normal/arm64_32/ArgumentParser-OutputFileMap.json -save-temps -no-color-diagnostics -explicit-module-build -module-cache-path /Users/admin/builder/spi-builder-workspace/.derivedData/Build/Intermediates.noindex/SwiftExplicitPrecompiledModules -clang-scanner-module-cache-path /Users/admin/builder/spi-builder-workspace/.derivedData/ModuleCache.noindex -sdk-module-cache-path /Users/admin/builder/spi-builder-workspace/.derivedData/SDKExplicitPrecompiledModules -emit-dependencies -emit-module -emit-module-path /Users/admin/builder/spi-builder-workspace/.derivedData/Build/Intermediates.noindex/swift-argument-parser.build/Debug-watchos/ArgumentParser-t.build/Objects-normal/arm64_32/ArgumentParser.swiftmodule -serialize-diagnostics -dependency-scan-serialize-diagnostics-path /Users/admin/builder/spi-builder-workspace/.derivedData/Build/Intermediates.noindex/swift-argument-parser.build/Debug-watchos/ArgumentParser-t.build/Objects-normal/arm64_32/ArgumentParser-dependency-scan.dia -validate-clang-modules-once -clang-build-session-file /Users/admin/builder/spi-builder-workspace/.derivedData/ModuleCache.noindex/Session.modulevalidation -Xcc -fmodules-prune-interval\=86400 -Xcc -fmodules-prune-after\=345600 -emit-const-values -const-gather-protocols-list /Users/admin/builder/spi-builder-workspace/.derivedData/Build/Intermediates.noindex/swift-argument-parser.build/Debug-watchos/ArgumentParser-t.build/Objects-normal/arm64_32/ArgumentParser_const_extract_protocols.json -Xcc -I/Users/admin/builder/spi-builder-workspace/.derivedData/Build/Products/Debug-watchos/include -Xcc -I/Users/admin/builder/spi-builder-workspace/.derivedData/Build/Intermediates.noindex/swift-argument-parser.build/Debug-watchos/ArgumentParser-t.build/DerivedSources-normal/arm64_32 -Xcc -I/Users/admin/builder/spi-builder-workspace/.derivedData/Build/Intermediates.noindex/swift-argument-parser.build/Debug-watchos/ArgumentParser-t.build/DerivedSources/arm64_32 -Xcc -I/Users/admin/builder/spi-builder-workspace/.derivedData/Build/Intermediates.noindex/swift-argument-parser.build/Debug-watchos/ArgumentParser-t.build/DerivedSources -Xcc -DSWIFT_PACKAGE -Xcc -DDEBUG\=1 -emit-objc-header -emit-objc-header-path /Users/admin/builder/spi-builder-workspace/.derivedData/Build/Intermediates.noindex/swift-argument-parser.build/Debug-watchos/ArgumentParser-t.build/Objects-normal/arm64_32/ArgumentParser-Swift.h -working-directory /Users/admin/builder/spi-builder-workspace/.swiftpm/xcode -experimental-emit-module-separately -disable-cmo
SwiftCompile normal arm64_32 Compiling\ KeyedPair.swift,\ LazyCache.swift,\ Lock.swift,\ OSLog.swift /Users/admin/builder/spi-builder-workspace/.dependencies/checkouts/swift-tools-support-core/Sources/TSCBasic/KeyedPair.swift /Users/admin/builder/spi-builder-workspace/.dependencies/checkouts/swift-tools-support-core/Sources/TSCBasic/LazyCache.swift /Users/admin/builder/spi-builder-workspace/.dependencies/checkouts/swift-tools-support-core/Sources/TSCBasic/Lock.swift /Users/admin/builder/spi-builder-workspace/.dependencies/checkouts/swift-tools-support-core/Sources/TSCBasic/OSLog.swift (in target 'TSCBasic' from project 'swift-tools-support-core')
SwiftCompile normal arm64_32 /Users/admin/builder/spi-builder-workspace/.dependencies/checkouts/swift-tools-support-core/Sources/TSCBasic/KeyedPair.swift (in target 'TSCBasic' from project 'swift-tools-support-core')
cd /Users/admin/builder/spi-builder-workspace/.swiftpm/xcode
builtin-SwiftPerFileCompile KeyedPair.swift
SwiftCompile normal arm64_32 /Users/admin/builder/spi-builder-workspace/.dependencies/checkouts/swift-tools-support-core/Sources/TSCBasic/LazyCache.swift (in target 'TSCBasic' from project 'swift-tools-support-core')
cd /Users/admin/builder/spi-builder-workspace/.swiftpm/xcode
builtin-SwiftPerFileCompile LazyCache.swift
SwiftCompile normal arm64_32 /Users/admin/builder/spi-builder-workspace/.dependencies/checkouts/swift-tools-support-core/Sources/TSCBasic/Lock.swift (in target 'TSCBasic' from project 'swift-tools-support-core')
cd /Users/admin/builder/spi-builder-workspace/.swiftpm/xcode
builtin-SwiftPerFileCompile Lock.swift
SwiftCompile normal arm64_32 /Users/admin/builder/spi-builder-workspace/.dependencies/checkouts/swift-tools-support-core/Sources/TSCBasic/OSLog.swift (in target 'TSCBasic' from project 'swift-tools-support-core')
cd /Users/admin/builder/spi-builder-workspace/.swiftpm/xcode
builtin-SwiftPerFileCompile OSLog.swift
Copy /Users/admin/builder/spi-builder-workspace/.derivedData/Build/Products/Debug-watchos/ArgumentParser.swiftmodule/arm64_32-apple-watchos.swiftmodule /Users/admin/builder/spi-builder-workspace/.derivedData/Build/Intermediates.noindex/swift-argument-parser.build/Debug-watchos/ArgumentParser-t.build/Objects-normal/arm64_32/ArgumentParser.swiftmodule (in target 'ArgumentParser' from project 'swift-argument-parser')
cd /Users/admin/builder/spi-builder-workspace/.dependencies/checkouts/swift-argument-parser
builtin-copy -exclude .DS_Store -exclude CVS -exclude .svn -exclude .git -exclude .hg -resolve-src-symlinks -rename /Users/admin/builder/spi-builder-workspace/.derivedData/Build/Intermediates.noindex/swift-argument-parser.build/Debug-watchos/ArgumentParser-t.build/Objects-normal/arm64_32/ArgumentParser.swiftmodule /Users/admin/builder/spi-builder-workspace/.derivedData/Build/Products/Debug-watchos/ArgumentParser.swiftmodule/arm64_32-apple-watchos.swiftmodule
SwiftDriverJobDiscovery normal arm64 Compiling ObjectIdentifierProtocol.swift, OrderedDictionary.swift, OrderedSet.swift, OutputByteStream.swift (in target 'TSCBasic' from project 'swift-tools-support-core')
Copy /Users/admin/builder/spi-builder-workspace/.derivedData/Build/Products/Debug-watchos/ArgumentParser.swiftmodule/arm64_32-apple-watchos.swiftdoc /Users/admin/builder/spi-builder-workspace/.derivedData/Build/Intermediates.noindex/swift-argument-parser.build/Debug-watchos/ArgumentParser-t.build/Objects-normal/arm64_32/ArgumentParser.swiftdoc (in target 'ArgumentParser' from project 'swift-argument-parser')
cd /Users/admin/builder/spi-builder-workspace/.dependencies/checkouts/swift-argument-parser
builtin-copy -exclude .DS_Store -exclude CVS -exclude .svn -exclude .git -exclude .hg -resolve-src-symlinks -rename /Users/admin/builder/spi-builder-workspace/.derivedData/Build/Intermediates.noindex/swift-argument-parser.build/Debug-watchos/ArgumentParser-t.build/Objects-normal/arm64_32/ArgumentParser.swiftdoc /Users/admin/builder/spi-builder-workspace/.derivedData/Build/Products/Debug-watchos/ArgumentParser.swiftmodule/arm64_32-apple-watchos.swiftdoc
Copy /Users/admin/builder/spi-builder-workspace/.derivedData/Build/Products/Debug-watchos/ArgumentParser.swiftmodule/arm64_32-apple-watchos.abi.json /Users/admin/builder/spi-builder-workspace/.derivedData/Build/Intermediates.noindex/swift-argument-parser.build/Debug-watchos/ArgumentParser-t.build/Objects-normal/arm64_32/ArgumentParser.abi.json (in target 'ArgumentParser' from project 'swift-argument-parser')
cd /Users/admin/builder/spi-builder-workspace/.dependencies/checkouts/swift-argument-parser
builtin-copy -exclude .DS_Store -exclude CVS -exclude .svn -exclude .git -exclude .hg -resolve-src-symlinks -rename /Users/admin/builder/spi-builder-workspace/.derivedData/Build/Intermediates.noindex/swift-argument-parser.build/Debug-watchos/ArgumentParser-t.build/Objects-normal/arm64_32/ArgumentParser.abi.json /Users/admin/builder/spi-builder-workspace/.derivedData/Build/Products/Debug-watchos/ArgumentParser.swiftmodule/arm64_32-apple-watchos.abi.json
Copy /Users/admin/builder/spi-builder-workspace/.derivedData/Build/Products/Debug-watchos/ArgumentParser.swiftmodule/Project/arm64_32-apple-watchos.swiftsourceinfo /Users/admin/builder/spi-builder-workspace/.derivedData/Build/Intermediates.noindex/swift-argument-parser.build/Debug-watchos/ArgumentParser-t.build/Objects-normal/arm64_32/ArgumentParser.swiftsourceinfo (in target 'ArgumentParser' from project 'swift-argument-parser')
cd /Users/admin/builder/spi-builder-workspace/.dependencies/checkouts/swift-argument-parser
builtin-copy -exclude .DS_Store -exclude CVS -exclude .svn -exclude .git -exclude .hg -resolve-src-symlinks -rename /Users/admin/builder/spi-builder-workspace/.derivedData/Build/Intermediates.noindex/swift-argument-parser.build/Debug-watchos/ArgumentParser-t.build/Objects-normal/arm64_32/ArgumentParser.swiftsourceinfo /Users/admin/builder/spi-builder-workspace/.derivedData/Build/Products/Debug-watchos/ArgumentParser.swiftmodule/Project/arm64_32-apple-watchos.swiftsourceinfo
SwiftCompile normal arm64_32 Compiling\ TerminalController.swift,\ Thread.swift,\ Tuple.swift,\ misc.swift /Users/admin/builder/spi-builder-workspace/.dependencies/checkouts/swift-tools-support-core/Sources/TSCBasic/TerminalController.swift /Users/admin/builder/spi-builder-workspace/.dependencies/checkouts/swift-tools-support-core/Sources/TSCBasic/Thread.swift /Users/admin/builder/spi-builder-workspace/.dependencies/checkouts/swift-tools-support-core/Sources/TSCBasic/Tuple.swift /Users/admin/builder/spi-builder-workspace/.dependencies/checkouts/swift-tools-support-core/Sources/TSCBasic/misc.swift (in target 'TSCBasic' from project 'swift-tools-support-core')
SwiftCompile normal arm64_32 /Users/admin/builder/spi-builder-workspace/.dependencies/checkouts/swift-tools-support-core/Sources/TSCBasic/TerminalController.swift (in target 'TSCBasic' from project 'swift-tools-support-core')
cd /Users/admin/builder/spi-builder-workspace/.swiftpm/xcode
builtin-SwiftPerFileCompile TerminalController.swift
SwiftCompile normal arm64_32 /Users/admin/builder/spi-builder-workspace/.dependencies/checkouts/swift-tools-support-core/Sources/TSCBasic/Thread.swift (in target 'TSCBasic' from project 'swift-tools-support-core')
cd /Users/admin/builder/spi-builder-workspace/.swiftpm/xcode
builtin-SwiftPerFileCompile Thread.swift
SwiftCompile normal arm64_32 /Users/admin/builder/spi-builder-workspace/.dependencies/checkouts/swift-tools-support-core/Sources/TSCBasic/Tuple.swift (in target 'TSCBasic' from project 'swift-tools-support-core')
cd /Users/admin/builder/spi-builder-workspace/.swiftpm/xcode
builtin-SwiftPerFileCompile Tuple.swift
SwiftCompile normal arm64_32 /Users/admin/builder/spi-builder-workspace/.dependencies/checkouts/swift-tools-support-core/Sources/TSCBasic/misc.swift (in target 'TSCBasic' from project 'swift-tools-support-core')
cd /Users/admin/builder/spi-builder-workspace/.swiftpm/xcode
builtin-SwiftPerFileCompile misc.swift
SwiftCompile normal arm64_32 Compiling\ Await.swift,\ ByteString.swift,\ CStringArray.swift,\ CacheableSequence.swift,\ CodableResult.swift /Users/admin/builder/spi-builder-workspace/.dependencies/checkouts/swift-tools-support-core/Sources/TSCBasic/Await.swift /Users/admin/builder/spi-builder-workspace/.dependencies/checkouts/swift-tools-support-core/Sources/TSCBasic/ByteString.swift /Users/admin/builder/spi-builder-workspace/.dependencies/checkouts/swift-tools-support-core/Sources/TSCBasic/CStringArray.swift /Users/admin/builder/spi-builder-workspace/.dependencies/checkouts/swift-tools-support-core/Sources/TSCBasic/CacheableSequence.swift /Users/admin/builder/spi-builder-workspace/.dependencies/checkouts/swift-tools-support-core/Sources/TSCBasic/CodableResult.swift (in target 'TSCBasic' from project 'swift-tools-support-core')
SwiftCompile normal arm64_32 /Users/admin/builder/spi-builder-workspace/.dependencies/checkouts/swift-tools-support-core/Sources/TSCBasic/Await.swift (in target 'TSCBasic' from project 'swift-tools-support-core')
cd /Users/admin/builder/spi-builder-workspace/.swiftpm/xcode
builtin-SwiftPerFileCompile Await.swift
SwiftCompile normal arm64_32 /Users/admin/builder/spi-builder-workspace/.dependencies/checkouts/swift-tools-support-core/Sources/TSCBasic/ByteString.swift (in target 'TSCBasic' from project 'swift-tools-support-core')
cd /Users/admin/builder/spi-builder-workspace/.swiftpm/xcode
builtin-SwiftPerFileCompile ByteString.swift
SwiftCompile normal arm64_32 /Users/admin/builder/spi-builder-workspace/.dependencies/checkouts/swift-tools-support-core/Sources/TSCBasic/CStringArray.swift (in target 'TSCBasic' from project 'swift-tools-support-core')
cd /Users/admin/builder/spi-builder-workspace/.swiftpm/xcode
builtin-SwiftPerFileCompile CStringArray.swift
SwiftCompile normal arm64_32 /Users/admin/builder/spi-builder-workspace/.dependencies/checkouts/swift-tools-support-core/Sources/TSCBasic/CacheableSequence.swift (in target 'TSCBasic' from project 'swift-tools-support-core')
cd /Users/admin/builder/spi-builder-workspace/.swiftpm/xcode
builtin-SwiftPerFileCompile CacheableSequence.swift
SwiftCompile normal arm64_32 /Users/admin/builder/spi-builder-workspace/.dependencies/checkouts/swift-tools-support-core/Sources/TSCBasic/CodableResult.swift (in target 'TSCBasic' from project 'swift-tools-support-core')
cd /Users/admin/builder/spi-builder-workspace/.swiftpm/xcode
builtin-SwiftPerFileCompile CodableResult.swift
PruneExplicitPrecompiledModules /Users/admin/builder/spi-builder-workspace/.derivedData/Build/Intermediates.noindex/SwiftExplicitPrecompiledModules
PruneExplicitPrecompiledModules /Users/admin/builder/spi-builder-workspace/.derivedData/SDKExplicitPrecompiledModules
PruneExplicitPrecompiledModules /Users/admin/builder/spi-builder-workspace/.derivedData/Build/Intermediates.noindex/ExplicitPrecompiledModules
2026-09-17 08:12:58.208 xcodebuild[761:4699] [MT] IDERunDestination: Supported platforms for the buildables in the current scheme is empty.
** BUILD FAILED **
The following build commands failed:
SwiftCompile normal arm64 /Users/admin/builder/spi-builder-workspace/.dependencies/checkouts/swift-tools-support-core/Sources/TSCBasic/misc.swift (in target 'TSCBasic' from project 'swift-tools-support-core')
SwiftCompile normal arm64 Compiling\ TerminalController.swift,\ Thread.swift,\ Tuple.swift,\ misc.swift /Users/admin/builder/spi-builder-workspace/.dependencies/checkouts/swift-tools-support-core/Sources/TSCBasic/TerminalController.swift /Users/admin/builder/spi-builder-workspace/.dependencies/checkouts/swift-tools-support-core/Sources/TSCBasic/Thread.swift /Users/admin/builder/spi-builder-workspace/.dependencies/checkouts/swift-tools-support-core/Sources/TSCBasic/Tuple.swift /Users/admin/builder/spi-builder-workspace/.dependencies/checkouts/swift-tools-support-core/Sources/TSCBasic/misc.swift (in target 'TSCBasic' from project 'swift-tools-support-core')
Building workspace Selenops with scheme Selenops-Package
(3 failures)
Command line invocation:
/Applications/Xcode-27.0.0-Release.Candidate.app/Contents/Developer/usr/bin/xcodebuild -IDEClonedSourcePackagesDirPathOverride=/Users/admin/builder/spi-builder-workspace/.dependencies -resolvePackageDependencies
Resolve Package Graph
Resolved source packages:
swift-argument-parser: https://github.com/apple/swift-argument-parser.git @ 0.0.6
SwiftSoup: https://github.com/scinfu/SwiftSoup.git @ 2.13.9
swift-tools-support-core: https://github.com/apple/swift-tools-support-core.git @ 0.0.1
Selenops: /Users/admin/builder/spi-builder-workspace
resolved source packages: swift-argument-parser, SwiftSoup, swift-tools-support-core, Selenops
2026-09-17 08:13:04.851 xcodebuild[947:5579] [MT] IDERunDestination: Supported platforms for the buildables in the current scheme is empty.
{
"dependencies" : [
{
"identity" : "swift-argument-parser",
"requirement" : {
"range" : [
{
"lower_bound" : "0.0.1",
"upper_bound" : "0.1.0"
}
]
},
"type" : "sourceControl",
"url" : "https://github.com/apple/swift-argument-parser.git"
},
{
"identity" : "swift-tools-support-core",
"requirement" : {
"range" : [
{
"lower_bound" : "0.0.1",
"upper_bound" : "0.1.0"
}
]
},
"type" : "sourceControl",
"url" : "https://github.com/apple/swift-tools-support-core.git"
},
{
"identity" : "swiftsoup",
"requirement" : {
"range" : [
{
"lower_bound" : "2.3.0",
"upper_bound" : "3.0.0"
}
]
},
"type" : "sourceControl",
"url" : "https://github.com/scinfu/SwiftSoup.git"
}
],
"manifest_display_name" : "Selenops",
"name" : "Selenops",
"path" : "/Users/admin/builder/spi-builder-workspace",
"platforms" : [
],
"products" : [
{
"name" : "Selenops",
"targets" : [
"Selenops"
],
"type" : {
"library" : [
"automatic"
]
}
},
{
"name" : "selenops-cli",
"targets" : [
"selenopsCLI"
],
"type" : {
"executable" : null
}
}
],
"targets" : [
{
"c99name" : "selenopsCLI",
"module_type" : "SwiftTarget",
"name" : "selenopsCLI",
"path" : "Sources/selenopsCLI",
"product_dependencies" : [
"ArgumentParser",
"SwiftToolsSupport"
],
"product_memberships" : [
"selenops-cli"
],
"sources" : [
"Executor.swift",
"URL+ExpressibleByArgument.swift",
"main.swift"
],
"target_dependencies" : [
"Selenops"
],
"type" : "executable"
},
{
"c99name" : "Selenops",
"module_type" : "SwiftTarget",
"name" : "Selenops",
"path" : "Sources/Selenops",
"product_dependencies" : [
"SwiftSoup"
],
"product_memberships" : [
"Selenops",
"selenops-cli"
],
"sources" : [
"Crawler.swift"
],
"type" : "library"
}
],
"tools_version" : "5.1"
}
{
"workspace" : {
"name" : "Selenops",
"schemes" : [
"Selenops",
"selenops-cli",
"Selenops-Package"
]
}
}
2026-09-17 08:13:06.146 xcodebuild[955:5647] [MT] IDERunDestination: Supported platforms for the buildables in the current scheme is empty.
Running build ...
env DEVELOPER_DIR=/Applications/Xcode-27.0.0-Release.Candidate.app xcrun xcodebuild -IDEClonedSourcePackagesDirPathOverride=$PWD/.dependencies -skipMacroValidation -skipPackagePluginValidation -derivedDataPath $PWD/.derivedData build -scheme Selenops-Package -destination generic/platform=watchOS
Command line invocation:
/Applications/Xcode-27.0.0-Release.Candidate.app/Contents/Developer/usr/bin/xcodebuild -IDEClonedSourcePackagesDirPathOverride=/Users/admin/builder/spi-builder-workspace/.dependencies -skipMacroValidation -skipPackagePluginValidation -derivedDataPath /Users/admin/builder/spi-builder-workspace/.derivedData build -scheme Selenops-Package -destination generic/platform=watchOS
Resolve Package Graph
Resolved source packages:
Selenops: /Users/admin/builder/spi-builder-workspace
swift-tools-support-core: https://github.com/apple/swift-tools-support-core.git @ 0.0.1
swift-argument-parser: https://github.com/apple/swift-argument-parser.git @ 0.0.6
SwiftSoup: https://github.com/scinfu/SwiftSoup.git @ 2.13.9
ComputePackagePrebuildTargetDependencyGraph
Prepare packages
CreateBuildRequest
SendProjectDescription
CreateBuildOperation
ComputeTargetDependencyGraph
note: Building targets in dependency order
note: Target dependency graph (12 targets)
Target 'selenops-cli-product' in project 'Selenops'
➜ Explicit dependency on target 'Selenops' in project 'Selenops'
➜ Explicit dependency on target 'SwiftToolsSupport-product' in project 'swift-tools-support-core'
➜ Explicit dependency on target 'SwiftSoup-product' in project 'SwiftSoup'
➜ Explicit dependency on target 'ArgumentParser-product' in project 'swift-argument-parser'
Target 'ArgumentParser-product' in project 'swift-argument-parser'
➜ Explicit dependency on target 'ArgumentParser' in project 'swift-argument-parser'
Target 'ArgumentParser' in project 'swift-argument-parser' (no dependencies)
Target 'SwiftToolsSupport-product' in project 'swift-tools-support-core'
➜ Explicit dependency on target 'TSCBasic' in project 'swift-tools-support-core'
➜ Explicit dependency on target 'TSCUtility' in project 'swift-tools-support-core'
➜ Explicit dependency on target 'TSCclibc' in project 'swift-tools-support-core'
➜ Explicit dependency on target 'TSCLibc' in project 'swift-tools-support-core'
Target 'TSCUtility' in project 'swift-tools-support-core'
➜ Explicit dependency on target 'TSCclibc' in project 'swift-tools-support-core'
➜ Explicit dependency on target 'TSCLibc' in project 'swift-tools-support-core'
➜ Explicit dependency on target 'TSCBasic' in project 'swift-tools-support-core'
Target 'TSCBasic' in project 'swift-tools-support-core'
➜ Explicit dependency on target 'TSCclibc' in project 'swift-tools-support-core'
➜ Explicit dependency on target 'TSCLibc' in project 'swift-tools-support-core'
Target 'TSCLibc' in project 'swift-tools-support-core'
➜ Explicit dependency on target 'TSCclibc' in project 'swift-tools-support-core'
Target 'TSCclibc' in project 'swift-tools-support-core' (no dependencies)
Target 'Selenops-product' in project 'Selenops'
➜ Explicit dependency on target 'Selenops' in project 'Selenops'
➜ Explicit dependency on target 'SwiftSoup-product' in project 'SwiftSoup'
Target 'Selenops' in project 'Selenops'
➜ Explicit dependency on target 'SwiftSoup-product' in project 'SwiftSoup'
Target 'SwiftSoup-product' in project 'SwiftSoup'
➜ Explicit dependency on target 'SwiftSoup' in project 'SwiftSoup'
Target 'SwiftSoup' in project 'SwiftSoup' (no dependencies)
GatherProvisioningInputs
CreateBuildDescription
ClangStatCache /Applications/Xcode-27.0.0-Release.Candidate.app/Contents/Developer/Toolchains/XcodeDefault.xctoolchain/usr/bin/clang-stat-cache /Applications/Xcode-27.0.0-Release.Candidate.app/Contents/Developer/Platforms/WatchOS.platform/Developer/SDKs/WatchOS27.0.sdk /Users/admin/builder/spi-builder-workspace/.derivedData/SDKStatCaches.noindex/watchos27.0-24R360-e829b21a6f8c9b70876ba0858053c04477534ef55a1706bf4c1112bbb242f0a2.sdkstatcache
cd /Users/admin/builder/spi-builder-workspace/.swiftpm/xcode
/Applications/Xcode-27.0.0-Release.Candidate.app/Contents/Developer/Toolchains/XcodeDefault.xctoolchain/usr/bin/clang-stat-cache /Applications/Xcode-27.0.0-Release.Candidate.app/Contents/Developer/Platforms/WatchOS.platform/Developer/SDKs/WatchOS27.0.sdk -o /Users/admin/builder/spi-builder-workspace/.derivedData/SDKStatCaches.noindex/watchos27.0-24R360-e829b21a6f8c9b70876ba0858053c04477534ef55a1706bf4c1112bbb242f0a2.sdkstatcache
SwiftDriver SwiftSoup normal arm64_32 com.apple.xcode.tools.swift.compiler (in target 'SwiftSoup' from project 'SwiftSoup')
cd /Users/admin/builder/spi-builder-workspace/.swiftpm/xcode
builtin-SwiftDriver -- /Applications/Xcode-27.0.0-Release.Candidate.app/Contents/Developer/Toolchains/XcodeDefault.xctoolchain/usr/bin/swiftc -parse-as-library -module-name SwiftSoup -Onone @/Users/admin/builder/spi-builder-workspace/.derivedData/Build/Intermediates.noindex/SwiftSoup.build/Debug-watchos/SwiftSoup-t.build/Objects-normal/arm64_32/SwiftSoup.SwiftFileList -DSWIFT_PACKAGE -DDEBUG -DSWIFT_MODULE_RESOURCE_BUNDLE_UNAVAILABLE -DXcode -plugin-path /Applications/Xcode-27.0.0-Release.Candidate.app/Contents/Developer/Toolchains/XcodeDefault.xctoolchain/usr/lib/swift/host/plugins/testing -enable-experimental-feature DebugDescriptionMacro -sdk /Applications/Xcode-27.0.0-Release.Candidate.app/Contents/Developer/Platforms/WatchOS.platform/Developer/SDKs/WatchOS27.0.sdk -target arm64_32-apple-watchos9.0 -g -module-cache-path /Users/admin/builder/spi-builder-workspace/.derivedData/ModuleCache.noindex -Xfrontend -serialize-debugging-options -enable-testing -suppress-warnings -index-store-path /Users/admin/builder/spi-builder-workspace/.derivedData/Index.noindex/DataStore -Xcc -D_LIBCPP_HARDENING_MODE\=_LIBCPP_HARDENING_MODE_DEBUG -swift-version 6 -I /Users/admin/builder/spi-builder-workspace/.derivedData/Build/Products/Debug-watchos -Isystem /Applications/Xcode-27.0.0-Release.Candidate.app/Contents/Developer/Platforms/WatchOS.platform/Developer/usr/lib -F /Users/admin/builder/spi-builder-workspace/.derivedData/Build/Products/Debug-watchos -F /Applications/Xcode-27.0.0-Release.Candidate.app/Contents/Developer/Platforms/WatchOS.platform/Developer/Library/Frameworks -F /Applications/Xcode-27.0.0-Release.Candidate.app/Contents/Developer/Platforms/WatchOS.platform/Developer/SDKs/WatchOS27.0.sdk/Developer/Library/Frameworks -c -j10 -enable-batch-mode -incremental -Xcc -ivfsstatcache -Xcc /Users/admin/builder/spi-builder-workspace/.derivedData/SDKStatCaches.noindex/watchos27.0-24R360-e829b21a6f8c9b70876ba0858053c04477534ef55a1706bf4c1112bbb242f0a2.sdkstatcache -output-file-map /Users/admin/builder/spi-builder-workspace/.derivedData/Build/Intermediates.noindex/SwiftSoup.build/Debug-watchos/SwiftSoup-t.build/Objects-normal/arm64_32/SwiftSoup-OutputFileMap.json -save-temps -no-color-diagnostics -explicit-module-build -module-cache-path /Users/admin/builder/spi-builder-workspace/.derivedData/Build/Intermediates.noindex/SwiftExplicitPrecompiledModules -clang-scanner-module-cache-path /Users/admin/builder/spi-builder-workspace/.derivedData/ModuleCache.noindex -sdk-module-cache-path /Users/admin/builder/spi-builder-workspace/.derivedData/SDKExplicitPrecompiledModules -emit-dependencies -emit-module -emit-module-path /Users/admin/builder/spi-builder-workspace/.derivedData/Build/Intermediates.noindex/SwiftSoup.build/Debug-watchos/SwiftSoup-t.build/Objects-normal/arm64_32/SwiftSoup.swiftmodule -serialize-diagnostics -dependency-scan-serialize-diagnostics-path /Users/admin/builder/spi-builder-workspace/.derivedData/Build/Intermediates.noindex/SwiftSoup.build/Debug-watchos/SwiftSoup-t.build/Objects-normal/arm64_32/SwiftSoup-dependency-scan.dia -user-module-version 2.13.9 -validate-clang-modules-once -clang-build-session-file /Users/admin/builder/spi-builder-workspace/.derivedData/ModuleCache.noindex/Session.modulevalidation -Xcc -fmodules-prune-interval\=86400 -Xcc -fmodules-prune-after\=345600 -package-name swiftsoup -emit-const-values -const-gather-protocols-list /Users/admin/builder/spi-builder-workspace/.derivedData/Build/Intermediates.noindex/SwiftSoup.build/Debug-watchos/SwiftSoup-t.build/Objects-normal/arm64_32/SwiftSoup_const_extract_protocols.json -Xcc -I/Users/admin/builder/spi-builder-workspace/.derivedData/Build/Products/Debug-watchos/include -Xcc -I/Users/admin/builder/spi-builder-workspace/.derivedData/Build/Intermediates.noindex/SwiftSoup.build/Debug-watchos/SwiftSoup-t.build/DerivedSources-normal/arm64_32 -Xcc -I/Users/admin/builder/spi-builder-workspace/.derivedData/Build/Intermediates.noindex/SwiftSoup.build/Debug-watchos/SwiftSoup-t.build/DerivedSources/arm64_32 -Xcc -I/Users/admin/builder/spi-builder-workspace/.derivedData/Build/Intermediates.noindex/SwiftSoup.build/Debug-watchos/SwiftSoup-t.build/DerivedSources -Xcc -DSWIFT_PACKAGE -Xcc -DDEBUG\=1 -emit-objc-header -emit-objc-header-path /Users/admin/builder/spi-builder-workspace/.derivedData/Build/Intermediates.noindex/SwiftSoup.build/Debug-watchos/SwiftSoup-t.build/Objects-normal/arm64_32/SwiftSoup-Swift.h -working-directory /Users/admin/builder/spi-builder-workspace/.swiftpm/xcode -experimental-emit-module-separately -disable-cmo
SwiftDriver TSCBasic normal arm64_32 com.apple.xcode.tools.swift.compiler (in target 'TSCBasic' from project 'swift-tools-support-core')
cd /Users/admin/builder/spi-builder-workspace/.swiftpm/xcode
builtin-SwiftDriver -- /Applications/Xcode-27.0.0-Release.Candidate.app/Contents/Developer/Toolchains/XcodeDefault.xctoolchain/usr/bin/swiftc -parse-as-library -module-name TSCBasic -Onone @/Users/admin/builder/spi-builder-workspace/.derivedData/Build/Intermediates.noindex/swift-tools-support-core.build/Debug-watchos/TSCBasic-t.build/Objects-normal/arm64_32/TSCBasic.SwiftFileList -DSWIFT_PACKAGE -DDEBUG -DSWIFT_MODULE_RESOURCE_BUNDLE_UNAVAILABLE -Xcc -fmodule-map-file\=/Users/admin/builder/spi-builder-workspace/.dependencies/checkouts/swift-tools-support-core/Sources/TSCclibc/include/module.modulemap -DXcode -plugin-path /Applications/Xcode-27.0.0-Release.Candidate.app/Contents/Developer/Toolchains/XcodeDefault.xctoolchain/usr/lib/swift/host/plugins/testing -enable-experimental-feature DebugDescriptionMacro -sdk /Applications/Xcode-27.0.0-Release.Candidate.app/Contents/Developer/Platforms/WatchOS.platform/Developer/SDKs/WatchOS27.0.sdk -target arm64_32-apple-watchos9.0 -g -module-cache-path /Users/admin/builder/spi-builder-workspace/.derivedData/ModuleCache.noindex -Xfrontend -serialize-debugging-options -enable-testing -suppress-warnings -index-store-path /Users/admin/builder/spi-builder-workspace/.derivedData/Index.noindex/DataStore -Xcc -D_LIBCPP_HARDENING_MODE\=_LIBCPP_HARDENING_MODE_DEBUG -swift-version 5 -I /Users/admin/builder/spi-builder-workspace/.derivedData/Build/Products/Debug-watchos -Isystem /Applications/Xcode-27.0.0-Release.Candidate.app/Contents/Developer/Platforms/WatchOS.platform/Developer/usr/lib -F /Users/admin/builder/spi-builder-workspace/.derivedData/Build/Products/Debug-watchos/PackageFrameworks -F /Users/admin/builder/spi-builder-workspace/.derivedData/Build/Products/Debug-watchos -F /Applications/Xcode-27.0.0-Release.Candidate.app/Contents/Developer/Platforms/WatchOS.platform/Developer/Library/Frameworks -F /Applications/Xcode-27.0.0-Release.Candidate.app/Contents/Developer/Platforms/WatchOS.platform/Developer/SDKs/WatchOS27.0.sdk/Developer/Library/Frameworks -c -j10 -enable-batch-mode -incremental -Xcc -ivfsstatcache -Xcc /Users/admin/builder/spi-builder-workspace/.derivedData/SDKStatCaches.noindex/watchos27.0-24R360-e829b21a6f8c9b70876ba0858053c04477534ef55a1706bf4c1112bbb242f0a2.sdkstatcache -output-file-map /Users/admin/builder/spi-builder-workspace/.derivedData/Build/Intermediates.noindex/swift-tools-support-core.build/Debug-watchos/TSCBasic-t.build/Objects-normal/arm64_32/TSCBasic-OutputFileMap.json -save-temps -no-color-diagnostics -explicit-module-build -module-cache-path /Users/admin/builder/spi-builder-workspace/.derivedData/Build/Intermediates.noindex/SwiftExplicitPrecompiledModules -clang-scanner-module-cache-path /Users/admin/builder/spi-builder-workspace/.derivedData/ModuleCache.noindex -sdk-module-cache-path /Users/admin/builder/spi-builder-workspace/.derivedData/SDKExplicitPrecompiledModules -emit-dependencies -emit-module -emit-module-path /Users/admin/builder/spi-builder-workspace/.derivedData/Build/Intermediates.noindex/swift-tools-support-core.build/Debug-watchos/TSCBasic-t.build/Objects-normal/arm64_32/TSCBasic.swiftmodule -serialize-diagnostics -dependency-scan-serialize-diagnostics-path /Users/admin/builder/spi-builder-workspace/.derivedData/Build/Intermediates.noindex/swift-tools-support-core.build/Debug-watchos/TSCBasic-t.build/Objects-normal/arm64_32/TSCBasic-dependency-scan.dia -validate-clang-modules-once -clang-build-session-file /Users/admin/builder/spi-builder-workspace/.derivedData/ModuleCache.noindex/Session.modulevalidation -Xcc -fmodules-prune-interval\=86400 -Xcc -fmodules-prune-after\=345600 -emit-const-values -const-gather-protocols-list /Users/admin/builder/spi-builder-workspace/.derivedData/Build/Intermediates.noindex/swift-tools-support-core.build/Debug-watchos/TSCBasic-t.build/Objects-normal/arm64_32/TSCBasic_const_extract_protocols.json -Xcc -I/Users/admin/builder/spi-builder-workspace/.dependencies/checkouts/swift-tools-support-core/Sources/TSCclibc/include -Xcc -I/Users/admin/builder/spi-builder-workspace/.derivedData/Build/Products/Debug-watchos/include -Xcc -I/Users/admin/builder/spi-builder-workspace/.derivedData/Build/Intermediates.noindex/swift-tools-support-core.build/Debug-watchos/TSCBasic-t.build/DerivedSources-normal/arm64_32 -Xcc -I/Users/admin/builder/spi-builder-workspace/.derivedData/Build/Intermediates.noindex/swift-tools-support-core.build/Debug-watchos/TSCBasic-t.build/DerivedSources/arm64_32 -Xcc -I/Users/admin/builder/spi-builder-workspace/.derivedData/Build/Intermediates.noindex/swift-tools-support-core.build/Debug-watchos/TSCBasic-t.build/DerivedSources -Xcc -DSWIFT_PACKAGE -Xcc -DDEBUG\=1 -emit-objc-header -emit-objc-header-path /Users/admin/builder/spi-builder-workspace/.derivedData/Build/Intermediates.noindex/swift-tools-support-core.build/Debug-watchos/TSCBasic-t.build/Objects-normal/arm64_32/TSCBasic-Swift.h -working-directory /Users/admin/builder/spi-builder-workspace/.swiftpm/xcode -experimental-emit-module-separately -disable-cmo
SwiftDriver ArgumentParser normal arm64_32 com.apple.xcode.tools.swift.compiler (in target 'ArgumentParser' from project 'swift-argument-parser')
cd /Users/admin/builder/spi-builder-workspace/.swiftpm/xcode
builtin-SwiftDriver -- /Applications/Xcode-27.0.0-Release.Candidate.app/Contents/Developer/Toolchains/XcodeDefault.xctoolchain/usr/bin/swiftc -parse-as-library -module-name ArgumentParser -Onone @/Users/admin/builder/spi-builder-workspace/.derivedData/Build/Intermediates.noindex/swift-argument-parser.build/Debug-watchos/ArgumentParser-t.build/Objects-normal/arm64_32/ArgumentParser.SwiftFileList -DSWIFT_PACKAGE -DDEBUG -DSWIFT_MODULE_RESOURCE_BUNDLE_UNAVAILABLE -DXcode -plugin-path /Applications/Xcode-27.0.0-Release.Candidate.app/Contents/Developer/Toolchains/XcodeDefault.xctoolchain/usr/lib/swift/host/plugins/testing -enable-experimental-feature DebugDescriptionMacro -sdk /Applications/Xcode-27.0.0-Release.Candidate.app/Contents/Developer/Platforms/WatchOS.platform/Developer/SDKs/WatchOS27.0.sdk -target arm64_32-apple-watchos9.0 -g -module-cache-path /Users/admin/builder/spi-builder-workspace/.derivedData/ModuleCache.noindex -Xfrontend -serialize-debugging-options -enable-testing -suppress-warnings -index-store-path /Users/admin/builder/spi-builder-workspace/.derivedData/Index.noindex/DataStore -Xcc -D_LIBCPP_HARDENING_MODE\=_LIBCPP_HARDENING_MODE_DEBUG -swift-version 5 -I /Users/admin/builder/spi-builder-workspace/.derivedData/Build/Products/Debug-watchos -Isystem /Applications/Xcode-27.0.0-Release.Candidate.app/Contents/Developer/Platforms/WatchOS.platform/Developer/usr/lib -F /Users/admin/builder/spi-builder-workspace/.derivedData/Build/Products/Debug-watchos -F /Applications/Xcode-27.0.0-Release.Candidate.app/Contents/Developer/Platforms/WatchOS.platform/Developer/Library/Frameworks -F /Applications/Xcode-27.0.0-Release.Candidate.app/Contents/Developer/Platforms/WatchOS.platform/Developer/SDKs/WatchOS27.0.sdk/Developer/Library/Frameworks -c -j10 -enable-batch-mode -incremental -Xcc -ivfsstatcache -Xcc /Users/admin/builder/spi-builder-workspace/.derivedData/SDKStatCaches.noindex/watchos27.0-24R360-e829b21a6f8c9b70876ba0858053c04477534ef55a1706bf4c1112bbb242f0a2.sdkstatcache -output-file-map /Users/admin/builder/spi-builder-workspace/.derivedData/Build/Intermediates.noindex/swift-argument-parser.build/Debug-watchos/ArgumentParser-t.build/Objects-normal/arm64_32/ArgumentParser-OutputFileMap.json -save-temps -no-color-diagnostics -explicit-module-build -module-cache-path /Users/admin/builder/spi-builder-workspace/.derivedData/Build/Intermediates.noindex/SwiftExplicitPrecompiledModules -clang-scanner-module-cache-path /Users/admin/builder/spi-builder-workspace/.derivedData/ModuleCache.noindex -sdk-module-cache-path /Users/admin/builder/spi-builder-workspace/.derivedData/SDKExplicitPrecompiledModules -emit-dependencies -emit-module -emit-module-path /Users/admin/builder/spi-builder-workspace/.derivedData/Build/Intermediates.noindex/swift-argument-parser.build/Debug-watchos/ArgumentParser-t.build/Objects-normal/arm64_32/ArgumentParser.swiftmodule -serialize-diagnostics -dependency-scan-serialize-diagnostics-path /Users/admin/builder/spi-builder-workspace/.derivedData/Build/Intermediates.noindex/swift-argument-parser.build/Debug-watchos/ArgumentParser-t.build/Objects-normal/arm64_32/ArgumentParser-dependency-scan.dia -validate-clang-modules-once -clang-build-session-file /Users/admin/builder/spi-builder-workspace/.derivedData/ModuleCache.noindex/Session.modulevalidation -Xcc -fmodules-prune-interval\=86400 -Xcc -fmodules-prune-after\=345600 -emit-const-values -const-gather-protocols-list /Users/admin/builder/spi-builder-workspace/.derivedData/Build/Intermediates.noindex/swift-argument-parser.build/Debug-watchos/ArgumentParser-t.build/Objects-normal/arm64_32/ArgumentParser_const_extract_protocols.json -Xcc -I/Users/admin/builder/spi-builder-workspace/.derivedData/Build/Products/Debug-watchos/include -Xcc -I/Users/admin/builder/spi-builder-workspace/.derivedData/Build/Intermediates.noindex/swift-argument-parser.build/Debug-watchos/ArgumentParser-t.build/DerivedSources-normal/arm64_32 -Xcc -I/Users/admin/builder/spi-builder-workspace/.derivedData/Build/Intermediates.noindex/swift-argument-parser.build/Debug-watchos/ArgumentParser-t.build/DerivedSources/arm64_32 -Xcc -I/Users/admin/builder/spi-builder-workspace/.derivedData/Build/Intermediates.noindex/swift-argument-parser.build/Debug-watchos/ArgumentParser-t.build/DerivedSources -Xcc -DSWIFT_PACKAGE -Xcc -DDEBUG\=1 -emit-objc-header -emit-objc-header-path /Users/admin/builder/spi-builder-workspace/.derivedData/Build/Intermediates.noindex/swift-argument-parser.build/Debug-watchos/ArgumentParser-t.build/Objects-normal/arm64_32/ArgumentParser-Swift.h -working-directory /Users/admin/builder/spi-builder-workspace/.swiftpm/xcode -experimental-emit-module-separately -disable-cmo
SwiftDriver SwiftSoup normal arm64 com.apple.xcode.tools.swift.compiler (in target 'SwiftSoup' from project 'SwiftSoup')
cd /Users/admin/builder/spi-builder-workspace/.swiftpm/xcode
builtin-SwiftDriver -- /Applications/Xcode-27.0.0-Release.Candidate.app/Contents/Developer/Toolchains/XcodeDefault.xctoolchain/usr/bin/swiftc -parse-as-library -module-name SwiftSoup -Onone @/Users/admin/builder/spi-builder-workspace/.derivedData/Build/Intermediates.noindex/SwiftSoup.build/Debug-watchos/SwiftSoup-t.build/Objects-normal/arm64/SwiftSoup.SwiftFileList -DSWIFT_PACKAGE -DDEBUG -DSWIFT_MODULE_RESOURCE_BUNDLE_UNAVAILABLE -DXcode -plugin-path /Applications/Xcode-27.0.0-Release.Candidate.app/Contents/Developer/Toolchains/XcodeDefault.xctoolchain/usr/lib/swift/host/plugins/testing -enable-experimental-feature DebugDescriptionMacro -sdk /Applications/Xcode-27.0.0-Release.Candidate.app/Contents/Developer/Platforms/WatchOS.platform/Developer/SDKs/WatchOS27.0.sdk -target arm64-apple-watchos9.0 -g -module-cache-path /Users/admin/builder/spi-builder-workspace/.derivedData/ModuleCache.noindex -Xfrontend -serialize-debugging-options -enable-testing -suppress-warnings -index-store-path /Users/admin/builder/spi-builder-workspace/.derivedData/Index.noindex/DataStore -Xcc -D_LIBCPP_HARDENING_MODE\=_LIBCPP_HARDENING_MODE_DEBUG -swift-version 6 -I /Users/admin/builder/spi-builder-workspace/.derivedData/Build/Products/Debug-watchos -Isystem /Applications/Xcode-27.0.0-Release.Candidate.app/Contents/Developer/Platforms/WatchOS.platform/Developer/usr/lib -F /Users/admin/builder/spi-builder-workspace/.derivedData/Build/Products/Debug-watchos -F /Applications/Xcode-27.0.0-Release.Candidate.app/Contents/Developer/Platforms/WatchOS.platform/Developer/Library/Frameworks -F /Applications/Xcode-27.0.0-Release.Candidate.app/Contents/Developer/Platforms/WatchOS.platform/Developer/SDKs/WatchOS27.0.sdk/Developer/Library/Frameworks -c -j10 -enable-batch-mode -incremental -Xcc -ivfsstatcache -Xcc /Users/admin/builder/spi-builder-workspace/.derivedData/SDKStatCaches.noindex/watchos27.0-24R360-e829b21a6f8c9b70876ba0858053c04477534ef55a1706bf4c1112bbb242f0a2.sdkstatcache -output-file-map /Users/admin/builder/spi-builder-workspace/.derivedData/Build/Intermediates.noindex/SwiftSoup.build/Debug-watchos/SwiftSoup-t.build/Objects-normal/arm64/SwiftSoup-OutputFileMap.json -save-temps -no-color-diagnostics -explicit-module-build -module-cache-path /Users/admin/builder/spi-builder-workspace/.derivedData/Build/Intermediates.noindex/SwiftExplicitPrecompiledModules -clang-scanner-module-cache-path /Users/admin/builder/spi-builder-workspace/.derivedData/ModuleCache.noindex -sdk-module-cache-path /Users/admin/builder/spi-builder-workspace/.derivedData/SDKExplicitPrecompiledModules -emit-dependencies -emit-module -emit-module-path /Users/admin/builder/spi-builder-workspace/.derivedData/Build/Intermediates.noindex/SwiftSoup.build/Debug-watchos/SwiftSoup-t.build/Objects-normal/arm64/SwiftSoup.swiftmodule -serialize-diagnostics -dependency-scan-serialize-diagnostics-path /Users/admin/builder/spi-builder-workspace/.derivedData/Build/Intermediates.noindex/SwiftSoup.build/Debug-watchos/SwiftSoup-t.build/Objects-normal/arm64/SwiftSoup-dependency-scan.dia -user-module-version 2.13.9 -validate-clang-modules-once -clang-build-session-file /Users/admin/builder/spi-builder-workspace/.derivedData/ModuleCache.noindex/Session.modulevalidation -Xcc -fmodules-prune-interval\=86400 -Xcc -fmodules-prune-after\=345600 -package-name swiftsoup -emit-const-values -const-gather-protocols-list /Users/admin/builder/spi-builder-workspace/.derivedData/Build/Intermediates.noindex/SwiftSoup.build/Debug-watchos/SwiftSoup-t.build/Objects-normal/arm64/SwiftSoup_const_extract_protocols.json -Xcc -I/Users/admin/builder/spi-builder-workspace/.derivedData/Build/Products/Debug-watchos/include -Xcc -I/Users/admin/builder/spi-builder-workspace/.derivedData/Build/Intermediates.noindex/SwiftSoup.build/Debug-watchos/SwiftSoup-t.build/DerivedSources-normal/arm64 -Xcc -I/Users/admin/builder/spi-builder-workspace/.derivedData/Build/Intermediates.noindex/SwiftSoup.build/Debug-watchos/SwiftSoup-t.build/DerivedSources/arm64 -Xcc -I/Users/admin/builder/spi-builder-workspace/.derivedData/Build/Intermediates.noindex/SwiftSoup.build/Debug-watchos/SwiftSoup-t.build/DerivedSources -Xcc -DSWIFT_PACKAGE -Xcc -DDEBUG\=1 -emit-objc-header -emit-objc-header-path /Users/admin/builder/spi-builder-workspace/.derivedData/Build/Intermediates.noindex/SwiftSoup.build/Debug-watchos/SwiftSoup-t.build/Objects-normal/arm64/SwiftSoup-Swift.h -working-directory /Users/admin/builder/spi-builder-workspace/.swiftpm/xcode -experimental-emit-module-separately -disable-cmo
SwiftDriver ArgumentParser normal arm64 com.apple.xcode.tools.swift.compiler (in target 'ArgumentParser' from project 'swift-argument-parser')
cd /Users/admin/builder/spi-builder-workspace/.swiftpm/xcode
builtin-SwiftDriver -- /Applications/Xcode-27.0.0-Release.Candidate.app/Contents/Developer/Toolchains/XcodeDefault.xctoolchain/usr/bin/swiftc -parse-as-library -module-name ArgumentParser -Onone @/Users/admin/builder/spi-builder-workspace/.derivedData/Build/Intermediates.noindex/swift-argument-parser.build/Debug-watchos/ArgumentParser-t.build/Objects-normal/arm64/ArgumentParser.SwiftFileList -DSWIFT_PACKAGE -DDEBUG -DSWIFT_MODULE_RESOURCE_BUNDLE_UNAVAILABLE -DXcode -plugin-path /Applications/Xcode-27.0.0-Release.Candidate.app/Contents/Developer/Toolchains/XcodeDefault.xctoolchain/usr/lib/swift/host/plugins/testing -enable-experimental-feature DebugDescriptionMacro -sdk /Applications/Xcode-27.0.0-Release.Candidate.app/Contents/Developer/Platforms/WatchOS.platform/Developer/SDKs/WatchOS27.0.sdk -target arm64-apple-watchos9.0 -g -module-cache-path /Users/admin/builder/spi-builder-workspace/.derivedData/ModuleCache.noindex -Xfrontend -serialize-debugging-options -enable-testing -suppress-warnings -index-store-path /Users/admin/builder/spi-builder-workspace/.derivedData/Index.noindex/DataStore -Xcc -D_LIBCPP_HARDENING_MODE\=_LIBCPP_HARDENING_MODE_DEBUG -swift-version 5 -I /Users/admin/builder/spi-builder-workspace/.derivedData/Build/Products/Debug-watchos -Isystem /Applications/Xcode-27.0.0-Release.Candidate.app/Contents/Developer/Platforms/WatchOS.platform/Developer/usr/lib -F /Users/admin/builder/spi-builder-workspace/.derivedData/Build/Products/Debug-watchos -F /Applications/Xcode-27.0.0-Release.Candidate.app/Contents/Developer/Platforms/WatchOS.platform/Developer/Library/Frameworks -F /Applications/Xcode-27.0.0-Release.Candidate.app/Contents/Developer/Platforms/WatchOS.platform/Developer/SDKs/WatchOS27.0.sdk/Developer/Library/Frameworks -c -j10 -enable-batch-mode -incremental -Xcc -ivfsstatcache -Xcc /Users/admin/builder/spi-builder-workspace/.derivedData/SDKStatCaches.noindex/watchos27.0-24R360-e829b21a6f8c9b70876ba0858053c04477534ef55a1706bf4c1112bbb242f0a2.sdkstatcache -output-file-map /Users/admin/builder/spi-builder-workspace/.derivedData/Build/Intermediates.noindex/swift-argument-parser.build/Debug-watchos/ArgumentParser-t.build/Objects-normal/arm64/ArgumentParser-OutputFileMap.json -save-temps -no-color-diagnostics -explicit-module-build -module-cache-path /Users/admin/builder/spi-builder-workspace/.derivedData/Build/Intermediates.noindex/SwiftExplicitPrecompiledModules -clang-scanner-module-cache-path /Users/admin/builder/spi-builder-workspace/.derivedData/ModuleCache.noindex -sdk-module-cache-path /Users/admin/builder/spi-builder-workspace/.derivedData/SDKExplicitPrecompiledModules -emit-dependencies -emit-module -emit-module-path /Users/admin/builder/spi-builder-workspace/.derivedData/Build/Intermediates.noindex/swift-argument-parser.build/Debug-watchos/ArgumentParser-t.build/Objects-normal/arm64/ArgumentParser.swiftmodule -serialize-diagnostics -dependency-scan-serialize-diagnostics-path /Users/admin/builder/spi-builder-workspace/.derivedData/Build/Intermediates.noindex/swift-argument-parser.build/Debug-watchos/ArgumentParser-t.build/Objects-normal/arm64/ArgumentParser-dependency-scan.dia -validate-clang-modules-once -clang-build-session-file /Users/admin/builder/spi-builder-workspace/.derivedData/ModuleCache.noindex/Session.modulevalidation -Xcc -fmodules-prune-interval\=86400 -Xcc -fmodules-prune-after\=345600 -emit-const-values -const-gather-protocols-list /Users/admin/builder/spi-builder-workspace/.derivedData/Build/Intermediates.noindex/swift-argument-parser.build/Debug-watchos/ArgumentParser-t.build/Objects-normal/arm64/ArgumentParser_const_extract_protocols.json -Xcc -I/Users/admin/builder/spi-builder-workspace/.derivedData/Build/Products/Debug-watchos/include -Xcc -I/Users/admin/builder/spi-builder-workspace/.derivedData/Build/Intermediates.noindex/swift-argument-parser.build/Debug-watchos/ArgumentParser-t.build/DerivedSources-normal/arm64 -Xcc -I/Users/admin/builder/spi-builder-workspace/.derivedData/Build/Intermediates.noindex/swift-argument-parser.build/Debug-watchos/ArgumentParser-t.build/DerivedSources/arm64 -Xcc -I/Users/admin/builder/spi-builder-workspace/.derivedData/Build/Intermediates.noindex/swift-argument-parser.build/Debug-watchos/ArgumentParser-t.build/DerivedSources -Xcc -DSWIFT_PACKAGE -Xcc -DDEBUG\=1 -emit-objc-header -emit-objc-header-path /Users/admin/builder/spi-builder-workspace/.derivedData/Build/Intermediates.noindex/swift-argument-parser.build/Debug-watchos/ArgumentParser-t.build/Objects-normal/arm64/ArgumentParser-Swift.h -working-directory /Users/admin/builder/spi-builder-workspace/.swiftpm/xcode -experimental-emit-module-separately -disable-cmo
SwiftDriver TSCBasic normal arm64 com.apple.xcode.tools.swift.compiler (in target 'TSCBasic' from project 'swift-tools-support-core')
cd /Users/admin/builder/spi-builder-workspace/.swiftpm/xcode
builtin-SwiftDriver -- /Applications/Xcode-27.0.0-Release.Candidate.app/Contents/Developer/Toolchains/XcodeDefault.xctoolchain/usr/bin/swiftc -parse-as-library -module-name TSCBasic -Onone @/Users/admin/builder/spi-builder-workspace/.derivedData/Build/Intermediates.noindex/swift-tools-support-core.build/Debug-watchos/TSCBasic-t.build/Objects-normal/arm64/TSCBasic.SwiftFileList -DSWIFT_PACKAGE -DDEBUG -DSWIFT_MODULE_RESOURCE_BUNDLE_UNAVAILABLE -Xcc -fmodule-map-file\=/Users/admin/builder/spi-builder-workspace/.dependencies/checkouts/swift-tools-support-core/Sources/TSCclibc/include/module.modulemap -DXcode -plugin-path /Applications/Xcode-27.0.0-Release.Candidate.app/Contents/Developer/Toolchains/XcodeDefault.xctoolchain/usr/lib/swift/host/plugins/testing -enable-experimental-feature DebugDescriptionMacro -sdk /Applications/Xcode-27.0.0-Release.Candidate.app/Contents/Developer/Platforms/WatchOS.platform/Developer/SDKs/WatchOS27.0.sdk -target arm64-apple-watchos9.0 -g -module-cache-path /Users/admin/builder/spi-builder-workspace/.derivedData/ModuleCache.noindex -Xfrontend -serialize-debugging-options -enable-testing -suppress-warnings -index-store-path /Users/admin/builder/spi-builder-workspace/.derivedData/Index.noindex/DataStore -Xcc -D_LIBCPP_HARDENING_MODE\=_LIBCPP_HARDENING_MODE_DEBUG -swift-version 5 -I /Users/admin/builder/spi-builder-workspace/.derivedData/Build/Products/Debug-watchos -Isystem /Applications/Xcode-27.0.0-Release.Candidate.app/Contents/Developer/Platforms/WatchOS.platform/Developer/usr/lib -F /Users/admin/builder/spi-builder-workspace/.derivedData/Build/Products/Debug-watchos/PackageFrameworks -F /Users/admin/builder/spi-builder-workspace/.derivedData/Build/Products/Debug-watchos -F /Applications/Xcode-27.0.0-Release.Candidate.app/Contents/Developer/Platforms/WatchOS.platform/Developer/Library/Frameworks -F /Applications/Xcode-27.0.0-Release.Candidate.app/Contents/Developer/Platforms/WatchOS.platform/Developer/SDKs/WatchOS27.0.sdk/Developer/Library/Frameworks -c -j10 -enable-batch-mode -incremental -Xcc -ivfsstatcache -Xcc /Users/admin/builder/spi-builder-workspace/.derivedData/SDKStatCaches.noindex/watchos27.0-24R360-e829b21a6f8c9b70876ba0858053c04477534ef55a1706bf4c1112bbb242f0a2.sdkstatcache -output-file-map /Users/admin/builder/spi-builder-workspace/.derivedData/Build/Intermediates.noindex/swift-tools-support-core.build/Debug-watchos/TSCBasic-t.build/Objects-normal/arm64/TSCBasic-OutputFileMap.json -save-temps -no-color-diagnostics -explicit-module-build -module-cache-path /Users/admin/builder/spi-builder-workspace/.derivedData/Build/Intermediates.noindex/SwiftExplicitPrecompiledModules -clang-scanner-module-cache-path /Users/admin/builder/spi-builder-workspace/.derivedData/ModuleCache.noindex -sdk-module-cache-path /Users/admin/builder/spi-builder-workspace/.derivedData/SDKExplicitPrecompiledModules -emit-dependencies -emit-module -emit-module-path /Users/admin/builder/spi-builder-workspace/.derivedData/Build/Intermediates.noindex/swift-tools-support-core.build/Debug-watchos/TSCBasic-t.build/Objects-normal/arm64/TSCBasic.swiftmodule -serialize-diagnostics -dependency-scan-serialize-diagnostics-path /Users/admin/builder/spi-builder-workspace/.derivedData/Build/Intermediates.noindex/swift-tools-support-core.build/Debug-watchos/TSCBasic-t.build/Objects-normal/arm64/TSCBasic-dependency-scan.dia -validate-clang-modules-once -clang-build-session-file /Users/admin/builder/spi-builder-workspace/.derivedData/ModuleCache.noindex/Session.modulevalidation -Xcc -fmodules-prune-interval\=86400 -Xcc -fmodules-prune-after\=345600 -emit-const-values -const-gather-protocols-list /Users/admin/builder/spi-builder-workspace/.derivedData/Build/Intermediates.noindex/swift-tools-support-core.build/Debug-watchos/TSCBasic-t.build/Objects-normal/arm64/TSCBasic_const_extract_protocols.json -Xcc -I/Users/admin/builder/spi-builder-workspace/.dependencies/checkouts/swift-tools-support-core/Sources/TSCclibc/include -Xcc -I/Users/admin/builder/spi-builder-workspace/.derivedData/Build/Products/Debug-watchos/include -Xcc -I/Users/admin/builder/spi-builder-workspace/.derivedData/Build/Intermediates.noindex/swift-tools-support-core.build/Debug-watchos/TSCBasic-t.build/DerivedSources-normal/arm64 -Xcc -I/Users/admin/builder/spi-builder-workspace/.derivedData/Build/Intermediates.noindex/swift-tools-support-core.build/Debug-watchos/TSCBasic-t.build/DerivedSources/arm64 -Xcc -I/Users/admin/builder/spi-builder-workspace/.derivedData/Build/Intermediates.noindex/swift-tools-support-core.build/Debug-watchos/TSCBasic-t.build/DerivedSources -Xcc -DSWIFT_PACKAGE -Xcc -DDEBUG\=1 -emit-objc-header -emit-objc-header-path /Users/admin/builder/spi-builder-workspace/.derivedData/Build/Intermediates.noindex/swift-tools-support-core.build/Debug-watchos/TSCBasic-t.build/Objects-normal/arm64/TSCBasic-Swift.h -working-directory /Users/admin/builder/spi-builder-workspace/.swiftpm/xcode -experimental-emit-module-separately -disable-cmo
SwiftDriver TSCUtility normal arm64 com.apple.xcode.tools.swift.compiler (in target 'TSCUtility' from project 'swift-tools-support-core')
cd /Users/admin/builder/spi-builder-workspace/.swiftpm/xcode
builtin-SwiftDriver -- /Applications/Xcode-27.0.0-Release.Candidate.app/Contents/Developer/Toolchains/XcodeDefault.xctoolchain/usr/bin/swiftc -parse-as-library -module-name TSCUtility -Onone @/Users/admin/builder/spi-builder-workspace/.derivedData/Build/Intermediates.noindex/swift-tools-support-core.build/Debug-watchos/TSCUtility-t.build/Objects-normal/arm64/TSCUtility.SwiftFileList -DSWIFT_PACKAGE -DDEBUG -DSWIFT_MODULE_RESOURCE_BUNDLE_UNAVAILABLE -Xcc -fmodule-map-file\=/Users/admin/builder/spi-builder-workspace/.dependencies/checkouts/swift-tools-support-core/Sources/TSCclibc/include/module.modulemap -DXcode -plugin-path /Applications/Xcode-27.0.0-Release.Candidate.app/Contents/Developer/Toolchains/XcodeDefault.xctoolchain/usr/lib/swift/host/plugins/testing -enable-experimental-feature DebugDescriptionMacro -sdk /Applications/Xcode-27.0.0-Release.Candidate.app/Contents/Developer/Platforms/WatchOS.platform/Developer/SDKs/WatchOS27.0.sdk -target arm64-apple-watchos9.0 -g -module-cache-path /Users/admin/builder/spi-builder-workspace/.derivedData/ModuleCache.noindex -Xfrontend -serialize-debugging-options -enable-testing -suppress-warnings -index-store-path /Users/admin/builder/spi-builder-workspace/.derivedData/Index.noindex/DataStore -Xcc -D_LIBCPP_HARDENING_MODE\=_LIBCPP_HARDENING_MODE_DEBUG -swift-version 5 -I /Users/admin/builder/spi-builder-workspace/.derivedData/Build/Products/Debug-watchos -Isystem /Applications/Xcode-27.0.0-Release.Candidate.app/Contents/Developer/Platforms/WatchOS.platform/Developer/usr/lib -F /Users/admin/builder/spi-builder-workspace/.derivedData/Build/Products/Debug-watchos/PackageFrameworks -F /Users/admin/builder/spi-builder-workspace/.derivedData/Build/Products/Debug-watchos -F /Applications/Xcode-27.0.0-Release.Candidate.app/Contents/Developer/Platforms/WatchOS.platform/Developer/Library/Frameworks -F /Applications/Xcode-27.0.0-Release.Candidate.app/Contents/Developer/Platforms/WatchOS.platform/Developer/SDKs/WatchOS27.0.sdk/Developer/Library/Frameworks -c -j10 -enable-batch-mode -incremental -Xcc -ivfsstatcache -Xcc /Users/admin/builder/spi-builder-workspace/.derivedData/SDKStatCaches.noindex/watchos27.0-24R360-e829b21a6f8c9b70876ba0858053c04477534ef55a1706bf4c1112bbb242f0a2.sdkstatcache -output-file-map /Users/admin/builder/spi-builder-workspace/.derivedData/Build/Intermediates.noindex/swift-tools-support-core.build/Debug-watchos/TSCUtility-t.build/Objects-normal/arm64/TSCUtility-OutputFileMap.json -save-temps -no-color-diagnostics -explicit-module-build -module-cache-path /Users/admin/builder/spi-builder-workspace/.derivedData/Build/Intermediates.noindex/SwiftExplicitPrecompiledModules -clang-scanner-module-cache-path /Users/admin/builder/spi-builder-workspace/.derivedData/ModuleCache.noindex -sdk-module-cache-path /Users/admin/builder/spi-builder-workspace/.derivedData/SDKExplicitPrecompiledModules -emit-dependencies -emit-module -emit-module-path /Users/admin/builder/spi-builder-workspace/.derivedData/Build/Intermediates.noindex/swift-tools-support-core.build/Debug-watchos/TSCUtility-t.build/Objects-normal/arm64/TSCUtility.swiftmodule -serialize-diagnostics -dependency-scan-serialize-diagnostics-path /Users/admin/builder/spi-builder-workspace/.derivedData/Build/Intermediates.noindex/swift-tools-support-core.build/Debug-watchos/TSCUtility-t.build/Objects-normal/arm64/TSCUtility-dependency-scan.dia -validate-clang-modules-once -clang-build-session-file /Users/admin/builder/spi-builder-workspace/.derivedData/ModuleCache.noindex/Session.modulevalidation -Xcc -fmodules-prune-interval\=86400 -Xcc -fmodules-prune-after\=345600 -emit-const-values -const-gather-protocols-list /Users/admin/builder/spi-builder-workspace/.derivedData/Build/Intermediates.noindex/swift-tools-support-core.build/Debug-watchos/TSCUtility-t.build/Objects-normal/arm64/TSCUtility_const_extract_protocols.json -Xcc -I/Users/admin/builder/spi-builder-workspace/.dependencies/checkouts/swift-tools-support-core/Sources/TSCclibc/include -Xcc -I/Users/admin/builder/spi-builder-workspace/.derivedData/Build/Products/Debug-watchos/include -Xcc -I/Users/admin/builder/spi-builder-workspace/.derivedData/Build/Intermediates.noindex/swift-tools-support-core.build/Debug-watchos/TSCUtility-t.build/DerivedSources-normal/arm64 -Xcc -I/Users/admin/builder/spi-builder-workspace/.derivedData/Build/Intermediates.noindex/swift-tools-support-core.build/Debug-watchos/TSCUtility-t.build/DerivedSources/arm64 -Xcc -I/Users/admin/builder/spi-builder-workspace/.derivedData/Build/Intermediates.noindex/swift-tools-support-core.build/Debug-watchos/TSCUtility-t.build/DerivedSources -Xcc -DSWIFT_PACKAGE -Xcc -DDEBUG\=1 -emit-objc-header -emit-objc-header-path /Users/admin/builder/spi-builder-workspace/.derivedData/Build/Intermediates.noindex/swift-tools-support-core.build/Debug-watchos/TSCUtility-t.build/Objects-normal/arm64/TSCUtility-Swift.h -working-directory /Users/admin/builder/spi-builder-workspace/.swiftpm/xcode -experimental-emit-module-separately -disable-cmo
SwiftDriver TSCUtility normal arm64_32 com.apple.xcode.tools.swift.compiler (in target 'TSCUtility' from project 'swift-tools-support-core')
cd /Users/admin/builder/spi-builder-workspace/.swiftpm/xcode
builtin-SwiftDriver -- /Applications/Xcode-27.0.0-Release.Candidate.app/Contents/Developer/Toolchains/XcodeDefault.xctoolchain/usr/bin/swiftc -parse-as-library -module-name TSCUtility -Onone @/Users/admin/builder/spi-builder-workspace/.derivedData/Build/Intermediates.noindex/swift-tools-support-core.build/Debug-watchos/TSCUtility-t.build/Objects-normal/arm64_32/TSCUtility.SwiftFileList -DSWIFT_PACKAGE -DDEBUG -DSWIFT_MODULE_RESOURCE_BUNDLE_UNAVAILABLE -Xcc -fmodule-map-file\=/Users/admin/builder/spi-builder-workspace/.dependencies/checkouts/swift-tools-support-core/Sources/TSCclibc/include/module.modulemap -DXcode -plugin-path /Applications/Xcode-27.0.0-Release.Candidate.app/Contents/Developer/Toolchains/XcodeDefault.xctoolchain/usr/lib/swift/host/plugins/testing -enable-experimental-feature DebugDescriptionMacro -sdk /Applications/Xcode-27.0.0-Release.Candidate.app/Contents/Developer/Platforms/WatchOS.platform/Developer/SDKs/WatchOS27.0.sdk -target arm64_32-apple-watchos9.0 -g -module-cache-path /Users/admin/builder/spi-builder-workspace/.derivedData/ModuleCache.noindex -Xfrontend -serialize-debugging-options -enable-testing -suppress-warnings -index-store-path /Users/admin/builder/spi-builder-workspace/.derivedData/Index.noindex/DataStore -Xcc -D_LIBCPP_HARDENING_MODE\=_LIBCPP_HARDENING_MODE_DEBUG -swift-version 5 -I /Users/admin/builder/spi-builder-workspace/.derivedData/Build/Products/Debug-watchos -Isystem /Applications/Xcode-27.0.0-Release.Candidate.app/Contents/Developer/Platforms/WatchOS.platform/Developer/usr/lib -F /Users/admin/builder/spi-builder-workspace/.derivedData/Build/Products/Debug-watchos/PackageFrameworks -F /Users/admin/builder/spi-builder-workspace/.derivedData/Build/Products/Debug-watchos -F /Applications/Xcode-27.0.0-Release.Candidate.app/Contents/Developer/Platforms/WatchOS.platform/Developer/Library/Frameworks -F /Applications/Xcode-27.0.0-Release.Candidate.app/Contents/Developer/Platforms/WatchOS.platform/Developer/SDKs/WatchOS27.0.sdk/Developer/Library/Frameworks -c -j10 -enable-batch-mode -incremental -Xcc -ivfsstatcache -Xcc /Users/admin/builder/spi-builder-workspace/.derivedData/SDKStatCaches.noindex/watchos27.0-24R360-e829b21a6f8c9b70876ba0858053c04477534ef55a1706bf4c1112bbb242f0a2.sdkstatcache -output-file-map /Users/admin/builder/spi-builder-workspace/.derivedData/Build/Intermediates.noindex/swift-tools-support-core.build/Debug-watchos/TSCUtility-t.build/Objects-normal/arm64_32/TSCUtility-OutputFileMap.json -save-temps -no-color-diagnostics -explicit-module-build -module-cache-path /Users/admin/builder/spi-builder-workspace/.derivedData/Build/Intermediates.noindex/SwiftExplicitPrecompiledModules -clang-scanner-module-cache-path /Users/admin/builder/spi-builder-workspace/.derivedData/ModuleCache.noindex -sdk-module-cache-path /Users/admin/builder/spi-builder-workspace/.derivedData/SDKExplicitPrecompiledModules -emit-dependencies -emit-module -emit-module-path /Users/admin/builder/spi-builder-workspace/.derivedData/Build/Intermediates.noindex/swift-tools-support-core.build/Debug-watchos/TSCUtility-t.build/Objects-normal/arm64_32/TSCUtility.swiftmodule -serialize-diagnostics -dependency-scan-serialize-diagnostics-path /Users/admin/builder/spi-builder-workspace/.derivedData/Build/Intermediates.noindex/swift-tools-support-core.build/Debug-watchos/TSCUtility-t.build/Objects-normal/arm64_32/TSCUtility-dependency-scan.dia -validate-clang-modules-once -clang-build-session-file /Users/admin/builder/spi-builder-workspace/.derivedData/ModuleCache.noindex/Session.modulevalidation -Xcc -fmodules-prune-interval\=86400 -Xcc -fmodules-prune-after\=345600 -emit-const-values -const-gather-protocols-list /Users/admin/builder/spi-builder-workspace/.derivedData/Build/Intermediates.noindex/swift-tools-support-core.build/Debug-watchos/TSCUtility-t.build/Objects-normal/arm64_32/TSCUtility_const_extract_protocols.json -Xcc -I/Users/admin/builder/spi-builder-workspace/.dependencies/checkouts/swift-tools-support-core/Sources/TSCclibc/include -Xcc -I/Users/admin/builder/spi-builder-workspace/.derivedData/Build/Products/Debug-watchos/include -Xcc -I/Users/admin/builder/spi-builder-workspace/.derivedData/Build/Intermediates.noindex/swift-tools-support-core.build/Debug-watchos/TSCUtility-t.build/DerivedSources-normal/arm64_32 -Xcc -I/Users/admin/builder/spi-builder-workspace/.derivedData/Build/Intermediates.noindex/swift-tools-support-core.build/Debug-watchos/TSCUtility-t.build/DerivedSources/arm64_32 -Xcc -I/Users/admin/builder/spi-builder-workspace/.derivedData/Build/Intermediates.noindex/swift-tools-support-core.build/Debug-watchos/TSCUtility-t.build/DerivedSources -Xcc -DSWIFT_PACKAGE -Xcc -DDEBUG\=1 -emit-objc-header -emit-objc-header-path /Users/admin/builder/spi-builder-workspace/.derivedData/Build/Intermediates.noindex/swift-tools-support-core.build/Debug-watchos/TSCUtility-t.build/Objects-normal/arm64_32/TSCUtility-Swift.h -working-directory /Users/admin/builder/spi-builder-workspace/.swiftpm/xcode -experimental-emit-module-separately -disable-cmo
SwiftCompile normal arm64_32 Compiling\ OptionGroup.swift,\ CommandConfiguration.swift,\ EnumerableFlag.swift /Users/admin/builder/spi-builder-workspace/.dependencies/checkouts/swift-argument-parser/Sources/ArgumentParser/Parsable\ Properties/OptionGroup.swift /Users/admin/builder/spi-builder-workspace/.dependencies/checkouts/swift-argument-parser/Sources/ArgumentParser/Parsable\ Types/CommandConfiguration.swift /Users/admin/builder/spi-builder-workspace/.dependencies/checkouts/swift-argument-parser/Sources/ArgumentParser/Parsable\ Types/EnumerableFlag.swift (in target 'ArgumentParser' from project 'swift-argument-parser')
SwiftCompile normal arm64_32 /Users/admin/builder/spi-builder-workspace/.dependencies/checkouts/swift-argument-parser/Sources/ArgumentParser/Parsable\ Properties/OptionGroup.swift (in target 'ArgumentParser' from project 'swift-argument-parser')
cd /Users/admin/builder/spi-builder-workspace/.swiftpm/xcode
builtin-SwiftPerFileCompile OptionGroup.swift
SwiftCompile normal arm64_32 /Users/admin/builder/spi-builder-workspace/.dependencies/checkouts/swift-argument-parser/Sources/ArgumentParser/Parsable\ Types/CommandConfiguration.swift (in target 'ArgumentParser' from project 'swift-argument-parser')
cd /Users/admin/builder/spi-builder-workspace/.swiftpm/xcode
builtin-SwiftPerFileCompile CommandConfiguration.swift
SwiftCompile normal arm64_32 /Users/admin/builder/spi-builder-workspace/.dependencies/checkouts/swift-argument-parser/Sources/ArgumentParser/Parsable\ Types/EnumerableFlag.swift (in target 'ArgumentParser' from project 'swift-argument-parser')
cd /Users/admin/builder/spi-builder-workspace/.swiftpm/xcode
builtin-SwiftPerFileCompile EnumerableFlag.swift
SwiftCompile normal arm64_32 Compiling\ Flag.swift,\ NameSpecification.swift,\ Option.swift /Users/admin/builder/spi-builder-workspace/.dependencies/checkouts/swift-argument-parser/Sources/ArgumentParser/Parsable\ Properties/Flag.swift /Users/admin/builder/spi-builder-workspace/.dependencies/checkouts/swift-argument-parser/Sources/ArgumentParser/Parsable\ Properties/NameSpecification.swift /Users/admin/builder/spi-builder-workspace/.dependencies/checkouts/swift-argument-parser/Sources/ArgumentParser/Parsable\ Properties/Option.swift (in target 'ArgumentParser' from project 'swift-argument-parser')
SwiftCompile normal arm64_32 /Users/admin/builder/spi-builder-workspace/.dependencies/checkouts/swift-argument-parser/Sources/ArgumentParser/Parsable\ Properties/Flag.swift (in target 'ArgumentParser' from project 'swift-argument-parser')
cd /Users/admin/builder/spi-builder-workspace/.swiftpm/xcode
builtin-SwiftPerFileCompile Flag.swift
SwiftCompile normal arm64_32 /Users/admin/builder/spi-builder-workspace/.dependencies/checkouts/swift-argument-parser/Sources/ArgumentParser/Parsable\ Properties/NameSpecification.swift (in target 'ArgumentParser' from project 'swift-argument-parser')
cd /Users/admin/builder/spi-builder-workspace/.swiftpm/xcode
builtin-SwiftPerFileCompile NameSpecification.swift
SwiftCompile normal arm64_32 /Users/admin/builder/spi-builder-workspace/.dependencies/checkouts/swift-argument-parser/Sources/ArgumentParser/Parsable\ Properties/Option.swift (in target 'ArgumentParser' from project 'swift-argument-parser')
cd /Users/admin/builder/spi-builder-workspace/.swiftpm/xcode
builtin-SwiftPerFileCompile Option.swift
SwiftCompile normal arm64_32 Compiling\ Argument.swift,\ ArgumentHelp.swift,\ Errors.swift /Users/admin/builder/spi-builder-workspace/.dependencies/checkouts/swift-argument-parser/Sources/ArgumentParser/Parsable\ Properties/Argument.swift /Users/admin/builder/spi-builder-workspace/.dependencies/checkouts/swift-argument-parser/Sources/ArgumentParser/Parsable\ Properties/ArgumentHelp.swift /Users/admin/builder/spi-builder-workspace/.dependencies/checkouts/swift-argument-parser/Sources/ArgumentParser/Parsable\ Properties/Errors.swift (in target 'ArgumentParser' from project 'swift-argument-parser')
SwiftCompile normal arm64_32 /Users/admin/builder/spi-builder-workspace/.dependencies/checkouts/swift-argument-parser/Sources/ArgumentParser/Parsable\ Properties/Argument.swift (in target 'ArgumentParser' from project 'swift-argument-parser')
cd /Users/admin/builder/spi-builder-workspace/.swiftpm/xcode
builtin-SwiftPerFileCompile Argument.swift
SwiftCompile normal arm64_32 /Users/admin/builder/spi-builder-workspace/.dependencies/checkouts/swift-argument-parser/Sources/ArgumentParser/Parsable\ Properties/ArgumentHelp.swift (in target 'ArgumentParser' from project 'swift-argument-parser')
cd /Users/admin/builder/spi-builder-workspace/.swiftpm/xcode
builtin-SwiftPerFileCompile ArgumentHelp.swift
SwiftCompile normal arm64_32 /Users/admin/builder/spi-builder-workspace/.dependencies/checkouts/swift-argument-parser/Sources/ArgumentParser/Parsable\ Properties/Errors.swift (in target 'ArgumentParser' from project 'swift-argument-parser')
cd /Users/admin/builder/spi-builder-workspace/.swiftpm/xcode
builtin-SwiftPerFileCompile Errors.swift
SwiftEmitModule normal arm64_32 Emitting\ module\ for\ ArgumentParser (in target 'ArgumentParser' from project 'swift-argument-parser')
SwiftCompile normal arm64_32 (in target 'ArgumentParser' from project 'swift-argument-parser')
cd /Users/admin/builder/spi-builder-workspace/.swiftpm/xcode
SwiftCompile normal arm64_32 Compiling\ InputOrigin.swift,\ Name.swift,\ Parsed.swift /Users/admin/builder/spi-builder-workspace/.dependencies/checkouts/swift-argument-parser/Sources/ArgumentParser/Parsing/InputOrigin.swift /Users/admin/builder/spi-builder-workspace/.dependencies/checkouts/swift-argument-parser/Sources/ArgumentParser/Parsing/Name.swift /Users/admin/builder/spi-builder-workspace/.dependencies/checkouts/swift-argument-parser/Sources/ArgumentParser/Parsing/Parsed.swift (in target 'ArgumentParser' from project 'swift-argument-parser')
SwiftCompile normal arm64_32 /Users/admin/builder/spi-builder-workspace/.dependencies/checkouts/swift-argument-parser/Sources/ArgumentParser/Parsing/InputOrigin.swift (in target 'ArgumentParser' from project 'swift-argument-parser')
cd /Users/admin/builder/spi-builder-workspace/.swiftpm/xcode
builtin-SwiftPerFileCompile InputOrigin.swift
SwiftCompile normal arm64_32 /Users/admin/builder/spi-builder-workspace/.dependencies/checkouts/swift-argument-parser/Sources/ArgumentParser/Parsing/Name.swift (in target 'ArgumentParser' from project 'swift-argument-parser')
cd /Users/admin/builder/spi-builder-workspace/.swiftpm/xcode
builtin-SwiftPerFileCompile Name.swift
SwiftCompile normal arm64_32 /Users/admin/builder/spi-builder-workspace/.dependencies/checkouts/swift-argument-parser/Sources/ArgumentParser/Parsing/Parsed.swift (in target 'ArgumentParser' from project 'swift-argument-parser')
cd /Users/admin/builder/spi-builder-workspace/.swiftpm/xcode
builtin-SwiftPerFileCompile Parsed.swift
SwiftEmitModule normal arm64_32 Emitting\ module\ for\ TSCBasic (in target 'TSCBasic' from project 'swift-tools-support-core')
SwiftCompile normal arm64_32 (in target 'TSCBasic' from project 'swift-tools-support-core')
cd /Users/admin/builder/spi-builder-workspace/.swiftpm/xcode
SwiftEmitModule normal arm64 Emitting\ module\ for\ TSCBasic (in target 'TSCBasic' from project 'swift-tools-support-core')
SwiftCompile normal arm64 (in target 'TSCBasic' from project 'swift-tools-support-core')
cd /Users/admin/builder/spi-builder-workspace/.swiftpm/xcode
SwiftEmitModule normal arm64 Emitting\ module\ for\ ArgumentParser (in target 'ArgumentParser' from project 'swift-argument-parser')
SwiftCompile normal arm64 (in target 'ArgumentParser' from project 'swift-argument-parser')
cd /Users/admin/builder/spi-builder-workspace/.swiftpm/xcode
SwiftCompile normal arm64 Compiling\ Await.swift,\ ByteString.swift,\ CStringArray.swift,\ CacheableSequence.swift /Users/admin/builder/spi-builder-workspace/.dependencies/checkouts/swift-tools-support-core/Sources/TSCBasic/Await.swift /Users/admin/builder/spi-builder-workspace/.dependencies/checkouts/swift-tools-support-core/Sources/TSCBasic/ByteString.swift /Users/admin/builder/spi-builder-workspace/.dependencies/checkouts/swift-tools-support-core/Sources/TSCBasic/CStringArray.swift /Users/admin/builder/spi-builder-workspace/.dependencies/checkouts/swift-tools-support-core/Sources/TSCBasic/CacheableSequence.swift (in target 'TSCBasic' from project 'swift-tools-support-core')
/Users/admin/builder/spi-builder-workspace/.dependencies/checkouts/swift-tools-support-core/Sources/TSCBasic/Await.swift:18:28: error: value of type '(@escaping (Result<T, ErrorType>) -> Void) -> Void' has no member 'get'
16 | /// - Throws: The error wrapped by the async method's result
17 | public func await<T, ErrorType>(_ body: (@escaping (Result<T, ErrorType>) -> Void) -> Void) throws -> T {
18 | return try await(body).get()
| `- error: value of type '(@escaping (Result<T, ErrorType>) -> Void) -> Void' has no member 'get'
19 | }
20 |
Failed frontend command:
/Applications/Xcode-27.0.0-Release.Candidate.app/Contents/Developer/Toolchains/XcodeDefault.xctoolchain/usr/bin/swift-frontend -frontend -c -primary-file /Users/admin/builder/spi-builder-workspace/.dependencies/checkouts/swift-tools-support-core/Sources/TSCBasic/Await.swift -primary-file /Users/admin/builder/spi-builder-workspace/.dependencies/checkouts/swift-tools-support-core/Sources/TSCBasic/ByteString.swift -primary-file /Users/admin/builder/spi-builder-workspace/.dependencies/checkouts/swift-tools-support-core/Sources/TSCBasic/CStringArray.swift -primary-file /Users/admin/builder/spi-builder-workspace/.dependencies/checkouts/swift-tools-support-core/Sources/TSCBasic/CacheableSequence.swift /Users/admin/builder/spi-builder-workspace/.dependencies/checkouts/swift-tools-support-core/Sources/TSCBasic/CodableResult.swift /Users/admin/builder/spi-builder-workspace/.dependencies/checkouts/swift-tools-support-core/Sources/TSCBasic/CollectionAlgorithms.swift /Users/admin/builder/spi-builder-workspace/.dependencies/checkouts/swift-tools-support-core/Sources/TSCBasic/CollectionExtensions.swift /Users/admin/builder/spi-builder-workspace/.dependencies/checkouts/swift-tools-support-core/Sources/TSCBasic/Condition.swift /Users/admin/builder/spi-builder-workspace/.dependencies/checkouts/swift-tools-support-core/Sources/TSCBasic/DeltaAlgorithm.swift /Users/admin/builder/spi-builder-workspace/.dependencies/checkouts/swift-tools-support-core/Sources/TSCBasic/DiagnosticsEngine.swift /Users/admin/builder/spi-builder-workspace/.dependencies/checkouts/swift-tools-support-core/Sources/TSCBasic/DictionaryExtensions.swift /Users/admin/builder/spi-builder-workspace/.dependencies/checkouts/swift-tools-support-core/Sources/TSCBasic/DictionaryLiteralExtensions.swift /Users/admin/builder/spi-builder-workspace/.dependencies/checkouts/swift-tools-support-core/Sources/TSCBasic/EditDistance.swift /Users/admin/builder/spi-builder-workspace/.dependencies/checkouts/swift-tools-support-core/Sources/TSCBasic/FileInfo.swift /Users/admin/builder/spi-builder-workspace/.dependencies/checkouts/swift-tools-support-core/Sources/TSCBasic/FileSystem.swift /Users/admin/builder/spi-builder-workspace/.dependencies/checkouts/swift-tools-support-core/Sources/TSCBasic/GraphAlgorithms.swift /Users/admin/builder/spi-builder-workspace/.dependencies/checkouts/swift-tools-support-core/Sources/TSCBasic/JSON.swift /Users/admin/builder/spi-builder-workspace/.dependencies/checkouts/swift-tools-support-core/Sources/TSCBasic/JSONMapper.swift /Users/admin/builder/spi-builder-workspace/.dependencies/checkouts/swift-tools-support-core/Sources/TSCBasic/KeyedPair.swift /Users/admin/builder/spi-builder-workspace/.dependencies/checkouts/swift-tools-support-core/Sources/TSCBasic/LazyCache.swift /Users/admin/builder/spi-builder-workspace/.dependencies/checkouts/swift-tools-support-core/Sources/TSCBasic/Lock.swift /Users/admin/builder/spi-builder-workspace/.dependencies/checkouts/swift-tools-support-core/Sources/TSCBasic/OSLog.swift /Users/admin/builder/spi-builder-workspace/.dependencies/checkouts/swift-tools-support-core/Sources/TSCBasic/ObjectIdentifierProtocol.swift /Users/admin/builder/spi-builder-workspace/.dependencies/checkouts/swift-tools-support-core/Sources/TSCBasic/OrderedDictionary.swift /Users/admin/builder/spi-builder-workspace/.dependencies/checkouts/swift-tools-support-core/Sources/TSCBasic/OrderedSet.swift /Users/admin/builder/spi-builder-workspace/.dependencies/checkouts/swift-tools-support-core/Sources/TSCBasic/OutputByteStream.swift /Users/admin/builder/spi-builder-workspace/.dependencies/checkouts/swift-tools-support-core/Sources/TSCBasic/Path.swift /Users/admin/builder/spi-builder-workspace/.dependencies/checkouts/swift-tools-support-core/Sources/TSCBasic/PathShims.swift /Users/admin/builder/spi-builder-workspace/.dependencies/checkouts/swift-tools-support-core/Sources/TSCBasic/Process.swift /Users/admin/builder/spi-builder-workspace/.dependencies/checkouts/swift-tools-support-core/Sources/TSCBasic/ProcessEnv.swift /Users/admin/builder/spi-builder-workspace/.dependencies/checkouts/swift-tools-support-core/Sources/TSCBasic/ProcessSet.swift /Users/admin/builder/spi-builder-workspace/.dependencies/checkouts/swift-tools-support-core/Sources/TSCBasic/RegEx.swift /Users/admin/builder/spi-builder-workspace/.dependencies/checkouts/swift-tools-support-core/Sources/TSCBasic/Result.swift /Users/admin/builder/spi-builder-workspace/.dependencies/checkouts/swift-tools-support-core/Sources/TSCBasic/SHA256.swift /Users/admin/builder/spi-builder-workspace/.dependencies/checkouts/swift-tools-support-core/Sources/TSCBasic/SortedArray.swift /Users/admin/builder/spi-builder-workspace/.dependencies/checkouts/swift-tools-support-core/Sources/TSCBasic/StringConversions.swift /Users/admin/builder/spi-builder-workspace/.dependencies/checkouts/swift-tools-support-core/Sources/TSCBasic/SynchronizedQueue.swift /Users/admin/builder/spi-builder-workspace/.dependencies/checkouts/swift-tools-support-core/Sources/TSCBasic/TemporaryFile.swift /Users/admin/builder/spi-builder-workspace/.dependencies/checkouts/swift-tools-support-core/Sources/TSCBasic/TerminalController.swift /Users/admin/builder/spi-builder-workspace/.dependencies/checkouts/swift-tools-support-core/Sources/TSCBasic/Thread.swift /Users/admin/builder/spi-builder-workspace/.dependencies/checkouts/swift-tools-support-core/Sources/TSCBasic/Tuple.swift /Users/admin/builder/spi-builder-workspace/.dependencies/checkouts/swift-tools-support-core/Sources/TSCBasic/misc.swift -supplementary-output-file-map /Users/admin/builder/spi-builder-workspace/.derivedData/Build/Intermediates.noindex/swift-tools-support-core.build/Debug-watchos/TSCBasic-t.build/Objects-normal/arm64/supplementaryOutputs-31 -target arm64-apple-watchos9.0 -module-can-import-version Darwin 428.0.10 0 -module-can-import-version os 1090 0 -disable-cross-import-overlay-search -swift-module-cross-import Darwin /Applications/Xcode-27.0.0-Release.Candidate.app/Contents/Developer/Platforms/WatchOS.platform/Developer/SDKs/WatchOS.sdk/usr/include/Darwin.swiftcrossimport/xlocale.swiftoverlay -load-resolved-plugin /Applications/Xcode-27.0.0-Release.Candidate.app/Contents/Developer/Platforms/WatchOS.platform/Developer/usr/lib/swift/host/plugins/libFoundationMacros.dylib\#/Applications/Xcode-27.0.0-Release.Candidate.app/Contents/Developer/Platforms/WatchOS.platform/Developer/usr/bin/swift-plugin-server\#FoundationMacros -load-resolved-plugin /Applications/Xcode-27.0.0-Release.Candidate.app/Contents/Developer/Platforms/WatchOS.platform/Developer/usr/lib/swift/host/plugins/libObservationMacros.dylib\#/Applications/Xcode-27.0.0-Release.Candidate.app/Contents/Developer/Platforms/WatchOS.platform/Developer/usr/bin/swift-plugin-server\#ObservationMacros -load-resolved-plugin /Applications/Xcode-27.0.0-Release.Candidate.app/Contents/Developer/Platforms/WatchOS.platform/Developer/usr/lib/swift/host/plugins/libSwiftMacros.dylib\#/Applications/Xcode-27.0.0-Release.Candidate.app/Contents/Developer/Platforms/WatchOS.platform/Developer/usr/bin/swift-plugin-server\#SwiftMacros -disable-implicit-swift-modules -Xcc -fno-implicit-modules -Xcc -fno-implicit-module-maps -explicit-swift-module-map-file /Users/admin/builder/spi-builder-workspace/.derivedData/Build/Intermediates.noindex/swift-tools-support-core.build/Debug-watchos/TSCBasic-t.build/Objects-normal/arm64/TSCBasic-dependencies-2.json -Xllvm -aarch64-use-tbi -enable-objc-interop -stack-check -sdk /Applications/Xcode-27.0.0-Release.Candidate.app/Contents/Developer/Platforms/WatchOS.platform/Developer/SDKs/WatchOS27.0.sdk -I /Users/admin/builder/spi-builder-workspace/.derivedData/Build/Products/Debug-watchos -Isystem /Applications/Xcode-27.0.0-Release.Candidate.app/Contents/Developer/Platforms/WatchOS.platform/Developer/usr/lib -F /Users/admin/builder/spi-builder-workspace/.derivedData/Build/Products/Debug-watchos/PackageFrameworks -F /Users/admin/builder/spi-builder-workspace/.derivedData/Build/Products/Debug-watchos -F /Applications/Xcode-27.0.0-Release.Candidate.app/Contents/Developer/Platforms/WatchOS.platform/Developer/Library/Frameworks -F /Applications/Xcode-27.0.0-Release.Candidate.app/Contents/Developer/Platforms/WatchOS.platform/Developer/SDKs/WatchOS27.0.sdk/Developer/Library/Frameworks -module-cache-path /Users/admin/builder/spi-builder-workspace/.derivedData/Build/Intermediates.noindex/SwiftExplicitPrecompiledModules -no-color-diagnostics -Xcc -fno-color-diagnostics -enable-testing -g -debug-info-format\=dwarf -dwarf-version\=4 -suppress-warnings -swift-version 5 -Onone -D SWIFT_PACKAGE -D DEBUG -D SWIFT_MODULE_RESOURCE_BUNDLE_UNAVAILABLE -D Xcode -serialize-debugging-options -enable-experimental-feature DebugDescriptionMacro -empty-abi-descriptor -validate-clang-modules-once -clang-build-session-file /Users/admin/builder/spi-builder-workspace/.derivedData/ModuleCache.noindex/Session.modulevalidation -Xcc -working-directory -Xcc /Users/admin/builder/spi-builder-workspace/.swiftpm/xcode -enable-anonymous-context-mangled-names -file-compilation-dir /Users/admin/builder/spi-builder-workspace/.swiftpm/xcode -Xcc -fmodule-map-file\=/Users/admin/builder/spi-builder-workspace/.dependencies/checkouts/swift-tools-support-core/Sources/TSCclibc/include/module.modulemap -Xcc -D_LIBCPP_HARDENING_MODE\=_LIBCPP_HARDENING_MODE_DEBUG -Xcc -ivfsstatcache -Xcc /Users/admin/builder/spi-builder-workspace/.derivedData/SDKStatCaches.noindex/watchos27.0-24R360-e829b21a6f8c9b70876ba0858053c04477534ef55a1706bf4c1112bbb242f0a2.sdkstatcache -Xcc -fmodules-prune-interval\=86400 -Xcc -fmodules-prune-after\=345600 -Xcc -I/Users/admin/builder/spi-builder-workspace/.dependencies/checkouts/swift-tools-support-core/Sources/TSCclibc/include -Xcc -I/Users/admin/builder/spi-builder-workspace/.derivedData/Build/Products/Debug-watchos/include -Xcc -I/Users/admin/builder/spi-builder-workspace/.derivedData/Build/Intermediates.noindex/swift-tools-support-core.build/Debug-watchos/TSCBasic-t.build/DerivedSources-normal/arm64 -Xcc -I/Users/admin/builder/spi-builder-workspace/.derivedData/Build/Intermediates.noindex/swift-tools-support-core.build/Debug-watchos/TSCBasic-t.build/DerivedSources/arm64 -Xcc -I/Users/admin/builder/spi-builder-workspace/.derivedData/Build/Intermediates.noindex/swift-tools-support-core.build/Debug-watchos/TSCBasic-t.build/DerivedSources -Xcc -DSWIFT_PACKAGE -Xcc -DDEBUG\=1 -no-auto-bridging-header-chaining -module-name TSCBasic -const-gather-protocols-file /Users/admin/builder/spi-builder-workspace/.derivedData/Build/Intermediates.noindex/swift-tools-support-core.build/Debug-watchos/TSCBasic-t.build/Objects-normal/arm64/TSCBasic_const_extract_protocols.json -disable-clang-spi -clang-target arm64-apple-watchos27.0 -target-sdk-version 27.0 -target-sdk-name watchos27.0 -in-process-plugin-server-path /Applications/Xcode-27.0.0-Release.Candidate.app/Contents/Developer/Toolchains/XcodeDefault.xctoolchain/usr/lib/swift/host/libSwiftInProcPluginServer.dylib -parse-as-library -o /Users/admin/builder/spi-builder-workspace/.derivedData/Build/Intermediates.noindex/swift-tools-support-core.build/Debug-watchos/TSCBasic-t.build/Objects-normal/arm64/Await.o -o /Users/admin/builder/spi-builder-workspace/.derivedData/Build/Intermediates.noindex/swift-tools-support-core.build/Debug-watchos/TSCBasic-t.build/Objects-normal/arm64/ByteString.o -o /Users/admin/builder/spi-builder-workspace/.derivedData/Build/Intermediates.noindex/swift-tools-support-core.build/Debug-watchos/TSCBasic-t.build/Objects-normal/arm64/CStringArray.o -o /Users/admin/builder/spi-builder-workspace/.derivedData/Build/Intermediates.noindex/swift-tools-support-core.build/Debug-watchos/TSCBasic-t.build/Objects-normal/arm64/CacheableSequence.o -debug-module-path /Users/admin/builder/spi-builder-workspace/.derivedData/Build/Intermediates.noindex/swift-tools-support-core.build/Debug-watchos/TSCBasic-t.build/Objects-normal/arm64/TSCBasic.swiftmodule -index-unit-output-path /swift-tools-support-core.build/Debug-watchos/TSCBasic-t.build/Objects-normal/arm64/Await.o -index-unit-output-path /swift-tools-support-core.build/Debug-watchos/TSCBasic-t.build/Objects-normal/arm64/ByteString.o -index-unit-output-path /swift-tools-support-core.build/Debug-watchos/TSCBasic-t.build/Objects-normal/arm64/CStringArray.o -index-unit-output-path /swift-tools-support-core.build/Debug-watchos/TSCBasic-t.build/Objects-normal/arm64/CacheableSequence.o -index-store-path /Users/admin/builder/spi-builder-workspace/.derivedData/Index.noindex/DataStore -index-system-modules
SwiftCompile normal arm64 /Users/admin/builder/spi-builder-workspace/.dependencies/checkouts/swift-tools-support-core/Sources/TSCBasic/Await.swift (in target 'TSCBasic' from project 'swift-tools-support-core')
cd /Users/admin/builder/spi-builder-workspace/.swiftpm/xcode
builtin-SwiftPerFileCompile Await.swift
SwiftCompile normal arm64 /Users/admin/builder/spi-builder-workspace/.dependencies/checkouts/swift-tools-support-core/Sources/TSCBasic/ByteString.swift (in target 'TSCBasic' from project 'swift-tools-support-core')
cd /Users/admin/builder/spi-builder-workspace/.swiftpm/xcode
builtin-SwiftPerFileCompile ByteString.swift
SwiftCompile normal arm64 /Users/admin/builder/spi-builder-workspace/.dependencies/checkouts/swift-tools-support-core/Sources/TSCBasic/CStringArray.swift (in target 'TSCBasic' from project 'swift-tools-support-core')
cd /Users/admin/builder/spi-builder-workspace/.swiftpm/xcode
builtin-SwiftPerFileCompile CStringArray.swift
SwiftCompile normal arm64 /Users/admin/builder/spi-builder-workspace/.dependencies/checkouts/swift-tools-support-core/Sources/TSCBasic/CacheableSequence.swift (in target 'TSCBasic' from project 'swift-tools-support-core')
cd /Users/admin/builder/spi-builder-workspace/.swiftpm/xcode
builtin-SwiftPerFileCompile CacheableSequence.swift
SwiftCompile normal arm64 Compiling\ SynchronizedQueue.swift,\ TemporaryFile.swift,\ TerminalController.swift /Users/admin/builder/spi-builder-workspace/.dependencies/checkouts/swift-tools-support-core/Sources/TSCBasic/SynchronizedQueue.swift /Users/admin/builder/spi-builder-workspace/.dependencies/checkouts/swift-tools-support-core/Sources/TSCBasic/TemporaryFile.swift /Users/admin/builder/spi-builder-workspace/.dependencies/checkouts/swift-tools-support-core/Sources/TSCBasic/TerminalController.swift (in target 'TSCBasic' from project 'swift-tools-support-core')
SwiftCompile normal arm64 /Users/admin/builder/spi-builder-workspace/.dependencies/checkouts/swift-tools-support-core/Sources/TSCBasic/SynchronizedQueue.swift (in target 'TSCBasic' from project 'swift-tools-support-core')
cd /Users/admin/builder/spi-builder-workspace/.swiftpm/xcode
builtin-SwiftPerFileCompile SynchronizedQueue.swift
SwiftCompile normal arm64 /Users/admin/builder/spi-builder-workspace/.dependencies/checkouts/swift-tools-support-core/Sources/TSCBasic/TemporaryFile.swift (in target 'TSCBasic' from project 'swift-tools-support-core')
cd /Users/admin/builder/spi-builder-workspace/.swiftpm/xcode
builtin-SwiftPerFileCompile TemporaryFile.swift
SwiftCompile normal arm64 /Users/admin/builder/spi-builder-workspace/.dependencies/checkouts/swift-tools-support-core/Sources/TSCBasic/TerminalController.swift (in target 'TSCBasic' from project 'swift-tools-support-core')
cd /Users/admin/builder/spi-builder-workspace/.swiftpm/xcode
builtin-SwiftPerFileCompile TerminalController.swift
SwiftEmitModule normal arm64 Emitting\ module\ for\ TSCUtility (in target 'TSCUtility' from project 'swift-tools-support-core')
SwiftCompile normal arm64 (in target 'TSCUtility' from project 'swift-tools-support-core')
cd /Users/admin/builder/spi-builder-workspace/.swiftpm/xcode
SwiftDriverJobDiscovery normal arm64_32 Compiling OptionGroup.swift, CommandConfiguration.swift, EnumerableFlag.swift (in target 'ArgumentParser' from project 'swift-argument-parser')
SwiftEmitModule normal arm64_32 Emitting\ module\ for\ TSCUtility (in target 'TSCUtility' from project 'swift-tools-support-core')
SwiftCompile normal arm64_32 (in target 'TSCUtility' from project 'swift-tools-support-core')
cd /Users/admin/builder/spi-builder-workspace/.swiftpm/xcode
SwiftDriverJobDiscovery normal arm64_32 Compiling Argument.swift, ArgumentHelp.swift, Errors.swift (in target 'ArgumentParser' from project 'swift-argument-parser')
SwiftEmitModule normal arm64 Emitting\ module\ for\ SwiftSoup (in target 'SwiftSoup' from project 'SwiftSoup')
SwiftCompile normal arm64 (in target 'SwiftSoup' from project 'SwiftSoup')
cd /Users/admin/builder/spi-builder-workspace/.swiftpm/xcode
SwiftDriverJobDiscovery normal arm64_32 Compiling InputOrigin.swift, Name.swift, Parsed.swift (in target 'ArgumentParser' from project 'swift-argument-parser')
SwiftEmitModule normal arm64_32 Emitting\ module\ for\ SwiftSoup (in target 'SwiftSoup' from project 'SwiftSoup')
SwiftCompile normal arm64_32 (in target 'SwiftSoup' from project 'SwiftSoup')
cd /Users/admin/builder/spi-builder-workspace/.swiftpm/xcode
PruneExplicitPrecompiledModules /Users/admin/builder/spi-builder-workspace/.derivedData/Build/Intermediates.noindex/SwiftExplicitPrecompiledModules
PruneExplicitPrecompiledModules /Users/admin/builder/spi-builder-workspace/.derivedData/Build/Intermediates.noindex/ExplicitPrecompiledModules
PruneExplicitPrecompiledModules /Users/admin/builder/spi-builder-workspace/.derivedData/SDKExplicitPrecompiledModules
2026-09-17 08:13:07.195 xcodebuild[956:5673] [MT] IDERunDestination: Supported platforms for the buildables in the current scheme is empty.
** BUILD FAILED **
The following build commands failed:
SwiftCompile normal arm64 Compiling\ Await.swift,\ ByteString.swift,\ CStringArray.swift,\ CacheableSequence.swift /Users/admin/builder/spi-builder-workspace/.dependencies/checkouts/swift-tools-support-core/Sources/TSCBasic/Await.swift /Users/admin/builder/spi-builder-workspace/.dependencies/checkouts/swift-tools-support-core/Sources/TSCBasic/ByteString.swift /Users/admin/builder/spi-builder-workspace/.dependencies/checkouts/swift-tools-support-core/Sources/TSCBasic/CStringArray.swift /Users/admin/builder/spi-builder-workspace/.dependencies/checkouts/swift-tools-support-core/Sources/TSCBasic/CacheableSequence.swift (in target 'TSCBasic' from project 'swift-tools-support-core')
SwiftCompile normal arm64 /Users/admin/builder/spi-builder-workspace/.dependencies/checkouts/swift-tools-support-core/Sources/TSCBasic/Await.swift (in target 'TSCBasic' from project 'swift-tools-support-core')
Building workspace Selenops with scheme Selenops-Package
(3 failures)
BUILD FAILURE 6.4 watchOS