The Swift Package Index logo.Swift Package Index

Build Information

Failed to build Settings, reference main (f41475), with Swift 6.4 for watchOS using Xcode 27.0 on 23 Sep 2026 09:23:41 UTC.

Build Command

env DEVELOPER_DIR=/Applications/Xcode-27.0.0-Release.Candidate.app xcrun xcodebuild -IDEClonedSourcePackagesDirPathOverride=$PWD/.dependencies -skipMacroValidation -skipPackagePluginValidation -derivedDataPath $PWD/.derivedData build -scheme Settings -destination generic/platform=watchOS

Build Log

========================================
RunAll
========================================
Builder version: 5.1.0
Interrupt handler set up.
========================================
Checkout
========================================
Clone URL: https://github.com/sindresorhus/Settings.git
Reference: main
Initialized empty Git repository in /Users/admin/builder/spi-builder-workspace/.git/
From https://github.com/sindresorhus/Settings
 * branch            main       -> FETCH_HEAD
 * [new branch]      main       -> origin/main
HEAD is now at f414757 Meta tweaks
Cloned https://github.com/sindresorhus/Settings.git
Revision (git rev-parse @):
f41475771f65379ca10852c95119a7f53f0de5a5
SUCCESS checkout https://github.com/sindresorhus/Settings.git at main
========================================
Build
========================================
Selected platform:         watchOS
Swift version:             6.4
Building package at path:  $PWD
https://github.com/sindresorhus/Settings.git
Command line invocation:
    /Applications/Xcode-27.0.0-Release.Candidate.app/Contents/Developer/usr/bin/xcodebuild -IDEClonedSourcePackagesDirPathOverride=/Users/admin/builder/spi-builder-workspace/.dependencies -resolvePackageDependencies
Resolve Package Graph
Resolve Package Graph
Resolved source packages:
  Settings: /Users/admin/builder/spi-builder-workspace
resolved source packages: Settings
2026-09-23 05:22:52.949 xcodebuild[529:3031] [MT] IDERunDestination: Supported platforms for the buildables in the current scheme is empty.
2026-09-23 05:22:53.104 xcodebuild[529:3031] [MT] IDERunDestination: Supported platforms for the buildables in the current scheme is empty.
2026-09-23 05:22:54.744 xcodebuild[529:3031] [MT] IDERunDestination: Supported platforms for the buildables in the current scheme is empty.
{
  "default_localization" : "en",
  "dependencies" : [
  ],
  "manifest_display_name" : "Settings",
  "name" : "Settings",
  "path" : "/Users/admin/builder/spi-builder-workspace",
  "platforms" : [
    {
      "name" : "macos",
      "version" : "10.13"
    }
  ],
  "products" : [
    {
      "name" : "Settings",
      "targets" : [
        "Settings"
      ],
      "type" : {
        "library" : [
          "automatic"
        ]
      }
    }
  ],
  "targets" : [
    {
      "c99name" : "Settings",
      "module_type" : "SwiftTarget",
      "name" : "Settings",
      "path" : "Sources/Settings",
      "product_memberships" : [
        "Settings"
      ],
      "resources" : [
        {
          "path" : "/Users/admin/builder/spi-builder-workspace/Sources/Settings/Resources/Localizable.xcstrings",
          "rule" : {
            "process" : {
            }
          }
        }
      ],
      "sources" : [
        "Container.swift",
        "Pane.swift",
        "Section.swift",
        "SegmentedControlStyleViewController.swift",
        "Settings.swift",
        "SettingsPane.swift",
        "SettingsStyleController.swift",
        "SettingsTabViewController.swift",
        "SettingsWindowController.swift",
        "Style.swift",
        "ToolbarItemStyleViewController.swift",
        "Utilities.swift"
      ],
      "type" : "library"
    }
  ],
  "tools_version" : "5.8"
}
{
  "workspace" : {
    "name" : "Settings",
    "schemes" : [
      "Preferences",
      "Settings"
    ]
  }
}
2026-09-23 05:23:30.451 xcodebuild[626:3856] [MT] IDERunDestination: Supported platforms for the buildables in the current scheme is empty.
2026-09-23 05:23:30.738 xcodebuild[626:3856] [MT] IDERunDestination: Supported platforms for the buildables in the current scheme is empty.
{
  "workspace" : {
    "name" : "Settings",
    "schemes" : [
      "Preferences",
      "Settings"
    ]
  }
}
2026-09-23 05:23:31.594 xcodebuild[628:3912] [MT] IDERunDestination: Supported platforms for the buildables in the current scheme is empty.
2026-09-23 05:23:31.745 xcodebuild[628:3912] [MT] IDERunDestination: Supported platforms for the buildables in the current scheme is empty.
Running build ...
env DEVELOPER_DIR=/Applications/Xcode-27.0.0-Release.Candidate.app xcrun xcodebuild -IDEClonedSourcePackagesDirPathOverride=$PWD/.dependencies -skipMacroValidation -skipPackagePluginValidation -derivedDataPath $PWD/.derivedData build -scheme Settings -destination generic/platform=watchOS
Command line invocation:
    /Applications/Xcode-27.0.0-Release.Candidate.app/Contents/Developer/usr/bin/xcodebuild -IDEClonedSourcePackagesDirPathOverride=/Users/admin/builder/spi-builder-workspace/.dependencies -skipMacroValidation -skipPackagePluginValidation -derivedDataPath /Users/admin/builder/spi-builder-workspace/.derivedData build -scheme Settings -destination generic/platform=watchOS
Resolve Package Graph
Resolved source packages:
  Settings: /Users/admin/builder/spi-builder-workspace
ComputePackagePrebuildTargetDependencyGraph
Prepare packages
CreateBuildRequest
SendProjectDescription
CreateBuildOperation
ComputeTargetDependencyGraph
note: Building targets in dependency order
note: Target dependency graph (3 targets)
    Target 'Settings-product' in project 'Settings'
        ➜ Explicit dependency on target 'Settings' in project 'Settings'
        ➜ Explicit dependency on target 'Settings_Settings' in project 'Settings'
    Target 'Settings' in project 'Settings'
        ➜ Explicit dependency on target 'Settings_Settings' in project 'Settings'
    Target 'Settings_Settings' in project 'Settings' (no dependencies)
GatherProvisioningInputs
CreateBuildDescription
ExecuteExternalTool /Applications/Xcode-27.0.0-Release.Candidate.app/Contents/Developer/Toolchains/XcodeDefault.xctoolchain/usr/bin/clang -v -E -dM -isysroot /Applications/Xcode-27.0.0-Release.Candidate.app/Contents/Developer/Platforms/WatchOS.platform/Developer/SDKs/WatchOS27.0.sdk -x c -c /dev/null
ExecuteExternalTool /Applications/Xcode-27.0.0-Release.Candidate.app/Contents/Developer/usr/bin/xcstringstool compile --dry-run --output-directory /Users/admin/builder/spi-builder-workspace/.derivedData/Build/Intermediates.noindex/Settings.build/Debug-watchos/Settings_Settings-b.build /Users/admin/builder/spi-builder-workspace/Sources/Settings/Resources/Localizable.xcstrings
ExecuteExternalTool /Applications/Xcode-27.0.0-Release.Candidate.app/Contents/Developer/Toolchains/XcodeDefault.xctoolchain/usr/bin/swiftc --version
ExecuteExternalTool /Applications/Xcode-27.0.0-Release.Candidate.app/Contents/Developer/Toolchains/XcodeDefault.xctoolchain/usr/bin/ld -version_details
Build description signature: 324677fc25f9750baf95f69ff86166e8
Build description path: /Users/admin/builder/spi-builder-workspace/.derivedData/Build/Intermediates.noindex/XCBuildData/324677fc25f9750baf95f69ff86166e8.xcbuilddata
CreateBuildDirectory /Users/admin/builder/spi-builder-workspace/.derivedData/SDKExplicitPrecompiledModules
    cd /Users/admin/builder/spi-builder-workspace/.swiftpm/xcode
    builtin-create-build-directory /Users/admin/builder/spi-builder-workspace/.derivedData/SDKExplicitPrecompiledModules
CreateBuildDirectory /Users/admin/builder/spi-builder-workspace/.derivedData/CompilationCache.noindex
    cd /Users/admin/builder/spi-builder-workspace/.swiftpm/xcode
    builtin-create-build-directory /Users/admin/builder/spi-builder-workspace/.derivedData/CompilationCache.noindex
CreateBuildDirectory /Users/admin/builder/spi-builder-workspace/.derivedData/ModuleCache.noindex
    cd /Users/admin/builder/spi-builder-workspace/.swiftpm/xcode
    builtin-create-build-directory /Users/admin/builder/spi-builder-workspace/.derivedData/ModuleCache.noindex
CreateBuildDirectory /Users/admin/builder/spi-builder-workspace/.derivedData/Build/Products
    cd /Users/admin/builder/spi-builder-workspace/.swiftpm/xcode
    builtin-create-build-directory /Users/admin/builder/spi-builder-workspace/.derivedData/Build/Products
CreateBuildDirectory /Users/admin/builder/spi-builder-workspace/.derivedData/Build/Intermediates.noindex
    cd /Users/admin/builder/spi-builder-workspace/.swiftpm/xcode
    builtin-create-build-directory /Users/admin/builder/spi-builder-workspace/.derivedData/Build/Intermediates.noindex
ClangStatCache /Applications/Xcode-27.0.0-Release.Candidate.app/Contents/Developer/Toolchains/XcodeDefault.xctoolchain/usr/bin/clang-stat-cache /Applications/Xcode-27.0.0-Release.Candidate.app/Contents/Developer/Platforms/WatchOS.platform/Developer/SDKs/WatchOS27.0.sdk /Users/admin/builder/spi-builder-workspace/.derivedData/SDKStatCaches.noindex/watchos27.0-24R360-e829b21a6f8c9b70876ba0858053c04477534ef55a1706bf4c1112bbb242f0a2.sdkstatcache
    cd /Users/admin/builder/spi-builder-workspace/.swiftpm/xcode
    /Applications/Xcode-27.0.0-Release.Candidate.app/Contents/Developer/Toolchains/XcodeDefault.xctoolchain/usr/bin/clang-stat-cache /Applications/Xcode-27.0.0-Release.Candidate.app/Contents/Developer/Platforms/WatchOS.platform/Developer/SDKs/WatchOS27.0.sdk -o /Users/admin/builder/spi-builder-workspace/.derivedData/SDKStatCaches.noindex/watchos27.0-24R360-e829b21a6f8c9b70876ba0858053c04477534ef55a1706bf4c1112bbb242f0a2.sdkstatcache
CreateBuildDirectory /Users/admin/builder/spi-builder-workspace/.derivedData/Build/Intermediates.noindex/SwiftExplicitPrecompiledModules
    cd /Users/admin/builder/spi-builder-workspace/.swiftpm/xcode
    builtin-create-build-directory /Users/admin/builder/spi-builder-workspace/.derivedData/Build/Intermediates.noindex/SwiftExplicitPrecompiledModules
CreateBuildDirectory /Users/admin/builder/spi-builder-workspace/.derivedData/Build/Intermediates.noindex/PrecompiledHeaders
    cd /Users/admin/builder/spi-builder-workspace/.swiftpm/xcode
    builtin-create-build-directory /Users/admin/builder/spi-builder-workspace/.derivedData/Build/Intermediates.noindex/PrecompiledHeaders
CreateBuildDirectory /Users/admin/builder/spi-builder-workspace/.derivedData/Build/Intermediates.noindex/ExplicitPrecompiledModules
    cd /Users/admin/builder/spi-builder-workspace/.swiftpm/xcode
    builtin-create-build-directory /Users/admin/builder/spi-builder-workspace/.derivedData/Build/Intermediates.noindex/ExplicitPrecompiledModules
CreateBuildDirectory /Users/admin/builder/spi-builder-workspace/.derivedData/Build/Products/Debug-watchos
    cd /Users/admin/builder/spi-builder-workspace/.swiftpm/xcode
    builtin-create-build-directory /Users/admin/builder/spi-builder-workspace/.derivedData/Build/Products/Debug-watchos
CreateBuildDirectory /Users/admin/builder/spi-builder-workspace/.derivedData/Build/Intermediates.noindex/EagerLinkingTBDs/Debug-watchos
    cd /Users/admin/builder/spi-builder-workspace/.swiftpm/xcode
    builtin-create-build-directory /Users/admin/builder/spi-builder-workspace/.derivedData/Build/Intermediates.noindex/EagerLinkingTBDs/Debug-watchos
CreateBuildDirectory /Users/admin/builder/spi-builder-workspace/.derivedData/Build/Products/Debug-watchos/PackageFrameworks
    cd /Users/admin/builder/spi-builder-workspace/.swiftpm/xcode
    builtin-create-build-directory /Users/admin/builder/spi-builder-workspace/.derivedData/Build/Products/Debug-watchos/PackageFrameworks
MkDir /Users/admin/builder/spi-builder-workspace/.derivedData/Build/Products/Debug-watchos/Settings_Settings.bundle (in target 'Settings_Settings' from project 'Settings')
    cd /Users/admin/builder/spi-builder-workspace
    /bin/mkdir -p /Users/admin/builder/spi-builder-workspace/.derivedData/Build/Products/Debug-watchos/Settings_Settings.bundle
WriteAuxiliaryFile /Users/admin/builder/spi-builder-workspace/.derivedData/Build/Intermediates.noindex/Settings.build/Debug-watchos/Settings_Settings-b.build/empty-Settings_Settings.plist (in target 'Settings_Settings' from project 'Settings')
    cd /Users/admin/builder/spi-builder-workspace
    write-file /Users/admin/builder/spi-builder-workspace/.derivedData/Build/Intermediates.noindex/Settings.build/Debug-watchos/Settings_Settings-b.build/empty-Settings_Settings.plist
WriteAuxiliaryFile /Users/admin/builder/spi-builder-workspace/.derivedData/Build/Intermediates.noindex/Settings.build/Debug-watchos/Settings_Settings-b.build/Settings_Settings.DependencyStaticMetadataFileList (in target 'Settings_Settings' from project 'Settings')
    cd /Users/admin/builder/spi-builder-workspace
    write-file /Users/admin/builder/spi-builder-workspace/.derivedData/Build/Intermediates.noindex/Settings.build/Debug-watchos/Settings_Settings-b.build/Settings_Settings.DependencyStaticMetadataFileList
WriteAuxiliaryFile /Users/admin/builder/spi-builder-workspace/.derivedData/Build/Intermediates.noindex/Settings.build/Debug-watchos/Settings_Settings-b.build/Settings_Settings.DependencyMetadataFileList (in target 'Settings_Settings' from project 'Settings')
    cd /Users/admin/builder/spi-builder-workspace
    write-file /Users/admin/builder/spi-builder-workspace/.derivedData/Build/Intermediates.noindex/Settings.build/Debug-watchos/Settings_Settings-b.build/Settings_Settings.DependencyMetadataFileList
WriteAuxiliaryFile /Users/admin/builder/spi-builder-workspace/.derivedData/Build/Intermediates.noindex/Settings.build/Debug-watchos/Settings-t.build/Settings.modulemap (in target 'Settings' from project 'Settings')
    cd /Users/admin/builder/spi-builder-workspace
    write-file /Users/admin/builder/spi-builder-workspace/.derivedData/Build/Intermediates.noindex/Settings.build/Debug-watchos/Settings-t.build/Settings.modulemap
WriteAuxiliaryFile /Users/admin/builder/spi-builder-workspace/.derivedData/Build/Intermediates.noindex/Settings.build/Debug-watchos/Settings-t.build/Objects-normal/arm64_32/Settings_const_extract_protocols.json (in target 'Settings' from project 'Settings')
    cd /Users/admin/builder/spi-builder-workspace
    write-file /Users/admin/builder/spi-builder-workspace/.derivedData/Build/Intermediates.noindex/Settings.build/Debug-watchos/Settings-t.build/Objects-normal/arm64_32/Settings_const_extract_protocols.json
WriteAuxiliaryFile /Users/admin/builder/spi-builder-workspace/.derivedData/Build/Intermediates.noindex/Settings.build/Debug-watchos/Settings-t.build/Settings.DependencyStaticMetadataFileList (in target 'Settings' from project 'Settings')
    cd /Users/admin/builder/spi-builder-workspace
    write-file /Users/admin/builder/spi-builder-workspace/.derivedData/Build/Intermediates.noindex/Settings.build/Debug-watchos/Settings-t.build/Settings.DependencyStaticMetadataFileList
WriteAuxiliaryFile /Users/admin/builder/spi-builder-workspace/.derivedData/Build/Intermediates.noindex/Settings.build/Debug-watchos/Settings-t.build/Settings.DependencyMetadataFileList (in target 'Settings' from project 'Settings')
    cd /Users/admin/builder/spi-builder-workspace
    write-file /Users/admin/builder/spi-builder-workspace/.derivedData/Build/Intermediates.noindex/Settings.build/Debug-watchos/Settings-t.build/Settings.DependencyMetadataFileList
WriteAuxiliaryFile /Users/admin/builder/spi-builder-workspace/.derivedData/Build/Intermediates.noindex/Settings.build/Debug-watchos/Settings-t.build/Objects-normal/arm64_32/Settings.SwiftFileList (in target 'Settings' from project 'Settings')
    cd /Users/admin/builder/spi-builder-workspace
    write-file /Users/admin/builder/spi-builder-workspace/.derivedData/Build/Intermediates.noindex/Settings.build/Debug-watchos/Settings-t.build/Objects-normal/arm64_32/Settings.SwiftFileList
WriteAuxiliaryFile /Users/admin/builder/spi-builder-workspace/.derivedData/Build/Intermediates.noindex/Settings.build/Debug-watchos/Settings-t.build/Objects-normal/arm64_32/Settings.SwiftConstValuesFileList (in target 'Settings' from project 'Settings')
    cd /Users/admin/builder/spi-builder-workspace
    write-file /Users/admin/builder/spi-builder-workspace/.derivedData/Build/Intermediates.noindex/Settings.build/Debug-watchos/Settings-t.build/Objects-normal/arm64_32/Settings.SwiftConstValuesFileList
WriteAuxiliaryFile /Users/admin/builder/spi-builder-workspace/.derivedData/Build/Intermediates.noindex/Settings.build/Debug-watchos/Settings-t.build/Objects-normal/arm64_32/Settings.LinkFileList (in target 'Settings' from project 'Settings')
    cd /Users/admin/builder/spi-builder-workspace
    write-file /Users/admin/builder/spi-builder-workspace/.derivedData/Build/Intermediates.noindex/Settings.build/Debug-watchos/Settings-t.build/Objects-normal/arm64_32/Settings.LinkFileList
WriteAuxiliaryFile /Users/admin/builder/spi-builder-workspace/.derivedData/Build/Intermediates.noindex/Settings.build/Debug-watchos/Settings-t.build/Objects-normal/arm64_32/Settings-OutputFileMap.json (in target 'Settings' from project 'Settings')
    cd /Users/admin/builder/spi-builder-workspace
    write-file /Users/admin/builder/spi-builder-workspace/.derivedData/Build/Intermediates.noindex/Settings.build/Debug-watchos/Settings-t.build/Objects-normal/arm64_32/Settings-OutputFileMap.json
WriteAuxiliaryFile /Users/admin/builder/spi-builder-workspace/.derivedData/Build/Intermediates.noindex/Settings.build/Debug-watchos/Settings-t.build/Objects-normal/arm64/Settings_const_extract_protocols.json (in target 'Settings' from project 'Settings')
    cd /Users/admin/builder/spi-builder-workspace
    write-file /Users/admin/builder/spi-builder-workspace/.derivedData/Build/Intermediates.noindex/Settings.build/Debug-watchos/Settings-t.build/Objects-normal/arm64/Settings_const_extract_protocols.json
WriteAuxiliaryFile /Users/admin/builder/spi-builder-workspace/.derivedData/Build/Intermediates.noindex/Settings.build/Debug-watchos/Settings-t.build/Objects-normal/arm64/Settings.SwiftFileList (in target 'Settings' from project 'Settings')
    cd /Users/admin/builder/spi-builder-workspace
    write-file /Users/admin/builder/spi-builder-workspace/.derivedData/Build/Intermediates.noindex/Settings.build/Debug-watchos/Settings-t.build/Objects-normal/arm64/Settings.SwiftFileList
WriteAuxiliaryFile /Users/admin/builder/spi-builder-workspace/.derivedData/Build/Intermediates.noindex/Settings.build/Debug-watchos/Settings-t.build/Objects-normal/arm64/Settings.SwiftConstValuesFileList (in target 'Settings' from project 'Settings')
    cd /Users/admin/builder/spi-builder-workspace
    write-file /Users/admin/builder/spi-builder-workspace/.derivedData/Build/Intermediates.noindex/Settings.build/Debug-watchos/Settings-t.build/Objects-normal/arm64/Settings.SwiftConstValuesFileList
WriteAuxiliaryFile /Users/admin/builder/spi-builder-workspace/.derivedData/Build/Intermediates.noindex/Settings.build/Debug-watchos/Settings-t.build/Objects-normal/arm64/Settings.LinkFileList (in target 'Settings' from project 'Settings')
    cd /Users/admin/builder/spi-builder-workspace
    write-file /Users/admin/builder/spi-builder-workspace/.derivedData/Build/Intermediates.noindex/Settings.build/Debug-watchos/Settings-t.build/Objects-normal/arm64/Settings.LinkFileList
WriteAuxiliaryFile /Users/admin/builder/spi-builder-workspace/.derivedData/Build/Intermediates.noindex/Settings.build/Debug-watchos/Settings-t.build/Objects-normal/arm64/Settings-OutputFileMap.json (in target 'Settings' from project 'Settings')
    cd /Users/admin/builder/spi-builder-workspace
    write-file /Users/admin/builder/spi-builder-workspace/.derivedData/Build/Intermediates.noindex/Settings.build/Debug-watchos/Settings-t.build/Objects-normal/arm64/Settings-OutputFileMap.json
WriteAuxiliaryFile /Users/admin/builder/spi-builder-workspace/.derivedData/Build/Intermediates.noindex/Settings.build/Debug-watchos/Settings-t.build/DerivedSources/resource_bundle_accessor.swift (in target 'Settings' from project 'Settings')
    cd /Users/admin/builder/spi-builder-workspace
    write-file /Users/admin/builder/spi-builder-workspace/.derivedData/Build/Intermediates.noindex/Settings.build/Debug-watchos/Settings-t.build/DerivedSources/resource_bundle_accessor.swift
Copy /Users/admin/builder/spi-builder-workspace/.derivedData/Build/Intermediates.noindex/GeneratedModuleMaps-watchos/Settings.modulemap /Users/admin/builder/spi-builder-workspace/.derivedData/Build/Intermediates.noindex/Settings.build/Debug-watchos/Settings-t.build/Settings.modulemap (in target 'Settings' from project 'Settings')
    cd /Users/admin/builder/spi-builder-workspace
    builtin-copy -exclude .DS_Store -exclude CVS -exclude .svn -exclude .git -exclude .hg -resolve-src-symlinks /Users/admin/builder/spi-builder-workspace/.derivedData/Build/Intermediates.noindex/Settings.build/Debug-watchos/Settings-t.build/Settings.modulemap /Users/admin/builder/spi-builder-workspace/.derivedData/Build/Intermediates.noindex/GeneratedModuleMaps-watchos
ProcessInfoPlistFile /Users/admin/builder/spi-builder-workspace/.derivedData/Build/Products/Debug-watchos/Settings_Settings.bundle/Info.plist /Users/admin/builder/spi-builder-workspace/.derivedData/Build/Intermediates.noindex/Settings.build/Debug-watchos/Settings_Settings-b.build/empty-Settings_Settings.plist (in target 'Settings_Settings' from project 'Settings')
    cd /Users/admin/builder/spi-builder-workspace
    builtin-infoPlistUtility /Users/admin/builder/spi-builder-workspace/.derivedData/Build/Intermediates.noindex/Settings.build/Debug-watchos/Settings_Settings-b.build/empty-Settings_Settings.plist -producttype com.apple.product-type.bundle -expandbuildsettings -format binary -platform watchos -o /Users/admin/builder/spi-builder-workspace/.derivedData/Build/Products/Debug-watchos/Settings_Settings.bundle/Info.plist
GenerateStringSymbols /Users/admin/builder/spi-builder-workspace/.derivedData/Build/Intermediates.noindex/Settings.build/Debug-watchos/Settings-t.build/DerivedSources/GeneratedStringSymbols_Localizable.swift /Users/admin/builder/spi-builder-workspace/Sources/Settings/Resources/Localizable.xcstrings (in target 'Settings' from project 'Settings')
    cd /Users/admin/builder/spi-builder-workspace
    /Applications/Xcode-27.0.0-Release.Candidate.app/Contents/Developer/usr/bin/xcstringstool generate-symbols --language swift --output-directory /Users/admin/builder/spi-builder-workspace/.derivedData/Build/Intermediates.noindex/Settings.build/Debug-watchos/Settings-t.build/DerivedSources /Users/admin/builder/spi-builder-workspace/Sources/Settings/Resources/Localizable.xcstrings
CompileXCStrings /Users/admin/builder/spi-builder-workspace/.derivedData/Build/Intermediates.noindex/Settings.build/Debug-watchos/Settings_Settings-b.build/ /Users/admin/builder/spi-builder-workspace/Sources/Settings/Resources/Localizable.xcstrings (in target 'Settings_Settings' from project 'Settings')
    cd /Users/admin/builder/spi-builder-workspace
    /Applications/Xcode-27.0.0-Release.Candidate.app/Contents/Developer/usr/bin/xcstringstool compile --output-directory /Users/admin/builder/spi-builder-workspace/.derivedData/Build/Intermediates.noindex/Settings.build/Debug-watchos/Settings_Settings-b.build /Users/admin/builder/spi-builder-workspace/Sources/Settings/Resources/Localizable.xcstrings
CopyStringsFile /Users/admin/builder/spi-builder-workspace/.derivedData/Build/Products/Debug-watchos/Settings_Settings.bundle/zh-Hant.lproj/Localizable.strings /Users/admin/builder/spi-builder-workspace/.derivedData/Build/Intermediates.noindex/Settings.build/Debug-watchos/Settings_Settings-b.build/zh-Hant.lproj/Localizable.strings (in target 'Settings_Settings' from project 'Settings')
    cd /Users/admin/builder/spi-builder-workspace
    builtin-copyStrings --validate --outputencoding binary --outfilename Localizable.strings --outdir /Users/admin/builder/spi-builder-workspace/.derivedData/Build/Products/Debug-watchos/Settings_Settings.bundle/zh-Hant.lproj -- /Users/admin/builder/spi-builder-workspace/.derivedData/Build/Intermediates.noindex/Settings.build/Debug-watchos/Settings_Settings-b.build/zh-Hant.lproj/Localizable.strings
/Users/admin/builder/spi-builder-workspace/.derivedData/Build/Intermediates.noindex/Settings.build/Debug-watchos/Settings_Settings-b.build/zh-Hant.lproj/Localizable.strings:1:1: note: detected encoding of input file as Unicode (UTF-8) (in target 'Settings_Settings' from project 'Settings')
CopyStringsFile /Users/admin/builder/spi-builder-workspace/.derivedData/Build/Products/Debug-watchos/Settings_Settings.bundle/zh-Hans.lproj/Localizable.strings /Users/admin/builder/spi-builder-workspace/.derivedData/Build/Intermediates.noindex/Settings.build/Debug-watchos/Settings_Settings-b.build/zh-Hans.lproj/Localizable.strings (in target 'Settings_Settings' from project 'Settings')
    cd /Users/admin/builder/spi-builder-workspace
    builtin-copyStrings --validate --outputencoding binary --outfilename Localizable.strings --outdir /Users/admin/builder/spi-builder-workspace/.derivedData/Build/Products/Debug-watchos/Settings_Settings.bundle/zh-Hans.lproj -- /Users/admin/builder/spi-builder-workspace/.derivedData/Build/Intermediates.noindex/Settings.build/Debug-watchos/Settings_Settings-b.build/zh-Hans.lproj/Localizable.strings
/Users/admin/builder/spi-builder-workspace/.derivedData/Build/Intermediates.noindex/Settings.build/Debug-watchos/Settings_Settings-b.build/zh-Hans.lproj/Localizable.strings:1:1: note: detected encoding of input file as Unicode (UTF-8) (in target 'Settings_Settings' from project 'Settings')
CopyStringsFile /Users/admin/builder/spi-builder-workspace/.derivedData/Build/Products/Debug-watchos/Settings_Settings.bundle/uk.lproj/Localizable.strings /Users/admin/builder/spi-builder-workspace/.derivedData/Build/Intermediates.noindex/Settings.build/Debug-watchos/Settings_Settings-b.build/uk.lproj/Localizable.strings (in target 'Settings_Settings' from project 'Settings')
    cd /Users/admin/builder/spi-builder-workspace
    builtin-copyStrings --validate --outputencoding binary --outfilename Localizable.strings --outdir /Users/admin/builder/spi-builder-workspace/.derivedData/Build/Products/Debug-watchos/Settings_Settings.bundle/uk.lproj -- /Users/admin/builder/spi-builder-workspace/.derivedData/Build/Intermediates.noindex/Settings.build/Debug-watchos/Settings_Settings-b.build/uk.lproj/Localizable.strings
/Users/admin/builder/spi-builder-workspace/.derivedData/Build/Intermediates.noindex/Settings.build/Debug-watchos/Settings_Settings-b.build/uk.lproj/Localizable.strings:1:1: note: detected encoding of input file as Unicode (UTF-8) (in target 'Settings_Settings' from project 'Settings')
CopyStringsFile /Users/admin/builder/spi-builder-workspace/.derivedData/Build/Products/Debug-watchos/Settings_Settings.bundle/zh-HK.lproj/Localizable.strings /Users/admin/builder/spi-builder-workspace/.derivedData/Build/Intermediates.noindex/Settings.build/Debug-watchos/Settings_Settings-b.build/zh-HK.lproj/Localizable.strings (in target 'Settings_Settings' from project 'Settings')
    cd /Users/admin/builder/spi-builder-workspace
    builtin-copyStrings --validate --outputencoding binary --outfilename Localizable.strings --outdir /Users/admin/builder/spi-builder-workspace/.derivedData/Build/Products/Debug-watchos/Settings_Settings.bundle/zh-HK.lproj -- /Users/admin/builder/spi-builder-workspace/.derivedData/Build/Intermediates.noindex/Settings.build/Debug-watchos/Settings_Settings-b.build/zh-HK.lproj/Localizable.strings
/Users/admin/builder/spi-builder-workspace/.derivedData/Build/Intermediates.noindex/Settings.build/Debug-watchos/Settings_Settings-b.build/zh-HK.lproj/Localizable.strings:1:1: note: detected encoding of input file as Unicode (UTF-8) (in target 'Settings_Settings' from project 'Settings')
CopyStringsFile /Users/admin/builder/spi-builder-workspace/.derivedData/Build/Products/Debug-watchos/Settings_Settings.bundle/vi.lproj/Localizable.strings /Users/admin/builder/spi-builder-workspace/.derivedData/Build/Intermediates.noindex/Settings.build/Debug-watchos/Settings_Settings-b.build/vi.lproj/Localizable.strings (in target 'Settings_Settings' from project 'Settings')
    cd /Users/admin/builder/spi-builder-workspace
    builtin-copyStrings --validate --outputencoding binary --outfilename Localizable.strings --outdir /Users/admin/builder/spi-builder-workspace/.derivedData/Build/Products/Debug-watchos/Settings_Settings.bundle/vi.lproj -- /Users/admin/builder/spi-builder-workspace/.derivedData/Build/Intermediates.noindex/Settings.build/Debug-watchos/Settings_Settings-b.build/vi.lproj/Localizable.strings
/Users/admin/builder/spi-builder-workspace/.derivedData/Build/Intermediates.noindex/Settings.build/Debug-watchos/Settings_Settings-b.build/vi.lproj/Localizable.strings:1:1: note: detected encoding of input file as Unicode (UTF-8) (in target 'Settings_Settings' from project 'Settings')
CopyStringsFile /Users/admin/builder/spi-builder-workspace/.derivedData/Build/Products/Debug-watchos/Settings_Settings.bundle/tr.lproj/Localizable.strings /Users/admin/builder/spi-builder-workspace/.derivedData/Build/Intermediates.noindex/Settings.build/Debug-watchos/Settings_Settings-b.build/tr.lproj/Localizable.strings (in target 'Settings_Settings' from project 'Settings')
    cd /Users/admin/builder/spi-builder-workspace
    builtin-copyStrings --validate --outputencoding binary --outfilename Localizable.strings --outdir /Users/admin/builder/spi-builder-workspace/.derivedData/Build/Products/Debug-watchos/Settings_Settings.bundle/tr.lproj -- /Users/admin/builder/spi-builder-workspace/.derivedData/Build/Intermediates.noindex/Settings.build/Debug-watchos/Settings_Settings-b.build/tr.lproj/Localizable.strings
/Users/admin/builder/spi-builder-workspace/.derivedData/Build/Intermediates.noindex/Settings.build/Debug-watchos/Settings_Settings-b.build/tr.lproj/Localizable.strings:1:1: note: detected encoding of input file as Unicode (UTF-8) (in target 'Settings_Settings' from project 'Settings')
CopyStringsFile /Users/admin/builder/spi-builder-workspace/.derivedData/Build/Products/Debug-watchos/Settings_Settings.bundle/sv.lproj/Localizable.strings /Users/admin/builder/spi-builder-workspace/.derivedData/Build/Intermediates.noindex/Settings.build/Debug-watchos/Settings_Settings-b.build/sv.lproj/Localizable.strings (in target 'Settings_Settings' from project 'Settings')
    cd /Users/admin/builder/spi-builder-workspace
    builtin-copyStrings --validate --outputencoding binary --outfilename Localizable.strings --outdir /Users/admin/builder/spi-builder-workspace/.derivedData/Build/Products/Debug-watchos/Settings_Settings.bundle/sv.lproj -- /Users/admin/builder/spi-builder-workspace/.derivedData/Build/Intermediates.noindex/Settings.build/Debug-watchos/Settings_Settings-b.build/sv.lproj/Localizable.strings
/Users/admin/builder/spi-builder-workspace/.derivedData/Build/Intermediates.noindex/Settings.build/Debug-watchos/Settings_Settings-b.build/sv.lproj/Localizable.strings:1:1: note: detected encoding of input file as Unicode (UTF-8) (in target 'Settings_Settings' from project 'Settings')
CopyStringsFile /Users/admin/builder/spi-builder-workspace/.derivedData/Build/Products/Debug-watchos/Settings_Settings.bundle/sk.lproj/Localizable.strings /Users/admin/builder/spi-builder-workspace/.derivedData/Build/Intermediates.noindex/Settings.build/Debug-watchos/Settings_Settings-b.build/sk.lproj/Localizable.strings (in target 'Settings_Settings' from project 'Settings')
    cd /Users/admin/builder/spi-builder-workspace
    builtin-copyStrings --validate --outputencoding binary --outfilename Localizable.strings --outdir /Users/admin/builder/spi-builder-workspace/.derivedData/Build/Products/Debug-watchos/Settings_Settings.bundle/sk.lproj -- /Users/admin/builder/spi-builder-workspace/.derivedData/Build/Intermediates.noindex/Settings.build/Debug-watchos/Settings_Settings-b.build/sk.lproj/Localizable.strings
/Users/admin/builder/spi-builder-workspace/.derivedData/Build/Intermediates.noindex/Settings.build/Debug-watchos/Settings_Settings-b.build/sk.lproj/Localizable.strings:1:1: note: detected encoding of input file as Unicode (UTF-8) (in target 'Settings_Settings' from project 'Settings')
CopyStringsFile /Users/admin/builder/spi-builder-workspace/.derivedData/Build/Products/Debug-watchos/Settings_Settings.bundle/th.lproj/Localizable.strings /Users/admin/builder/spi-builder-workspace/.derivedData/Build/Intermediates.noindex/Settings.build/Debug-watchos/Settings_Settings-b.build/th.lproj/Localizable.strings (in target 'Settings_Settings' from project 'Settings')
    cd /Users/admin/builder/spi-builder-workspace
    builtin-copyStrings --validate --outputencoding binary --outfilename Localizable.strings --outdir /Users/admin/builder/spi-builder-workspace/.derivedData/Build/Products/Debug-watchos/Settings_Settings.bundle/th.lproj -- /Users/admin/builder/spi-builder-workspace/.derivedData/Build/Intermediates.noindex/Settings.build/Debug-watchos/Settings_Settings-b.build/th.lproj/Localizable.strings
/Users/admin/builder/spi-builder-workspace/.derivedData/Build/Intermediates.noindex/Settings.build/Debug-watchos/Settings_Settings-b.build/th.lproj/Localizable.strings:1:1: note: detected encoding of input file as Unicode (UTF-8) (in target 'Settings_Settings' from project 'Settings')
CopyStringsFile /Users/admin/builder/spi-builder-workspace/.derivedData/Build/Products/Debug-watchos/Settings_Settings.bundle/ru.lproj/Localizable.strings /Users/admin/builder/spi-builder-workspace/.derivedData/Build/Intermediates.noindex/Settings.build/Debug-watchos/Settings_Settings-b.build/ru.lproj/Localizable.strings (in target 'Settings_Settings' from project 'Settings')
    cd /Users/admin/builder/spi-builder-workspace
    builtin-copyStrings --validate --outputencoding binary --outfilename Localizable.strings --outdir /Users/admin/builder/spi-builder-workspace/.derivedData/Build/Products/Debug-watchos/Settings_Settings.bundle/ru.lproj -- /Users/admin/builder/spi-builder-workspace/.derivedData/Build/Intermediates.noindex/Settings.build/Debug-watchos/Settings_Settings-b.build/ru.lproj/Localizable.strings
/Users/admin/builder/spi-builder-workspace/.derivedData/Build/Intermediates.noindex/Settings.build/Debug-watchos/Settings_Settings-b.build/ru.lproj/Localizable.strings:1:1: note: detected encoding of input file as Unicode (UTF-8) (in target 'Settings_Settings' from project 'Settings')
CopyStringsFile /Users/admin/builder/spi-builder-workspace/.derivedData/Build/Products/Debug-watchos/Settings_Settings.bundle/ro.lproj/Localizable.strings /Users/admin/builder/spi-builder-workspace/.derivedData/Build/Intermediates.noindex/Settings.build/Debug-watchos/Settings_Settings-b.build/ro.lproj/Localizable.strings (in target 'Settings_Settings' from project 'Settings')
    cd /Users/admin/builder/spi-builder-workspace
    builtin-copyStrings --validate --outputencoding binary --outfilename Localizable.strings --outdir /Users/admin/builder/spi-builder-workspace/.derivedData/Build/Products/Debug-watchos/Settings_Settings.bundle/ro.lproj -- /Users/admin/builder/spi-builder-workspace/.derivedData/Build/Intermediates.noindex/Settings.build/Debug-watchos/Settings_Settings-b.build/ro.lproj/Localizable.strings
/Users/admin/builder/spi-builder-workspace/.derivedData/Build/Intermediates.noindex/Settings.build/Debug-watchos/Settings_Settings-b.build/ro.lproj/Localizable.strings:1:1: note: detected encoding of input file as Unicode (UTF-8) (in target 'Settings_Settings' from project 'Settings')
CopyStringsFile /Users/admin/builder/spi-builder-workspace/.derivedData/Build/Products/Debug-watchos/Settings_Settings.bundle/pt.lproj/Localizable.strings /Users/admin/builder/spi-builder-workspace/.derivedData/Build/Intermediates.noindex/Settings.build/Debug-watchos/Settings_Settings-b.build/pt.lproj/Localizable.strings (in target 'Settings_Settings' from project 'Settings')
    cd /Users/admin/builder/spi-builder-workspace
    builtin-copyStrings --validate --outputencoding binary --outfilename Localizable.strings --outdir /Users/admin/builder/spi-builder-workspace/.derivedData/Build/Products/Debug-watchos/Settings_Settings.bundle/pt.lproj -- /Users/admin/builder/spi-builder-workspace/.derivedData/Build/Intermediates.noindex/Settings.build/Debug-watchos/Settings_Settings-b.build/pt.lproj/Localizable.strings
/Users/admin/builder/spi-builder-workspace/.derivedData/Build/Intermediates.noindex/Settings.build/Debug-watchos/Settings_Settings-b.build/pt.lproj/Localizable.strings:1:1: note: detected encoding of input file as Unicode (UTF-8) (in target 'Settings_Settings' from project 'Settings')
CopyStringsFile /Users/admin/builder/spi-builder-workspace/.derivedData/Build/Products/Debug-watchos/Settings_Settings.bundle/pt-PT.lproj/Localizable.strings /Users/admin/builder/spi-builder-workspace/.derivedData/Build/Intermediates.noindex/Settings.build/Debug-watchos/Settings_Settings-b.build/pt-PT.lproj/Localizable.strings (in target 'Settings_Settings' from project 'Settings')
    cd /Users/admin/builder/spi-builder-workspace
    builtin-copyStrings --validate --outputencoding binary --outfilename Localizable.strings --outdir /Users/admin/builder/spi-builder-workspace/.derivedData/Build/Products/Debug-watchos/Settings_Settings.bundle/pt-PT.lproj -- /Users/admin/builder/spi-builder-workspace/.derivedData/Build/Intermediates.noindex/Settings.build/Debug-watchos/Settings_Settings-b.build/pt-PT.lproj/Localizable.strings
/Users/admin/builder/spi-builder-workspace/.derivedData/Build/Intermediates.noindex/Settings.build/Debug-watchos/Settings_Settings-b.build/pt-PT.lproj/Localizable.strings:1:1: note: detected encoding of input file as Unicode (UTF-8) (in target 'Settings_Settings' from project 'Settings')
CopyStringsFile /Users/admin/builder/spi-builder-workspace/.derivedData/Build/Products/Debug-watchos/Settings_Settings.bundle/pl.lproj/Localizable.strings /Users/admin/builder/spi-builder-workspace/.derivedData/Build/Intermediates.noindex/Settings.build/Debug-watchos/Settings_Settings-b.build/pl.lproj/Localizable.strings (in target 'Settings_Settings' from project 'Settings')
    cd /Users/admin/builder/spi-builder-workspace
    builtin-copyStrings --validate --outputencoding binary --outfilename Localizable.strings --outdir /Users/admin/builder/spi-builder-workspace/.derivedData/Build/Products/Debug-watchos/Settings_Settings.bundle/pl.lproj -- /Users/admin/builder/spi-builder-workspace/.derivedData/Build/Intermediates.noindex/Settings.build/Debug-watchos/Settings_Settings-b.build/pl.lproj/Localizable.strings
/Users/admin/builder/spi-builder-workspace/.derivedData/Build/Intermediates.noindex/Settings.build/Debug-watchos/Settings_Settings-b.build/pl.lproj/Localizable.strings:1:1: note: detected encoding of input file as Unicode (UTF-8) (in target 'Settings_Settings' from project 'Settings')
CopyStringsFile /Users/admin/builder/spi-builder-workspace/.derivedData/Build/Products/Debug-watchos/Settings_Settings.bundle/nl.lproj/Localizable.strings /Users/admin/builder/spi-builder-workspace/.derivedData/Build/Intermediates.noindex/Settings.build/Debug-watchos/Settings_Settings-b.build/nl.lproj/Localizable.strings (in target 'Settings_Settings' from project 'Settings')
    cd /Users/admin/builder/spi-builder-workspace
    builtin-copyStrings --validate --outputencoding binary --outfilename Localizable.strings --outdir /Users/admin/builder/spi-builder-workspace/.derivedData/Build/Products/Debug-watchos/Settings_Settings.bundle/nl.lproj -- /Users/admin/builder/spi-builder-workspace/.derivedData/Build/Intermediates.noindex/Settings.build/Debug-watchos/Settings_Settings-b.build/nl.lproj/Localizable.strings
/Users/admin/builder/spi-builder-workspace/.derivedData/Build/Intermediates.noindex/Settings.build/Debug-watchos/Settings_Settings-b.build/nl.lproj/Localizable.strings:1:1: note: detected encoding of input file as Unicode (UTF-8) (in target 'Settings_Settings' from project 'Settings')
CopyStringsFile /Users/admin/builder/spi-builder-workspace/.derivedData/Build/Products/Debug-watchos/Settings_Settings.bundle/nb.lproj/Localizable.strings /Users/admin/builder/spi-builder-workspace/.derivedData/Build/Intermediates.noindex/Settings.build/Debug-watchos/Settings_Settings-b.build/nb.lproj/Localizable.strings (in target 'Settings_Settings' from project 'Settings')
    cd /Users/admin/builder/spi-builder-workspace
    builtin-copyStrings --validate --outputencoding binary --outfilename Localizable.strings --outdir /Users/admin/builder/spi-builder-workspace/.derivedData/Build/Products/Debug-watchos/Settings_Settings.bundle/nb.lproj -- /Users/admin/builder/spi-builder-workspace/.derivedData/Build/Intermediates.noindex/Settings.build/Debug-watchos/Settings_Settings-b.build/nb.lproj/Localizable.strings
/Users/admin/builder/spi-builder-workspace/.derivedData/Build/Intermediates.noindex/Settings.build/Debug-watchos/Settings_Settings-b.build/nb.lproj/Localizable.strings:1:1: note: detected encoding of input file as Unicode (UTF-8) (in target 'Settings_Settings' from project 'Settings')
CopyStringsFile /Users/admin/builder/spi-builder-workspace/.derivedData/Build/Products/Debug-watchos/Settings_Settings.bundle/ms.lproj/Localizable.strings /Users/admin/builder/spi-builder-workspace/.derivedData/Build/Intermediates.noindex/Settings.build/Debug-watchos/Settings_Settings-b.build/ms.lproj/Localizable.strings (in target 'Settings_Settings' from project 'Settings')
    cd /Users/admin/builder/spi-builder-workspace
    builtin-copyStrings --validate --outputencoding binary --outfilename Localizable.strings --outdir /Users/admin/builder/spi-builder-workspace/.derivedData/Build/Products/Debug-watchos/Settings_Settings.bundle/ms.lproj -- /Users/admin/builder/spi-builder-workspace/.derivedData/Build/Intermediates.noindex/Settings.build/Debug-watchos/Settings_Settings-b.build/ms.lproj/Localizable.strings
/Users/admin/builder/spi-builder-workspace/.derivedData/Build/Intermediates.noindex/Settings.build/Debug-watchos/Settings_Settings-b.build/ms.lproj/Localizable.strings:1:1: note: detected encoding of input file as Unicode (UTF-8) (in target 'Settings_Settings' from project 'Settings')
CopyStringsFile /Users/admin/builder/spi-builder-workspace/.derivedData/Build/Products/Debug-watchos/Settings_Settings.bundle/ko.lproj/Localizable.strings /Users/admin/builder/spi-builder-workspace/.derivedData/Build/Intermediates.noindex/Settings.build/Debug-watchos/Settings_Settings-b.build/ko.lproj/Localizable.strings (in target 'Settings_Settings' from project 'Settings')
    cd /Users/admin/builder/spi-builder-workspace
    builtin-copyStrings --validate --outputencoding binary --outfilename Localizable.strings --outdir /Users/admin/builder/spi-builder-workspace/.derivedData/Build/Products/Debug-watchos/Settings_Settings.bundle/ko.lproj -- /Users/admin/builder/spi-builder-workspace/.derivedData/Build/Intermediates.noindex/Settings.build/Debug-watchos/Settings_Settings-b.build/ko.lproj/Localizable.strings
/Users/admin/builder/spi-builder-workspace/.derivedData/Build/Intermediates.noindex/Settings.build/Debug-watchos/Settings_Settings-b.build/ko.lproj/Localizable.strings:1:1: note: detected encoding of input file as Unicode (UTF-8) (in target 'Settings_Settings' from project 'Settings')
CopyStringsFile /Users/admin/builder/spi-builder-workspace/.derivedData/Build/Products/Debug-watchos/Settings_Settings.bundle/ja.lproj/Localizable.strings /Users/admin/builder/spi-builder-workspace/.derivedData/Build/Intermediates.noindex/Settings.build/Debug-watchos/Settings_Settings-b.build/ja.lproj/Localizable.strings (in target 'Settings_Settings' from project 'Settings')
    cd /Users/admin/builder/spi-builder-workspace
    builtin-copyStrings --validate --outputencoding binary --outfilename Localizable.strings --outdir /Users/admin/builder/spi-builder-workspace/.derivedData/Build/Products/Debug-watchos/Settings_Settings.bundle/ja.lproj -- /Users/admin/builder/spi-builder-workspace/.derivedData/Build/Intermediates.noindex/Settings.build/Debug-watchos/Settings_Settings-b.build/ja.lproj/Localizable.strings
/Users/admin/builder/spi-builder-workspace/.derivedData/Build/Intermediates.noindex/Settings.build/Debug-watchos/Settings_Settings-b.build/ja.lproj/Localizable.strings:1:1: note: detected encoding of input file as Unicode (UTF-8) (in target 'Settings_Settings' from project 'Settings')
CopyStringsFile /Users/admin/builder/spi-builder-workspace/.derivedData/Build/Products/Debug-watchos/Settings_Settings.bundle/it.lproj/Localizable.strings /Users/admin/builder/spi-builder-workspace/.derivedData/Build/Intermediates.noindex/Settings.build/Debug-watchos/Settings_Settings-b.build/it.lproj/Localizable.strings (in target 'Settings_Settings' from project 'Settings')
    cd /Users/admin/builder/spi-builder-workspace
    builtin-copyStrings --validate --outputencoding binary --outfilename Localizable.strings --outdir /Users/admin/builder/spi-builder-workspace/.derivedData/Build/Products/Debug-watchos/Settings_Settings.bundle/it.lproj -- /Users/admin/builder/spi-builder-workspace/.derivedData/Build/Intermediates.noindex/Settings.build/Debug-watchos/Settings_Settings-b.build/it.lproj/Localizable.strings
/Users/admin/builder/spi-builder-workspace/.derivedData/Build/Intermediates.noindex/Settings.build/Debug-watchos/Settings_Settings-b.build/it.lproj/Localizable.strings:1:1: note: detected encoding of input file as Unicode (UTF-8) (in target 'Settings_Settings' from project 'Settings')
CopyStringsFile /Users/admin/builder/spi-builder-workspace/.derivedData/Build/Products/Debug-watchos/Settings_Settings.bundle/id.lproj/Localizable.strings /Users/admin/builder/spi-builder-workspace/.derivedData/Build/Intermediates.noindex/Settings.build/Debug-watchos/Settings_Settings-b.build/id.lproj/Localizable.strings (in target 'Settings_Settings' from project 'Settings')
    cd /Users/admin/builder/spi-builder-workspace
    builtin-copyStrings --validate --outputencoding binary --outfilename Localizable.strings --outdir /Users/admin/builder/spi-builder-workspace/.derivedData/Build/Products/Debug-watchos/Settings_Settings.bundle/id.lproj -- /Users/admin/builder/spi-builder-workspace/.derivedData/Build/Intermediates.noindex/Settings.build/Debug-watchos/Settings_Settings-b.build/id.lproj/Localizable.strings
/Users/admin/builder/spi-builder-workspace/.derivedData/Build/Intermediates.noindex/Settings.build/Debug-watchos/Settings_Settings-b.build/id.lproj/Localizable.strings:1:1: note: detected encoding of input file as Unicode (UTF-8) (in target 'Settings_Settings' from project 'Settings')
CopyStringsFile /Users/admin/builder/spi-builder-workspace/.derivedData/Build/Products/Debug-watchos/Settings_Settings.bundle/hr.lproj/Localizable.strings /Users/admin/builder/spi-builder-workspace/.derivedData/Build/Intermediates.noindex/Settings.build/Debug-watchos/Settings_Settings-b.build/hr.lproj/Localizable.strings (in target 'Settings_Settings' from project 'Settings')
    cd /Users/admin/builder/spi-builder-workspace
    builtin-copyStrings --validate --outputencoding binary --outfilename Localizable.strings --outdir /Users/admin/builder/spi-builder-workspace/.derivedData/Build/Products/Debug-watchos/Settings_Settings.bundle/hr.lproj -- /Users/admin/builder/spi-builder-workspace/.derivedData/Build/Intermediates.noindex/Settings.build/Debug-watchos/Settings_Settings-b.build/hr.lproj/Localizable.strings
/Users/admin/builder/spi-builder-workspace/.derivedData/Build/Intermediates.noindex/Settings.build/Debug-watchos/Settings_Settings-b.build/hr.lproj/Localizable.strings:1:1: note: detected encoding of input file as Unicode (UTF-8) (in target 'Settings_Settings' from project 'Settings')
CopyStringsFile /Users/admin/builder/spi-builder-workspace/.derivedData/Build/Products/Debug-watchos/Settings_Settings.bundle/hu.lproj/Localizable.strings /Users/admin/builder/spi-builder-workspace/.derivedData/Build/Intermediates.noindex/Settings.build/Debug-watchos/Settings_Settings-b.build/hu.lproj/Localizable.strings (in target 'Settings_Settings' from project 'Settings')
    cd /Users/admin/builder/spi-builder-workspace
    builtin-copyStrings --validate --outputencoding binary --outfilename Localizable.strings --outdir /Users/admin/builder/spi-builder-workspace/.derivedData/Build/Products/Debug-watchos/Settings_Settings.bundle/hu.lproj -- /Users/admin/builder/spi-builder-workspace/.derivedData/Build/Intermediates.noindex/Settings.build/Debug-watchos/Settings_Settings-b.build/hu.lproj/Localizable.strings
/Users/admin/builder/spi-builder-workspace/.derivedData/Build/Intermediates.noindex/Settings.build/Debug-watchos/Settings_Settings-b.build/hu.lproj/Localizable.strings:1:1: note: detected encoding of input file as Unicode (UTF-8) (in target 'Settings_Settings' from project 'Settings')
CopyStringsFile /Users/admin/builder/spi-builder-workspace/.derivedData/Build/Products/Debug-watchos/Settings_Settings.bundle/hi.lproj/Localizable.strings /Users/admin/builder/spi-builder-workspace/.derivedData/Build/Intermediates.noindex/Settings.build/Debug-watchos/Settings_Settings-b.build/hi.lproj/Localizable.strings (in target 'Settings_Settings' from project 'Settings')
    cd /Users/admin/builder/spi-builder-workspace
    builtin-copyStrings --validate --outputencoding binary --outfilename Localizable.strings --outdir /Users/admin/builder/spi-builder-workspace/.derivedData/Build/Products/Debug-watchos/Settings_Settings.bundle/hi.lproj -- /Users/admin/builder/spi-builder-workspace/.derivedData/Build/Intermediates.noindex/Settings.build/Debug-watchos/Settings_Settings-b.build/hi.lproj/Localizable.strings
/Users/admin/builder/spi-builder-workspace/.derivedData/Build/Intermediates.noindex/Settings.build/Debug-watchos/Settings_Settings-b.build/hi.lproj/Localizable.strings:1:1: note: detected encoding of input file as Unicode (UTF-8) (in target 'Settings_Settings' from project 'Settings')
CopyStringsFile /Users/admin/builder/spi-builder-workspace/.derivedData/Build/Products/Debug-watchos/Settings_Settings.bundle/he.lproj/Localizable.strings /Users/admin/builder/spi-builder-workspace/.derivedData/Build/Intermediates.noindex/Settings.build/Debug-watchos/Settings_Settings-b.build/he.lproj/Localizable.strings (in target 'Settings_Settings' from project 'Settings')
    cd /Users/admin/builder/spi-builder-workspace
    builtin-copyStrings --validate --outputencoding binary --outfilename Localizable.strings --outdir /Users/admin/builder/spi-builder-workspace/.derivedData/Build/Products/Debug-watchos/Settings_Settings.bundle/he.lproj -- /Users/admin/builder/spi-builder-workspace/.derivedData/Build/Intermediates.noindex/Settings.build/Debug-watchos/Settings_Settings-b.build/he.lproj/Localizable.strings
/Users/admin/builder/spi-builder-workspace/.derivedData/Build/Intermediates.noindex/Settings.build/Debug-watchos/Settings_Settings-b.build/he.lproj/Localizable.strings:1:1: note: detected encoding of input file as Unicode (UTF-8) (in target 'Settings_Settings' from project 'Settings')
CopyStringsFile /Users/admin/builder/spi-builder-workspace/.derivedData/Build/Products/Debug-watchos/Settings_Settings.bundle/fr.lproj/Localizable.strings /Users/admin/builder/spi-builder-workspace/.derivedData/Build/Intermediates.noindex/Settings.build/Debug-watchos/Settings_Settings-b.build/fr.lproj/Localizable.strings (in target 'Settings_Settings' from project 'Settings')
    cd /Users/admin/builder/spi-builder-workspace
    builtin-copyStrings --validate --outputencoding binary --outfilename Localizable.strings --outdir /Users/admin/builder/spi-builder-workspace/.derivedData/Build/Products/Debug-watchos/Settings_Settings.bundle/fr.lproj -- /Users/admin/builder/spi-builder-workspace/.derivedData/Build/Intermediates.noindex/Settings.build/Debug-watchos/Settings_Settings-b.build/fr.lproj/Localizable.strings
/Users/admin/builder/spi-builder-workspace/.derivedData/Build/Intermediates.noindex/Settings.build/Debug-watchos/Settings_Settings-b.build/fr.lproj/Localizable.strings:1:1: note: detected encoding of input file as Unicode (UTF-8) (in target 'Settings_Settings' from project 'Settings')
CopyStringsFile /Users/admin/builder/spi-builder-workspace/.derivedData/Build/Products/Debug-watchos/Settings_Settings.bundle/fr-CA.lproj/Localizable.strings /Users/admin/builder/spi-builder-workspace/.derivedData/Build/Intermediates.noindex/Settings.build/Debug-watchos/Settings_Settings-b.build/fr-CA.lproj/Localizable.strings (in target 'Settings_Settings' from project 'Settings')
    cd /Users/admin/builder/spi-builder-workspace
    builtin-copyStrings --validate --outputencoding binary --outfilename Localizable.strings --outdir /Users/admin/builder/spi-builder-workspace/.derivedData/Build/Products/Debug-watchos/Settings_Settings.bundle/fr-CA.lproj -- /Users/admin/builder/spi-builder-workspace/.derivedData/Build/Intermediates.noindex/Settings.build/Debug-watchos/Settings_Settings-b.build/fr-CA.lproj/Localizable.strings
/Users/admin/builder/spi-builder-workspace/.derivedData/Build/Intermediates.noindex/Settings.build/Debug-watchos/Settings_Settings-b.build/fr-CA.lproj/Localizable.strings:1:1: note: detected encoding of input file as Unicode (UTF-8) (in target 'Settings_Settings' from project 'Settings')
CopyStringsFile /Users/admin/builder/spi-builder-workspace/.derivedData/Build/Products/Debug-watchos/Settings_Settings.bundle/fi.lproj/Localizable.strings /Users/admin/builder/spi-builder-workspace/.derivedData/Build/Intermediates.noindex/Settings.build/Debug-watchos/Settings_Settings-b.build/fi.lproj/Localizable.strings (in target 'Settings_Settings' from project 'Settings')
    cd /Users/admin/builder/spi-builder-workspace
    builtin-copyStrings --validate --outputencoding binary --outfilename Localizable.strings --outdir /Users/admin/builder/spi-builder-workspace/.derivedData/Build/Products/Debug-watchos/Settings_Settings.bundle/fi.lproj -- /Users/admin/builder/spi-builder-workspace/.derivedData/Build/Intermediates.noindex/Settings.build/Debug-watchos/Settings_Settings-b.build/fi.lproj/Localizable.strings
/Users/admin/builder/spi-builder-workspace/.derivedData/Build/Intermediates.noindex/Settings.build/Debug-watchos/Settings_Settings-b.build/fi.lproj/Localizable.strings:1:1: note: detected encoding of input file as Unicode (UTF-8) (in target 'Settings_Settings' from project 'Settings')
CopyStringsFile /Users/admin/builder/spi-builder-workspace/.derivedData/Build/Products/Debug-watchos/Settings_Settings.bundle/es.lproj/Localizable.strings /Users/admin/builder/spi-builder-workspace/.derivedData/Build/Intermediates.noindex/Settings.build/Debug-watchos/Settings_Settings-b.build/es.lproj/Localizable.strings (in target 'Settings_Settings' from project 'Settings')
    cd /Users/admin/builder/spi-builder-workspace
    builtin-copyStrings --validate --outputencoding binary --outfilename Localizable.strings --outdir /Users/admin/builder/spi-builder-workspace/.derivedData/Build/Products/Debug-watchos/Settings_Settings.bundle/es.lproj -- /Users/admin/builder/spi-builder-workspace/.derivedData/Build/Intermediates.noindex/Settings.build/Debug-watchos/Settings_Settings-b.build/es.lproj/Localizable.strings
/Users/admin/builder/spi-builder-workspace/.derivedData/Build/Intermediates.noindex/Settings.build/Debug-watchos/Settings_Settings-b.build/es.lproj/Localizable.strings:1:1: note: detected encoding of input file as Unicode (UTF-8) (in target 'Settings_Settings' from project 'Settings')
CopyStringsFile /Users/admin/builder/spi-builder-workspace/.derivedData/Build/Products/Debug-watchos/Settings_Settings.bundle/es-419.lproj/Localizable.strings /Users/admin/builder/spi-builder-workspace/.derivedData/Build/Intermediates.noindex/Settings.build/Debug-watchos/Settings_Settings-b.build/es-419.lproj/Localizable.strings (in target 'Settings_Settings' from project 'Settings')
    cd /Users/admin/builder/spi-builder-workspace
    builtin-copyStrings --validate --outputencoding binary --outfilename Localizable.strings --outdir /Users/admin/builder/spi-builder-workspace/.derivedData/Build/Products/Debug-watchos/Settings_Settings.bundle/es-419.lproj -- /Users/admin/builder/spi-builder-workspace/.derivedData/Build/Intermediates.noindex/Settings.build/Debug-watchos/Settings_Settings-b.build/es-419.lproj/Localizable.strings
/Users/admin/builder/spi-builder-workspace/.derivedData/Build/Intermediates.noindex/Settings.build/Debug-watchos/Settings_Settings-b.build/es-419.lproj/Localizable.strings:1:1: note: detected encoding of input file as Unicode (UTF-8) (in target 'Settings_Settings' from project 'Settings')
CopyStringsFile /Users/admin/builder/spi-builder-workspace/.derivedData/Build/Products/Debug-watchos/Settings_Settings.bundle/en.lproj/Localizable.strings /Users/admin/builder/spi-builder-workspace/.derivedData/Build/Intermediates.noindex/Settings.build/Debug-watchos/Settings_Settings-b.build/en.lproj/Localizable.strings (in target 'Settings_Settings' from project 'Settings')
    cd /Users/admin/builder/spi-builder-workspace
    builtin-copyStrings --validate --outputencoding binary --outfilename Localizable.strings --outdir /Users/admin/builder/spi-builder-workspace/.derivedData/Build/Products/Debug-watchos/Settings_Settings.bundle/en.lproj -- /Users/admin/builder/spi-builder-workspace/.derivedData/Build/Intermediates.noindex/Settings.build/Debug-watchos/Settings_Settings-b.build/en.lproj/Localizable.strings
/Users/admin/builder/spi-builder-workspace/.derivedData/Build/Intermediates.noindex/Settings.build/Debug-watchos/Settings_Settings-b.build/en.lproj/Localizable.strings:1:1: note: detected encoding of input file as Unicode (UTF-8) (in target 'Settings_Settings' from project 'Settings')
CopyStringsFile /Users/admin/builder/spi-builder-workspace/.derivedData/Build/Products/Debug-watchos/Settings_Settings.bundle/en-GB.lproj/Localizable.strings /Users/admin/builder/spi-builder-workspace/.derivedData/Build/Intermediates.noindex/Settings.build/Debug-watchos/Settings_Settings-b.build/en-GB.lproj/Localizable.strings (in target 'Settings_Settings' from project 'Settings')
    cd /Users/admin/builder/spi-builder-workspace
    builtin-copyStrings --validate --outputencoding binary --outfilename Localizable.strings --outdir /Users/admin/builder/spi-builder-workspace/.derivedData/Build/Products/Debug-watchos/Settings_Settings.bundle/en-GB.lproj -- /Users/admin/builder/spi-builder-workspace/.derivedData/Build/Intermediates.noindex/Settings.build/Debug-watchos/Settings_Settings-b.build/en-GB.lproj/Localizable.strings
/Users/admin/builder/spi-builder-workspace/.derivedData/Build/Intermediates.noindex/Settings.build/Debug-watchos/Settings_Settings-b.build/en-GB.lproj/Localizable.strings:1:1: note: detected encoding of input file as Unicode (UTF-8) (in target 'Settings_Settings' from project 'Settings')
CopyStringsFile /Users/admin/builder/spi-builder-workspace/.derivedData/Build/Products/Debug-watchos/Settings_Settings.bundle/en-AU.lproj/Localizable.strings /Users/admin/builder/spi-builder-workspace/.derivedData/Build/Intermediates.noindex/Settings.build/Debug-watchos/Settings_Settings-b.build/en-AU.lproj/Localizable.strings (in target 'Settings_Settings' from project 'Settings')
    cd /Users/admin/builder/spi-builder-workspace
    builtin-copyStrings --validate --outputencoding binary --outfilename Localizable.strings --outdir /Users/admin/builder/spi-builder-workspace/.derivedData/Build/Products/Debug-watchos/Settings_Settings.bundle/en-AU.lproj -- /Users/admin/builder/spi-builder-workspace/.derivedData/Build/Intermediates.noindex/Settings.build/Debug-watchos/Settings_Settings-b.build/en-AU.lproj/Localizable.strings
/Users/admin/builder/spi-builder-workspace/.derivedData/Build/Intermediates.noindex/Settings.build/Debug-watchos/Settings_Settings-b.build/en-AU.lproj/Localizable.strings:1:1: note: detected encoding of input file as Unicode (UTF-8) (in target 'Settings_Settings' from project 'Settings')
CopyStringsFile /Users/admin/builder/spi-builder-workspace/.derivedData/Build/Products/Debug-watchos/Settings_Settings.bundle/el.lproj/Localizable.strings /Users/admin/builder/spi-builder-workspace/.derivedData/Build/Intermediates.noindex/Settings.build/Debug-watchos/Settings_Settings-b.build/el.lproj/Localizable.strings (in target 'Settings_Settings' from project 'Settings')
    cd /Users/admin/builder/spi-builder-workspace
    builtin-copyStrings --validate --outputencoding binary --outfilename Localizable.strings --outdir /Users/admin/builder/spi-builder-workspace/.derivedData/Build/Products/Debug-watchos/Settings_Settings.bundle/el.lproj -- /Users/admin/builder/spi-builder-workspace/.derivedData/Build/Intermediates.noindex/Settings.build/Debug-watchos/Settings_Settings-b.build/el.lproj/Localizable.strings
/Users/admin/builder/spi-builder-workspace/.derivedData/Build/Intermediates.noindex/Settings.build/Debug-watchos/Settings_Settings-b.build/el.lproj/Localizable.strings:1:1: note: detected encoding of input file as Unicode (UTF-8) (in target 'Settings_Settings' from project 'Settings')
CopyStringsFile /Users/admin/builder/spi-builder-workspace/.derivedData/Build/Products/Debug-watchos/Settings_Settings.bundle/de.lproj/Localizable.strings /Users/admin/builder/spi-builder-workspace/.derivedData/Build/Intermediates.noindex/Settings.build/Debug-watchos/Settings_Settings-b.build/de.lproj/Localizable.strings (in target 'Settings_Settings' from project 'Settings')
    cd /Users/admin/builder/spi-builder-workspace
    builtin-copyStrings --validate --outputencoding binary --outfilename Localizable.strings --outdir /Users/admin/builder/spi-builder-workspace/.derivedData/Build/Products/Debug-watchos/Settings_Settings.bundle/de.lproj -- /Users/admin/builder/spi-builder-workspace/.derivedData/Build/Intermediates.noindex/Settings.build/Debug-watchos/Settings_Settings-b.build/de.lproj/Localizable.strings
/Users/admin/builder/spi-builder-workspace/.derivedData/Build/Intermediates.noindex/Settings.build/Debug-watchos/Settings_Settings-b.build/de.lproj/Localizable.strings:1:1: note: detected encoding of input file as Unicode (UTF-8) (in target 'Settings_Settings' from project 'Settings')
CopyStringsFile /Users/admin/builder/spi-builder-workspace/.derivedData/Build/Products/Debug-watchos/Settings_Settings.bundle/da.lproj/Localizable.strings /Users/admin/builder/spi-builder-workspace/.derivedData/Build/Intermediates.noindex/Settings.build/Debug-watchos/Settings_Settings-b.build/da.lproj/Localizable.strings (in target 'Settings_Settings' from project 'Settings')
    cd /Users/admin/builder/spi-builder-workspace
    builtin-copyStrings --validate --outputencoding binary --outfilename Localizable.strings --outdir /Users/admin/builder/spi-builder-workspace/.derivedData/Build/Products/Debug-watchos/Settings_Settings.bundle/da.lproj -- /Users/admin/builder/spi-builder-workspace/.derivedData/Build/Intermediates.noindex/Settings.build/Debug-watchos/Settings_Settings-b.build/da.lproj/Localizable.strings
/Users/admin/builder/spi-builder-workspace/.derivedData/Build/Intermediates.noindex/Settings.build/Debug-watchos/Settings_Settings-b.build/da.lproj/Localizable.strings:1:1: note: detected encoding of input file as Unicode (UTF-8) (in target 'Settings_Settings' from project 'Settings')
CopyStringsFile /Users/admin/builder/spi-builder-workspace/.derivedData/Build/Products/Debug-watchos/Settings_Settings.bundle/cs.lproj/Localizable.strings /Users/admin/builder/spi-builder-workspace/.derivedData/Build/Intermediates.noindex/Settings.build/Debug-watchos/Settings_Settings-b.build/cs.lproj/Localizable.strings (in target 'Settings_Settings' from project 'Settings')
    cd /Users/admin/builder/spi-builder-workspace
    builtin-copyStrings --validate --outputencoding binary --outfilename Localizable.strings --outdir /Users/admin/builder/spi-builder-workspace/.derivedData/Build/Products/Debug-watchos/Settings_Settings.bundle/cs.lproj -- /Users/admin/builder/spi-builder-workspace/.derivedData/Build/Intermediates.noindex/Settings.build/Debug-watchos/Settings_Settings-b.build/cs.lproj/Localizable.strings
/Users/admin/builder/spi-builder-workspace/.derivedData/Build/Intermediates.noindex/Settings.build/Debug-watchos/Settings_Settings-b.build/cs.lproj/Localizable.strings:1:1: note: detected encoding of input file as Unicode (UTF-8) (in target 'Settings_Settings' from project 'Settings')
CopyStringsFile /Users/admin/builder/spi-builder-workspace/.derivedData/Build/Products/Debug-watchos/Settings_Settings.bundle/ca.lproj/Localizable.strings /Users/admin/builder/spi-builder-workspace/.derivedData/Build/Intermediates.noindex/Settings.build/Debug-watchos/Settings_Settings-b.build/ca.lproj/Localizable.strings (in target 'Settings_Settings' from project 'Settings')
    cd /Users/admin/builder/spi-builder-workspace
    builtin-copyStrings --validate --outputencoding binary --outfilename Localizable.strings --outdir /Users/admin/builder/spi-builder-workspace/.derivedData/Build/Products/Debug-watchos/Settings_Settings.bundle/ca.lproj -- /Users/admin/builder/spi-builder-workspace/.derivedData/Build/Intermediates.noindex/Settings.build/Debug-watchos/Settings_Settings-b.build/ca.lproj/Localizable.strings
/Users/admin/builder/spi-builder-workspace/.derivedData/Build/Intermediates.noindex/Settings.build/Debug-watchos/Settings_Settings-b.build/ca.lproj/Localizable.strings:1:1: note: detected encoding of input file as Unicode (UTF-8) (in target 'Settings_Settings' from project 'Settings')
CopyStringsFile /Users/admin/builder/spi-builder-workspace/.derivedData/Build/Products/Debug-watchos/Settings_Settings.bundle/ar.lproj/Localizable.strings /Users/admin/builder/spi-builder-workspace/.derivedData/Build/Intermediates.noindex/Settings.build/Debug-watchos/Settings_Settings-b.build/ar.lproj/Localizable.strings (in target 'Settings_Settings' from project 'Settings')
    cd /Users/admin/builder/spi-builder-workspace
    builtin-copyStrings --validate --outputencoding binary --outfilename Localizable.strings --outdir /Users/admin/builder/spi-builder-workspace/.derivedData/Build/Products/Debug-watchos/Settings_Settings.bundle/ar.lproj -- /Users/admin/builder/spi-builder-workspace/.derivedData/Build/Intermediates.noindex/Settings.build/Debug-watchos/Settings_Settings-b.build/ar.lproj/Localizable.strings
/Users/admin/builder/spi-builder-workspace/.derivedData/Build/Intermediates.noindex/Settings.build/Debug-watchos/Settings_Settings-b.build/ar.lproj/Localizable.strings:1:1: note: detected encoding of input file as Unicode (UTF-8) (in target 'Settings_Settings' from project 'Settings')
RegisterExecutionPolicyException /Users/admin/builder/spi-builder-workspace/.derivedData/Build/Products/Debug-watchos/Settings_Settings.bundle (in target 'Settings_Settings' from project 'Settings')
    cd /Users/admin/builder/spi-builder-workspace
    builtin-RegisterExecutionPolicyException /Users/admin/builder/spi-builder-workspace/.derivedData/Build/Products/Debug-watchos/Settings_Settings.bundle
Touch /Users/admin/builder/spi-builder-workspace/.derivedData/Build/Products/Debug-watchos/Settings_Settings.bundle (in target 'Settings_Settings' from project 'Settings')
    cd /Users/admin/builder/spi-builder-workspace
    /usr/bin/touch -c /Users/admin/builder/spi-builder-workspace/.derivedData/Build/Products/Debug-watchos/Settings_Settings.bundle
SwiftDriver Settings normal arm64 com.apple.xcode.tools.swift.compiler (in target 'Settings' from project 'Settings')
    cd /Users/admin/builder/spi-builder-workspace/.swiftpm/xcode
    builtin-SwiftDriver -- /Applications/Xcode-27.0.0-Release.Candidate.app/Contents/Developer/Toolchains/XcodeDefault.xctoolchain/usr/bin/swiftc -parse-as-library -module-name Settings -Onone @/Users/admin/builder/spi-builder-workspace/.derivedData/Build/Intermediates.noindex/Settings.build/Debug-watchos/Settings-t.build/Objects-normal/arm64/Settings.SwiftFileList -DSWIFT_PACKAGE -DDEBUG -DSWIFT_MODULE_RESOURCE_BUNDLE_AVAILABLE -DXcode -plugin-path /Applications/Xcode-27.0.0-Release.Candidate.app/Contents/Developer/Toolchains/XcodeDefault.xctoolchain/usr/lib/swift/host/plugins/testing -enable-experimental-feature DebugDescriptionMacro -sdk /Applications/Xcode-27.0.0-Release.Candidate.app/Contents/Developer/Platforms/WatchOS.platform/Developer/SDKs/WatchOS27.0.sdk -target arm64-apple-watchos9.0 -g -module-cache-path /Users/admin/builder/spi-builder-workspace/.derivedData/ModuleCache.noindex -Xfrontend -serialize-debugging-options -enable-testing -index-store-path /Users/admin/builder/spi-builder-workspace/.derivedData/Index.noindex/DataStore -Xcc -D_LIBCPP_HARDENING_MODE\=_LIBCPP_HARDENING_MODE_DEBUG -swift-version 5 -I /Users/admin/builder/spi-builder-workspace/.derivedData/Build/Products/Debug-watchos -Isystem /Applications/Xcode-27.0.0-Release.Candidate.app/Contents/Developer/Platforms/WatchOS.platform/Developer/usr/lib -F /Users/admin/builder/spi-builder-workspace/.derivedData/Build/Products/Debug-watchos -F /Applications/Xcode-27.0.0-Release.Candidate.app/Contents/Developer/Platforms/WatchOS.platform/Developer/Library/Frameworks -F /Applications/Xcode-27.0.0-Release.Candidate.app/Contents/Developer/Platforms/WatchOS.platform/Developer/SDKs/WatchOS27.0.sdk/Developer/Library/Frameworks -emit-localized-strings -emit-localized-strings-path /Users/admin/builder/spi-builder-workspace/.derivedData/Build/Intermediates.noindex/Settings.build/Debug-watchos/Settings-t.build/Objects-normal/arm64 -c -j10 -enable-batch-mode -incremental -Xcc -ivfsstatcache -Xcc /Users/admin/builder/spi-builder-workspace/.derivedData/SDKStatCaches.noindex/watchos27.0-24R360-e829b21a6f8c9b70876ba0858053c04477534ef55a1706bf4c1112bbb242f0a2.sdkstatcache -output-file-map /Users/admin/builder/spi-builder-workspace/.derivedData/Build/Intermediates.noindex/Settings.build/Debug-watchos/Settings-t.build/Objects-normal/arm64/Settings-OutputFileMap.json -save-temps -no-color-diagnostics -explicit-module-build -module-cache-path /Users/admin/builder/spi-builder-workspace/.derivedData/Build/Intermediates.noindex/SwiftExplicitPrecompiledModules -clang-scanner-module-cache-path /Users/admin/builder/spi-builder-workspace/.derivedData/ModuleCache.noindex -sdk-module-cache-path /Users/admin/builder/spi-builder-workspace/.derivedData/SDKExplicitPrecompiledModules -emit-dependencies -emit-module -emit-module-path /Users/admin/builder/spi-builder-workspace/.derivedData/Build/Intermediates.noindex/Settings.build/Debug-watchos/Settings-t.build/Objects-normal/arm64/Settings.swiftmodule -serialize-diagnostics -dependency-scan-serialize-diagnostics-path /Users/admin/builder/spi-builder-workspace/.derivedData/Build/Intermediates.noindex/Settings.build/Debug-watchos/Settings-t.build/Objects-normal/arm64/Settings-dependency-scan.dia -validate-clang-modules-once -clang-build-session-file /Users/admin/builder/spi-builder-workspace/.derivedData/ModuleCache.noindex/Session.modulevalidation -Xcc -fmodules-prune-interval\=86400 -Xcc -fmodules-prune-after\=345600 -emit-const-values -const-gather-protocols-list /Users/admin/builder/spi-builder-workspace/.derivedData/Build/Intermediates.noindex/Settings.build/Debug-watchos/Settings-t.build/Objects-normal/arm64/Settings_const_extract_protocols.json -Xcc -I/Users/admin/builder/spi-builder-workspace/.derivedData/Build/Products/Debug-watchos/include -Xcc -I/Users/admin/builder/spi-builder-workspace/.derivedData/Build/Intermediates.noindex/Settings.build/Debug-watchos/Settings-t.build/DerivedSources-normal/arm64 -Xcc -I/Users/admin/builder/spi-builder-workspace/.derivedData/Build/Intermediates.noindex/Settings.build/Debug-watchos/Settings-t.build/DerivedSources/arm64 -Xcc -I/Users/admin/builder/spi-builder-workspace/.derivedData/Build/Intermediates.noindex/Settings.build/Debug-watchos/Settings-t.build/DerivedSources -Xcc -DSWIFT_PACKAGE -Xcc -DDEBUG\=1 -emit-objc-header -emit-objc-header-path /Users/admin/builder/spi-builder-workspace/.derivedData/Build/Intermediates.noindex/Settings.build/Debug-watchos/Settings-t.build/Objects-normal/arm64/Settings-Swift.h -working-directory /Users/admin/builder/spi-builder-workspace/.swiftpm/xcode -experimental-emit-module-separately -disable-cmo
/Users/admin/builder/spi-builder-workspace/Sources/Settings/SegmentedControlStyleViewController.swift:1:8: error: Unable to resolve module dependency: 'Cocoa' (in target 'Settings' from project 'Settings')
    note: A dependency of main module 'Settings'
    /Users/admin/builder/spi-builder-workspace/Sources/Settings/SettingsStyleController.swift:1:8: note: Also imported here
    /Users/admin/builder/spi-builder-workspace/Sources/Settings/SettingsTabViewController.swift:1:8: note: Also imported here
    /Users/admin/builder/spi-builder-workspace/Sources/Settings/Style.swift:1:8: note: Also imported here
    /Users/admin/builder/spi-builder-workspace/Sources/Settings/ToolbarItemStyleViewController.swift:1:8: note: Also imported here
/Users/admin/builder/spi-builder-workspace/Sources/Settings/SettingsPane.swift:1:8: error: Unable to resolve module dependency: 'AppKit' (in target 'Settings' from project 'Settings')
    note: A dependency of main module 'Settings'
    /Users/admin/builder/spi-builder-workspace/Sources/Settings/SettingsWindowController.swift:1:8: note: Also imported here
/Users/admin/builder/spi-builder-workspace/Sources/Settings/SegmentedControlStyleViewController.swift:1:8: note: A dependency of main module 'Settings'
import Cocoa
       ^ (in target 'Settings' from project 'Settings')
/Users/admin/builder/spi-builder-workspace/Sources/Settings/SettingsStyleController.swift:1:8: note: Also imported here
import Cocoa
       ^ (in target 'Settings' from project 'Settings')
/Users/admin/builder/spi-builder-workspace/Sources/Settings/SettingsTabViewController.swift:1:8: note: Also imported here
import Cocoa
       ^ (in target 'Settings' from project 'Settings')
/Users/admin/builder/spi-builder-workspace/Sources/Settings/Style.swift:1:8: note: Also imported here
import Cocoa
       ^ (in target 'Settings' from project 'Settings')
/Users/admin/builder/spi-builder-workspace/Sources/Settings/ToolbarItemStyleViewController.swift:1:8: note: Also imported here
import Cocoa
       ^ (in target 'Settings' from project 'Settings')
/Users/admin/builder/spi-builder-workspace/Sources/Settings/SettingsPane.swift:1:8: note: A dependency of main module 'Settings'
import AppKit
       ^ (in target 'Settings' from project 'Settings')
/Users/admin/builder/spi-builder-workspace/Sources/Settings/SettingsWindowController.swift:1:8: note: Also imported here
import AppKit
       ^ (in target 'Settings' from project 'Settings')
SwiftDriver Settings normal arm64_32 com.apple.xcode.tools.swift.compiler (in target 'Settings' from project 'Settings')
    cd /Users/admin/builder/spi-builder-workspace/.swiftpm/xcode
    builtin-SwiftDriver -- /Applications/Xcode-27.0.0-Release.Candidate.app/Contents/Developer/Toolchains/XcodeDefault.xctoolchain/usr/bin/swiftc -parse-as-library -module-name Settings -Onone @/Users/admin/builder/spi-builder-workspace/.derivedData/Build/Intermediates.noindex/Settings.build/Debug-watchos/Settings-t.build/Objects-normal/arm64_32/Settings.SwiftFileList -DSWIFT_PACKAGE -DDEBUG -DSWIFT_MODULE_RESOURCE_BUNDLE_AVAILABLE -DXcode -plugin-path /Applications/Xcode-27.0.0-Release.Candidate.app/Contents/Developer/Toolchains/XcodeDefault.xctoolchain/usr/lib/swift/host/plugins/testing -enable-experimental-feature DebugDescriptionMacro -sdk /Applications/Xcode-27.0.0-Release.Candidate.app/Contents/Developer/Platforms/WatchOS.platform/Developer/SDKs/WatchOS27.0.sdk -target arm64_32-apple-watchos9.0 -g -module-cache-path /Users/admin/builder/spi-builder-workspace/.derivedData/ModuleCache.noindex -Xfrontend -serialize-debugging-options -enable-testing -index-store-path /Users/admin/builder/spi-builder-workspace/.derivedData/Index.noindex/DataStore -Xcc -D_LIBCPP_HARDENING_MODE\=_LIBCPP_HARDENING_MODE_DEBUG -swift-version 5 -I /Users/admin/builder/spi-builder-workspace/.derivedData/Build/Products/Debug-watchos -Isystem /Applications/Xcode-27.0.0-Release.Candidate.app/Contents/Developer/Platforms/WatchOS.platform/Developer/usr/lib -F /Users/admin/builder/spi-builder-workspace/.derivedData/Build/Products/Debug-watchos -F /Applications/Xcode-27.0.0-Release.Candidate.app/Contents/Developer/Platforms/WatchOS.platform/Developer/Library/Frameworks -F /Applications/Xcode-27.0.0-Release.Candidate.app/Contents/Developer/Platforms/WatchOS.platform/Developer/SDKs/WatchOS27.0.sdk/Developer/Library/Frameworks -emit-localized-strings -emit-localized-strings-path /Users/admin/builder/spi-builder-workspace/.derivedData/Build/Intermediates.noindex/Settings.build/Debug-watchos/Settings-t.build/Objects-normal/arm64_32 -c -j10 -enable-batch-mode -incremental -Xcc -ivfsstatcache -Xcc /Users/admin/builder/spi-builder-workspace/.derivedData/SDKStatCaches.noindex/watchos27.0-24R360-e829b21a6f8c9b70876ba0858053c04477534ef55a1706bf4c1112bbb242f0a2.sdkstatcache -output-file-map /Users/admin/builder/spi-builder-workspace/.derivedData/Build/Intermediates.noindex/Settings.build/Debug-watchos/Settings-t.build/Objects-normal/arm64_32/Settings-OutputFileMap.json -save-temps -no-color-diagnostics -explicit-module-build -module-cache-path /Users/admin/builder/spi-builder-workspace/.derivedData/Build/Intermediates.noindex/SwiftExplicitPrecompiledModules -clang-scanner-module-cache-path /Users/admin/builder/spi-builder-workspace/.derivedData/ModuleCache.noindex -sdk-module-cache-path /Users/admin/builder/spi-builder-workspace/.derivedData/SDKExplicitPrecompiledModules -emit-dependencies -emit-module -emit-module-path /Users/admin/builder/spi-builder-workspace/.derivedData/Build/Intermediates.noindex/Settings.build/Debug-watchos/Settings-t.build/Objects-normal/arm64_32/Settings.swiftmodule -serialize-diagnostics -dependency-scan-serialize-diagnostics-path /Users/admin/builder/spi-builder-workspace/.derivedData/Build/Intermediates.noindex/Settings.build/Debug-watchos/Settings-t.build/Objects-normal/arm64_32/Settings-dependency-scan.dia -validate-clang-modules-once -clang-build-session-file /Users/admin/builder/spi-builder-workspace/.derivedData/ModuleCache.noindex/Session.modulevalidation -Xcc -fmodules-prune-interval\=86400 -Xcc -fmodules-prune-after\=345600 -emit-const-values -const-gather-protocols-list /Users/admin/builder/spi-builder-workspace/.derivedData/Build/Intermediates.noindex/Settings.build/Debug-watchos/Settings-t.build/Objects-normal/arm64_32/Settings_const_extract_protocols.json -Xcc -I/Users/admin/builder/spi-builder-workspace/.derivedData/Build/Products/Debug-watchos/include -Xcc -I/Users/admin/builder/spi-builder-workspace/.derivedData/Build/Intermediates.noindex/Settings.build/Debug-watchos/Settings-t.build/DerivedSources-normal/arm64_32 -Xcc -I/Users/admin/builder/spi-builder-workspace/.derivedData/Build/Intermediates.noindex/Settings.build/Debug-watchos/Settings-t.build/DerivedSources/arm64_32 -Xcc -I/Users/admin/builder/spi-builder-workspace/.derivedData/Build/Intermediates.noindex/Settings.build/Debug-watchos/Settings-t.build/DerivedSources -Xcc -DSWIFT_PACKAGE -Xcc -DDEBUG\=1 -emit-objc-header -emit-objc-header-path /Users/admin/builder/spi-builder-workspace/.derivedData/Build/Intermediates.noindex/Settings.build/Debug-watchos/Settings-t.build/Objects-normal/arm64_32/Settings-Swift.h -working-directory /Users/admin/builder/spi-builder-workspace/.swiftpm/xcode -experimental-emit-module-separately -disable-cmo
/Users/admin/builder/spi-builder-workspace/Sources/Settings/SegmentedControlStyleViewController.swift:1:8: error: Unable to resolve module dependency: 'Cocoa' (in target 'Settings' from project 'Settings')
    note: A dependency of main module 'Settings'
    /Users/admin/builder/spi-builder-workspace/Sources/Settings/SettingsStyleController.swift:1:8: note: Also imported here
    /Users/admin/builder/spi-builder-workspace/Sources/Settings/SettingsTabViewController.swift:1:8: note: Also imported here
    /Users/admin/builder/spi-builder-workspace/Sources/Settings/Style.swift:1:8: note: Also imported here
    /Users/admin/builder/spi-builder-workspace/Sources/Settings/ToolbarItemStyleViewController.swift:1:8: note: Also imported here
/Users/admin/builder/spi-builder-workspace/Sources/Settings/SettingsPane.swift:1:8: error: Unable to resolve module dependency: 'AppKit' (in target 'Settings' from project 'Settings')
    note: A dependency of main module 'Settings'
    /Users/admin/builder/spi-builder-workspace/Sources/Settings/SettingsWindowController.swift:1:8: note: Also imported here
/Users/admin/builder/spi-builder-workspace/Sources/Settings/SegmentedControlStyleViewController.swift:1:8: note: A dependency of main module 'Settings'
import Cocoa
       ^ (in target 'Settings' from project 'Settings')
/Users/admin/builder/spi-builder-workspace/Sources/Settings/SettingsStyleController.swift:1:8: note: Also imported here
import Cocoa
       ^ (in target 'Settings' from project 'Settings')
/Users/admin/builder/spi-builder-workspace/Sources/Settings/SettingsTabViewController.swift:1:8: note: Also imported here
import Cocoa
       ^ (in target 'Settings' from project 'Settings')
/Users/admin/builder/spi-builder-workspace/Sources/Settings/Style.swift:1:8: note: Also imported here
import Cocoa
       ^ (in target 'Settings' from project 'Settings')
/Users/admin/builder/spi-builder-workspace/Sources/Settings/ToolbarItemStyleViewController.swift:1:8: note: Also imported here
import Cocoa
       ^ (in target 'Settings' from project 'Settings')
/Users/admin/builder/spi-builder-workspace/Sources/Settings/SettingsPane.swift:1:8: note: A dependency of main module 'Settings'
import AppKit
       ^ (in target 'Settings' from project 'Settings')
/Users/admin/builder/spi-builder-workspace/Sources/Settings/SettingsWindowController.swift:1:8: note: Also imported here
import AppKit
       ^ (in target 'Settings' from project 'Settings')
PruneExplicitPrecompiledModules /Users/admin/builder/spi-builder-workspace/.derivedData/Build/Intermediates.noindex/SwiftExplicitPrecompiledModules
PruneExplicitPrecompiledModules /Users/admin/builder/spi-builder-workspace/.derivedData/SDKExplicitPrecompiledModules
PruneExplicitPrecompiledModules /Users/admin/builder/spi-builder-workspace/.derivedData/Build/Intermediates.noindex/ExplicitPrecompiledModules
2026-09-23 05:23:32.659 xcodebuild[629:3938] [MT] IDERunDestination: Supported platforms for the buildables in the current scheme is empty.
2026-09-23 05:23:32.804 xcodebuild[629:3938] [MT] IDERunDestination: Supported platforms for the buildables in the current scheme is empty.
2026-09-23 05:23:33.657 xcodebuild[629:3938] [MT] IDERunDestination: Supported platforms for the buildables in the current scheme is empty.
** BUILD FAILED **
The following build commands failed:
	SwiftDriver Settings normal arm64 com.apple.xcode.tools.swift.compiler (in target 'Settings' from project 'Settings')
	SwiftDriver Settings normal arm64_32 com.apple.xcode.tools.swift.compiler (in target 'Settings' from project 'Settings')
	Building workspace Settings with scheme Settings
(3 failures)
Command line invocation:
    /Applications/Xcode-27.0.0-Release.Candidate.app/Contents/Developer/usr/bin/xcodebuild -IDEClonedSourcePackagesDirPathOverride=/Users/admin/builder/spi-builder-workspace/.dependencies -resolvePackageDependencies
Resolve Package Graph
Resolved source packages:
  Settings: /Users/admin/builder/spi-builder-workspace
resolved source packages: Settings
2026-09-23 05:23:37.272 xcodebuild[679:4442] [MT] IDERunDestination: Supported platforms for the buildables in the current scheme is empty.
2026-09-23 05:23:37.416 xcodebuild[679:4442] [MT] IDERunDestination: Supported platforms for the buildables in the current scheme is empty.
{
  "default_localization" : "en",
  "dependencies" : [
  ],
  "manifest_display_name" : "Settings",
  "name" : "Settings",
  "path" : "/Users/admin/builder/spi-builder-workspace",
  "platforms" : [
    {
      "name" : "macos",
      "version" : "10.13"
    }
  ],
  "products" : [
    {
      "name" : "Settings",
      "targets" : [
        "Settings"
      ],
      "type" : {
        "library" : [
          "automatic"
        ]
      }
    }
  ],
  "targets" : [
    {
      "c99name" : "Settings",
      "module_type" : "SwiftTarget",
      "name" : "Settings",
      "path" : "Sources/Settings",
      "product_memberships" : [
        "Settings"
      ],
      "resources" : [
        {
          "path" : "/Users/admin/builder/spi-builder-workspace/Sources/Settings/Resources/Localizable.xcstrings",
          "rule" : {
            "process" : {
            }
          }
        }
      ],
      "sources" : [
        "Container.swift",
        "Pane.swift",
        "Section.swift",
        "SegmentedControlStyleViewController.swift",
        "Settings.swift",
        "SettingsPane.swift",
        "SettingsStyleController.swift",
        "SettingsTabViewController.swift",
        "SettingsWindowController.swift",
        "Style.swift",
        "ToolbarItemStyleViewController.swift",
        "Utilities.swift"
      ],
      "type" : "library"
    }
  ],
  "tools_version" : "5.8"
}
{
  "workspace" : {
    "name" : "Settings",
    "schemes" : [
      "Preferences",
      "Settings"
    ]
  }
}
2026-09-23 05:23:38.533 xcodebuild[687:4506] [MT] IDERunDestination: Supported platforms for the buildables in the current scheme is empty.
2026-09-23 05:23:38.674 xcodebuild[687:4506] [MT] IDERunDestination: Supported platforms for the buildables in the current scheme is empty.
{
  "workspace" : {
    "name" : "Settings",
    "schemes" : [
      "Preferences",
      "Settings"
    ]
  }
}
2026-09-23 05:23:39.548 xcodebuild[689:4537] [MT] IDERunDestination: Supported platforms for the buildables in the current scheme is empty.
2026-09-23 05:23:39.649 xcodebuild[689:4537] [MT] IDERunDestination: Supported platforms for the buildables in the current scheme is empty.
Running build ...
env DEVELOPER_DIR=/Applications/Xcode-27.0.0-Release.Candidate.app xcrun xcodebuild -IDEClonedSourcePackagesDirPathOverride=$PWD/.dependencies -skipMacroValidation -skipPackagePluginValidation -derivedDataPath $PWD/.derivedData build -scheme Settings -destination generic/platform=watchOS
Command line invocation:
    /Applications/Xcode-27.0.0-Release.Candidate.app/Contents/Developer/usr/bin/xcodebuild -IDEClonedSourcePackagesDirPathOverride=/Users/admin/builder/spi-builder-workspace/.dependencies -skipMacroValidation -skipPackagePluginValidation -derivedDataPath /Users/admin/builder/spi-builder-workspace/.derivedData build -scheme Settings -destination generic/platform=watchOS
Resolve Package Graph
Resolved source packages:
  Settings: /Users/admin/builder/spi-builder-workspace
ComputePackagePrebuildTargetDependencyGraph
Prepare packages
CreateBuildRequest
SendProjectDescription
CreateBuildOperation
ComputeTargetDependencyGraph
note: Building targets in dependency order
note: Target dependency graph (3 targets)
    Target 'Settings-product' in project 'Settings'
        ➜ Explicit dependency on target 'Settings' in project 'Settings'
        ➜ Explicit dependency on target 'Settings_Settings' in project 'Settings'
    Target 'Settings' in project 'Settings'
        ➜ Explicit dependency on target 'Settings_Settings' in project 'Settings'
    Target 'Settings_Settings' in project 'Settings' (no dependencies)
GatherProvisioningInputs
CreateBuildDescription
ClangStatCache /Applications/Xcode-27.0.0-Release.Candidate.app/Contents/Developer/Toolchains/XcodeDefault.xctoolchain/usr/bin/clang-stat-cache /Applications/Xcode-27.0.0-Release.Candidate.app/Contents/Developer/Platforms/WatchOS.platform/Developer/SDKs/WatchOS27.0.sdk /Users/admin/builder/spi-builder-workspace/.derivedData/SDKStatCaches.noindex/watchos27.0-24R360-e829b21a6f8c9b70876ba0858053c04477534ef55a1706bf4c1112bbb242f0a2.sdkstatcache
    cd /Users/admin/builder/spi-builder-workspace/.swiftpm/xcode
    /Applications/Xcode-27.0.0-Release.Candidate.app/Contents/Developer/Toolchains/XcodeDefault.xctoolchain/usr/bin/clang-stat-cache /Applications/Xcode-27.0.0-Release.Candidate.app/Contents/Developer/Platforms/WatchOS.platform/Developer/SDKs/WatchOS27.0.sdk -o /Users/admin/builder/spi-builder-workspace/.derivedData/SDKStatCaches.noindex/watchos27.0-24R360-e829b21a6f8c9b70876ba0858053c04477534ef55a1706bf4c1112bbb242f0a2.sdkstatcache
SwiftDriver Settings normal arm64_32 com.apple.xcode.tools.swift.compiler (in target 'Settings' from project 'Settings')
    cd /Users/admin/builder/spi-builder-workspace/.swiftpm/xcode
    builtin-SwiftDriver -- /Applications/Xcode-27.0.0-Release.Candidate.app/Contents/Developer/Toolchains/XcodeDefault.xctoolchain/usr/bin/swiftc -parse-as-library -module-name Settings -Onone @/Users/admin/builder/spi-builder-workspace/.derivedData/Build/Intermediates.noindex/Settings.build/Debug-watchos/Settings-t.build/Objects-normal/arm64_32/Settings.SwiftFileList -DSWIFT_PACKAGE -DDEBUG -DSWIFT_MODULE_RESOURCE_BUNDLE_AVAILABLE -DXcode -plugin-path /Applications/Xcode-27.0.0-Release.Candidate.app/Contents/Developer/Toolchains/XcodeDefault.xctoolchain/usr/lib/swift/host/plugins/testing -enable-experimental-feature DebugDescriptionMacro -sdk /Applications/Xcode-27.0.0-Release.Candidate.app/Contents/Developer/Platforms/WatchOS.platform/Developer/SDKs/WatchOS27.0.sdk -target arm64_32-apple-watchos9.0 -g -module-cache-path /Users/admin/builder/spi-builder-workspace/.derivedData/ModuleCache.noindex -Xfrontend -serialize-debugging-options -enable-testing -index-store-path /Users/admin/builder/spi-builder-workspace/.derivedData/Index.noindex/DataStore -Xcc -D_LIBCPP_HARDENING_MODE\=_LIBCPP_HARDENING_MODE_DEBUG -swift-version 5 -I /Users/admin/builder/spi-builder-workspace/.derivedData/Build/Products/Debug-watchos -Isystem /Applications/Xcode-27.0.0-Release.Candidate.app/Contents/Developer/Platforms/WatchOS.platform/Developer/usr/lib -F /Users/admin/builder/spi-builder-workspace/.derivedData/Build/Products/Debug-watchos -F /Applications/Xcode-27.0.0-Release.Candidate.app/Contents/Developer/Platforms/WatchOS.platform/Developer/Library/Frameworks -F /Applications/Xcode-27.0.0-Release.Candidate.app/Contents/Developer/Platforms/WatchOS.platform/Developer/SDKs/WatchOS27.0.sdk/Developer/Library/Frameworks -emit-localized-strings -emit-localized-strings-path /Users/admin/builder/spi-builder-workspace/.derivedData/Build/Intermediates.noindex/Settings.build/Debug-watchos/Settings-t.build/Objects-normal/arm64_32 -c -j10 -enable-batch-mode -incremental -Xcc -ivfsstatcache -Xcc /Users/admin/builder/spi-builder-workspace/.derivedData/SDKStatCaches.noindex/watchos27.0-24R360-e829b21a6f8c9b70876ba0858053c04477534ef55a1706bf4c1112bbb242f0a2.sdkstatcache -output-file-map /Users/admin/builder/spi-builder-workspace/.derivedData/Build/Intermediates.noindex/Settings.build/Debug-watchos/Settings-t.build/Objects-normal/arm64_32/Settings-OutputFileMap.json -save-temps -no-color-diagnostics -explicit-module-build -module-cache-path /Users/admin/builder/spi-builder-workspace/.derivedData/Build/Intermediates.noindex/SwiftExplicitPrecompiledModules -clang-scanner-module-cache-path /Users/admin/builder/spi-builder-workspace/.derivedData/ModuleCache.noindex -sdk-module-cache-path /Users/admin/builder/spi-builder-workspace/.derivedData/SDKExplicitPrecompiledModules -emit-dependencies -emit-module -emit-module-path /Users/admin/builder/spi-builder-workspace/.derivedData/Build/Intermediates.noindex/Settings.build/Debug-watchos/Settings-t.build/Objects-normal/arm64_32/Settings.swiftmodule -serialize-diagnostics -dependency-scan-serialize-diagnostics-path /Users/admin/builder/spi-builder-workspace/.derivedData/Build/Intermediates.noindex/Settings.build/Debug-watchos/Settings-t.build/Objects-normal/arm64_32/Settings-dependency-scan.dia -validate-clang-modules-once -clang-build-session-file /Users/admin/builder/spi-builder-workspace/.derivedData/ModuleCache.noindex/Session.modulevalidation -Xcc -fmodules-prune-interval\=86400 -Xcc -fmodules-prune-after\=345600 -emit-const-values -const-gather-protocols-list /Users/admin/builder/spi-builder-workspace/.derivedData/Build/Intermediates.noindex/Settings.build/Debug-watchos/Settings-t.build/Objects-normal/arm64_32/Settings_const_extract_protocols.json -Xcc -I/Users/admin/builder/spi-builder-workspace/.derivedData/Build/Products/Debug-watchos/include -Xcc -I/Users/admin/builder/spi-builder-workspace/.derivedData/Build/Intermediates.noindex/Settings.build/Debug-watchos/Settings-t.build/DerivedSources-normal/arm64_32 -Xcc -I/Users/admin/builder/spi-builder-workspace/.derivedData/Build/Intermediates.noindex/Settings.build/Debug-watchos/Settings-t.build/DerivedSources/arm64_32 -Xcc -I/Users/admin/builder/spi-builder-workspace/.derivedData/Build/Intermediates.noindex/Settings.build/Debug-watchos/Settings-t.build/DerivedSources -Xcc -DSWIFT_PACKAGE -Xcc -DDEBUG\=1 -emit-objc-header -emit-objc-header-path /Users/admin/builder/spi-builder-workspace/.derivedData/Build/Intermediates.noindex/Settings.build/Debug-watchos/Settings-t.build/Objects-normal/arm64_32/Settings-Swift.h -working-directory /Users/admin/builder/spi-builder-workspace/.swiftpm/xcode -experimental-emit-module-separately -disable-cmo
/Users/admin/builder/spi-builder-workspace/Sources/Settings/SegmentedControlStyleViewController.swift:1:8: error: Unable to resolve module dependency: 'Cocoa' (in target 'Settings' from project 'Settings')
    note: A dependency of main module 'Settings'
    /Users/admin/builder/spi-builder-workspace/Sources/Settings/SettingsStyleController.swift:1:8: note: Also imported here
    /Users/admin/builder/spi-builder-workspace/Sources/Settings/SettingsTabViewController.swift:1:8: note: Also imported here
    /Users/admin/builder/spi-builder-workspace/Sources/Settings/Style.swift:1:8: note: Also imported here
    /Users/admin/builder/spi-builder-workspace/Sources/Settings/ToolbarItemStyleViewController.swift:1:8: note: Also imported here
/Users/admin/builder/spi-builder-workspace/Sources/Settings/SettingsPane.swift:1:8: error: Unable to resolve module dependency: 'AppKit' (in target 'Settings' from project 'Settings')
    note: A dependency of main module 'Settings'
    /Users/admin/builder/spi-builder-workspace/Sources/Settings/SettingsWindowController.swift:1:8: note: Also imported here
/Users/admin/builder/spi-builder-workspace/Sources/Settings/SegmentedControlStyleViewController.swift:1:8: note: A dependency of main module 'Settings'
import Cocoa
       ^ (in target 'Settings' from project 'Settings')
/Users/admin/builder/spi-builder-workspace/Sources/Settings/SettingsStyleController.swift:1:8: note: Also imported here
import Cocoa
       ^ (in target 'Settings' from project 'Settings')
/Users/admin/builder/spi-builder-workspace/Sources/Settings/SettingsTabViewController.swift:1:8: note: Also imported here
import Cocoa
       ^ (in target 'Settings' from project 'Settings')
/Users/admin/builder/spi-builder-workspace/Sources/Settings/Style.swift:1:8: note: Also imported here
import Cocoa
       ^ (in target 'Settings' from project 'Settings')
/Users/admin/builder/spi-builder-workspace/Sources/Settings/ToolbarItemStyleViewController.swift:1:8: note: Also imported here
import Cocoa
       ^ (in target 'Settings' from project 'Settings')
/Users/admin/builder/spi-builder-workspace/Sources/Settings/SettingsPane.swift:1:8: note: A dependency of main module 'Settings'
import AppKit
       ^ (in target 'Settings' from project 'Settings')
/Users/admin/builder/spi-builder-workspace/Sources/Settings/SettingsWindowController.swift:1:8: note: Also imported here
import AppKit
       ^ (in target 'Settings' from project 'Settings')
SwiftDriver Settings normal arm64 com.apple.xcode.tools.swift.compiler (in target 'Settings' from project 'Settings')
    cd /Users/admin/builder/spi-builder-workspace/.swiftpm/xcode
    builtin-SwiftDriver -- /Applications/Xcode-27.0.0-Release.Candidate.app/Contents/Developer/Toolchains/XcodeDefault.xctoolchain/usr/bin/swiftc -parse-as-library -module-name Settings -Onone @/Users/admin/builder/spi-builder-workspace/.derivedData/Build/Intermediates.noindex/Settings.build/Debug-watchos/Settings-t.build/Objects-normal/arm64/Settings.SwiftFileList -DSWIFT_PACKAGE -DDEBUG -DSWIFT_MODULE_RESOURCE_BUNDLE_AVAILABLE -DXcode -plugin-path /Applications/Xcode-27.0.0-Release.Candidate.app/Contents/Developer/Toolchains/XcodeDefault.xctoolchain/usr/lib/swift/host/plugins/testing -enable-experimental-feature DebugDescriptionMacro -sdk /Applications/Xcode-27.0.0-Release.Candidate.app/Contents/Developer/Platforms/WatchOS.platform/Developer/SDKs/WatchOS27.0.sdk -target arm64-apple-watchos9.0 -g -module-cache-path /Users/admin/builder/spi-builder-workspace/.derivedData/ModuleCache.noindex -Xfrontend -serialize-debugging-options -enable-testing -index-store-path /Users/admin/builder/spi-builder-workspace/.derivedData/Index.noindex/DataStore -Xcc -D_LIBCPP_HARDENING_MODE\=_LIBCPP_HARDENING_MODE_DEBUG -swift-version 5 -I /Users/admin/builder/spi-builder-workspace/.derivedData/Build/Products/Debug-watchos -Isystem /Applications/Xcode-27.0.0-Release.Candidate.app/Contents/Developer/Platforms/WatchOS.platform/Developer/usr/lib -F /Users/admin/builder/spi-builder-workspace/.derivedData/Build/Products/Debug-watchos -F /Applications/Xcode-27.0.0-Release.Candidate.app/Contents/Developer/Platforms/WatchOS.platform/Developer/Library/Frameworks -F /Applications/Xcode-27.0.0-Release.Candidate.app/Contents/Developer/Platforms/WatchOS.platform/Developer/SDKs/WatchOS27.0.sdk/Developer/Library/Frameworks -emit-localized-strings -emit-localized-strings-path /Users/admin/builder/spi-builder-workspace/.derivedData/Build/Intermediates.noindex/Settings.build/Debug-watchos/Settings-t.build/Objects-normal/arm64 -c -j10 -enable-batch-mode -incremental -Xcc -ivfsstatcache -Xcc /Users/admin/builder/spi-builder-workspace/.derivedData/SDKStatCaches.noindex/watchos27.0-24R360-e829b21a6f8c9b70876ba0858053c04477534ef55a1706bf4c1112bbb242f0a2.sdkstatcache -output-file-map /Users/admin/builder/spi-builder-workspace/.derivedData/Build/Intermediates.noindex/Settings.build/Debug-watchos/Settings-t.build/Objects-normal/arm64/Settings-OutputFileMap.json -save-temps -no-color-diagnostics -explicit-module-build -module-cache-path /Users/admin/builder/spi-builder-workspace/.derivedData/Build/Intermediates.noindex/SwiftExplicitPrecompiledModules -clang-scanner-module-cache-path /Users/admin/builder/spi-builder-workspace/.derivedData/ModuleCache.noindex -sdk-module-cache-path /Users/admin/builder/spi-builder-workspace/.derivedData/SDKExplicitPrecompiledModules -emit-dependencies -emit-module -emit-module-path /Users/admin/builder/spi-builder-workspace/.derivedData/Build/Intermediates.noindex/Settings.build/Debug-watchos/Settings-t.build/Objects-normal/arm64/Settings.swiftmodule -serialize-diagnostics -dependency-scan-serialize-diagnostics-path /Users/admin/builder/spi-builder-workspace/.derivedData/Build/Intermediates.noindex/Settings.build/Debug-watchos/Settings-t.build/Objects-normal/arm64/Settings-dependency-scan.dia -validate-clang-modules-once -clang-build-session-file /Users/admin/builder/spi-builder-workspace/.derivedData/ModuleCache.noindex/Session.modulevalidation -Xcc -fmodules-prune-interval\=86400 -Xcc -fmodules-prune-after\=345600 -emit-const-values -const-gather-protocols-list /Users/admin/builder/spi-builder-workspace/.derivedData/Build/Intermediates.noindex/Settings.build/Debug-watchos/Settings-t.build/Objects-normal/arm64/Settings_const_extract_protocols.json -Xcc -I/Users/admin/builder/spi-builder-workspace/.derivedData/Build/Products/Debug-watchos/include -Xcc -I/Users/admin/builder/spi-builder-workspace/.derivedData/Build/Intermediates.noindex/Settings.build/Debug-watchos/Settings-t.build/DerivedSources-normal/arm64 -Xcc -I/Users/admin/builder/spi-builder-workspace/.derivedData/Build/Intermediates.noindex/Settings.build/Debug-watchos/Settings-t.build/DerivedSources/arm64 -Xcc -I/Users/admin/builder/spi-builder-workspace/.derivedData/Build/Intermediates.noindex/Settings.build/Debug-watchos/Settings-t.build/DerivedSources -Xcc -DSWIFT_PACKAGE -Xcc -DDEBUG\=1 -emit-objc-header -emit-objc-header-path /Users/admin/builder/spi-builder-workspace/.derivedData/Build/Intermediates.noindex/Settings.build/Debug-watchos/Settings-t.build/Objects-normal/arm64/Settings-Swift.h -working-directory /Users/admin/builder/spi-builder-workspace/.swiftpm/xcode -experimental-emit-module-separately -disable-cmo
/Users/admin/builder/spi-builder-workspace/Sources/Settings/SegmentedControlStyleViewController.swift:1:8: error: Unable to resolve module dependency: 'Cocoa' (in target 'Settings' from project 'Settings')
    note: A dependency of main module 'Settings'
    /Users/admin/builder/spi-builder-workspace/Sources/Settings/SettingsStyleController.swift:1:8: note: Also imported here
    /Users/admin/builder/spi-builder-workspace/Sources/Settings/SettingsTabViewController.swift:1:8: note: Also imported here
    /Users/admin/builder/spi-builder-workspace/Sources/Settings/Style.swift:1:8: note: Also imported here
    /Users/admin/builder/spi-builder-workspace/Sources/Settings/ToolbarItemStyleViewController.swift:1:8: note: Also imported here
/Users/admin/builder/spi-builder-workspace/Sources/Settings/SettingsPane.swift:1:8: error: Unable to resolve module dependency: 'AppKit' (in target 'Settings' from project 'Settings')
    note: A dependency of main module 'Settings'
    /Users/admin/builder/spi-builder-workspace/Sources/Settings/SettingsWindowController.swift:1:8: note: Also imported here
/Users/admin/builder/spi-builder-workspace/Sources/Settings/SegmentedControlStyleViewController.swift:1:8: note: A dependency of main module 'Settings'
import Cocoa
       ^ (in target 'Settings' from project 'Settings')
/Users/admin/builder/spi-builder-workspace/Sources/Settings/SettingsStyleController.swift:1:8: note: Also imported here
import Cocoa
       ^ (in target 'Settings' from project 'Settings')
/Users/admin/builder/spi-builder-workspace/Sources/Settings/SettingsTabViewController.swift:1:8: note: Also imported here
import Cocoa
       ^ (in target 'Settings' from project 'Settings')
/Users/admin/builder/spi-builder-workspace/Sources/Settings/Style.swift:1:8: note: Also imported here
import Cocoa
       ^ (in target 'Settings' from project 'Settings')
/Users/admin/builder/spi-builder-workspace/Sources/Settings/ToolbarItemStyleViewController.swift:1:8: note: Also imported here
import Cocoa
       ^ (in target 'Settings' from project 'Settings')
/Users/admin/builder/spi-builder-workspace/Sources/Settings/SettingsPane.swift:1:8: note: A dependency of main module 'Settings'
import AppKit
       ^ (in target 'Settings' from project 'Settings')
/Users/admin/builder/spi-builder-workspace/Sources/Settings/SettingsWindowController.swift:1:8: note: Also imported here
import AppKit
       ^ (in target 'Settings' from project 'Settings')
PruneExplicitPrecompiledModules /Users/admin/builder/spi-builder-workspace/.derivedData/Build/Intermediates.noindex/ExplicitPrecompiledModules
PruneExplicitPrecompiledModules /Users/admin/builder/spi-builder-workspace/.derivedData/SDKExplicitPrecompiledModules
PruneExplicitPrecompiledModules /Users/admin/builder/spi-builder-workspace/.derivedData/Build/Intermediates.noindex/SwiftExplicitPrecompiledModules
2026-09-23 05:23:40.505 xcodebuild[690:4562] [MT] IDERunDestination: Supported platforms for the buildables in the current scheme is empty.
2026-09-23 05:23:40.648 xcodebuild[690:4562] [MT] IDERunDestination: Supported platforms for the buildables in the current scheme is empty.
2026-09-23 05:23:40.873 xcodebuild[690:4562] [MT] IDERunDestination: Supported platforms for the buildables in the current scheme is empty.
** BUILD FAILED **
The following build commands failed:
	SwiftDriver Settings normal arm64_32 com.apple.xcode.tools.swift.compiler (in target 'Settings' from project 'Settings')
	SwiftDriver Settings normal arm64 com.apple.xcode.tools.swift.compiler (in target 'Settings' from project 'Settings')
	Building workspace Settings with scheme Settings
(3 failures)
BUILD FAILURE 6.4 watchOS