The Swift Package Index logo.Swift Package Index

Build Information

Failed to build VaporToOpenAPI, reference 4.9.2 (a555ef), with Swift 6.1 for Android on 26 Jun 2026 06:33:25 UTC.

Build Command

bash -c docker run --pull=always --rm -v "checkouts-53886768-0":/host -w "$PWD" -e JAVA_HOME="/root/.sdkman/candidates/java/current" -e SPI_BUILD="1" -e SPI_PROCESSING="1" registry.gitlab.com/saguaro1/spi-images:android-6.1-latest swift build --swift-sdk aarch64-unknown-linux-android24 2>&1

Build Log

<unknown>:0: warning: upcoming feature 'InferSendableFromCaptures' is already enabled as of Swift version 6
<unknown>:0: warning: upcoming feature 'GlobalActorIsolatedTypesUsability' is already enabled as of Swift version 6
<unknown>:0: warning: upcoming feature 'DisableOutwardActorInference' is already enabled as of Swift version 6
[1378/1631] Compiling SwiftOperators OperatorTable.swift
<unknown>:0: warning: upcoming feature 'InferSendableFromCaptures' is already enabled as of Swift version 6
<unknown>:0: warning: upcoming feature 'GlobalActorIsolatedTypesUsability' is already enabled as of Swift version 6
<unknown>:0: warning: upcoming feature 'DisableOutwardActorInference' is already enabled as of Swift version 6
[1379/1631] Compiling SwiftParserDiagnostics MultiLineStringLiteralDiagnosticsGenerator.swift
<unknown>:0: warning: upcoming feature 'InferSendableFromCaptures' is already enabled as of Swift version 6
<unknown>:0: warning: upcoming feature 'GlobalActorIsolatedTypesUsability' is already enabled as of Swift version 6
<unknown>:0: warning: upcoming feature 'DisableOutwardActorInference' is already enabled as of Swift version 6
[1380/1631] Compiling SwiftParserDiagnostics ParseDiagnosticsGenerator.swift
<unknown>:0: warning: upcoming feature 'InferSendableFromCaptures' is already enabled as of Swift version 6
<unknown>:0: warning: upcoming feature 'GlobalActorIsolatedTypesUsability' is already enabled as of Swift version 6
<unknown>:0: warning: upcoming feature 'DisableOutwardActorInference' is already enabled as of Swift version 6
[1380/1631] Wrapping AST for SwiftParser for debugging
[1382/1631] Compiling SwiftParserDiagnostics TokenNameForDiagnostics.swift
<unknown>:0: warning: upcoming feature 'InferSendableFromCaptures' is already enabled as of Swift version 6
<unknown>:0: warning: upcoming feature 'GlobalActorIsolatedTypesUsability' is already enabled as of Swift version 6
<unknown>:0: warning: upcoming feature 'DisableOutwardActorInference' is already enabled as of Swift version 6
[1383/1631] Compiling SwiftOperators SyntaxSynthesis.swift
<unknown>:0: warning: upcoming feature 'InferSendableFromCaptures' is already enabled as of Swift version 6
<unknown>:0: warning: upcoming feature 'GlobalActorIsolatedTypesUsability' is already enabled as of Swift version 6
<unknown>:0: warning: upcoming feature 'DisableOutwardActorInference' is already enabled as of Swift version 6
[1384/1631] Compiling SwiftOperators OperatorTable+Semantics.swift
<unknown>:0: warning: upcoming feature 'InferSendableFromCaptures' is already enabled as of Swift version 6
<unknown>:0: warning: upcoming feature 'GlobalActorIsolatedTypesUsability' is already enabled as of Swift version 6
<unknown>:0: warning: upcoming feature 'DisableOutwardActorInference' is already enabled as of Swift version 6
[1385/1631] Compiling SwiftParserDiagnostics PresenceUtils.swift
<unknown>:0: warning: upcoming feature 'InferSendableFromCaptures' is already enabled as of Swift version 6
<unknown>:0: warning: upcoming feature 'GlobalActorIsolatedTypesUsability' is already enabled as of Swift version 6
<unknown>:0: warning: upcoming feature 'DisableOutwardActorInference' is already enabled as of Swift version 6
[1386/1631] Compiling ConsoleKitCommands CommandContext.swift
<unknown>:0: warning: upcoming feature 'InferSendableFromCaptures' is already enabled as of Swift version 6
<unknown>:0: warning: upcoming feature 'GlobalActorIsolatedTypesUsability' is already enabled as of Swift version 6
<unknown>:0: warning: upcoming feature 'DisableOutwardActorInference' is already enabled as of Swift version 6
[1387/1631] Compiling ConsoleKitCommands CommandError.swift
<unknown>:0: warning: upcoming feature 'InferSendableFromCaptures' is already enabled as of Swift version 6
<unknown>:0: warning: upcoming feature 'GlobalActorIsolatedTypesUsability' is already enabled as of Swift version 6
<unknown>:0: warning: upcoming feature 'DisableOutwardActorInference' is already enabled as of Swift version 6
[1388/1631] Compiling SwiftParserDiagnostics SyntaxExtensions.swift
<unknown>:0: warning: upcoming feature 'InferSendableFromCaptures' is already enabled as of Swift version 6
<unknown>:0: warning: upcoming feature 'GlobalActorIsolatedTypesUsability' is already enabled as of Swift version 6
<unknown>:0: warning: upcoming feature 'DisableOutwardActorInference' is already enabled as of Swift version 6
[1389/1631] Compiling SwiftParserDiagnostics Utils.swift
<unknown>:0: warning: upcoming feature 'InferSendableFromCaptures' is already enabled as of Swift version 6
<unknown>:0: warning: upcoming feature 'GlobalActorIsolatedTypesUsability' is already enabled as of Swift version 6
<unknown>:0: warning: upcoming feature 'DisableOutwardActorInference' is already enabled as of Swift version 6
[1390/1631] Compiling SwiftParserDiagnostics ParserDiagnosticMessages.swift
<unknown>:0: warning: upcoming feature 'InferSendableFromCaptures' is already enabled as of Swift version 6
<unknown>:0: warning: upcoming feature 'GlobalActorIsolatedTypesUsability' is already enabled as of Swift version 6
<unknown>:0: warning: upcoming feature 'DisableOutwardActorInference' is already enabled as of Swift version 6
[1390/1632] Compiling v3_purp.cc
[1392/1632] Compiling SwiftOperators OperatorTable+Folding.swift
<unknown>:0: warning: upcoming feature 'InferSendableFromCaptures' is already enabled as of Swift version 6
<unknown>:0: warning: upcoming feature 'GlobalActorIsolatedTypesUsability' is already enabled as of Swift version 6
<unknown>:0: warning: upcoming feature 'DisableOutwardActorInference' is already enabled as of Swift version 6
[1392/1633] Compiling v3_pmaps.cc
[1395/1633] Emitting module SwiftParserDiagnostics
<unknown>:0: warning: upcoming feature 'InferSendableFromCaptures' is already enabled as of Swift version 6
<unknown>:0: warning: upcoming feature 'GlobalActorIsolatedTypesUsability' is already enabled as of Swift version 6
<unknown>:0: warning: upcoming feature 'DisableOutwardActorInference' is already enabled as of Swift version 6
[1396/1633] Compiling v3_prn.cc
[1397/1633] Compiling v3_ocsp.cc
[1398/1633] Wrapping AST for SwiftOperators for debugging
[1400/1635] Compiling SwiftParserDiagnostics ChildNameForDiagnostics.swift
<unknown>:0: warning: upcoming feature 'InferSendableFromCaptures' is already enabled as of Swift version 6
<unknown>:0: warning: upcoming feature 'GlobalActorIsolatedTypesUsability' is already enabled as of Swift version 6
<unknown>:0: warning: upcoming feature 'DisableOutwardActorInference' is already enabled as of Swift version 6
<unknown>:0: warning: upcoming feature 'InferSendableFromCaptures' is already enabled as of Swift version 6
<unknown>:0: warning: upcoming feature 'GlobalActorIsolatedTypesUsability' is already enabled as of Swift version 6
<unknown>:0: warning: upcoming feature 'DisableOutwardActorInference' is already enabled as of Swift version 6
<unknown>:0: warning: upcoming feature 'InferSendableFromCaptures' is already enabled as of Swift version 6
<unknown>:0: warning: upcoming feature 'GlobalActorIsolatedTypesUsability' is already enabled as of Swift version 6
<unknown>:0: warning: upcoming feature 'DisableOutwardActorInference' is already enabled as of Swift version 6
<unknown>:0: warning: upcoming feature 'InferSendableFromCaptures' is already enabled as of Swift version 6
<unknown>:0: warning: upcoming feature 'GlobalActorIsolatedTypesUsability' is already enabled as of Swift version 6
<unknown>:0: warning: upcoming feature 'DisableOutwardActorInference' is already enabled as of Swift version 6
<unknown>:0: warning: upcoming feature 'InferSendableFromCaptures' is already enabled as of Swift version 6
<unknown>:0: warning: upcoming feature 'GlobalActorIsolatedTypesUsability' is already enabled as of Swift version 6
<unknown>:0: warning: upcoming feature 'DisableOutwardActorInference' is already enabled as of Swift version 6
[1405/1635] Compiling ConsoleKit Exports.swift
<unknown>:0: warning: upcoming feature 'InferSendableFromCaptures' is already enabled as of Swift version 6
<unknown>:0: warning: upcoming feature 'GlobalActorIsolatedTypesUsability' is already enabled as of Swift version 6
<unknown>:0: warning: upcoming feature 'DisableOutwardActorInference' is already enabled as of Swift version 6
[1406/1635] Emitting module ConsoleKit
<unknown>:0: warning: upcoming feature 'InferSendableFromCaptures' is already enabled as of Swift version 6
<unknown>:0: warning: upcoming feature 'GlobalActorIsolatedTypesUsability' is already enabled as of Swift version 6
<unknown>:0: warning: upcoming feature 'DisableOutwardActorInference' is already enabled as of Swift version 6
[1407/1636] Compiling v3_pcons.cc
[1408/1636] Compiling v3_lib.cc
[1409/1636] Compiling v3_ncons.cc
[1410/1636] Compiling v3_int.cc
[1411/1636] Compiling v3_info.cc
[1412/1636] Compiling v3_ia5.cc
<unknown>:0: warning: upcoming feature 'InferSendableFromCaptures' is already enabled as of Swift version 6
<unknown>:0: warning: upcoming feature 'GlobalActorIsolatedTypesUsability' is already enabled as of Swift version 6
<unknown>:0: warning: upcoming feature 'DisableOutwardActorInference' is already enabled as of Swift version 6
<unknown>:0: warning: upcoming feature 'InferSendableFromCaptures' is already enabled as of Swift version 6
<unknown>:0: warning: upcoming feature 'GlobalActorIsolatedTypesUsability' is already enabled as of Swift version 6
<unknown>:0: warning: upcoming feature 'DisableOutwardActorInference' is already enabled as of Swift version 6
[1416/1636] Compiling SwiftParserDiagnostics DiagnosticExtensions.swift
<unknown>:0: warning: upcoming feature 'InferSendableFromCaptures' is already enabled as of Swift version 6
<unknown>:0: warning: upcoming feature 'GlobalActorIsolatedTypesUsability' is already enabled as of Swift version 6
<unknown>:0: warning: upcoming feature 'DisableOutwardActorInference' is already enabled as of Swift version 6
[1417/1636] Compiling SwiftParserDiagnostics LexerDiagnosticMessages.swift
<unknown>:0: warning: upcoming feature 'InferSendableFromCaptures' is already enabled as of Swift version 6
<unknown>:0: warning: upcoming feature 'GlobalActorIsolatedTypesUsability' is already enabled as of Swift version 6
<unknown>:0: warning: upcoming feature 'DisableOutwardActorInference' is already enabled as of Swift version 6
<unknown>:0: warning: upcoming feature 'InferSendableFromCaptures' is already enabled as of Swift version 6
<unknown>:0: warning: upcoming feature 'GlobalActorIsolatedTypesUsability' is already enabled as of Swift version 6
<unknown>:0: warning: upcoming feature 'DisableOutwardActorInference' is already enabled as of Swift version 6
<unknown>:0: warning: upcoming feature 'InferSendableFromCaptures' is already enabled as of Swift version 6
<unknown>:0: warning: upcoming feature 'GlobalActorIsolatedTypesUsability' is already enabled as of Swift version 6
<unknown>:0: warning: upcoming feature 'DisableOutwardActorInference' is already enabled as of Swift version 6
[1420/1637] Compiling v3_genn.cc
[1421/1652] Compiling v3_extku.cc
[1422/1652] Wrapping AST for SwiftParserDiagnostics for debugging
[1423/1652] Compiling v3_enum.cc
[1424/1652] Compiling v3_crld.cc
[1425/1652] Compiling v3_cpols.cc
[1426/1652] Compiling v3_bitst.cc
[1427/1652] Compiling v3_conf.cc
[1429/1652] Emitting module SwiftSyntaxBuilder
<unknown>:0: warning: upcoming feature 'InferSendableFromCaptures' is already enabled as of Swift version 6
<unknown>:0: warning: upcoming feature 'GlobalActorIsolatedTypesUsability' is already enabled as of Swift version 6
<unknown>:0: warning: upcoming feature 'DisableOutwardActorInference' is already enabled as of Swift version 6
[1430/1652] Compiling SwiftSyntaxBuilder ConvenienceInitializers.swift
<unknown>:0: warning: upcoming feature 'InferSendableFromCaptures' is already enabled as of Swift version 6
<unknown>:0: warning: upcoming feature 'GlobalActorIsolatedTypesUsability' is already enabled as of Swift version 6
<unknown>:0: warning: upcoming feature 'DisableOutwardActorInference' is already enabled as of Swift version 6
[1431/1652] Compiling SwiftSyntaxBuilder DeclSyntaxParseable.swift
<unknown>:0: warning: upcoming feature 'InferSendableFromCaptures' is already enabled as of Swift version 6
<unknown>:0: warning: upcoming feature 'GlobalActorIsolatedTypesUsability' is already enabled as of Swift version 6
<unknown>:0: warning: upcoming feature 'DisableOutwardActorInference' is already enabled as of Swift version 6
[1431/1653] Compiling v3_akeya.cc
[1432/1653] Compiling v3_alt.cc
[1434/1653] Compiling SwiftSyntaxBuilder WithTrailingCommaSyntax+EnsuringTrailingComma.swift
<unknown>:0: warning: upcoming feature 'InferSendableFromCaptures' is already enabled as of Swift version 6
<unknown>:0: warning: upcoming feature 'GlobalActorIsolatedTypesUsability' is already enabled as of Swift version 6
<unknown>:0: warning: upcoming feature 'DisableOutwardActorInference' is already enabled as of Swift version 6
[1435/1653] Compiling SwiftSyntaxBuilder BuildableNodes.swift
<unknown>:0: warning: upcoming feature 'InferSendableFromCaptures' is already enabled as of Swift version 6
<unknown>:0: warning: upcoming feature 'GlobalActorIsolatedTypesUsability' is already enabled as of Swift version 6
<unknown>:0: warning: upcoming feature 'DisableOutwardActorInference' is already enabled as of Swift version 6
[1436/1653] Compiling SwiftSyntaxBuilder Indenter.swift
<unknown>:0: warning: upcoming feature 'InferSendableFromCaptures' is already enabled as of Swift version 6
<unknown>:0: warning: upcoming feature 'GlobalActorIsolatedTypesUsability' is already enabled as of Swift version 6
<unknown>:0: warning: upcoming feature 'DisableOutwardActorInference' is already enabled as of Swift version 6
[1437/1653] Compiling SwiftSyntaxBuilder ListBuilder.swift
<unknown>:0: warning: upcoming feature 'InferSendableFromCaptures' is already enabled as of Swift version 6
<unknown>:0: warning: upcoming feature 'GlobalActorIsolatedTypesUsability' is already enabled as of Swift version 6
<unknown>:0: warning: upcoming feature 'DisableOutwardActorInference' is already enabled as of Swift version 6
[1438/1653] Compiling SwiftSyntaxBuilder Syntax+StringInterpolation.swift
<unknown>:0: warning: upcoming feature 'InferSendableFromCaptures' is already enabled as of Swift version 6
<unknown>:0: warning: upcoming feature 'GlobalActorIsolatedTypesUsability' is already enabled as of Swift version 6
<unknown>:0: warning: upcoming feature 'DisableOutwardActorInference' is already enabled as of Swift version 6
[1439/1653] Compiling SwiftSyntaxBuilder SyntaxNodeWithBody.swift
<unknown>:0: warning: upcoming feature 'InferSendableFromCaptures' is already enabled as of Swift version 6
<unknown>:0: warning: upcoming feature 'GlobalActorIsolatedTypesUsability' is already enabled as of Swift version 6
<unknown>:0: warning: upcoming feature 'DisableOutwardActorInference' is already enabled as of Swift version 6
[1439/1653] Compiling v3_bcons.cc
[1440/1653] Compiling t_x509.cc
[1441/1653] Compiling v3_akey.cc
[1443/1653] Compiling SwiftSyntaxBuilder SyntaxExpressibleByStringInterpolationConformances.swift
<unknown>:0: warning: upcoming feature 'InferSendableFromCaptures' is already enabled as of Swift version 6
<unknown>:0: warning: upcoming feature 'GlobalActorIsolatedTypesUsability' is already enabled as of Swift version 6
<unknown>:0: warning: upcoming feature 'DisableOutwardActorInference' is already enabled as of Swift version 6
[1443/1653] Compiling t_req.cc
[1444/1653] Compiling t_x509a.cc
[1446/1653] Compiling SwiftSyntaxBuilder ResultBuilderExtensions.swift
<unknown>:0: warning: upcoming feature 'InferSendableFromCaptures' is already enabled as of Swift version 6
<unknown>:0: warning: upcoming feature 'GlobalActorIsolatedTypesUsability' is already enabled as of Swift version 6
<unknown>:0: warning: upcoming feature 'DisableOutwardActorInference' is already enabled as of Swift version 6
[1447/1653] Compiling SwiftSyntaxBuilder SwiftSyntaxBuilderCompatibility.swift
<unknown>:0: warning: upcoming feature 'InferSendableFromCaptures' is already enabled as of Swift version 6
<unknown>:0: warning: upcoming feature 'GlobalActorIsolatedTypesUsability' is already enabled as of Swift version 6
<unknown>:0: warning: upcoming feature 'DisableOutwardActorInference' is already enabled as of Swift version 6
[1448/1653] Compiling SwiftSyntaxBuilder SyntaxParsable+ExpressibleByStringInterpolation.swift
<unknown>:0: warning: upcoming feature 'InferSendableFromCaptures' is already enabled as of Swift version 6
<unknown>:0: warning: upcoming feature 'GlobalActorIsolatedTypesUsability' is already enabled as of Swift version 6
<unknown>:0: warning: upcoming feature 'DisableOutwardActorInference' is already enabled as of Swift version 6
[1449/1653] Compiling SwiftSyntaxBuilder ValidatingSyntaxNodes.swift
<unknown>:0: warning: upcoming feature 'InferSendableFromCaptures' is already enabled as of Swift version 6
<unknown>:0: warning: upcoming feature 'GlobalActorIsolatedTypesUsability' is already enabled as of Swift version 6
<unknown>:0: warning: upcoming feature 'DisableOutwardActorInference' is already enabled as of Swift version 6
[1450/1653] Compiling SwiftSyntaxBuilder RenamedChildrenBuilderCompatibility.swift
<unknown>:0: warning: upcoming feature 'InferSendableFromCaptures' is already enabled as of Swift version 6
<unknown>:0: warning: upcoming feature 'GlobalActorIsolatedTypesUsability' is already enabled as of Swift version 6
<unknown>:0: warning: upcoming feature 'DisableOutwardActorInference' is already enabled as of Swift version 6
[1451/1653] Compiling SwiftSyntaxBuilder ResultBuilders.swift
<unknown>:0: warning: upcoming feature 'InferSendableFromCaptures' is already enabled as of Swift version 6
<unknown>:0: warning: upcoming feature 'GlobalActorIsolatedTypesUsability' is already enabled as of Swift version 6
<unknown>:0: warning: upcoming feature 'DisableOutwardActorInference' is already enabled as of Swift version 6
[1452/1654] Compiling t_crl.cc
[1453/1654] Compiling rsa_pss.cc
[1454/1657] Wrapping AST for SwiftSyntaxBuilder for debugging
[1455/1669] Compiling i2d_pr.cc
[1457/1669] Compiling SwiftIfConfig SyntaxProtocol+IfConfig.swift
<unknown>:0: warning: upcoming feature 'InferSendableFromCaptures' is already enabled as of Swift version 6
<unknown>:0: warning: upcoming feature 'GlobalActorIsolatedTypesUsability' is already enabled as of Swift version 6
<unknown>:0: warning: upcoming feature 'DisableOutwardActorInference' is already enabled as of Swift version 6
[1458/1669] Compiling SwiftIfConfig VersionTuple+Parsing.swift
<unknown>:0: warning: upcoming feature 'InferSendableFromCaptures' is already enabled as of Swift version 6
<unknown>:0: warning: upcoming feature 'GlobalActorIsolatedTypesUsability' is already enabled as of Swift version 6
<unknown>:0: warning: upcoming feature 'DisableOutwardActorInference' is already enabled as of Swift version 6
[1458/1670] Compiling name_print.cc
[1460/1670] Compiling SwiftIfConfig IfConfigFunctions.swift
<unknown>:0: warning: upcoming feature 'InferSendableFromCaptures' is already enabled as of Swift version 6
<unknown>:0: warning: upcoming feature 'GlobalActorIsolatedTypesUsability' is already enabled as of Swift version 6
<unknown>:0: warning: upcoming feature 'DisableOutwardActorInference' is already enabled as of Swift version 6
[1461/1670] Compiling SwiftIfConfig IfConfigRegionState.swift
<unknown>:0: warning: upcoming feature 'InferSendableFromCaptures' is already enabled as of Swift version 6
<unknown>:0: warning: upcoming feature 'GlobalActorIsolatedTypesUsability' is already enabled as of Swift version 6
<unknown>:0: warning: upcoming feature 'DisableOutwardActorInference' is already enabled as of Swift version 6
[1462/1670] Compiling SwiftIfConfig StaticBuildConfiguration.swift
<unknown>:0: warning: upcoming feature 'InferSendableFromCaptures' is already enabled as of Swift version 6
<unknown>:0: warning: upcoming feature 'GlobalActorIsolatedTypesUsability' is already enabled as of Swift version 6
<unknown>:0: warning: upcoming feature 'DisableOutwardActorInference' is already enabled as of Swift version 6
[1463/1670] Compiling SwiftIfConfig SyntaxLiteralUtils.swift
<unknown>:0: warning: upcoming feature 'InferSendableFromCaptures' is already enabled as of Swift version 6
<unknown>:0: warning: upcoming feature 'GlobalActorIsolatedTypesUsability' is already enabled as of Swift version 6
<unknown>:0: warning: upcoming feature 'DisableOutwardActorInference' is already enabled as of Swift version 6
[1463/1670] Compiling policy.cc
[1465/1670] Emitting module SwiftIfConfig
<unknown>:0: warning: upcoming feature 'InferSendableFromCaptures' is already enabled as of Swift version 6
<unknown>:0: warning: upcoming feature 'GlobalActorIsolatedTypesUsability' is already enabled as of Swift version 6
<unknown>:0: warning: upcoming feature 'DisableOutwardActorInference' is already enabled as of Swift version 6
[1466/1670] Compiling SwiftIfConfig VersionTuple.swift
<unknown>:0: warning: upcoming feature 'InferSendableFromCaptures' is already enabled as of Swift version 6
<unknown>:0: warning: upcoming feature 'GlobalActorIsolatedTypesUsability' is already enabled as of Swift version 6
<unknown>:0: warning: upcoming feature 'DisableOutwardActorInference' is already enabled as of Swift version 6
[1467/1670] Compiling SwiftIfConfig IfConfigDiagnostic.swift
<unknown>:0: warning: upcoming feature 'InferSendableFromCaptures' is already enabled as of Swift version 6
<unknown>:0: warning: upcoming feature 'GlobalActorIsolatedTypesUsability' is already enabled as of Swift version 6
<unknown>:0: warning: upcoming feature 'DisableOutwardActorInference' is already enabled as of Swift version 6
[1468/1670] Compiling SwiftIfConfig IfConfigEvaluation.swift
<unknown>:0: warning: upcoming feature 'InferSendableFromCaptures' is already enabled as of Swift version 6
<unknown>:0: warning: upcoming feature 'GlobalActorIsolatedTypesUsability' is already enabled as of Swift version 6
<unknown>:0: warning: upcoming feature 'DisableOutwardActorInference' is already enabled as of Swift version 6
[1468/1670] Compiling by_file.cc
[1469/1670] Compiling by_dir.cc
[1471/1670] Compiling SwiftIfConfig ActiveSyntaxVisitor.swift
<unknown>:0: warning: upcoming feature 'InferSendableFromCaptures' is already enabled as of Swift version 6
<unknown>:0: warning: upcoming feature 'GlobalActorIsolatedTypesUsability' is already enabled as of Swift version 6
<unknown>:0: warning: upcoming feature 'DisableOutwardActorInference' is already enabled as of Swift version 6
[1472/1670] Compiling SwiftIfConfig BuildConfiguration.swift
<unknown>:0: warning: upcoming feature 'InferSendableFromCaptures' is already enabled as of Swift version 6
<unknown>:0: warning: upcoming feature 'GlobalActorIsolatedTypesUsability' is already enabled as of Swift version 6
<unknown>:0: warning: upcoming feature 'DisableOutwardActorInference' is already enabled as of Swift version 6
[1473/1670] Compiling SwiftIfConfig ConfiguredRegions.swift
<unknown>:0: warning: upcoming feature 'InferSendableFromCaptures' is already enabled as of Swift version 6
<unknown>:0: warning: upcoming feature 'GlobalActorIsolatedTypesUsability' is already enabled as of Swift version 6
<unknown>:0: warning: upcoming feature 'DisableOutwardActorInference' is already enabled as of Swift version 6
[1474/1670] Compiling SwiftIfConfig IfConfigDecl+IfConfig.swift
<unknown>:0: warning: upcoming feature 'InferSendableFromCaptures' is already enabled as of Swift version 6
<unknown>:0: warning: upcoming feature 'GlobalActorIsolatedTypesUsability' is already enabled as of Swift version 6
<unknown>:0: warning: upcoming feature 'DisableOutwardActorInference' is already enabled as of Swift version 6
[1475/1670] Compiling SwiftIfConfig ActiveClauseEvaluator.swift
<unknown>:0: warning: upcoming feature 'InferSendableFromCaptures' is already enabled as of Swift version 6
<unknown>:0: warning: upcoming feature 'GlobalActorIsolatedTypesUsability' is already enabled as of Swift version 6
<unknown>:0: warning: upcoming feature 'DisableOutwardActorInference' is already enabled as of Swift version 6
[1476/1670] Compiling SwiftIfConfig ActiveSyntaxRewriter.swift
<unknown>:0: warning: upcoming feature 'InferSendableFromCaptures' is already enabled as of Swift version 6
<unknown>:0: warning: upcoming feature 'GlobalActorIsolatedTypesUsability' is already enabled as of Swift version 6
<unknown>:0: warning: upcoming feature 'DisableOutwardActorInference' is already enabled as of Swift version 6
[1477/1671] Compiling algorithm.cc
[1478/1671] Compiling a_verify.cc
[1479/1671] Compiling asn1_gen.cc
[1480/1671] Wrapping AST for SwiftIfConfig for debugging
[1482/1688] Emitting module SwiftSyntaxMacros
<unknown>:0: warning: upcoming feature 'InferSendableFromCaptures' is already enabled as of Swift version 6
<unknown>:0: warning: upcoming feature 'GlobalActorIsolatedTypesUsability' is already enabled as of Swift version 6
<unknown>:0: warning: upcoming feature 'DisableOutwardActorInference' is already enabled as of Swift version 6
[1483/1690] Compiling SwiftSyntaxMacros FreestandingMacro.swift
<unknown>:0: warning: upcoming feature 'InferSendableFromCaptures' is already enabled as of Swift version 6
<unknown>:0: warning: upcoming feature 'GlobalActorIsolatedTypesUsability' is already enabled as of Swift version 6
<unknown>:0: warning: upcoming feature 'DisableOutwardActorInference' is already enabled as of Swift version 6
[1484/1690] Compiling SwiftSyntaxMacros Macro+Format.swift
<unknown>:0: warning: upcoming feature 'InferSendableFromCaptures' is already enabled as of Swift version 6
<unknown>:0: warning: upcoming feature 'GlobalActorIsolatedTypesUsability' is already enabled as of Swift version 6
<unknown>:0: warning: upcoming feature 'DisableOutwardActorInference' is already enabled as of Swift version 6
[1485/1690] Compiling SwiftSyntaxMacros Macro.swift
<unknown>:0: warning: upcoming feature 'InferSendableFromCaptures' is already enabled as of Swift version 6
<unknown>:0: warning: upcoming feature 'GlobalActorIsolatedTypesUsability' is already enabled as of Swift version 6
<unknown>:0: warning: upcoming feature 'DisableOutwardActorInference' is already enabled as of Swift version 6
[1486/1690] Compiling SwiftSyntaxMacros MemberAttributeMacro.swift
<unknown>:0: warning: upcoming feature 'InferSendableFromCaptures' is already enabled as of Swift version 6
<unknown>:0: warning: upcoming feature 'GlobalActorIsolatedTypesUsability' is already enabled as of Swift version 6
<unknown>:0: warning: upcoming feature 'DisableOutwardActorInference' is already enabled as of Swift version 6
[1487/1690] Compiling SwiftSyntaxMacros ExpressionMacro.swift
<unknown>:0: warning: upcoming feature 'InferSendableFromCaptures' is already enabled as of Swift version 6
<unknown>:0: warning: upcoming feature 'GlobalActorIsolatedTypesUsability' is already enabled as of Swift version 6
<unknown>:0: warning: upcoming feature 'DisableOutwardActorInference' is already enabled as of Swift version 6
[1488/1690] Compiling SwiftSyntaxMacros ExtensionMacro.swift
<unknown>:0: warning: upcoming feature 'InferSendableFromCaptures' is already enabled as of Swift version 6
<unknown>:0: warning: upcoming feature 'GlobalActorIsolatedTypesUsability' is already enabled as of Swift version 6
<unknown>:0: warning: upcoming feature 'DisableOutwardActorInference' is already enabled as of Swift version 6
[1489/1690] Compiling SwiftSyntaxMacros CodeItemMacro.swift
<unknown>:0: warning: upcoming feature 'InferSendableFromCaptures' is already enabled as of Swift version 6
<unknown>:0: warning: upcoming feature 'GlobalActorIsolatedTypesUsability' is already enabled as of Swift version 6
<unknown>:0: warning: upcoming feature 'DisableOutwardActorInference' is already enabled as of Swift version 6
[1490/1690] Compiling SwiftSyntaxMacros DeclarationMacro.swift
<unknown>:0: warning: upcoming feature 'InferSendableFromCaptures' is already enabled as of Swift version 6
<unknown>:0: warning: upcoming feature 'GlobalActorIsolatedTypesUsability' is already enabled as of Swift version 6
<unknown>:0: warning: upcoming feature 'DisableOutwardActorInference' is already enabled as of Swift version 6
[1491/1690] Compiling SwiftSyntaxMacros MemberMacro.swift
<unknown>:0: warning: upcoming feature 'InferSendableFromCaptures' is already enabled as of Swift version 6
<unknown>:0: warning: upcoming feature 'GlobalActorIsolatedTypesUsability' is already enabled as of Swift version 6
<unknown>:0: warning: upcoming feature 'DisableOutwardActorInference' is already enabled as of Swift version 6
[1492/1690] Compiling SwiftSyntaxMacros PeerMacro.swift
<unknown>:0: warning: upcoming feature 'InferSendableFromCaptures' is already enabled as of Swift version 6
<unknown>:0: warning: upcoming feature 'GlobalActorIsolatedTypesUsability' is already enabled as of Swift version 6
<unknown>:0: warning: upcoming feature 'DisableOutwardActorInference' is already enabled as of Swift version 6
[1492/1690] Compiling a_sign.cc
[1493/1690] Compiling a_digest.cc
[1494/1690] Compiling thread_win.cc
[1495/1690] Compiling voprf.cc
[1497/1690] Compiling SwiftSyntaxMacros AccessorMacro.swift
<unknown>:0: warning: upcoming feature 'InferSendableFromCaptures' is already enabled as of Swift version 6
<unknown>:0: warning: upcoming feature 'GlobalActorIsolatedTypesUsability' is already enabled as of Swift version 6
<unknown>:0: warning: upcoming feature 'DisableOutwardActorInference' is already enabled as of Swift version 6
[1498/1690] Compiling SwiftSyntaxMacros AttachedMacro.swift
<unknown>:0: warning: upcoming feature 'InferSendableFromCaptures' is already enabled as of Swift version 6
<unknown>:0: warning: upcoming feature 'GlobalActorIsolatedTypesUsability' is already enabled as of Swift version 6
<unknown>:0: warning: upcoming feature 'DisableOutwardActorInference' is already enabled as of Swift version 6
[1499/1690] Compiling SwiftSyntaxMacros BodyMacro.swift
<unknown>:0: warning: upcoming feature 'InferSendableFromCaptures' is already enabled as of Swift version 6
<unknown>:0: warning: upcoming feature 'GlobalActorIsolatedTypesUsability' is already enabled as of Swift version 6
<unknown>:0: warning: upcoming feature 'DisableOutwardActorInference' is already enabled as of Swift version 6
[1500/1690] Compiling SwiftSyntaxMacros AbstractSourceLocation.swift
<unknown>:0: warning: upcoming feature 'InferSendableFromCaptures' is already enabled as of Swift version 6
<unknown>:0: warning: upcoming feature 'GlobalActorIsolatedTypesUsability' is already enabled as of Swift version 6
<unknown>:0: warning: upcoming feature 'DisableOutwardActorInference' is already enabled as of Swift version 6
[1501/1690] Compiling SwiftSyntaxMacros MacroExpansionContext.swift
<unknown>:0: warning: upcoming feature 'InferSendableFromCaptures' is already enabled as of Swift version 6
<unknown>:0: warning: upcoming feature 'GlobalActorIsolatedTypesUsability' is already enabled as of Swift version 6
<unknown>:0: warning: upcoming feature 'DisableOutwardActorInference' is already enabled as of Swift version 6
[1502/1690] Compiling SwiftSyntaxMacros MacroExpansionDiagnosticMessages.swift
<unknown>:0: warning: upcoming feature 'InferSendableFromCaptures' is already enabled as of Swift version 6
<unknown>:0: warning: upcoming feature 'GlobalActorIsolatedTypesUsability' is already enabled as of Swift version 6
<unknown>:0: warning: upcoming feature 'DisableOutwardActorInference' is already enabled as of Swift version 6
[1503/1690] Compiling SwiftSyntaxMacros PreambleMacro.swift
<unknown>:0: warning: upcoming feature 'InferSendableFromCaptures' is already enabled as of Swift version 6
<unknown>:0: warning: upcoming feature 'GlobalActorIsolatedTypesUsability' is already enabled as of Swift version 6
<unknown>:0: warning: upcoming feature 'DisableOutwardActorInference' is already enabled as of Swift version 6
[1504/1690] Compiling SwiftSyntaxMacros Syntax+LexicalContext.swift
<unknown>:0: warning: upcoming feature 'InferSendableFromCaptures' is already enabled as of Swift version 6
<unknown>:0: warning: upcoming feature 'GlobalActorIsolatedTypesUsability' is already enabled as of Swift version 6
<unknown>:0: warning: upcoming feature 'DisableOutwardActorInference' is already enabled as of Swift version 6
[1504/1691] Compiling trust_token.cc
[1506/1691] Compiling thread_pthread.cc
[1507/1691] Wrapping AST for SwiftSyntaxMacros for debugging
[1508/1691] Compiling pmbtoken.cc
[1509/1700] Compiling thread_none.cc
[1510/1700] Compiling thread.cc
[1511/1700] Compiling stack.cc
[1512/1700] Compiling spake2plus.cc
[1514/1700] Compiling SwiftSyntaxMacroExpansion MacroSpec.swift
<unknown>:0: warning: upcoming feature 'InferSendableFromCaptures' is already enabled as of Swift version 6
<unknown>:0: warning: upcoming feature 'GlobalActorIsolatedTypesUsability' is already enabled as of Swift version 6
<unknown>:0: warning: upcoming feature 'DisableOutwardActorInference' is already enabled as of Swift version 6
[1515/1701] Emitting module SwiftSyntaxMacroExpansion
<unknown>:0: warning: upcoming feature 'InferSendableFromCaptures' is already enabled as of Swift version 6
<unknown>:0: warning: upcoming feature 'GlobalActorIsolatedTypesUsability' is already enabled as of Swift version 6
<unknown>:0: warning: upcoming feature 'DisableOutwardActorInference' is already enabled as of Swift version 6
[1516/1701] Compiling SwiftSyntaxMacroExpansion IndentationUtils.swift
<unknown>:0: warning: upcoming feature 'InferSendableFromCaptures' is already enabled as of Swift version 6
<unknown>:0: warning: upcoming feature 'GlobalActorIsolatedTypesUsability' is already enabled as of Swift version 6
<unknown>:0: warning: upcoming feature 'DisableOutwardActorInference' is already enabled as of Swift version 6
[1517/1701] Compiling SwiftSyntaxMacroExpansion MacroExpansion.swift
<unknown>:0: warning: upcoming feature 'InferSendableFromCaptures' is already enabled as of Swift version 6
<unknown>:0: warning: upcoming feature 'GlobalActorIsolatedTypesUsability' is already enabled as of Swift version 6
<unknown>:0: warning: upcoming feature 'DisableOutwardActorInference' is already enabled as of Swift version 6
[1518/1701] Compiling SwiftSyntaxMacroExpansion MacroExpansionDiagnosticMessages.swift
<unknown>:0: warning: upcoming feature 'InferSendableFromCaptures' is already enabled as of Swift version 6
<unknown>:0: warning: upcoming feature 'GlobalActorIsolatedTypesUsability' is already enabled as of Swift version 6
<unknown>:0: warning: upcoming feature 'DisableOutwardActorInference' is already enabled as of Swift version 6
[1518/1701] Compiling siphash.cc
[1519/1701] Compiling sha256.cc
[1520/1701] Compiling sha512.cc
[1521/1701] Compiling slhdsa.cc
[1523/1701] Compiling SwiftSyntaxMacroExpansion BasicMacroExpansionContext.swift
<unknown>:0: warning: upcoming feature 'InferSendableFromCaptures' is already enabled as of Swift version 6
<unknown>:0: warning: upcoming feature 'GlobalActorIsolatedTypesUsability' is already enabled as of Swift version 6
<unknown>:0: warning: upcoming feature 'DisableOutwardActorInference' is already enabled as of Swift version 6
[1524/1701] Compiling SwiftSyntaxMacroExpansion FunctionParameterUtils.swift
<unknown>:0: warning: upcoming feature 'InferSendableFromCaptures' is already enabled as of Swift version 6
<unknown>:0: warning: upcoming feature 'GlobalActorIsolatedTypesUsability' is already enabled as of Swift version 6
<unknown>:0: warning: upcoming feature 'DisableOutwardActorInference' is already enabled as of Swift version 6
[1525/1701] Compiling SwiftSyntaxMacroExpansion MacroArgument.swift
<unknown>:0: warning: upcoming feature 'InferSendableFromCaptures' is already enabled as of Swift version 6
<unknown>:0: warning: upcoming feature 'GlobalActorIsolatedTypesUsability' is already enabled as of Swift version 6
<unknown>:0: warning: upcoming feature 'DisableOutwardActorInference' is already enabled as of Swift version 6
[1525/1701] Compiling rsa_extra.cc
[1526/1701] Compiling sha1.cc
[1528/1701] Compiling SwiftSyntaxMacroExpansion MacroReplacement.swift
<unknown>:0: warning: upcoming feature 'InferSendableFromCaptures' is already enabled as of Swift version 6
<unknown>:0: warning: upcoming feature 'GlobalActorIsolatedTypesUsability' is already enabled as of Swift version 6
<unknown>:0: warning: upcoming feature 'DisableOutwardActorInference' is already enabled as of Swift version 6
[1528/1701] Compiling rsa_print.cc
[1529/1701] Compiling refcount.cc
[1529/1701] Compiling rc4.cc
[1531/1701] Compiling windows.cc
[1532/1701] Compiling rsa_crypt.cc
[1533/1701] Compiling urandom.cc
[1534/1701] Compiling trusty.cc
[1535/1701] Compiling rand.cc
[1536/1701] Compiling passive.cc
[1537/1701] Compiling rsa_asn1.cc
[1538/1701] Compiling ios.cc
[1539/1701] Compiling getentropy.cc
[1540/1701] Compiling poly1305_arm_asm.S
[1541/1701] Compiling fork_detect.cc
[1542/1701] Compiling forkunsafe.cc
[1544/1701] Compiling SwiftSyntaxMacroExpansion MacroSystem.swift
<unknown>:0: warning: upcoming feature 'InferSendableFromCaptures' is already enabled as of Swift version 6
<unknown>:0: warning: upcoming feature 'GlobalActorIsolatedTypesUsability' is already enabled as of Swift version 6
<unknown>:0: warning: upcoming feature 'DisableOutwardActorInference' is already enabled as of Swift version 6
[1544/1702] Compiling deterministic.cc
[1546/1702] Compiling poly1305_vec.cc
[1547/1702] Compiling poly1305_arm.cc
[1548/1702] Compiling poly1305.cc
[1549/1702] Wrapping AST for SwiftSyntaxMacroExpansion for debugging
[1550/1714] Compiling pool.cc
[1551/1714] Compiling pkcs8_x509.cc
[1553/1714] Compiling SwiftCompilerPluginMessageHandling LRUCache.swift
<unknown>:0: warning: upcoming feature 'InferSendableFromCaptures' is already enabled as of Swift version 6
<unknown>:0: warning: upcoming feature 'GlobalActorIsolatedTypesUsability' is already enabled as of Swift version 6
<unknown>:0: warning: upcoming feature 'DisableOutwardActorInference' is already enabled as of Swift version 6
[1554/1714] Compiling SwiftCompilerPluginMessageHandling Macros.swift
<unknown>:0: warning: upcoming feature 'InferSendableFromCaptures' is already enabled as of Swift version 6
<unknown>:0: warning: upcoming feature 'GlobalActorIsolatedTypesUsability' is already enabled as of Swift version 6
<unknown>:0: warning: upcoming feature 'DisableOutwardActorInference' is already enabled as of Swift version 6
[1554/1715] Compiling pkcs8.cc
[1556/1715] Emitting module SwiftCompilerPluginMessageHandling
<unknown>:0: warning: upcoming feature 'InferSendableFromCaptures' is already enabled as of Swift version 6
<unknown>:0: warning: upcoming feature 'GlobalActorIsolatedTypesUsability' is already enabled as of Swift version 6
<unknown>:0: warning: upcoming feature 'DisableOutwardActorInference' is already enabled as of Swift version 6
[1556/1715] Compiling p5_pbev2.cc
[1557/1715] Compiling pem_xaux.cc
[1558/1715] Compiling pkcs7.cc
[1559/1715] Compiling pem_x509.cc
[1560/1715] Compiling pkcs7_x509.cc
[1562/1715] Compiling SwiftCompilerPluginMessageHandling StandardIOMessageConnection.swift
<unknown>:0: warning: upcoming feature 'InferSendableFromCaptures' is already enabled as of Swift version 6
<unknown>:0: warning: upcoming feature 'GlobalActorIsolatedTypesUsability' is already enabled as of Swift version 6
<unknown>:0: warning: upcoming feature 'DisableOutwardActorInference' is already enabled as of Swift version 6
[1562/1715] Compiling pem_pkey.cc
[1563/1715] Compiling pem_pk8.cc
[1565/1715] Compiling SwiftCompilerPluginMessageHandling PluginMacroExpansionContext.swift
<unknown>:0: warning: upcoming feature 'InferSendableFromCaptures' is already enabled as of Swift version 6
<unknown>:0: warning: upcoming feature 'GlobalActorIsolatedTypesUsability' is already enabled as of Swift version 6
<unknown>:0: warning: upcoming feature 'DisableOutwardActorInference' is already enabled as of Swift version 6
[1566/1715] Compiling SwiftCompilerPluginMessageHandling PluginMessages.swift
<unknown>:0: warning: upcoming feature 'InferSendableFromCaptures' is already enabled as of Swift version 6
<unknown>:0: warning: upcoming feature 'GlobalActorIsolatedTypesUsability' is already enabled as of Swift version 6
<unknown>:0: warning: upcoming feature 'DisableOutwardActorInference' is already enabled as of Swift version 6
[1567/1715] Compiling SwiftCompilerPluginMessageHandling PluginMessageCompatibility.swift
<unknown>:0: warning: upcoming feature 'InferSendableFromCaptures' is already enabled as of Swift version 6
<unknown>:0: warning: upcoming feature 'GlobalActorIsolatedTypesUsability' is already enabled as of Swift version 6
<unknown>:0: warning: upcoming feature 'DisableOutwardActorInference' is already enabled as of Swift version 6
[1567/1715] Compiling obj_xref.cc
[1568/1715] Compiling pem_info.cc
[1569/1715] Compiling pem_oth.cc
[1570/1715] Compiling mlkem.cc
[1571/1715] Compiling pem_lib.cc
[1572/1715] Compiling pem_all.cc
[1574/1715] Compiling SwiftCompilerPluginMessageHandling CodingUtilities.swift
<unknown>:0: warning: upcoming feature 'InferSendableFromCaptures' is already enabled as of Swift version 6
<unknown>:0: warning: upcoming feature 'GlobalActorIsolatedTypesUsability' is already enabled as of Swift version 6
<unknown>:0: warning: upcoming feature 'DisableOutwardActorInference' is already enabled as of Swift version 6
[1575/1715] Compiling SwiftCompilerPluginMessageHandling JSON.swift
<unknown>:0: warning: upcoming feature 'InferSendableFromCaptures' is already enabled as of Swift version 6
<unknown>:0: warning: upcoming feature 'GlobalActorIsolatedTypesUsability' is already enabled as of Swift version 6
<unknown>:0: warning: upcoming feature 'DisableOutwardActorInference' is already enabled as of Swift version 6
[1576/1715] Compiling SwiftCompilerPluginMessageHandling CompilerPluginMessageHandler.swift
<unknown>:0: warning: upcoming feature 'InferSendableFromCaptures' is already enabled as of Swift version 6
<unknown>:0: warning: upcoming feature 'GlobalActorIsolatedTypesUsability' is already enabled as of Swift version 6
<unknown>:0: warning: upcoming feature 'DisableOutwardActorInference' is already enabled as of Swift version 6
[1577/1715] Compiling SwiftCompilerPluginMessageHandling Diagnostics.swift
<unknown>:0: warning: upcoming feature 'InferSendableFromCaptures' is already enabled as of Swift version 6
<unknown>:0: warning: upcoming feature 'GlobalActorIsolatedTypesUsability' is already enabled as of Swift version 6
<unknown>:0: warning: upcoming feature 'DisableOutwardActorInference' is already enabled as of Swift version 6
[1578/1715] Compiling SwiftCompilerPluginMessageHandling JSONDecoding.swift
<unknown>:0: warning: upcoming feature 'InferSendableFromCaptures' is already enabled as of Swift version 6
<unknown>:0: warning: upcoming feature 'GlobalActorIsolatedTypesUsability' is already enabled as of Swift version 6
<unknown>:0: warning: upcoming feature 'DisableOutwardActorInference' is already enabled as of Swift version 6
[1579/1715] Compiling SwiftCompilerPluginMessageHandling JSONEncoding.swift
<unknown>:0: warning: upcoming feature 'InferSendableFromCaptures' is already enabled as of Swift version 6
<unknown>:0: warning: upcoming feature 'GlobalActorIsolatedTypesUsability' is already enabled as of Swift version 6
<unknown>:0: warning: upcoming feature 'DisableOutwardActorInference' is already enabled as of Swift version 6
[1579/1715] Compiling mldsa.cc
[1580/1716] Compiling obj.cc
[1582/1716] Compiling mem.cc
[1583/1716] Compiling poly_rq_mul.S
[1584/1716] Compiling lhash.cc
[1585/1718] Wrapping AST for SwiftCompilerPluginMessageHandling for debugging
[1586/1718] Compiling md5.cc
[1587/1718] Compiling fips_shared_support.cc
[1589/1718] Emitting module SwiftCompilerPlugin
<unknown>:0: warning: upcoming feature 'InferSendableFromCaptures' is already enabled as of Swift version 6
<unknown>:0: warning: upcoming feature 'GlobalActorIsolatedTypesUsability' is already enabled as of Swift version 6
<unknown>:0: warning: upcoming feature 'DisableOutwardActorInference' is already enabled as of Swift version 6
[1589/1718] Compiling kyber.cc
[1590/1718] Compiling md4.cc
[1592/1718] Compiling SwiftCompilerPlugin CompilerPlugin.swift
<unknown>:0: warning: upcoming feature 'InferSendableFromCaptures' is already enabled as of Swift version 6
<unknown>:0: warning: upcoming feature 'GlobalActorIsolatedTypesUsability' is already enabled as of Swift version 6
<unknown>:0: warning: upcoming feature 'DisableOutwardActorInference' is already enabled as of Swift version 6
[1592/1718] Compiling fuzzer_mode.cc
[1594/1719] Compiling hrss.cc
[1595/1719] Compiling ex_data.cc
[1596/1719] Compiling hpke.cc
[1597/1719] Wrapping AST for SwiftCompilerPlugin for debugging
[1598/1721] Compiling scrypt.cc
[1599/1723] Compiling sign.cc
[1600/1723] Compiling print.cc
[1601/1723] Compiling pbkdf.cc
[1602/1723] Compiling p_x25519.cc
[1603/1723] Compiling p_x25519_asn1.cc
[1604/1723] Compiling p_rsa_asn1.cc
[1605/1723] Compiling p_hkdf.cc
[1606/1723] Compiling p_rsa.cc
[1607/1723] Compiling p_ed25519_asn1.cc
[1608/1723] Compiling p_ed25519.cc
[1609/1723] Compiling p_ec.cc
[1610/1723] Compiling p_ec_asn1.cc
[1611/1723] Compiling p_dsa_asn1.cc
[1612/1723] Compiling p_dh_asn1.cc
[1613/1723] Compiling p_dh.cc
[1614/1723] Compiling evp_ctx.cc
[1615/1723] Compiling err.cc
[1616/1723] Compiling engine.cc
[1618/1723] Compiling SwiftOpenAPIMacros OpenAPIDescriptionMacro.swift
[1618/1723] Compiling ecdsa_p1363.cc
[1620/1723] Compiling SwiftOpenAPIMacros SyntaxExt.swift
[1620/1723] Compiling evp.cc
[1621/1723] Compiling evp_asn1.cc
[1622/1723] Compiling ecdh.cc
[1623/1723] Compiling ecdsa_asn1.cc
[1625/1723] Emitting module SwiftOpenAPIMacros
[1626/1723] Compiling SwiftOpenAPIMacros StringError.swift
[1627/1724] Compiling hash_to_curve.cc
[1627/1724] Compiling ec_derive.cc
[1629/1724] Compiling dsa.cc
[1630/1724] Compiling ec_asn1.cc
[1630/1724] Wrapping AST for SwiftOpenAPIMacros for debugging
[1631/1724] Write Objects.LinkFileList
[1633/1724] Compiling dsa_asn1.cc
[1634/1724] Compiling digest_extra.cc
[1635/1724] Compiling des.cc
[1636/1724] Compiling x25519-asm-arm.S
[1637/1724] Compiling params.cc
[1638/1724] Compiling dh_asn1.cc
[1639/1724] Compiling curve25519_64_adx.cc
[1640/1724] Compiling spake25519.cc
[1641/1724] Compiling crypto.cc
[1642/1724] Compiling cpu_intel.cc
[1643/1724] Compiling cpu_arm_linux.cc
[1644/1724] Compiling curve25519.cc
[1645/1724] Compiling cpu_arm_freebsd.cc
[1646/1724] Linking SwiftOpenAPIMacros-tool
[1647/1724] Compiling cpu_aarch64_win.cc
[1648/1724] Compiling cpu_aarch64_openbsd.cc
[1649/1724] Compiling cpu_aarch64_sysreg.cc
[1650/1724] Compiling cpu_aarch64_linux.cc
[1651/1724] Compiling cpu_aarch64_fuchsia.cc
[1652/1724] Compiling cpu_aarch64_apple.cc
[1653/1724] Compiling conf.cc
[1654/1790] Compiling tls_cbc.cc
[1655/1790] Compiling get_cipher.cc
[1657/1790] Compiling SwiftOpenAPI AnyRange.swift
/host/spi-builder-workspace/.build/checkouts/SwiftOpenAPI/Sources/SwiftOpenAPI/Common/Locks.swift:40:8: error: Unsupported runtime
 38 | import Musl
 39 | #else
 40 | #error("Unsupported runtime")
    |        `- error: Unsupported runtime
 41 | #endif
 42 |
/host/spi-builder-workspace/.build/checkouts/SwiftOpenAPI/Sources/SwiftOpenAPI/Common/Locks.swift:58:47: error: cannot find type 'pthread_rwlock_t' in scope
 56 | 	fileprivate var shared = true
 57 | 	#else
 58 | 	fileprivate let rwlock: UnsafeMutablePointer<pthread_rwlock_t> =
    |                                               `- error: cannot find type 'pthread_rwlock_t' in scope
 59 | 		UnsafeMutablePointer.allocate(capacity: 1)
 60 | 	#endif
/host/spi-builder-workspace/.build/checkouts/SwiftOpenAPI/Sources/SwiftOpenAPI/Common/Locks.swift:69:13: error: cannot find 'pthread_rwlock_init' in scope
 67 | 		InitializeSRWLock(rwlock)
 68 | 		#else
 69 | 		let err = pthread_rwlock_init(rwlock, nil)
    |             `- error: cannot find 'pthread_rwlock_init' in scope
 70 | 		precondition(err == 0, "\(#function) failed in pthread_rwlock with error \(err)")
 71 | 		#endif
/host/spi-builder-workspace/.build/checkouts/SwiftOpenAPI/Sources/SwiftOpenAPI/Common/Locks.swift:69:41: error: 'nil' requires a contextual type
 67 | 		InitializeSRWLock(rwlock)
 68 | 		#else
 69 | 		let err = pthread_rwlock_init(rwlock, nil)
    |                                         `- error: 'nil' requires a contextual type
 70 | 		precondition(err == 0, "\(#function) failed in pthread_rwlock with error \(err)")
 71 | 		#endif
/host/spi-builder-workspace/.build/checkouts/SwiftOpenAPI/Sources/SwiftOpenAPI/Common/Locks.swift:81:13: error: cannot find 'pthread_rwlock_destroy' in scope
 79 | 		self.rwlock.deallocate()
 80 | 		#else
 81 | 		let err = pthread_rwlock_destroy(self.rwlock)
    |             `- error: cannot find 'pthread_rwlock_destroy' in scope
 82 | 		precondition(err == 0, "\(#function) failed in pthread_rwlock with error \(err)")
 83 | 		self.rwlock.deallocate()
/host/spi-builder-workspace/.build/checkouts/SwiftOpenAPI/Sources/SwiftOpenAPI/Common/Locks.swift:98:13: error: cannot find 'pthread_rwlock_rdlock' in scope
 96 | 		shared = true
 97 | 		#else
 98 | 		let err = pthread_rwlock_rdlock(rwlock)
    |             `- error: cannot find 'pthread_rwlock_rdlock' in scope
 99 | 		precondition(err == 0, "\(#function) failed in pthread_rwlock with error \(err)")
100 | 		#endif
/host/spi-builder-workspace/.build/checkouts/SwiftOpenAPI/Sources/SwiftOpenAPI/Common/Locks.swift:114:13: error: cannot find 'pthread_rwlock_wrlock' in scope
112 | 		shared = false
113 | 		#else
114 | 		let err = pthread_rwlock_wrlock(rwlock)
    |             `- error: cannot find 'pthread_rwlock_wrlock' in scope
115 | 		precondition(err == 0, "\(#function) failed in pthread_rwlock with error \(err)")
116 | 		#endif
/host/spi-builder-workspace/.build/checkouts/SwiftOpenAPI/Sources/SwiftOpenAPI/Common/Locks.swift:134:13: error: cannot find 'pthread_rwlock_unlock' in scope
132 | 		}
133 | 		#else
134 | 		let err = pthread_rwlock_unlock(rwlock)
    |             `- error: cannot find 'pthread_rwlock_unlock' in scope
135 | 		precondition(err == 0, "\(#function) failed in pthread_rwlock with error \(err)")
136 | 		#endif
[1658/1790] Compiling SwiftOpenAPI Bool++.swift
/host/spi-builder-workspace/.build/checkouts/SwiftOpenAPI/Sources/SwiftOpenAPI/Common/Locks.swift:40:8: error: Unsupported runtime
 38 | import Musl
 39 | #else
 40 | #error("Unsupported runtime")
    |        `- error: Unsupported runtime
 41 | #endif
 42 |
/host/spi-builder-workspace/.build/checkouts/SwiftOpenAPI/Sources/SwiftOpenAPI/Common/Locks.swift:58:47: error: cannot find type 'pthread_rwlock_t' in scope
 56 | 	fileprivate var shared = true
 57 | 	#else
 58 | 	fileprivate let rwlock: UnsafeMutablePointer<pthread_rwlock_t> =
    |                                               `- error: cannot find type 'pthread_rwlock_t' in scope
 59 | 		UnsafeMutablePointer.allocate(capacity: 1)
 60 | 	#endif
/host/spi-builder-workspace/.build/checkouts/SwiftOpenAPI/Sources/SwiftOpenAPI/Common/Locks.swift:69:13: error: cannot find 'pthread_rwlock_init' in scope
 67 | 		InitializeSRWLock(rwlock)
 68 | 		#else
 69 | 		let err = pthread_rwlock_init(rwlock, nil)
    |             `- error: cannot find 'pthread_rwlock_init' in scope
 70 | 		precondition(err == 0, "\(#function) failed in pthread_rwlock with error \(err)")
 71 | 		#endif
/host/spi-builder-workspace/.build/checkouts/SwiftOpenAPI/Sources/SwiftOpenAPI/Common/Locks.swift:69:41: error: 'nil' requires a contextual type
 67 | 		InitializeSRWLock(rwlock)
 68 | 		#else
 69 | 		let err = pthread_rwlock_init(rwlock, nil)
    |                                         `- error: 'nil' requires a contextual type
 70 | 		precondition(err == 0, "\(#function) failed in pthread_rwlock with error \(err)")
 71 | 		#endif
/host/spi-builder-workspace/.build/checkouts/SwiftOpenAPI/Sources/SwiftOpenAPI/Common/Locks.swift:81:13: error: cannot find 'pthread_rwlock_destroy' in scope
 79 | 		self.rwlock.deallocate()
 80 | 		#else
 81 | 		let err = pthread_rwlock_destroy(self.rwlock)
    |             `- error: cannot find 'pthread_rwlock_destroy' in scope
 82 | 		precondition(err == 0, "\(#function) failed in pthread_rwlock with error \(err)")
 83 | 		self.rwlock.deallocate()
/host/spi-builder-workspace/.build/checkouts/SwiftOpenAPI/Sources/SwiftOpenAPI/Common/Locks.swift:98:13: error: cannot find 'pthread_rwlock_rdlock' in scope
 96 | 		shared = true
 97 | 		#else
 98 | 		let err = pthread_rwlock_rdlock(rwlock)
    |             `- error: cannot find 'pthread_rwlock_rdlock' in scope
 99 | 		precondition(err == 0, "\(#function) failed in pthread_rwlock with error \(err)")
100 | 		#endif
/host/spi-builder-workspace/.build/checkouts/SwiftOpenAPI/Sources/SwiftOpenAPI/Common/Locks.swift:114:13: error: cannot find 'pthread_rwlock_wrlock' in scope
112 | 		shared = false
113 | 		#else
114 | 		let err = pthread_rwlock_wrlock(rwlock)
    |             `- error: cannot find 'pthread_rwlock_wrlock' in scope
115 | 		precondition(err == 0, "\(#function) failed in pthread_rwlock with error \(err)")
116 | 		#endif
/host/spi-builder-workspace/.build/checkouts/SwiftOpenAPI/Sources/SwiftOpenAPI/Common/Locks.swift:134:13: error: cannot find 'pthread_rwlock_unlock' in scope
132 | 		}
133 | 		#else
134 | 		let err = pthread_rwlock_unlock(rwlock)
    |             `- error: cannot find 'pthread_rwlock_unlock' in scope
135 | 		precondition(err == 0, "\(#function) failed in pthread_rwlock with error \(err)")
136 | 		#endif
[1659/1790] Compiling SwiftOpenAPI Codable++.swift
/host/spi-builder-workspace/.build/checkouts/SwiftOpenAPI/Sources/SwiftOpenAPI/Common/Locks.swift:40:8: error: Unsupported runtime
 38 | import Musl
 39 | #else
 40 | #error("Unsupported runtime")
    |        `- error: Unsupported runtime
 41 | #endif
 42 |
/host/spi-builder-workspace/.build/checkouts/SwiftOpenAPI/Sources/SwiftOpenAPI/Common/Locks.swift:58:47: error: cannot find type 'pthread_rwlock_t' in scope
 56 | 	fileprivate var shared = true
 57 | 	#else
 58 | 	fileprivate let rwlock: UnsafeMutablePointer<pthread_rwlock_t> =
    |                                               `- error: cannot find type 'pthread_rwlock_t' in scope
 59 | 		UnsafeMutablePointer.allocate(capacity: 1)
 60 | 	#endif
/host/spi-builder-workspace/.build/checkouts/SwiftOpenAPI/Sources/SwiftOpenAPI/Common/Locks.swift:69:13: error: cannot find 'pthread_rwlock_init' in scope
 67 | 		InitializeSRWLock(rwlock)
 68 | 		#else
 69 | 		let err = pthread_rwlock_init(rwlock, nil)
    |             `- error: cannot find 'pthread_rwlock_init' in scope
 70 | 		precondition(err == 0, "\(#function) failed in pthread_rwlock with error \(err)")
 71 | 		#endif
/host/spi-builder-workspace/.build/checkouts/SwiftOpenAPI/Sources/SwiftOpenAPI/Common/Locks.swift:69:41: error: 'nil' requires a contextual type
 67 | 		InitializeSRWLock(rwlock)
 68 | 		#else
 69 | 		let err = pthread_rwlock_init(rwlock, nil)
    |                                         `- error: 'nil' requires a contextual type
 70 | 		precondition(err == 0, "\(#function) failed in pthread_rwlock with error \(err)")
 71 | 		#endif
/host/spi-builder-workspace/.build/checkouts/SwiftOpenAPI/Sources/SwiftOpenAPI/Common/Locks.swift:81:13: error: cannot find 'pthread_rwlock_destroy' in scope
 79 | 		self.rwlock.deallocate()
 80 | 		#else
 81 | 		let err = pthread_rwlock_destroy(self.rwlock)
    |             `- error: cannot find 'pthread_rwlock_destroy' in scope
 82 | 		precondition(err == 0, "\(#function) failed in pthread_rwlock with error \(err)")
 83 | 		self.rwlock.deallocate()
/host/spi-builder-workspace/.build/checkouts/SwiftOpenAPI/Sources/SwiftOpenAPI/Common/Locks.swift:98:13: error: cannot find 'pthread_rwlock_rdlock' in scope
 96 | 		shared = true
 97 | 		#else
 98 | 		let err = pthread_rwlock_rdlock(rwlock)
    |             `- error: cannot find 'pthread_rwlock_rdlock' in scope
 99 | 		precondition(err == 0, "\(#function) failed in pthread_rwlock with error \(err)")
100 | 		#endif
/host/spi-builder-workspace/.build/checkouts/SwiftOpenAPI/Sources/SwiftOpenAPI/Common/Locks.swift:114:13: error: cannot find 'pthread_rwlock_wrlock' in scope
112 | 		shared = false
113 | 		#else
114 | 		let err = pthread_rwlock_wrlock(rwlock)
    |             `- error: cannot find 'pthread_rwlock_wrlock' in scope
115 | 		precondition(err == 0, "\(#function) failed in pthread_rwlock with error \(err)")
116 | 		#endif
/host/spi-builder-workspace/.build/checkouts/SwiftOpenAPI/Sources/SwiftOpenAPI/Common/Locks.swift:134:13: error: cannot find 'pthread_rwlock_unlock' in scope
132 | 		}
133 | 		#else
134 | 		let err = pthread_rwlock_unlock(rwlock)
    |             `- error: cannot find 'pthread_rwlock_unlock' in scope
135 | 		precondition(err == 0, "\(#function) failed in pthread_rwlock with error \(err)")
136 | 		#endif
[1660/1790] Compiling SwiftOpenAPI CodingKeys.swift
/host/spi-builder-workspace/.build/checkouts/SwiftOpenAPI/Sources/SwiftOpenAPI/Common/Locks.swift:40:8: error: Unsupported runtime
 38 | import Musl
 39 | #else
 40 | #error("Unsupported runtime")
    |        `- error: Unsupported runtime
 41 | #endif
 42 |
/host/spi-builder-workspace/.build/checkouts/SwiftOpenAPI/Sources/SwiftOpenAPI/Common/Locks.swift:58:47: error: cannot find type 'pthread_rwlock_t' in scope
 56 | 	fileprivate var shared = true
 57 | 	#else
 58 | 	fileprivate let rwlock: UnsafeMutablePointer<pthread_rwlock_t> =
    |                                               `- error: cannot find type 'pthread_rwlock_t' in scope
 59 | 		UnsafeMutablePointer.allocate(capacity: 1)
 60 | 	#endif
/host/spi-builder-workspace/.build/checkouts/SwiftOpenAPI/Sources/SwiftOpenAPI/Common/Locks.swift:69:13: error: cannot find 'pthread_rwlock_init' in scope
 67 | 		InitializeSRWLock(rwlock)
 68 | 		#else
 69 | 		let err = pthread_rwlock_init(rwlock, nil)
    |             `- error: cannot find 'pthread_rwlock_init' in scope
 70 | 		precondition(err == 0, "\(#function) failed in pthread_rwlock with error \(err)")
 71 | 		#endif
/host/spi-builder-workspace/.build/checkouts/SwiftOpenAPI/Sources/SwiftOpenAPI/Common/Locks.swift:69:41: error: 'nil' requires a contextual type
 67 | 		InitializeSRWLock(rwlock)
 68 | 		#else
 69 | 		let err = pthread_rwlock_init(rwlock, nil)
    |                                         `- error: 'nil' requires a contextual type
 70 | 		precondition(err == 0, "\(#function) failed in pthread_rwlock with error \(err)")
 71 | 		#endif
/host/spi-builder-workspace/.build/checkouts/SwiftOpenAPI/Sources/SwiftOpenAPI/Common/Locks.swift:81:13: error: cannot find 'pthread_rwlock_destroy' in scope
 79 | 		self.rwlock.deallocate()
 80 | 		#else
 81 | 		let err = pthread_rwlock_destroy(self.rwlock)
    |             `- error: cannot find 'pthread_rwlock_destroy' in scope
 82 | 		precondition(err == 0, "\(#function) failed in pthread_rwlock with error \(err)")
 83 | 		self.rwlock.deallocate()
/host/spi-builder-workspace/.build/checkouts/SwiftOpenAPI/Sources/SwiftOpenAPI/Common/Locks.swift:98:13: error: cannot find 'pthread_rwlock_rdlock' in scope
 96 | 		shared = true
 97 | 		#else
 98 | 		let err = pthread_rwlock_rdlock(rwlock)
    |             `- error: cannot find 'pthread_rwlock_rdlock' in scope
 99 | 		precondition(err == 0, "\(#function) failed in pthread_rwlock with error \(err)")
100 | 		#endif
/host/spi-builder-workspace/.build/checkouts/SwiftOpenAPI/Sources/SwiftOpenAPI/Common/Locks.swift:114:13: error: cannot find 'pthread_rwlock_wrlock' in scope
112 | 		shared = false
113 | 		#else
114 | 		let err = pthread_rwlock_wrlock(rwlock)
    |             `- error: cannot find 'pthread_rwlock_wrlock' in scope
115 | 		precondition(err == 0, "\(#function) failed in pthread_rwlock with error \(err)")
116 | 		#endif
/host/spi-builder-workspace/.build/checkouts/SwiftOpenAPI/Sources/SwiftOpenAPI/Common/Locks.swift:134:13: error: cannot find 'pthread_rwlock_unlock' in scope
132 | 		}
133 | 		#else
134 | 		let err = pthread_rwlock_unlock(rwlock)
    |             `- error: cannot find 'pthread_rwlock_unlock' in scope
135 | 		precondition(err == 0, "\(#function) failed in pthread_rwlock with error \(err)")
136 | 		#endif
[1661/1790] Compiling SwiftOpenAPI Collection++.swift
/host/spi-builder-workspace/.build/checkouts/SwiftOpenAPI/Sources/SwiftOpenAPI/Common/Locks.swift:40:8: error: Unsupported runtime
 38 | import Musl
 39 | #else
 40 | #error("Unsupported runtime")
    |        `- error: Unsupported runtime
 41 | #endif
 42 |
/host/spi-builder-workspace/.build/checkouts/SwiftOpenAPI/Sources/SwiftOpenAPI/Common/Locks.swift:58:47: error: cannot find type 'pthread_rwlock_t' in scope
 56 | 	fileprivate var shared = true
 57 | 	#else
 58 | 	fileprivate let rwlock: UnsafeMutablePointer<pthread_rwlock_t> =
    |                                               `- error: cannot find type 'pthread_rwlock_t' in scope
 59 | 		UnsafeMutablePointer.allocate(capacity: 1)
 60 | 	#endif
/host/spi-builder-workspace/.build/checkouts/SwiftOpenAPI/Sources/SwiftOpenAPI/Common/Locks.swift:69:13: error: cannot find 'pthread_rwlock_init' in scope
 67 | 		InitializeSRWLock(rwlock)
 68 | 		#else
 69 | 		let err = pthread_rwlock_init(rwlock, nil)
    |             `- error: cannot find 'pthread_rwlock_init' in scope
 70 | 		precondition(err == 0, "\(#function) failed in pthread_rwlock with error \(err)")
 71 | 		#endif
/host/spi-builder-workspace/.build/checkouts/SwiftOpenAPI/Sources/SwiftOpenAPI/Common/Locks.swift:69:41: error: 'nil' requires a contextual type
 67 | 		InitializeSRWLock(rwlock)
 68 | 		#else
 69 | 		let err = pthread_rwlock_init(rwlock, nil)
    |                                         `- error: 'nil' requires a contextual type
 70 | 		precondition(err == 0, "\(#function) failed in pthread_rwlock with error \(err)")
 71 | 		#endif
/host/spi-builder-workspace/.build/checkouts/SwiftOpenAPI/Sources/SwiftOpenAPI/Common/Locks.swift:81:13: error: cannot find 'pthread_rwlock_destroy' in scope
 79 | 		self.rwlock.deallocate()
 80 | 		#else
 81 | 		let err = pthread_rwlock_destroy(self.rwlock)
    |             `- error: cannot find 'pthread_rwlock_destroy' in scope
 82 | 		precondition(err == 0, "\(#function) failed in pthread_rwlock with error \(err)")
 83 | 		self.rwlock.deallocate()
/host/spi-builder-workspace/.build/checkouts/SwiftOpenAPI/Sources/SwiftOpenAPI/Common/Locks.swift:98:13: error: cannot find 'pthread_rwlock_rdlock' in scope
 96 | 		shared = true
 97 | 		#else
 98 | 		let err = pthread_rwlock_rdlock(rwlock)
    |             `- error: cannot find 'pthread_rwlock_rdlock' in scope
 99 | 		precondition(err == 0, "\(#function) failed in pthread_rwlock with error \(err)")
100 | 		#endif
/host/spi-builder-workspace/.build/checkouts/SwiftOpenAPI/Sources/SwiftOpenAPI/Common/Locks.swift:114:13: error: cannot find 'pthread_rwlock_wrlock' in scope
112 | 		shared = false
113 | 		#else
114 | 		let err = pthread_rwlock_wrlock(rwlock)
    |             `- error: cannot find 'pthread_rwlock_wrlock' in scope
115 | 		precondition(err == 0, "\(#function) failed in pthread_rwlock with error \(err)")
116 | 		#endif
/host/spi-builder-workspace/.build/checkouts/SwiftOpenAPI/Sources/SwiftOpenAPI/Common/Locks.swift:134:13: error: cannot find 'pthread_rwlock_unlock' in scope
132 | 		}
133 | 		#else
134 | 		let err = pthread_rwlock_unlock(rwlock)
    |             `- error: cannot find 'pthread_rwlock_unlock' in scope
135 | 		precondition(err == 0, "\(#function) failed in pthread_rwlock with error \(err)")
136 | 		#endif
[1662/1790] Compiling SwiftOpenAPI Decimal++.swift
/host/spi-builder-workspace/.build/checkouts/SwiftOpenAPI/Sources/SwiftOpenAPI/Common/Locks.swift:40:8: error: Unsupported runtime
 38 | import Musl
 39 | #else
 40 | #error("Unsupported runtime")
    |        `- error: Unsupported runtime
 41 | #endif
 42 |
/host/spi-builder-workspace/.build/checkouts/SwiftOpenAPI/Sources/SwiftOpenAPI/Common/Locks.swift:58:47: error: cannot find type 'pthread_rwlock_t' in scope
 56 | 	fileprivate var shared = true
 57 | 	#else
 58 | 	fileprivate let rwlock: UnsafeMutablePointer<pthread_rwlock_t> =
    |                                               `- error: cannot find type 'pthread_rwlock_t' in scope
 59 | 		UnsafeMutablePointer.allocate(capacity: 1)
 60 | 	#endif
/host/spi-builder-workspace/.build/checkouts/SwiftOpenAPI/Sources/SwiftOpenAPI/Common/Locks.swift:69:13: error: cannot find 'pthread_rwlock_init' in scope
 67 | 		InitializeSRWLock(rwlock)
 68 | 		#else
 69 | 		let err = pthread_rwlock_init(rwlock, nil)
    |             `- error: cannot find 'pthread_rwlock_init' in scope
 70 | 		precondition(err == 0, "\(#function) failed in pthread_rwlock with error \(err)")
 71 | 		#endif
/host/spi-builder-workspace/.build/checkouts/SwiftOpenAPI/Sources/SwiftOpenAPI/Common/Locks.swift:69:41: error: 'nil' requires a contextual type
 67 | 		InitializeSRWLock(rwlock)
 68 | 		#else
 69 | 		let err = pthread_rwlock_init(rwlock, nil)
    |                                         `- error: 'nil' requires a contextual type
 70 | 		precondition(err == 0, "\(#function) failed in pthread_rwlock with error \(err)")
 71 | 		#endif
/host/spi-builder-workspace/.build/checkouts/SwiftOpenAPI/Sources/SwiftOpenAPI/Common/Locks.swift:81:13: error: cannot find 'pthread_rwlock_destroy' in scope
 79 | 		self.rwlock.deallocate()
 80 | 		#else
 81 | 		let err = pthread_rwlock_destroy(self.rwlock)
    |             `- error: cannot find 'pthread_rwlock_destroy' in scope
 82 | 		precondition(err == 0, "\(#function) failed in pthread_rwlock with error \(err)")
 83 | 		self.rwlock.deallocate()
/host/spi-builder-workspace/.build/checkouts/SwiftOpenAPI/Sources/SwiftOpenAPI/Common/Locks.swift:98:13: error: cannot find 'pthread_rwlock_rdlock' in scope
 96 | 		shared = true
 97 | 		#else
 98 | 		let err = pthread_rwlock_rdlock(rwlock)
    |             `- error: cannot find 'pthread_rwlock_rdlock' in scope
 99 | 		precondition(err == 0, "\(#function) failed in pthread_rwlock with error \(err)")
100 | 		#endif
/host/spi-builder-workspace/.build/checkouts/SwiftOpenAPI/Sources/SwiftOpenAPI/Common/Locks.swift:114:13: error: cannot find 'pthread_rwlock_wrlock' in scope
112 | 		shared = false
113 | 		#else
114 | 		let err = pthread_rwlock_wrlock(rwlock)
    |             `- error: cannot find 'pthread_rwlock_wrlock' in scope
115 | 		precondition(err == 0, "\(#function) failed in pthread_rwlock with error \(err)")
116 | 		#endif
/host/spi-builder-workspace/.build/checkouts/SwiftOpenAPI/Sources/SwiftOpenAPI/Common/Locks.swift:134:13: error: cannot find 'pthread_rwlock_unlock' in scope
132 | 		}
133 | 		#else
134 | 		let err = pthread_rwlock_unlock(rwlock)
    |             `- error: cannot find 'pthread_rwlock_unlock' in scope
135 | 		precondition(err == 0, "\(#function) failed in pthread_rwlock with error \(err)")
136 | 		#endif
[1663/1790] Compiling SwiftOpenAPI ExpressibleBy.swift
/host/spi-builder-workspace/.build/checkouts/SwiftOpenAPI/Sources/SwiftOpenAPI/Common/Locks.swift:40:8: error: Unsupported runtime
 38 | import Musl
 39 | #else
 40 | #error("Unsupported runtime")
    |        `- error: Unsupported runtime
 41 | #endif
 42 |
/host/spi-builder-workspace/.build/checkouts/SwiftOpenAPI/Sources/SwiftOpenAPI/Common/Locks.swift:58:47: error: cannot find type 'pthread_rwlock_t' in scope
 56 | 	fileprivate var shared = true
 57 | 	#else
 58 | 	fileprivate let rwlock: UnsafeMutablePointer<pthread_rwlock_t> =
    |                                               `- error: cannot find type 'pthread_rwlock_t' in scope
 59 | 		UnsafeMutablePointer.allocate(capacity: 1)
 60 | 	#endif
/host/spi-builder-workspace/.build/checkouts/SwiftOpenAPI/Sources/SwiftOpenAPI/Common/Locks.swift:69:13: error: cannot find 'pthread_rwlock_init' in scope
 67 | 		InitializeSRWLock(rwlock)
 68 | 		#else
 69 | 		let err = pthread_rwlock_init(rwlock, nil)
    |             `- error: cannot find 'pthread_rwlock_init' in scope
 70 | 		precondition(err == 0, "\(#function) failed in pthread_rwlock with error \(err)")
 71 | 		#endif
/host/spi-builder-workspace/.build/checkouts/SwiftOpenAPI/Sources/SwiftOpenAPI/Common/Locks.swift:69:41: error: 'nil' requires a contextual type
 67 | 		InitializeSRWLock(rwlock)
 68 | 		#else
 69 | 		let err = pthread_rwlock_init(rwlock, nil)
    |                                         `- error: 'nil' requires a contextual type
 70 | 		precondition(err == 0, "\(#function) failed in pthread_rwlock with error \(err)")
 71 | 		#endif
/host/spi-builder-workspace/.build/checkouts/SwiftOpenAPI/Sources/SwiftOpenAPI/Common/Locks.swift:81:13: error: cannot find 'pthread_rwlock_destroy' in scope
 79 | 		self.rwlock.deallocate()
 80 | 		#else
 81 | 		let err = pthread_rwlock_destroy(self.rwlock)
    |             `- error: cannot find 'pthread_rwlock_destroy' in scope
 82 | 		precondition(err == 0, "\(#function) failed in pthread_rwlock with error \(err)")
 83 | 		self.rwlock.deallocate()
/host/spi-builder-workspace/.build/checkouts/SwiftOpenAPI/Sources/SwiftOpenAPI/Common/Locks.swift:98:13: error: cannot find 'pthread_rwlock_rdlock' in scope
 96 | 		shared = true
 97 | 		#else
 98 | 		let err = pthread_rwlock_rdlock(rwlock)
    |             `- error: cannot find 'pthread_rwlock_rdlock' in scope
 99 | 		precondition(err == 0, "\(#function) failed in pthread_rwlock with error \(err)")
100 | 		#endif
/host/spi-builder-workspace/.build/checkouts/SwiftOpenAPI/Sources/SwiftOpenAPI/Common/Locks.swift:114:13: error: cannot find 'pthread_rwlock_wrlock' in scope
112 | 		shared = false
113 | 		#else
114 | 		let err = pthread_rwlock_wrlock(rwlock)
    |             `- error: cannot find 'pthread_rwlock_wrlock' in scope
115 | 		precondition(err == 0, "\(#function) failed in pthread_rwlock with error \(err)")
116 | 		#endif
/host/spi-builder-workspace/.build/checkouts/SwiftOpenAPI/Sources/SwiftOpenAPI/Common/Locks.swift:134:13: error: cannot find 'pthread_rwlock_unlock' in scope
132 | 		}
133 | 		#else
134 | 		let err = pthread_rwlock_unlock(rwlock)
    |             `- error: cannot find 'pthread_rwlock_unlock' in scope
135 | 		precondition(err == 0, "\(#function) failed in pthread_rwlock with error \(err)")
136 | 		#endif
[1664/1790] Compiling SwiftOpenAPI Locks.swift
/host/spi-builder-workspace/.build/checkouts/SwiftOpenAPI/Sources/SwiftOpenAPI/Common/Locks.swift:40:8: error: Unsupported runtime
 38 | import Musl
 39 | #else
 40 | #error("Unsupported runtime")
    |        `- error: Unsupported runtime
 41 | #endif
 42 |
/host/spi-builder-workspace/.build/checkouts/SwiftOpenAPI/Sources/SwiftOpenAPI/Common/Locks.swift:58:47: error: cannot find type 'pthread_rwlock_t' in scope
 56 | 	fileprivate var shared = true
 57 | 	#else
 58 | 	fileprivate let rwlock: UnsafeMutablePointer<pthread_rwlock_t> =
    |                                               `- error: cannot find type 'pthread_rwlock_t' in scope
 59 | 		UnsafeMutablePointer.allocate(capacity: 1)
 60 | 	#endif
/host/spi-builder-workspace/.build/checkouts/SwiftOpenAPI/Sources/SwiftOpenAPI/Common/Locks.swift:69:13: error: cannot find 'pthread_rwlock_init' in scope
 67 | 		InitializeSRWLock(rwlock)
 68 | 		#else
 69 | 		let err = pthread_rwlock_init(rwlock, nil)
    |             `- error: cannot find 'pthread_rwlock_init' in scope
 70 | 		precondition(err == 0, "\(#function) failed in pthread_rwlock with error \(err)")
 71 | 		#endif
/host/spi-builder-workspace/.build/checkouts/SwiftOpenAPI/Sources/SwiftOpenAPI/Common/Locks.swift:69:41: error: 'nil' requires a contextual type
 67 | 		InitializeSRWLock(rwlock)
 68 | 		#else
 69 | 		let err = pthread_rwlock_init(rwlock, nil)
    |                                         `- error: 'nil' requires a contextual type
 70 | 		precondition(err == 0, "\(#function) failed in pthread_rwlock with error \(err)")
 71 | 		#endif
/host/spi-builder-workspace/.build/checkouts/SwiftOpenAPI/Sources/SwiftOpenAPI/Common/Locks.swift:81:13: error: cannot find 'pthread_rwlock_destroy' in scope
 79 | 		self.rwlock.deallocate()
 80 | 		#else
 81 | 		let err = pthread_rwlock_destroy(self.rwlock)
    |             `- error: cannot find 'pthread_rwlock_destroy' in scope
 82 | 		precondition(err == 0, "\(#function) failed in pthread_rwlock with error \(err)")
 83 | 		self.rwlock.deallocate()
/host/spi-builder-workspace/.build/checkouts/SwiftOpenAPI/Sources/SwiftOpenAPI/Common/Locks.swift:98:13: error: cannot find 'pthread_rwlock_rdlock' in scope
 96 | 		shared = true
 97 | 		#else
 98 | 		let err = pthread_rwlock_rdlock(rwlock)
    |             `- error: cannot find 'pthread_rwlock_rdlock' in scope
 99 | 		precondition(err == 0, "\(#function) failed in pthread_rwlock with error \(err)")
100 | 		#endif
/host/spi-builder-workspace/.build/checkouts/SwiftOpenAPI/Sources/SwiftOpenAPI/Common/Locks.swift:114:13: error: cannot find 'pthread_rwlock_wrlock' in scope
112 | 		shared = false
113 | 		#else
114 | 		let err = pthread_rwlock_wrlock(rwlock)
    |             `- error: cannot find 'pthread_rwlock_wrlock' in scope
115 | 		precondition(err == 0, "\(#function) failed in pthread_rwlock with error \(err)")
116 | 		#endif
/host/spi-builder-workspace/.build/checkouts/SwiftOpenAPI/Sources/SwiftOpenAPI/Common/Locks.swift:134:13: error: cannot find 'pthread_rwlock_unlock' in scope
132 | 		}
133 | 		#else
134 | 		let err = pthread_rwlock_unlock(rwlock)
    |             `- error: cannot find 'pthread_rwlock_unlock' in scope
135 | 		precondition(err == 0, "\(#function) failed in pthread_rwlock with error \(err)")
136 | 		#endif
[1665/1790] Compiling SwiftOpenAPI OrderedDictionary.swift
/host/spi-builder-workspace/.build/checkouts/SwiftOpenAPI/Sources/SwiftOpenAPI/Common/Locks.swift:40:8: error: Unsupported runtime
 38 | import Musl
 39 | #else
 40 | #error("Unsupported runtime")
    |        `- error: Unsupported runtime
 41 | #endif
 42 |
/host/spi-builder-workspace/.build/checkouts/SwiftOpenAPI/Sources/SwiftOpenAPI/Common/Locks.swift:58:47: error: cannot find type 'pthread_rwlock_t' in scope
 56 | 	fileprivate var shared = true
 57 | 	#else
 58 | 	fileprivate let rwlock: UnsafeMutablePointer<pthread_rwlock_t> =
    |                                               `- error: cannot find type 'pthread_rwlock_t' in scope
 59 | 		UnsafeMutablePointer.allocate(capacity: 1)
 60 | 	#endif
/host/spi-builder-workspace/.build/checkouts/SwiftOpenAPI/Sources/SwiftOpenAPI/Common/Locks.swift:69:13: error: cannot find 'pthread_rwlock_init' in scope
 67 | 		InitializeSRWLock(rwlock)
 68 | 		#else
 69 | 		let err = pthread_rwlock_init(rwlock, nil)
    |             `- error: cannot find 'pthread_rwlock_init' in scope
 70 | 		precondition(err == 0, "\(#function) failed in pthread_rwlock with error \(err)")
 71 | 		#endif
/host/spi-builder-workspace/.build/checkouts/SwiftOpenAPI/Sources/SwiftOpenAPI/Common/Locks.swift:69:41: error: 'nil' requires a contextual type
 67 | 		InitializeSRWLock(rwlock)
 68 | 		#else
 69 | 		let err = pthread_rwlock_init(rwlock, nil)
    |                                         `- error: 'nil' requires a contextual type
 70 | 		precondition(err == 0, "\(#function) failed in pthread_rwlock with error \(err)")
 71 | 		#endif
/host/spi-builder-workspace/.build/checkouts/SwiftOpenAPI/Sources/SwiftOpenAPI/Common/Locks.swift:81:13: error: cannot find 'pthread_rwlock_destroy' in scope
 79 | 		self.rwlock.deallocate()
 80 | 		#else
 81 | 		let err = pthread_rwlock_destroy(self.rwlock)
    |             `- error: cannot find 'pthread_rwlock_destroy' in scope
 82 | 		precondition(err == 0, "\(#function) failed in pthread_rwlock with error \(err)")
 83 | 		self.rwlock.deallocate()
/host/spi-builder-workspace/.build/checkouts/SwiftOpenAPI/Sources/SwiftOpenAPI/Common/Locks.swift:98:13: error: cannot find 'pthread_rwlock_rdlock' in scope
 96 | 		shared = true
 97 | 		#else
 98 | 		let err = pthread_rwlock_rdlock(rwlock)
    |             `- error: cannot find 'pthread_rwlock_rdlock' in scope
 99 | 		precondition(err == 0, "\(#function) failed in pthread_rwlock with error \(err)")
100 | 		#endif
/host/spi-builder-workspace/.build/checkouts/SwiftOpenAPI/Sources/SwiftOpenAPI/Common/Locks.swift:114:13: error: cannot find 'pthread_rwlock_wrlock' in scope
112 | 		shared = false
113 | 		#else
114 | 		let err = pthread_rwlock_wrlock(rwlock)
    |             `- error: cannot find 'pthread_rwlock_wrlock' in scope
115 | 		precondition(err == 0, "\(#function) failed in pthread_rwlock with error \(err)")
116 | 		#endif
/host/spi-builder-workspace/.build/checkouts/SwiftOpenAPI/Sources/SwiftOpenAPI/Common/Locks.swift:134:13: error: cannot find 'pthread_rwlock_unlock' in scope
132 | 		}
133 | 		#else
134 | 		let err = pthread_rwlock_unlock(rwlock)
    |             `- error: cannot find 'pthread_rwlock_unlock' in scope
135 | 		precondition(err == 0, "\(#function) failed in pthread_rwlock with error \(err)")
136 | 		#endif
[1666/1790] Compiling SwiftOpenAPI StringConvertibleHintProvider.swift
/host/spi-builder-workspace/.build/checkouts/SwiftOpenAPI/Sources/SwiftOpenAPI/Common/Locks.swift:40:8: error: Unsupported runtime
 38 | import Musl
 39 | #else
 40 | #error("Unsupported runtime")
    |        `- error: Unsupported runtime
 41 | #endif
 42 |
/host/spi-builder-workspace/.build/checkouts/SwiftOpenAPI/Sources/SwiftOpenAPI/Common/Locks.swift:58:47: error: cannot find type 'pthread_rwlock_t' in scope
 56 | 	fileprivate var shared = true
 57 | 	#else
 58 | 	fileprivate let rwlock: UnsafeMutablePointer<pthread_rwlock_t> =
    |                                               `- error: cannot find type 'pthread_rwlock_t' in scope
 59 | 		UnsafeMutablePointer.allocate(capacity: 1)
 60 | 	#endif
/host/spi-builder-workspace/.build/checkouts/SwiftOpenAPI/Sources/SwiftOpenAPI/Common/Locks.swift:69:13: error: cannot find 'pthread_rwlock_init' in scope
 67 | 		InitializeSRWLock(rwlock)
 68 | 		#else
 69 | 		let err = pthread_rwlock_init(rwlock, nil)
    |             `- error: cannot find 'pthread_rwlock_init' in scope
 70 | 		precondition(err == 0, "\(#function) failed in pthread_rwlock with error \(err)")
 71 | 		#endif
/host/spi-builder-workspace/.build/checkouts/SwiftOpenAPI/Sources/SwiftOpenAPI/Common/Locks.swift:69:41: error: 'nil' requires a contextual type
 67 | 		InitializeSRWLock(rwlock)
 68 | 		#else
 69 | 		let err = pthread_rwlock_init(rwlock, nil)
    |                                         `- error: 'nil' requires a contextual type
 70 | 		precondition(err == 0, "\(#function) failed in pthread_rwlock with error \(err)")
 71 | 		#endif
/host/spi-builder-workspace/.build/checkouts/SwiftOpenAPI/Sources/SwiftOpenAPI/Common/Locks.swift:81:13: error: cannot find 'pthread_rwlock_destroy' in scope
 79 | 		self.rwlock.deallocate()
 80 | 		#else
 81 | 		let err = pthread_rwlock_destroy(self.rwlock)
    |             `- error: cannot find 'pthread_rwlock_destroy' in scope
 82 | 		precondition(err == 0, "\(#function) failed in pthread_rwlock with error \(err)")
 83 | 		self.rwlock.deallocate()
/host/spi-builder-workspace/.build/checkouts/SwiftOpenAPI/Sources/SwiftOpenAPI/Common/Locks.swift:98:13: error: cannot find 'pthread_rwlock_rdlock' in scope
 96 | 		shared = true
 97 | 		#else
 98 | 		let err = pthread_rwlock_rdlock(rwlock)
    |             `- error: cannot find 'pthread_rwlock_rdlock' in scope
 99 | 		precondition(err == 0, "\(#function) failed in pthread_rwlock with error \(err)")
100 | 		#endif
/host/spi-builder-workspace/.build/checkouts/SwiftOpenAPI/Sources/SwiftOpenAPI/Common/Locks.swift:114:13: error: cannot find 'pthread_rwlock_wrlock' in scope
112 | 		shared = false
113 | 		#else
114 | 		let err = pthread_rwlock_wrlock(rwlock)
    |             `- error: cannot find 'pthread_rwlock_wrlock' in scope
115 | 		precondition(err == 0, "\(#function) failed in pthread_rwlock with error \(err)")
116 | 		#endif
/host/spi-builder-workspace/.build/checkouts/SwiftOpenAPI/Sources/SwiftOpenAPI/Common/Locks.swift:134:13: error: cannot find 'pthread_rwlock_unlock' in scope
132 | 		}
133 | 		#else
134 | 		let err = pthread_rwlock_unlock(rwlock)
    |             `- error: cannot find 'pthread_rwlock_unlock' in scope
135 | 		precondition(err == 0, "\(#function) failed in pthread_rwlock with error \(err)")
136 | 		#endif
[1666/1799] Compiling e_tls.cc
[1667/1799] Compiling e_rc4.cc
[1668/1799] Compiling e_rc2.cc
[1669/1799] Compiling cms.cc
[1670/1799] Compiling e_aeseax.cc
[1671/1799] Compiling e_null.cc
[1672/1799] Compiling e_des.cc
[1673/1799] Compiling e_chacha20poly1305.cc
[1674/1799] Compiling e_aesgcmsiv.cc
[1675/1799] Compiling e_aesctrhmac.cc
[1676/1799] Compiling derive_key.cc
[1677/1799] Compiling chacha.cc
[1679/1799] Compiling SwiftOpenAPI ReferenceOr.swift
[1680/1799] Compiling SwiftOpenAPI RequestBodyObject.swift
[1681/1799] Compiling SwiftOpenAPI ResponseObject.swift
[1682/1799] Compiling SwiftOpenAPI ResponsesObject.swift
[1683/1799] Compiling SwiftOpenAPI RuntimeExpression.swift
[1684/1799] Compiling SwiftOpenAPI RuntimeExpressionOr.swift
[1685/1799] Compiling SwiftOpenAPI SecurityRequirementObject.swift
[1686/1799] Compiling SwiftOpenAPI SecuritySchemeObject.swift
[1687/1799] Compiling SwiftOpenAPI ServerObject.swift
[1687/1799] Compiling unicode.cc
[1688/1799] Compiling ber.cc
[1689/1799] Compiling cbs.cc
[1690/1799] Compiling asn1_compat.cc
[1691/1799] Compiling sqrt.cc
[1692/1799] Compiling cbb.cc
[1694/1799] Compiling SwiftOpenAPI ServerVariableObject.swift
[1695/1799] Compiling SwiftOpenAPI SpecificationExtendable.swift
[1696/1799] Compiling SwiftOpenAPI TagObject.swift
[1697/1799] Compiling SwiftOpenAPI Version.swift
[1698/1799] Compiling SwiftOpenAPI XMLObject.swift
[1699/1799] Compiling SwiftOpenAPI OpenAPIDescriptable.swift
[1700/1799] Compiling SwiftOpenAPI OpenAPIDescription.swift
[1701/1799] Compiling SwiftOpenAPI OpenAPIType.swift
[1702/1799] Compiling SwiftOpenAPI refactor.swift
[1703/1799] Compiling SwiftOpenAPI TypeRevision.swift
[1704/1799] Compiling SwiftOpenAPI TypeRevisionDecoder.swift
[1705/1799] Compiling SwiftOpenAPI TypeRevisionEncoder.swift
[1706/1799] Compiling SwiftOpenAPI AnyValue.swift
[1707/1799] Compiling SwiftOpenAPI CallbackObject.swift
[1708/1799] Compiling SwiftOpenAPI ComponentsObject.swift
[1709/1799] Compiling SwiftOpenAPI CompositeType.swift
[1710/1799] Compiling SwiftOpenAPI ContactObject.swift
[1711/1799] Compiling SwiftOpenAPI ContentObject.swift
[1711/1799] Compiling buf.cc
error: emit-module command failed with exit code 1 (use -v to see invocation)
[1713/1799] Emitting module SwiftOpenAPI
/host/spi-builder-workspace/.build/checkouts/SwiftOpenAPI/Sources/SwiftOpenAPI/Common/Locks.swift:40:8: error: Unsupported runtime
 38 | import Musl
 39 | #else
 40 | #error("Unsupported runtime")
    |        `- error: Unsupported runtime
 41 | #endif
 42 |
/host/spi-builder-workspace/.build/checkouts/SwiftOpenAPI/Sources/SwiftOpenAPI/Common/Locks.swift:58:47: error: cannot find type 'pthread_rwlock_t' in scope
 56 | 	fileprivate var shared = true
 57 | 	#else
 58 | 	fileprivate let rwlock: UnsafeMutablePointer<pthread_rwlock_t> =
    |                                               `- error: cannot find type 'pthread_rwlock_t' in scope
 59 | 		UnsafeMutablePointer.allocate(capacity: 1)
 60 | 	#endif
[1713/1799] Compiling div.cc
[1714/1799] Compiling exponentiation.cc
[1716/1799] Compiling SwiftOpenAPI OAuthFlowObject.swift
[1717/1799] Compiling SwiftOpenAPI OAuthFlowsObject.swift
[1718/1799] Compiling SwiftOpenAPI OpenAPIObject.swift
[1719/1799] Compiling SwiftOpenAPI OperationObject.swift
[1720/1799] Compiling SwiftOpenAPI ParameterObject.swift
[1721/1799] Compiling SwiftOpenAPI Path.swift
[1722/1799] Compiling SwiftOpenAPI PathItemObject.swift
[1723/1799] Compiling SwiftOpenAPI PathsObject.swift
[1724/1799] Compiling SwiftOpenAPI ReferenceObject.swift
[1725/1799] Compiling SwiftOpenAPI EncodingObject.swift
[1726/1799] Compiling SwiftOpenAPI ExampleObject.swift
[1727/1799] Compiling SwiftOpenAPI ExternalDocumentationObject.swift
[1728/1799] Compiling SwiftOpenAPI HeaderObject.swift
[1729/1799] Compiling SwiftOpenAPI InfoObject.swift
[1730/1799] Compiling SwiftOpenAPI AdditionalProperties.swift
[1731/1799] Compiling SwiftOpenAPI DataFormat.swift
[1732/1799] Compiling SwiftOpenAPI DataType.swift
[1733/1799] Compiling SwiftOpenAPI DiscriminatorObject.swift
[1733/1799] Compiling blake2.cc
[1734/1799] Compiling convert.cc
[1735/1799] Compiling printf.cc
[1736/1799] Compiling bn_asn1.cc
[1738/1799] Compiling SwiftOpenAPI ExpressibleBySchemaObject.swift
[1739/1799] Compiling SwiftOpenAPI SchemaContexts.swift
[1740/1799] Compiling SwiftOpenAPI SchemaObjec+deprecated.swift
[1741/1799] Compiling SwiftOpenAPI SchemaObject++.swift
[1742/1799] Compiling SwiftOpenAPI SchemaObject.swift
[1743/1799] Compiling SwiftOpenAPI LicenseObject.swift
[1744/1799] Compiling SwiftOpenAPI LinkObject.swift
[1745/1799] Compiling SwiftOpenAPI MediaType.swift
[1746/1799] Compiling SwiftOpenAPI MediaTypeObject.swift
[1747/1799] Compiling SwiftOpenAPI String++.swift
[1748/1799] Compiling SwiftOpenAPI AnyValueEncoder.swift
[1749/1799] Compiling SwiftOpenAPI CheckAllKeysDecoder.swift
[1750/1799] Compiling SwiftOpenAPI DateEncodingFormat.swift
[1751/1799] Compiling SwiftOpenAPI HeadersEncoder.swift
[1752/1799] Compiling SwiftOpenAPI KeyEncodingStrategy.swift
[1753/1799] Compiling SwiftOpenAPI ParametersEncoder.swift
[1754/1799] Compiling SwiftOpenAPI Ref.swift
[1755/1799] Compiling SwiftOpenAPI SchemeEncoder.swift
[1756/1799] Compiling SwiftOpenAPI CodableTypes.swift
[1756/1799] Compiling pair.cc
[1757/1799] Compiling hexdump.cc
[1758/1799] Compiling base64.cc
[1758/1799] Compiling bio_mem.cc
[1758/1799] Compiling fd.cc
[1758/1799] Compiling file.cc
[1758/1799] Compiling bio.cc
[1758/1799] Compiling errno.cc
[1758/1799] Compiling bcm.cc
Running build ...
bash -c docker run --pull=always --rm -v "checkouts-53886768-0":/host -w "$PWD" -e JAVA_HOME="/root/.sdkman/candidates/java/current" -e SPI_BUILD="1" -e SPI_PROCESSING="1" registry.gitlab.com/saguaro1/spi-images:android-6.1-latest swift build --swift-sdk aarch64-unknown-linux-android24 2>&1
android-6.1-latest: Pulling from saguaro1/spi-images
Digest: sha256:365d9b14669f92fea0572234887def10439445c91d7e524c78a6579ad7294f11
Status: Image is up to date for registry.gitlab.com/saguaro1/spi-images:android-6.1-latest
[0/1] Planning build
Building for debugging...
[0/63] Compiling errno.cc
[1/63] Compiling bio_mem.cc
[2/63] Compiling file.cc
[3/63] Compiling base64.cc
[4/63] Compiling fd.cc
[5/63] Compiling bio.cc
[6/63] Write swift-version-24593BA9C3E375BF.txt
[7/63] Compiling tasn_utl.cc
[8/67] Compiling tasn_fre.cc
[9/67] Compiling tasn_typ.cc
[10/67] Compiling posix_time.cc
[11/69] Compiling tasn_new.cc
[12/69] Compiling tasn_enc.cc
[14/73] Compiling _NIODataStructures Heap.swift
[15/73] Emitting module _NIODataStructures
[16/73] Compiling _NIODataStructures PriorityQueue.swift
[17/73] Compiling _NIODataStructures _TinyArray.swift
[18/112] Emitting module SwiftSyntax603
[19/112] Compiling SwiftSyntax603 Empty.swift
[22/112] Emitting module SwiftSyntax602
[23/112] Compiling SwiftSyntax602 Empty.swift
[23/113] Compiling tasn_dec.cc
[25/115] Emitting module _CertificateInternals
[26/115] Compiling SwiftSyntax600 Empty.swift
[28/116] Emitting module SwiftSyntax600
[29/117] Compiling SwiftSyntax601 Empty.swift
[30/117] Compiling _CertificateInternals _TinyArray.swift
[32/119] Emitting module SwiftSyntax601
[34/122] Compiling _NIOBase64 Base64.swift
[35/122] Emitting module _NIOBase64
[36/123] Emitting module SwiftSyntax510
[39/122] Compiling SwiftSyntax510 Empty.swift
[40/122] Compiling SwiftSyntax509 Empty.swift
[41/123] Compiling SystemPackage Backcompat.swift
[42/123] Compiling SystemPackage CInterop.swift
[43/123] Compiling SystemPackage Constants.swift
[44/124] Compiling SystemPackage Exports.swift
[45/124] Compiling SystemPackage Mocking.swift
[46/148] Emitting module SwiftSyntax509
[49/148] Compiling SystemPackage Stat.swift
[50/148] Compiling SystemPackage IOCompletion.swift
[51/148] Compiling SystemPackage IORequest.swift
[52/148] Compiling SystemPackage IORing.swift
[53/148] Compiling SystemPackage RawIORequest.swift
[54/165] Compiling ServiceContextModule ServiceContextKey.swift
[55/165] Compiling SwiftASN1 PEMDocument.swift
[56/165] Compiling SwiftASN1 TimeUtilities.swift
[57/165] Compiling SwiftASN1 UTCTime.swift
[58/165] Compiling SwiftASN1 ASN1.swift
[59/165] Compiling SwiftASN1 BER.swift
[60/176] Compiling RealModule RealFunctions.swift
[61/177] Emitting module ServiceContextModule
[62/177] Compiling ServiceContextModule ServiceContext.swift
[63/178] Compiling NIOConcurrencyHelpers NIOLockedValueBox.swift
[64/193] Compiling RealModule RelaxedArithmetic.swift
[66/196] Compiling NIOConcurrencyHelpers NIOThreadPoolWorkAvailable.swift
[67/196] Compiling RealModule Float80+Real.swift
[68/196] Compiling RealModule Real.swift
[69/196] Compiling InternalCollectionsUtilities RandomAccessCollection+Offsets.swift
[70/196] Compiling InternalCollectionsUtilities Span+Extras.swift
[71/198] Compiling InternalCollectionsUtilities UInt+reversed.swift
[72/198] Compiling InternalCollectionsUtilities LifetimeOverride.swift
[75/198] Compiling InternalCollectionsUtilities String+Padding.swift
[76/198] Compiling InternalCollectionsUtilities UnsafeMutableRawBufferPointer+Extras.swift
[77/198] Compiling SwiftASN1 DER.swift
[78/198] Compiling SwiftASN1 Errors.swift
[79/198] Compiling SystemPackage FileType.swift
[80/198] Compiling SystemPackage Identifiers.swift
[81/198] Compiling InternalCollectionsUtilities UInt+first and last set bit.swift
[83/198] Compiling RealModule Float16+Real.swift
[86/200] Compiling NIOConcurrencyHelpers NIOLock.swift
[87/200] Compiling NIOConcurrencyHelpers lock.swift
[90/200] Compiling Logging LoggingSystem.swift
[91/201] Compiling InternalCollectionsUtilities FixedWidthInteger+roundUpToPowerOfTwo.swift
[92/201] Compiling InternalCollectionsUtilities Integer rank.swift
[93/201] Compiling InternalCollectionsUtilities Debugging.swift
[94/201] Compiling InternalCollectionsUtilities Descriptions.swift
[95/201] Emitting module RealModule
[96/202] Compiling NIOConcurrencyHelpers NIOAtomic.swift
[97/202] Emitting module NIOConcurrencyHelpers
[98/202] Compiling Logging MetadataProvider.swift
[103/202] Compiling InternalCollectionsUtilities _SortedCollection.swift
[104/202] Compiling InternalCollectionsUtilities _UniqueCollection.swift
[105/202] Compiling NIOConcurrencyHelpers atomics.swift
[106/203] Emitting module Logging
unable to find node: pound
unable to find node: pound
[118/203] Compiling Logging Logger+Attributes.swift
[119/203] Compiling InternalCollectionsUtilities UnsafeBufferPointer+Extras.swift
[120/203] Compiling InternalCollectionsUtilities UnsafeMutableBufferPointer+Extras.swift
[131/203] Compiling InternalCollectionsUtilities _UnsafeBitSet+_Word.swift
[132/203] Compiling InternalCollectionsUtilities _UnsafeBitSet.swift
[137/209] Compiling InternalCollectionsUtilities _UnsafeBitSet+Index.swift
[140/214] Compiling Logging Logger.swift
[141/214] Compiling Logging Logger+With.swift
unable to find node: pound
unable to find node: pound
[142/215] Emitting module SystemPackage
[143/215] Compiling SystemPackage FilePath.swift
[144/215] Compiling SystemPackage FilePathComponentView.swift
[145/215] Compiling SystemPackage FilePathComponents.swift
[146/215] Compiling SystemPackage FilePathParsing.swift
[147/215] Compiling SystemPackage FilePathString.swift
[151/255] Compiling Instrumentation NoOpInstrument.swift
[152/256] Compiling Instrumentation MultiplexInstrument.swift
[153/278] Emitting module InternalCollectionsUtilities
[154/278] Emitting module Instrumentation
[155/278] Compiling SwiftSyntax EditorPlaceholder.swift
[156/278] Compiling SwiftSyntax ChildNameForKeyPath.swift
[157/278] Compiling SwiftSyntax Keyword.swift
[158/278] Compiling SwiftSyntax RenamedChildrenCompatibility.swift
[159/278] Compiling SwiftSyntax RenamedNodesCompatibility.swift
[161/279] Compiling CoreMetrics WithMetricsFactory.swift
[162/279] Compiling Instrumentation Locks.swift
[163/279] Compiling Instrumentation InstrumentationSystem.swift
[164/279] Compiling Instrumentation Instrument.swift
[166/280] Compiling SwiftSyntax SourceLength.swift
[167/280] Compiling SwiftSyntax SourceLocation.swift
[168/280] Compiling SwiftSyntax SourcePresence.swift
[169/280] Compiling SwiftSyntax SwiftSyntaxCompatibility.swift
[171/281] Emitting module CoreMetrics
[171/295] Compiling f_string.cc
[173/319] Compiling RoutingKit AnyRouter.swift
[174/319] Emitting module RoutingKit
[175/321] Compiling RoutingKit Parameters.swift
[176/322] Emitting module Tracing
[177/367] Compiling Tracing Tracer.swift
[178/367] Compiling Tracing TracerProtocol.swift
[179/367] Compiling Tracing TracerProtocol+Legacy.swift
[180/367] Emitting module SwiftASN1
[181/367] Compiling Tracing TracingTime.swift
[182/375] Compiling RoutingKit Router.swift
[183/375] Compiling RoutingKit PathComponent.swift
[184/378] Compiling RoutingKit TrieRouter.swift
[187/393] Compiling Tracing InstrumentationSystem+Tracing.swift
[188/393] Compiling Tracing SpanProtocol.swift
[189/393] Compiling Tracing NoOpTracer.swift
[190/393] Compiling _RopeModule BigString+Sequence.swift
[191/393] Compiling _RopeModule BigString+TextOutputStream.swift
[192/393] Compiling _RopeModule BigString+Append.swift
[193/393] Compiling _RopeModule BigString+Initializers.swift
[194/393] Compiling _RopeModule BigString+Insert.swift
[195/393] Compiling _RopeModule BigString+Managing Breaks.swift
[196/393] Compiling _RopeModule BigString+RemoveSubrange.swift
[197/393] Compiling _RopeModule BigString+ReplaceSubrange.swift
[198/393] Compiling _RopeModule BigString+Split.swift
[199/393] Compiling _RopeModule Range+BigString.swift
[200/393] Compiling _RopeModule BigString+Metrics.swift
[201/393] Compiling _RopeModule BigString+Summary.swift
[202/393] Compiling _RopeModule BigString.swift
[203/406] Compiling _RopeModule BigString+Builder.swift
[204/406] Compiling _RopeModule BigString+Contents.swift
[205/406] Compiling _RopeModule BigString+Debugging.swift
[206/406] Compiling _RopeModule BigString+Index.swift
[207/406] Compiling _RopeModule BigString+Ingester.swift
[208/406] Compiling _RopeModule BigString+Invariants.swift
[212/406] Compiling _RopeModule BigString+Chunk+Append and Insert.swift
[213/406] Compiling _RopeModule BigString+Chunk+Breaks.swift
[214/406] Compiling _RopeModule BigString+Chunk+Character.swift
[215/406] Compiling _RopeModule BigString+Chunk+Counts.swift
[216/406] Compiling _RopeModule BigString+Chunk+Description.swift
[217/406] Compiling _RopeModule BigString+Chunk+Index.swift
[218/406] Compiling _RopeModule BigString+Chunk+RopeElement.swift
[219/406] Compiling _RopeModule BigString+Chunk+Splitting.swift
[220/406] Compiling _RopeModule BigString+Chunk+UTF16.swift
[221/406] Compiling _RopeModule BigString+Chunk+UTF8.swift
[222/406] Compiling _RopeModule BigString+Chunk+UnicodeScalar.swift
[235/413] Emitting module ConsoleKitTerminal
[236/457] Compiling OrderedCollections _HashTable+Bucket.swift
[237/457] Compiling OrderedCollections _HashTable+BucketIterator.swift
[238/457] Compiling OrderedCollections _HashTable+Constants.swift
[239/457] Compiling OrderedCollections _HashTable+CustomStringConvertible.swift
[240/465] Compiling OrderedCollections OrderedDictionary+Codable.swift
[241/465] Compiling OrderedCollections OrderedDictionary+CustomReflectable.swift
[242/465] Compiling OrderedCollections OrderedDictionary+Deprecations.swift
[243/465] Compiling OrderedCollections OrderedDictionary+Descriptions.swift
[244/484] Compiling OrderedCollections OrderedDictionary+Sendable.swift
[245/484] Compiling OrderedCollections OrderedDictionary+Sequence.swift
[246/484] Compiling OrderedCollections OrderedDictionary+Values.swift
[247/493] Compiling HeapModule _HeapNode.swift
[248/537] Compiling HeapModule Heap.swift
[249/546] Compiling CoreMetrics Locks.swift
[250/546] Compiling CoreMetrics MappingMetricsFactory.swift
[251/546] Compiling CoreMetrics Metrics.swift
[252/547] Compiling HeapModule Heap+ExpressibleByArrayLiteral.swift
[253/547] Compiling HeapModule Heap+Descriptions.swift
[254/547] Compiling HeapModule Heap+UnsafeHandle.swift
[255/547] Compiling HeapModule Heap+Invariants.swift
[256/547] Compiling HashTreeCollections _HashNode+Subtree Insertions.swift
[257/547] Compiling HashTreeCollections _HashNode+Subtree Modify.swift
[258/547] Compiling HashTreeCollections _HashNode+Subtree Removals.swift
[260/548] Compiling HashTreeCollections TreeDictionary+Collection.swift
[261/548] Compiling HashTreeCollections TreeDictionary+CustomReflectable.swift
[262/548] Compiling HashTreeCollections TreeDictionary+Debugging.swift
[263/548] Compiling HashTreeCollections TreeDictionary+Descriptions.swift
[264/548] Compiling HashTreeCollections TreeDictionary+Equatable.swift
[265/548] Compiling HashTreeCollections TreeDictionary+ExpressibleByDictionaryLiteral.swift
[266/548] Compiling HashTreeCollections TreeDictionary+Filter.swift
[267/548] Compiling HashTreeCollections TreeDictionary+Hashable.swift
[268/555] Emitting module HeapModule
[270/556] Compiling HashTreeCollections TreeSet+SetAlgebra basics.swift
[271/556] Compiling HashTreeCollections TreeSet+SetAlgebra formIntersection.swift
[272/556] Compiling HashTreeCollections TreeSet+SetAlgebra formSymmetricDifference.swift
[273/556] Compiling HashTreeCollections TreeSet+SetAlgebra formUnion.swift
[274/556] Compiling HashTreeCollections TreeSet+SetAlgebra intersection.swift
[275/556] Compiling HashTreeCollections TreeSet+SetAlgebra isDisjoint.swift
[276/556] Compiling _RopeModule String Utilities.swift
[277/556] Compiling _RopeModule String.Index+ABI.swift
[278/556] Compiling _RopeModule _CharacterRecognizer.swift
[280/594] Compiling HashTreeCollections TreeDictionary+Initializers.swift
[281/594] Compiling HashTreeCollections TreeDictionary+Keys.swift
[282/594] Compiling HashTreeCollections TreeDictionary+MapValues.swift
[283/594] Compiling HashTreeCollections TreeDictionary+Merge.swift
[284/594] Compiling HashTreeCollections TreeDictionary+Sendable.swift
[285/594] Compiling HashTreeCollections TreeDictionary+Sequence.swift
[286/594] Compiling HashTreeCollections TreeDictionary+Values.swift
[287/594] Compiling HashTreeCollections TreeDictionary.swift
[288/594] Compiling ContainersPreview DynamicContainer.swift
[289/594] Compiling ContainersPreview MutableContainer.swift
[290/594] Compiling ContainersPreview PermutableContainer.swift
[291/594] Compiling ContainersPreview RandomAccessContainer.swift
[292/594] Compiling ContainersPreview RangeExpression2.swift
[293/594] Compiling ContainersPreview RangeReplaceableContainer.swift
[294/594] Compiling ContainersPreview Strideable+Limits.swift
[295/594] Compiling ContainersPreview Drain+Map.swift
[296/594] Compiling ContainersPreview Drain+Reduce.swift
[297/594] Compiling HashTreeCollections TreeSet+Hashable.swift
[298/594] Compiling HashTreeCollections TreeSet+Sendable.swift
[299/594] Compiling HashTreeCollections TreeSet+Sequence.swift
[300/594] Compiling HashTreeCollections TreeSet+SetAlgebra Initializers.swift
[307/612] Compiling ContainersPreview BorrowingSequence+Standard Conformances.swift
[308/612] Compiling ContainersPreview BorrowingSequence+Utilities.swift
[309/612] Compiling ContainersPreview BorrowingSequence.swift
[310/612] Compiling ContainersPreview BidirectionalContainer.swift
[311/612] Compiling ContainersPreview Container+Filter.swift
[312/616] Compiling ContainersPreview Container+SpanwiseZip.swift
[313/616] Compiling ContainersPreview Container.swift
[314/616] Compiling ContainersPreview ContainerIterator.swift
[317/616] Emitting module ContainersPreview
[318/616] Compiling ContainersPreview OutputSpan+Extras.swift
[319/616] Compiling ContainersPreview TemporaryAllocation.swift
[320/616] Compiling ContainersPreview BorrowingIteratorProtocol+Copy.swift
[321/616] Compiling ContainersPreview BorrowingIteratorProtocol+ElementsEqual.swift
[322/616] Compiling ContainersPreview BorrowingIteratorProtocol+Filter.swift
[323/616] Compiling ContainersPreview BorrowingIteratorProtocol+Map.swift
[324/616] Compiling ContainersPreview BorrowingIteratorProtocol+Reduce.swift
[325/616] Compiling ContainersPreview BorrowingIteratorProtocol+SpanwiseZip.swift
[326/616] Compiling ContainersPreview BorrowingIteratorProtocol.swift
[327/616] Compiling ContainersPreview BorrowingSequence+Algorithms.swift
[328/616] Compiling ContainersPreview Ref.swift
[329/616] Compiling ContainersPreview Shared.swift
[330/616] Compiling ContainersPreview SpanIterator.swift
[331/616] Compiling ContainersPreview UniqueBox.swift
[334/616] Compiling ContainersPreview Drain.swift
[335/616] Compiling ContainersPreview Producer+Collect.swift
[336/616] Compiling ContainersPreview Producer+Filter.swift
[342/616] Compiling ContainersPreview Producer+Map.swift
[343/616] Compiling ContainersPreview Producer+Reduce.swift
[344/616] Compiling ContainersPreview Producer.swift
[345/616] Compiling ContainersPreview InputSpan.swift
[346/616] Compiling ContainersPreview MutableRef.swift
[355/618] Compiling Metrics Metrics.swift
[363/639] Compiling HashTreeCollections TreeDictionary+Codable.swift
[364/639] Emitting module Metrics
[365/640] Compiling ConsoleKitCommands CommandGroup.swift
[366/640] Compiling ConsoleKitCommands CommandInput.swift
[367/640] Compiling ConsoleKitCommands Commands.swift
[368/640] Compiling ConsoleKitCommands Console+Run.swift
[369/640] Compiling ConsoleKitCommands ConsoleError.swift
[370/640] Compiling ConsoleKitCommands Completion.swift
[371/640] Compiling ConsoleKitCommands CommandSignature.swift
[372/640] Compiling ConsoleKitCommands Flag.swift
[373/640] Compiling ConsoleKitCommands Option.swift
[375/640] Compiling OrderedCollections OrderedSet+Sendable.swift
[376/640] Compiling OrderedCollections OrderedSet+SubSequence.swift
[377/640] Compiling OrderedCollections OrderedSet+Testing.swift
[378/640] Compiling OrderedCollections OrderedSet+UnorderedView.swift
[379/640] Compiling OrderedCollections OrderedSet+UnstableInternals.swift
[380/640] Compiling OrderedCollections OrderedSet.swift
[381/640] Compiling SwiftSyntax SyntaxNodesC.swift
[382/640] Compiling SwiftSyntax SyntaxNodesD.swift
[383/640] Compiling SwiftSyntax SyntaxNodesEF.swift
[385/640] Compiling ConsoleKitCommands AsyncCommands.swift
[386/640] Compiling ConsoleKitCommands GenerateAsyncAutocompleteCommand.swift
[387/640] Compiling ConsoleKitCommands AnyCommand.swift
[388/640] Compiling ConsoleKitCommands AnyAsyncCommand.swift
[389/640] Compiling ConsoleKitCommands AsyncCommand.swift
[390/640] Compiling ConsoleKitCommands AsyncCommandGroup.swift
[391/640] Compiling ConsoleKitCommands Command.swift
[392/640] Compiling ConsoleKitCommands CommandContext.swift
[393/640] Compiling ConsoleKitCommands CommandError.swift
[415/640] Compiling ConsoleKitCommands GenerateAutocompleteCommand.swift
[416/640] Compiling ConsoleKitCommands MergedAsyncCommandGroup.swift
[417/640] Compiling ConsoleKitCommands Argument.swift
[422/640] Emitting module _RopeModule
[430/640] Emitting module ConsoleKitCommands
[431/662] Compiling HashTreeCollections TreeSet+SetAlgebra isEqualSet.swift
[432/662] Compiling HashTreeCollections TreeSet+SetAlgebra isStrictSubset.swift
[433/662] Compiling HashTreeCollections TreeSet+SetAlgebra isStrictSuperset.swift
[434/662] Compiling HashTreeCollections TreeSet+SetAlgebra isSubset.swift
[435/662] Compiling HashTreeCollections TreeSet+SetAlgebra isSuperset.swift
[436/662] Compiling HashTreeCollections TreeSet+SetAlgebra subtract.swift
[437/662] Compiling HashTreeCollections TreeSet+SetAlgebra subtracting.swift
[438/662] Compiling HashTreeCollections TreeSet+SetAlgebra symmetricDifference.swift
[439/662] Compiling HashTreeCollections TreeSet+SetAlgebra union.swift
[440/662] Compiling HashTreeCollections TreeSet.swift
[441/683] Compiling DequeModule RigidDeque+Append.swift
[442/683] Compiling DequeModule RigidDeque+Consumption.swift
[443/683] Compiling DequeModule RigidDeque+Container.swift
[444/683] Compiling DequeModule RigidDeque+Descriptions.swift
[445/683] Compiling DequeModule Deque+Extras.swift
[446/683] Compiling DequeModule Deque+Hashable.swift
[447/683] Compiling DequeModule Deque+Testing.swift
[448/683] Compiling DequeModule Deque._Storage.swift
[449/683] Compiling DequeModule UniqueDeque+Removals.swift
[459/683] Compiling DequeModule UniqueDeque+Container.swift
[460/683] Compiling DequeModule UniqueDeque+Deprecated.swift
[461/683] Compiling DequeModule UniqueDeque+Descriptions.swift
[462/683] Compiling DequeModule UniqueDeque+Equatable.swift
[463/683] Compiling DequeModule UniqueDeque+Experimental.swift
[464/683] Compiling DequeModule UniqueDeque+Hashable.swift
[465/683] Compiling DequeModule UniqueDeque+Initializers.swift
[466/683] Compiling DequeModule UniqueDeque+Insertions.swift
[467/683] Compiling DequeModule UniqueDeque+Prepend.swift
[474/683] Compiling SwiftSyntax SyntaxNodesGHI.swift
[475/683] Compiling SwiftSyntax SyntaxNodesJKLMN.swift
[476/683] Compiling SwiftSyntax SyntaxNodesOP.swift
[477/683] Compiling SwiftSyntax SyntaxNodesQRS.swift
[489/683] Compiling DequeModule Deque._UnsafeHandle.swift
[490/683] Compiling DequeModule Deque.swift
[491/684] Compiling DequeModule RigidDeque+Equatable.swift
[492/684] Compiling DequeModule RigidDeque+Experimental.swift
[493/684] Compiling DequeModule RigidDeque+Hashable.swift
[494/684] Compiling DequeModule Deque+Descriptions.swift
[495/684] Compiling DequeModule Deque+Equatable.swift
[496/684] Compiling DequeModule Deque+ExpressibleByArrayLiteral.swift
[498/684] Compiling DequeModule Deque+Codable.swift
[499/684] Compiling DequeModule Deque+Collection.swift
[500/684] Compiling DequeModule Deque+CustomReflectable.swift
[511/684] Compiling DequeModule RigidDeque+Removals.swift
[512/684] Compiling DequeModule RigidDeque+Replacements.swift
[513/684] Compiling DequeModule RigidDeque+Testing.swift
[514/684] Compiling DequeModule RigidDeque.swift
[515/684] Compiling DequeModule UniqueDeque+Append.swift
[516/684] Compiling DequeModule UniqueDeque+Consumption.swift
[520/689] Compiling DequeModule RigidDeque+Initializers.swift
[521/689] Compiling DequeModule RigidDeque+Insertions.swift
[522/689] Compiling DequeModule RigidDeque+Prepend.swift
[523/689] Compiling DequeModule _DequeBuffer.swift
[524/689] Compiling DequeModule _DequeBufferHeader.swift
[536/689] Compiling DequeModule UniqueDeque+Replacements.swift
[537/689] Compiling DequeModule UniqueDeque.swift
[538/689] Compiling DequeModule _DequeSlot.swift
[539/689] Compiling DequeModule _UnsafeDequeHandle.swift
[539/689] Compiling f_int.cc
[575/689] Compiling asn_pack.cc
[597/690] Compiling asn1_par.cc
[604/690] Compiling DequeModule _UnsafeDequeSegments.swift
[605/690] Emitting module OrderedCollections
[606/691] Compiling a_utctm.cc
[608/693] Compiling ConsoleKit Exports.swift
[608/693] Compiling asn1_lib.cc
[610/693] Emitting module ConsoleKit
[610/694] Compiling a_type.cc
[613/694] Emitting module DequeModule
[615/695] Emitting module HashTreeCollections
[616/696] Compiling a_time.cc
[617/696] Compiling a_octet.cc
[618/696] Compiling a_strnid.cc
[619/696] Compiling a_object.cc
[620/696] Compiling a_strex.cc
[621/696] Compiling a_mbstr.cc
[622/696] Compiling a_int.cc
[623/696] Compiling a_d2i_fp.cc
[624/696] Compiling a_i2d_fp.cc
[625/696] Compiling CAsyncHTTPClient CAsyncHTTPClient.c
[626/696] Write sources
[627/696] Compiling a_dup.cc
[627/696] Write sources
[632/732] Compiling a_gentm.cc
[633/793] Compiling a_bool.cc
[635/793] Compiling Algorithms Joined.swift
[636/793] Compiling Algorithms Keyed.swift
[637/795] Compiling Algorithms Permutations.swift
[638/795] Compiling Algorithms Product.swift
[639/795] Compiling Algorithms MinMax.swift
[640/795] Compiling Algorithms Split.swift
[641/795] Compiling Algorithms Stride.swift
[642/795] Compiling Algorithms Suffix.swift
[642/795] Compiling aes.cc
[643/795] Compiling a_bitstr.cc
[645/795] Compiling Algorithms Chunked.swift
[646/795] Compiling Algorithms Combinations.swift
[647/795] Compiling Algorithms Partition.swift
[648/795] Compiling Atomics IntegerOperations.swift
[649/795] Compiling Atomics Unmanaged extensions.swift
[650/795] Compiling BitCollections BitSet+Initializers.swift
[651/795] Compiling BitCollections BitSet+Invariants.swift
[652/795] Compiling BitCollections BitSet+Random.swift
[653/795] Compiling BitCollections BitSet+SetAlgebra basics.swift
[654/795] Compiling BitCollections BitSet+SetAlgebra conformance.swift
[655/795] Compiling BitCollections BitSet+SetAlgebra formIntersection.swift
[656/795] Compiling BitCollections BitSet+SetAlgebra formSymmetricDifference.swift
[657/802] Emitting module BitCollections
[665/802] Compiling Algorithms Rotate.swift
[666/802] Compiling BitCollections BitArray+ExpressibleByArrayLiteral.swift
[667/802] Compiling BitCollections BitArray+ExpressibleByStringLiteral.swift
[668/802] Compiling BitCollections BitArray+Extras.swift
[669/802] Compiling BitCollections BitArray+Fill.swift
[670/802] Compiling BitCollections BitArray+Hashable.swift
[671/802] Compiling BitCollections BitArray+Initializers.swift
[672/802] Compiling BitCollections BitArray+Invariants.swift
[673/802] Compiling BitCollections BitSet+Codable.swift
[674/802] Compiling BitCollections BitSet+CustomDebugStringConvertible.swift
[675/802] Compiling BitCollections BitSet+CustomReflectable.swift
[676/802] Compiling BitCollections BitSet+CustomStringConvertible.swift
[677/802] Compiling BitCollections BitSet+Equatable.swift
[678/802] Compiling BitCollections BitSet+ExpressibleByArrayLiteral.swift
[679/802] Compiling BitCollections BitSet+Extras.swift
[680/802] Compiling BitCollections BitSet+Hashable.swift
[681/802] Compiling BitCollections BitSet+SetAlgebra isSuperset.swift
[682/802] Compiling BitCollections BitSet+SetAlgebra subtract.swift
[683/802] Compiling BitCollections BitSet+SetAlgebra subtracting.swift
[684/802] Compiling BitCollections BitSet+SetAlgebra symmetricDifference.swift
[685/802] Compiling BitCollections BitSet+SetAlgebra union.swift
[686/802] Compiling BitCollections BitSet+Sorted Collection APIs.swift
[687/802] Compiling BitCollections BitSet.Counted.swift
[692/802] Compiling Algorithms EitherSequence.swift
[693/802] Compiling Algorithms FirstNonNil.swift
[694/802] Compiling Algorithms RandomSample.swift
[695/802] Compiling Algorithms Reductions.swift
[696/802] Compiling Algorithms FlattenCollection.swift
[697/802] Compiling Algorithms Grouped.swift
[698/802] Compiling Algorithms Indexed.swift
[699/802] Compiling Algorithms Intersperse.swift
[700/802] Compiling Algorithms AdjacentPairs.swift
[701/802] Compiling Algorithms Chain.swift
[709/805] Compiling bcm.cc
[718/813] Emitting module Atomics
[719/813] Compiling BitCollections BitSet.Index.swift
[720/813] Compiling BitCollections BitSet._UnsafeHandle.swift
[721/813] Compiling BitCollections BitSet.swift
[722/813] Compiling BitCollections Range+Utilities.swift
[723/813] Compiling BitCollections Slice+Utilities.swift
[724/813] Compiling BitCollections UInt+Tricks.swift
[725/813] Compiling BitCollections _Word.swift
[733/821] Compiling Algorithms Trim.swift
[734/821] Compiling Algorithms Unique.swift
[735/821] Compiling Algorithms Windows.swift
[737/821] Compiling Collections DequeModule reexports.swift
[738/821] Compiling Collections OrderedCollections reexports.swift
[739/821] Compiling Collections HashTreeCollections reexports.swift
[740/821] Emitting module Collections
[741/821] Compiling Collections BitCollections reexports.swift
[742/821] Compiling Collections HeapModule reexports.swift
[744/886] Compiling CryptoBoringWrapper RandomBytes.swift
[745/886] Compiling NIOCore AsyncChannel.swift
[746/886] Compiling NIOCore AsyncChannelHandler.swift
[747/886] Compiling NIOCore AsyncChannelInboundStream.swift
[748/886] Compiling NIOCore DispatchQueue+WithFuture.swift
[749/886] Compiling NIOCore EventLoop+Deprecated.swift
[750/886] Compiling NIOCore EventLoop+SerialExecutor.swift
[751/886] Compiling NIOCore EventLoop.swift
[752/886] Emitting module Algorithms
[753/886] Compiling NIOCore CircularBuffer.swift
[754/886] Compiling NIOCore Codec.swift
[755/886] Compiling NIOCore ConvenienceOptionSupport.swift
[756/886] Compiling NIOCore DeadChannel.swift
[758/887] Compiling CryptoBoringWrapper FiniteFieldArithmeticContext.swift
[759/887] Emitting module CryptoBoringWrapper
[760/887] Compiling CryptoBoringWrapper BoringSSLAEAD.swift
[761/887] Compiling CryptoBoringWrapper EllipticCurve.swift
[762/887] Compiling CryptoBoringWrapper CryptoKitErrors_boring.swift
[763/887] Compiling CryptoBoringWrapper EllipticCurvePoint.swift
[764/887] Compiling CryptoBoringWrapper ArbitraryPrecisionInteger.swift
[766/972] Emitting module SwiftSyntax
[767/972] Compiling Crypto ASN1.swift
[768/972] Compiling Crypto ASN1Any.swift
[769/972] Compiling Crypto ASN1BitString.swift
[770/972] Compiling Crypto ASN1Boolean.swift
[771/972] Compiling Crypto ASN1Identifier.swift
[772/972] Compiling Crypto ASN1Integer.swift
[773/972] Compiling Crypto HKDF.swift
[774/972] Compiling Crypto AESWrap.swift
[775/972] Compiling Crypto AESWrap_boring.swift
[776/980] Compiling Crypto HPKE.swift
[777/980] Compiling Crypto HPKE-Context.swift
[778/980] Compiling Crypto HPKE-KeySchedule.swift
[779/980] Compiling Crypto HPKE-Modes.swift
[780/980] Compiling Crypto Insecure.swift
[781/980] Compiling Crypto Insecure_HashFunctions.swift
[782/980] Compiling Crypto MLKEM_boring.swift
[783/980] Compiling Crypto MLKEM_wrapper.swift
[784/980] Compiling Crypto XWing_boring.swift
[785/980] Compiling Crypto Ed25519.swift
[786/980] Compiling Crypto MLDSA.swift
[787/980] Compiling Crypto HPKE-LabeledExtract.swift
[788/980] Compiling Crypto HPKE-Utils.swift
[789/980] Compiling Crypto DHKEM.swift
[790/980] Compiling Crypto HPKE-KEM-Curve25519.swift
[791/980] Compiling Crypto HPKE-NIST-EC-KEMs.swift
[792/980] Compiling Crypto HPKE-KEM.swift
[793/980] Compiling Crypto HPKE-Errors.swift
[794/980] Emitting module Crypto
[795/984] Compiling Crypto MACFunctions.swift
[796/984] Compiling Crypto MessageAuthenticationCode.swift
[797/984] Compiling Crypto AES.swift
[798/984] Compiling Crypto ECDSASignature_boring.swift
[799/984] Compiling Crypto ECDSA_boring.swift
[800/984] Compiling Crypto EdDSA_boring.swift
[801/984] Compiling Crypto MLDSA_boring.swift
[802/984] Compiling Crypto MLDSA_wrapper.swift
[803/984] Compiling Crypto ECDSA.swift
[804/991] Compiling Crypto ASN1Null.swift
[805/991] Compiling Crypto ASN1OctetString.swift
[806/991] Compiling Crypto ASN1Strings.swift
[807/991] Compiling Crypto ArraySliceBigint.swift
[808/991] Compiling Crypto GeneralizedTime.swift
[809/991] Compiling Crypto ObjectIdentifier.swift
[810/991] Compiling Crypto ECDSASignature.swift
[811/991] Compiling Crypto PEMDocument.swift
[812/991] Compiling Crypto PKCS8PrivateKey.swift
[813/991] Compiling Crypto SEC1PrivateKey.swift
[814/991] Compiling Crypto SubjectPublicKeyInfo.swift
[815/991] Compiling Crypto CryptoError_boring.swift
[819/991] Compiling Crypto AES-GCM.swift
[820/991] Compiling Crypto AES-GCM_boring.swift
[821/991] Compiling Crypto ChaChaPoly_boring.swift
[822/991] Compiling Crypto ChaChaPoly.swift
[823/991] Compiling Crypto Cipher.swift
[824/991] Compiling Crypto Nonces.swift
[834/991] Compiling NIOCore SingleStepByteToMessageDecoder.swift
[835/991] Compiling NIOCore SocketAddresses.swift
[836/991] Compiling NIOCore SocketOptionProvider.swift
[837/991] Compiling NIOCore SystemCallHelpers.swift
[838/991] Compiling NIOCore TimeAmount+Duration.swift
[839/991] Compiling NIOCore TypeAssistedChannelHandler.swift
[840/991] Compiling NIOCore UniversalBootstrapSupport.swift
[841/991] Compiling NIOCore Utilities.swift
[842/991] Compiling Crypto Signature.swift
[843/991] Compiling Crypto CryptoKitErrors_boring.swift
[844/991] Compiling Crypto Optional+withUnsafeBytes_boring.swift
[845/991] Compiling Crypto RNG_boring.swift
[846/991] Compiling Crypto SafeCompare_boring.swift
[847/991] Compiling Crypto Zeroization_boring.swift
[848/991] Compiling Crypto _CryptoModuleAnchor.swift
[849/991] Compiling Crypto PrettyBytes.swift
[850/991] Compiling Crypto SafeCompare.swift
[851/991] Compiling Crypto SecureBytes.swift
[852/991] Compiling Crypto Zeroization.swift
[877/991] Compiling Crypto CryptoKitErrors.swift
[878/991] Compiling Crypto Digest_boring.swift
[879/991] Compiling Crypto Digest.swift
[880/991] Compiling Crypto Digests.swift
[881/991] Compiling Crypto HashFunctions.swift
[882/991] Compiling Crypto HashFunctions_SHA2.swift
[883/991] Compiling Crypto HashFunctions_SHA3.swift
[884/991] Compiling Crypto Digest_xkcp.swift
[885/991] Compiling Crypto HPKE-AEAD.swift
[886/991] Compiling Crypto HPKE-Ciphersuite.swift
[887/991] Compiling Crypto HPKE-KDF.swift
[888/991] Compiling Crypto HPKE-KexKeyDerivation.swift
[904/991] Compiling Crypto Ed25519_boring.swift
[905/991] Compiling Crypto NISTCurvesKeys_boring.swift
[906/991] Compiling Crypto X25519Keys_boring.swift
[907/991] Compiling Crypto Curve25519.swift
[908/991] Compiling Crypto Ed25519Keys.swift
[909/991] Compiling Crypto NISTCurvesKeys.swift
[910/991] Compiling Crypto X25519Keys.swift
[911/991] Compiling Crypto SymmetricKeys.swift
[912/991] Compiling Crypto HMAC.swift
[925/1053] Emitting module NIOCore
[926/1053] Compiling CryptoExtras DigestType.swift
[927/1053] Compiling CryptoExtras Error.swift
[928/1053] Compiling CryptoExtras I2OSP.swift
[929/1053] Compiling CryptoExtras IntegerEncoding.swift
[930/1053] Compiling CryptoExtras PEMDocument.swift
[931/1053] Compiling CryptoExtras PrettyBytes.swift
[932/1053] Compiling CryptoExtras SubjectPublicKeyInfo.swift
[933/1053] Compiling CryptoExtras Scrypt_boring.swift
[934/1053] Compiling CryptoExtras Scrypt.swift
[935/1054] Emitting module CryptoExtras
[939/1062] Compiling CryptoExtras OPRF.swift
[940/1062] Compiling CryptoExtras OPRFClient.swift
[941/1062] Compiling CryptoExtras OPRFServer.swift
[942/1062] Compiling CryptoExtras VOPRF+API.swift
[943/1062] Compiling CryptoExtras VOPRFClient.swift
[944/1062] Compiling CryptoExtras VOPRFServer.swift
[945/1062] Compiling CryptoExtras Data+Extensions.swift
[953/1066] Compiling CryptoExtras PKCS8PrivateKey.swift
[954/1066] Compiling CryptoExtras RFC8410AlgorithmIdentifier.swift
[955/1066] Compiling CryptoExtras ECToolbox_boring.swift
[956/1066] Compiling CryptoExtras ECToolbox.swift
[957/1066] Compiling CryptoExtras HashToField.swift
[958/1066] Compiling CryptoExtras KDF.swift
[959/1066] Compiling CryptoExtras PBKDF2_boring.swift
[960/1066] Compiling CryptoExtras PBKDF2_commoncrypto.swift
[961/1066] Compiling CryptoExtras PBKDF2.swift
[962/1119] Compiling NIOFoundationEssentialsCompat Codable+ByteBuffer.swift
[963/1119] Compiling NIOPosix NIORandomizedDNSResolver.swift
[964/1119] Compiling NIOPosix NIOThreadPool.swift
[965/1119] Compiling NIOPosix NonBlockingFileIO.swift
[966/1119] Compiling NIOPosix PendingDatagramWritesManager.swift
[967/1119] Compiling NIOPosix PendingWritesManager.swift
[968/1119] Compiling NIOPosix BSDSocketAPICommon.swift
[969/1119] Compiling NIOPosix BSDSocketAPIPosix.swift
[970/1119] Compiling NIOPosix BSDSocketAPIWindows.swift
[971/1119] Compiling NIOPosix BaseSocket.swift
[972/1119] Emitting module NIOFoundationEssentialsCompat
[973/1119] Compiling NIOFoundationEssentialsCompat ByteBuffer-foundation.swift
[974/1120] Compiling NIOPosix SelectorWSAPoll.swift
[975/1120] Compiling NIOPosix ServerSocket.swift
[976/1120] Compiling NIOPosix Socket.swift
[977/1120] Compiling NIOPosix SocketChannel.swift
[978/1120] Compiling NIOPosix SocketProtocols.swift
[979/1120] Compiling NIOPosix StructuredConcurrencyHelpers.swift
[980/1120] Compiling NIOPosix System.swift
[981/1120] Compiling CryptoExtras AES_GCM_SIV_boring.swift
[982/1120] Compiling CryptoExtras CMAC.swift
[983/1120] Compiling NIOEmbedded AsyncTestingChannel.swift
[984/1120] Emitting module NIOEmbedded
[985/1120] Compiling CryptoExtras ThreadOps.swift
[986/1120] Compiling CryptoExtras ThreadPosix.swift
[987/1120] Compiling CryptoExtras ThreadSpecific.swift
[988/1120] Compiling CryptoExtras ThreadWindows.swift
[989/1120] Compiling CryptoExtras DLEQ.swift
[990/1120] Compiling CryptoExtras Prover.swift
[991/1120] Compiling CryptoExtras Verifier.swift
[992/1120] Compiling CryptoExtras ZKPToolbox.swift
[994/1120] Compiling NIOEmbedded Embedded.swift
[995/1120] Compiling NIOEmbedded AsyncTestingEventLoop.swift
[997/1121] Compiling NIOPosix HappyEyeballs.swift
[998/1121] Compiling NIOPosix IO.swift
[999/1121] Compiling NIOPosix IntegerBitPacking.swift
[1000/1121] Compiling NIOPosix IntegerTypes.swift
[1001/1121] Compiling NIOPosix Linux.swift
[1002/1121] Compiling NIOPosix LinuxCPUSet.swift
[1003/1121] Compiling NIOPosix LinuxUring.swift
[1004/1128] Compiling NIOPosix BaseSocketChannel+AccessibleTransport.swift
[1005/1128] Compiling NIOPosix BaseSocketChannel+SocketOptionProvider.swift
[1006/1128] Compiling NIOPosix BaseSocketChannel.swift
[1012/1128] Compiling NIOPosix ThreadWindows.swift
[1013/1128] Compiling NIOPosix Utilities.swift
[1014/1128] Compiling NIOPosix VsockAddress.swift
[1015/1128] Compiling NIOPosix VsockChannelEvents.swift
[1016/1128] Compiling NIOPosix Windows.swift
[1017/1128] Compiling CryptoExtras ARCPresentation.swift
[1018/1128] Compiling CryptoExtras ARCRequest.swift
[1019/1128] Compiling CryptoExtras ARCResponse.swift
[1020/1128] Compiling CryptoExtras ARCServer.swift
[1021/1129] Compiling NIOPosix Thread.swift
[1022/1129] Compiling NIOPosix ThreadPosix.swift
[1029/1131] Compiling NIOPosix PipeChannel.swift
[1030/1131] Compiling NIOPosix PipePair.swift
[1031/1131] Compiling NIOPosix Pool.swift
[1032/1131] Compiling NIOPosix PosixSingletons+ConcurrencyTakeOver.swift
[1033/1131] Compiling NIOPosix PosixSingletons.swift
[1034/1131] Compiling NIOPosix RawSocketBootstrap.swift
[1035/1131] Compiling NIOPosix Resolver.swift
[1036/1131] Emitting module _CryptoExtras
[1037/1131] Compiling _CryptoExtras Exports.swift
[1039/1132] Compiling NIOPosix Selectable.swift
[1040/1132] Compiling NIOPosix SelectableChannel.swift
[1041/1132] Compiling NIOPosix SelectableEventLoop.swift
[1042/1132] Compiling NIOPosix SelectorEpoll.swift
[1043/1132] Compiling NIOPosix SelectorGeneric.swift
[1044/1132] Compiling NIOPosix SelectorKqueue.swift
[1045/1132] Compiling NIOPosix SelectorUring.swift
[1053/1132] Emitting module NIOPosix
[1054/1228] Compiling X509 CSRAttribute.swift
[1055/1228] Compiling X509 CSRAttributes.swift
[1056/1228] Compiling X509 CSRVersion.swift
[1057/1228] Compiling X509 CertificateSigningRequest.swift
[1058/1228] Compiling X509 CertificationRequestInfo.swift
[1059/1228] Compiling X509 ExtensionRequest.swift
[1060/1228] Compiling X509 Certificate.swift
[1061/1228] Compiling X509 CertificatePrivateKey.swift
[1062/1228] Compiling X509 CertificatePublicKey.swift
[1063/1228] Compiling X509 CertificateSerialNumber.swift
[1064/1228] Compiling X509 CertificateVersion.swift
[1065/1228] Compiling X509 CMSAttribute.swift
[1066/1228] Compiling X509 CMSContentInfo.swift
[1067/1228] Compiling X509 CMSEncapsulatedContentInfo.swift
[1068/1228] Compiling X509 NameConstraints.swift
[1069/1228] Compiling X509 SubjectAlternativeName.swift
[1070/1228] Compiling X509 SubjectKeyIdentifier.swift
[1071/1228] Compiling X509 Extension.swift
[1072/1228] Compiling X509 Extensions.swift
[1073/1228] Compiling X509 ExtensionsBuilder.swift
[1074/1228] Compiling X509 GeneralName.swift
[1076/1289] Compiling NIO Exports.swift
[1077/1289] Emitting module NIO
[1079/1290] Compiling _NIOFileSystem Array+FileSystem.swift
[1080/1290] Compiling _NIOFileSystem ArraySlice+FileSystem.swift
[1081/1290] Compiling _NIOFileSystem BufferedReader.swift
[1082/1323] Emitting module NIOTLS
[1083/1330] Compiling _NIOFileSystem FileType.swift
[1084/1330] Compiling _NIOFileSystem IOStrategy.swift
[1085/1330] Compiling _NIOFileSystem FileChunks.swift
[1086/1330] Compiling _NIOFileSystem FileSystemError+Syscall.swift
[1087/1330] Compiling _NIOFileSystem FileSystemError.swift
[1088/1330] Compiling _NIOFileSystem FileSystemProtocol.swift
[1089/1330] Compiling NIOFoundationCompat Exports.swift
[1090/1330] Compiling NIOTLS TLSEvents.swift
[1091/1330] Compiling NIOFoundationCompat WaitSpinningRunLoop.swift
[1092/1330] Compiling NIOFoundationCompat JSONSerialization+ByteBuffer.swift
[1093/1330] Emitting module NIOFoundationCompat
[1094/1331] Emitting module NIOSOCKS
[1095/1332] Emitting module _NIOFileSystem
[1097/1336] Compiling NIOSOCKS SOCKSResponse.swift
[1098/1336] Compiling NIOSOCKS AuthenticationMethod.swift
[1099/1336] Compiling NIOSOCKS ClientGreeting.swift
[1100/1336] Compiling NIOSOCKS ClientStateMachine.swift
[1101/1336] Compiling NIOSOCKS SelectedAuthenticationMethod.swift
[1102/1336] Compiling NIOHTTP1 HTTPEncoder.swift
[1103/1336] Compiling NIOHTTP1 NIOHTTPClientUpgradeHandler.swift
[1104/1336] Compiling NIOHTTP1 NIOHTTPObjectAggregator.swift
[1105/1336] Compiling NIOHTTP1 NIOTypedHTTPClientUpgradeHandler.swift
[1106/1336] Compiling NIOHTTP1 NIOTypedHTTPClientUpgraderStateMachine.swift
[1107/1336] Compiling X509 DomainComponent.swift
[1108/1336] Compiling X509 EmailAddress.swift
[1109/1336] Compiling X509 LocalityName.swift
[1110/1336] Compiling X509 OrganizationName.swift
[1111/1336] Compiling X509 OrganizationalUnitName.swift
[1112/1336] Compiling X509 StateOrProvinceName.swift
[1113/1336] Compiling X509 StreetAddress.swift
[1114/1336] Compiling X509 Error.swift
[1115/1336] Compiling X509 AuthorityInformationAccess.swift
[1116/1336] Compiling X509 AuthorityKeyIdentifier.swift
[1117/1336] Compiling X509 BasicConstraints.swift
[1118/1336] Compiling X509 ExtendedKeyUsage.swift
[1119/1336] Compiling X509 ExtensionIdentifiers.swift
[1120/1336] Compiling X509 KeyUsage.swift
[1121/1349] Compiling NIOSOCKS Errors.swift
[1122/1349] Compiling NIOSOCKS Helpers.swift
[1123/1349] Compiling NIOSOCKS Messages.swift
[1124/1349] Compiling NIOSOCKS SOCKSRequest.swift
[1125/1349] Compiling NIOSOCKS SOCKSClientHandler.swift
[1126/1349] Compiling NIOSOCKS SOCKSServerHandshakeHandler.swift
[1127/1349] Compiling NIOTLS ApplicationProtocolNegotiationHandler.swift
[1128/1349] Compiling NIOTLS NIOTypedApplicationProtocolNegotiationHandler.swift
[1129/1349] Compiling NIOTLS SNIHandler.swift
[1130/1349] Compiling NIOTLS ProtocolNegotiationHandlerStateMachine.swift
[1131/1350] Compiling NIOSOCKS ServerStateMachine.swift
[1132/1351] Compiling AsyncKit Optional+StrictMap.swift
[1133/1351] Compiling AsyncKit Exports.swift
[1144/1351] Emitting module NIOHTTP1
[1147/1353] Compiling X509 PolicyBuilder.swift
[1148/1353] Compiling X509 BasicConstraintsPolicy.swift
[1149/1353] Compiling X509 DNSNames.swift
[1150/1353] Compiling X509 DirectoryNames.swift
[1151/1353] Compiling X509 ExpiryPolicy.swift
[1152/1353] Compiling X509 IPConstraints.swift
[1153/1353] Compiling X509 NameConstraintsPolicy.swift
[1161/1353] Compiling X509 RFC5280Policy.swift
[1162/1353] Compiling X509 URIConstraints.swift
[1163/1353] Compiling X509 VersionPolicy.swift
[1164/1353] Compiling X509 ServerIdentityPolicy.swift
[1165/1353] Compiling X509 TrustRootLoading.swift
[1166/1353] Compiling X509 UnverifiedChain.swift
[1167/1353] Compiling _NIOFileSystem NIOFilePath.swift
[1168/1353] Compiling _NIOFileSystem NIOFileSystemSendableMetatype.swift
[1169/1353] Compiling _NIOFileSystem OpenOptions.swift
[1170/1353] Compiling _NIOFileSystem String+FileSystem.swift
[1175/1404] Compiling _NIOFileSystem TokenBucket.swift
[1176/1404] Compiling _NIOFileSystem ParallelDirCopy.swift
[1177/1404] Compiling _NIOFileSystem Mocking.swift
[1178/1404] Compiling _NIOFileSystem Syscall.swift
[1179/1404] Compiling _NIOFileSystem Syscalls.swift
[1180/1404] Compiling _NIOFileSystem SystemFileHandle.swift
[1181/1404] Compiling _NIOFileSystem Utilities.swift
[1186/1404] Compiling X509 CustomCertificateStore.swift
[1187/1404] Compiling X509 OneOfPolicies.swift
[1188/1404] Compiling NIOTransportServices NIOTSNetworkEvents.swift
[1189/1404] Compiling NIOTransportServices NIOTSSingletons.swift
[1190/1404] Compiling NIOTransportServices SocketAddress+NWEndpoint.swift
[1191/1406] Compiling NIOTransportServices StateManagedChannel.swift
[1192/1406] Compiling NIOTransportServices StateManagedListenerChannel.swift
[1193/1406] Compiling NIOTransportServices StateManagedNWConnectionChannel.swift
[1194/1406] Compiling NIOTransportServices NIOTSEventLoopGroup.swift
[1195/1406] Compiling NIOTransportServices NIOTSListenerBootstrap.swift
[1196/1406] Compiling NIOTransportServices NIOTSListenerChannel.swift
[1197/1406] Compiling NIOTransportServices NIOTSConnectionChannel.swift
[1198/1406] Compiling NIOTransportServices NIOTSErrors.swift
[1199/1406] Compiling NIOTransportServices NIOTSEventLoop.swift
[1200/1406] Emitting module NIOTransportServices
[1201/1406] Compiling NIOTransportServices NIOTSDatagramConnectionChannel.swift
[1202/1406] Compiling NIOTransportServices NIOTSBootstraps.swift
[1203/1406] Compiling NIOTransportServices AcceptHandler.swift
[1204/1406] Compiling NIOTransportServices NIOTSDatagramConnectionBootstrap.swift
[1206/1406] Compiling NIOTransportServices NIOTSChannelOptions.swift
[1207/1406] Compiling NIOTransportServices NIOTSConnectionBootstrap.swift
[1208/1406] Compiling NIOTransportServices NIOTSDatagramListenerBootstrap.swift
[1209/1406] Compiling NIOTransportServices NIOTSDatagramListenerChannel.swift
[1210/1406] Compiling NIOTransportServices NIOFilterEmptyWritesHandler.swift
[1214/1406] Compiling X509 OCSPNonce.swift
[1215/1406] Compiling X509 OCSPPolicy.swift
[1216/1406] Compiling X509 OCSPRequest.swift
[1217/1406] Compiling X509 OCSPResponse.swift
[1218/1406] Compiling X509 OCSPResponseBytes.swift
[1219/1406] Compiling X509 OCSPResponseData.swift
[1220/1406] Compiling X509 OCSPResponseStatus.swift
[1221/1406] Compiling X509 OCSPSignature.swift
[1222/1406] Compiling X509 OCSPSingleRequest.swift
[1223/1406] Compiling X509 OCSPSingleResponse.swift
[1224/1406] Compiling X509 OCSPTBSRequest.swift
[1225/1406] Compiling X509 OCSPVersion.swift
[1226/1406] Compiling X509 PKCS8PrivateKey.swift
[1227/1406] Compiling X509 CMSIssuerAndSerialNumber.swift
[1228/1406] Compiling X509 CMSOperations.swift
[1229/1406] Compiling X509 CMSSignature.swift
[1230/1406] Compiling X509 CMSSignedData.swift
[1231/1406] Compiling X509 CMSSignerIdentifier.swift
[1232/1406] Compiling X509 CMSSignerInfo.swift
[1233/1406] Compiling X509 CMSVersion.swift
[1234/1406] Compiling X509 Curve25519+DER.swift
[1235/1406] Compiling X509 CustomPrivateKey.swift
[1236/1406] Compiling X509 Digests.swift
[1237/1406] Compiling X509 DistinguishedName.swift
[1238/1406] Compiling X509 CommonName.swift
[1239/1406] Compiling X509 CountryName.swift
[1240/1406] Compiling X509 DNBuilder.swift
[1241/1406] Compiling NIOTransportServices TCPOptions+SocketChannelOption.swift
[1242/1406] Compiling NIOTransportServices UDPOptions+SocketChannelOption.swift
[1244/1407] Emitting module AsyncKit
[1282/1407] Compiling NIOSSL String+unsafeUninitializedCapacity.swift
[1283/1407] Compiling NIOSSL SubjectAlternativeName.swift
[1284/1407] Compiling NIOSSL NIOSSLSecureBytes.swift
[1285/1407] Compiling NIOSSL RNG.swift
[1286/1407] Compiling NIOSSL SafeCompare.swift
[1304/1439] Emitting module NIOHPACK
[1305/1440] Emitting module NIOHTTPCompression
[1306/1440] Compiling NIOHTTPCompression HTTPDecompressor.swift
[1307/1440] Compiling NIOHTTPCompression HTTPRequestCompressor.swift
[1308/1440] Compiling NIOHPACK HuffmanTables.swift
[1309/1440] Compiling NIOHPACK IndexedHeaderTable.swift
[1310/1440] Compiling NIOHPACK IntegerCoding.swift
[1311/1440] Compiling NIOHPACK StaticHeaderTable.swift
[1312/1440] Compiling NIOWebSocket WebSocketOpcode.swift
[1313/1440] Compiling NIOWebSocket WebSocketFrameEncoder.swift
[1314/1441] Compiling NIOWebSocket WebSocketFrameDecoder.swift
[1315/1441] Compiling NIOSSL UniversalBootstrapSupport.swift
[1316/1441] Compiling NIOSSL UnsafeKeyAndChainTarget.swift
[1333/1441] Compiling NIOSSL Zeroization.swift
[1334/1441] Compiling NIOSSL TLSConfiguration.swift
[1335/1441] Compiling NIOHPACK HeaderTables.swift
[1340/1441] Emitting module NIOWebSocket
[1341/1441] Compiling NIOHTTPCompression HTTPCompression.swift
[1342/1441] Compiling NIOHTTPCompression HTTPDecompression.swift
[1343/1441] Compiling NIOHPACK DynamicHeaderTable.swift
[1344/1441] Compiling NIOHPACK HPACKDecoder.swift
[1349/1442] Emitting module NIOSSL
[1352/1442] Compiling NIOHPACK HPACKEncoder.swift
[1353/1442] Compiling NIOHPACK HPACKErrors.swift
[1354/1442] Compiling NIOHPACK HPACKHeader.swift
[1358/1442] Compiling NIOHPACK HuffmanCoding.swift
[1359/1442] Emitting module X509
[1362/1442] Compiling NIOWebSocket WebSocketErrorCodes.swift
[1365/1442] Compiling NIOHTTPCompression HTTPResponseCompressor.swift
[1366/1442] Compiling NIOWebSocket WebSocketFrame.swift
[1368/1443] Compiling NIOWebSocket WebSocketProtocolErrorHandler.swift
[1379/1465] Compiling NIOExtras JSONRPCFraming.swift
[1380/1465] Compiling NIOExtras MarkedCircularBuffer+PopFirstCheckMarked.swift
[1381/1465] Compiling NIOExtras NIOExtrasError.swift
[1382/1465] Compiling NIOExtras DebugInboundEventsHandler.swift
[1384/1468] Compiling _NIOFileSystemFoundationCompat Date+FileInfo.swift
[1385/1468] Compiling NIOFileSystem Exports.swift
[1386/1475] Emitting module NIOFileSystem
[1387/1487] Compiling _NIOFileSystemFoundationCompat Data+FileSystem.swift
[1388/1487] Emitting module _NIOFileSystemFoundationCompat
[1391/1489] Compiling MultipartKit FormDataEncoder.Encoder.swift
[1392/1489] Compiling MultipartKit FormDataEncoder.KeyedContainer.swift
[1393/1491] Emitting module MultipartKit
[1394/1518] Emitting module NIOExtras
[1395/1522] Compiling NIOHTTP2 ReceivingGoAwayState.swift
[1396/1522] Compiling NIOHTTP2 ReceivingHeadersState.swift
[1397/1522] Compiling NIOHTTP2 ReceivingPushPromiseState.swift
[1398/1522] Compiling NIOHTTP2 ReceivingRstStreamState.swift
[1400/1556] Compiling NIOHTTP2 ReceivingWindowUpdateState.swift
[1401/1556] Compiling NIOHTTP2 Error+Any.swift
[1402/1556] Compiling NIOHTTP2 ConcurrentStreamBuffer.swift
[1403/1556] Compiling NIOHTTP2 ControlFrameBuffer.swift
[1404/1556] Compiling NIOHTTP2 OutboundFlowControlBuffer.swift
[1405/1557] Compiling NIOHTTP2 HasFlowControlWindows.swift
[1406/1557] Compiling NIOHTTP2 HasLocalSettings.swift
[1408/1557] Compiling NIOHTTP2 MaySendFrames.swift
[1409/1557] Compiling NIOHTTP2 SendingDataState.swift
[1410/1557] Compiling NIOHTTP2 SendingGoawayState.swift
[1411/1557] Compiling NIOHTTP2 SendingHeadersState.swift
[1412/1557] Compiling NIOHTTP2 SendingPushPromiseState.swift
[1413/1557] Compiling NIOHTTP2 SendingRstStreamState.swift
[1414/1557] Compiling NIOHTTP2 ReceivingDataState.swift
[1416/1557] Compiling NIOHTTP2 SendingWindowUpdateState.swift
[1417/1557] Compiling NIOHTTP2 HTTP2SettingsState.swift
[1418/1557] Compiling NIOHTTP2 HasExtendedConnectSettings.swift
[1419/1557] Compiling NIOHTTP2 ConnectionStateMachine.swift
[1420/1557] Compiling NIOHTTP2 ConnectionStreamsState.swift
[1421/1557] Compiling NIOHTTP2 MayReceiveFrames.swift
[1425/1558] Compiling X509 ValidatedCertificateChain.swift
[1426/1558] Compiling X509 VerificationDiagnostic.swift
[1427/1558] Compiling X509 Verifier.swift
[1428/1558] Compiling X509 VerifierPolicy.swift
[1429/1558] Compiling X509 AlgorithmIdentifier.swift
[1430/1558] Compiling X509 ECDSASignature.swift
[1431/1558] Compiling X509 RSAPKCS1PublicKey.swift
[1432/1558] Compiling X509 SubjectPublicKeyInfo.swift
[1433/1558] Compiling X509 TBSCertificate.swift
[1434/1558] Compiling X509 Time.swift
[1435/1558] Compiling X509 TimeCalculations.swift
[1436/1558] Compiling X509 Validity.swift
[1437/1558] Compiling X509 X509SendableMetatype.swift
[1464/1568] Compiling NIOHTTP2 HasRemoteSettings.swift
[1465/1568] Compiling NIOHTTP2 LocallyQuiescingState.swift
[1466/1568] Compiling NIOHTTP2 QuiescingState.swift
[1467/1568] Compiling NIOHTTP2 RemotelyQuiescingState.swift
[1468/1568] Compiling NIOHTTP2 SendAndReceiveGoawayState.swift
[1469/1568] Compiling NIOHTTP2 StateMachineResult.swift
[1470/1568] Compiling NIOHTTP2 ContentLengthVerifier.swift
[1471/1568] Emitting module NIOHTTP2
[1472/1576] Compiling WebSocketKit WebSocketHandler.swift
[1473/1576] Compiling WebSocketKit WebSocket+Concurrency.swift
[1474/1576] Compiling WebSocketKit WebSocket+Connect.swift
[1475/1576] Compiling WebSocketKit Exports.swift
[1476/1576] Compiling WebSocketKit HTTPUpgradeRequestHandler.swift
[1477/1576] Emitting module WebSocketKit
[1478/1576] Compiling WebSocketKit WebSocketClient.swift
[1479/1576] Compiling WebSocketKit WebSocket.swift
[1481/1577] Compiling NIOHTTP2 HTTP2StreamMultiplexer.swift
[1482/1577] Compiling NIOHTTP2 HTTP2ToHTTP1Codec.swift
[1483/1577] Compiling NIOHTTP2 HTTP2UserEvents.swift
[1484/1577] Compiling NIOHTTP2 InboundEventBuffer.swift
[1485/1577] Compiling NIOHTTP2 InboundWindowManager.swift
[1486/1577] Compiling NIOHTTP2 MultiplexerAbstractChannel.swift
[1487/1577] Compiling NIOHTTP2 NIOHTTP2FrameDelegate.swift
[1488/1577] Compiling NIOHTTP2 NIOHTTP2ServerConnectionManagementHandler+StateMachine.swift
[1489/1577] Compiling NIOHTTP2 NIOHTTP2ServerConnectionManagementHandler.swift
[1490/1577] Compiling NIOHTTP2 StreamChannelFlowController.swift
[1491/1577] Compiling NIOHTTP2 StreamChannelList.swift
[1492/1577] Compiling NIOHTTP2 StreamMap.swift
[1493/1577] Compiling NIOHTTP2 StreamStateMachine.swift
[1494/1577] Compiling NIOHTTP2 Timer.swift
[1495/1577] Compiling NIOHTTP2 UnsafeTransfer.swift
[1496/1577] Compiling NIOHTTP2 WatermarkedFlowController.swift
[1519/1578] Compiling NIOHTTP2 HTTP2FrameParser.swift
[1520/1578] Compiling NIOHTTP2 HTTP2PingData.swift
[1521/1578] Compiling NIOHTTP2 HTTP2PipelineHelpers.swift
[1522/1578] Compiling NIOHTTP2 HTTP2Settings.swift
[1523/1578] Compiling NIOHTTP2 HTTP2Stream.swift
[1524/1578] Compiling NIOHTTP2 HTTP2StreamChannel+OutboundStreamMultiplexer.swift
[1525/1578] Compiling NIOHTTP2 HTTP2StreamChannel.swift
[1526/1578] Compiling NIOHTTP2 HTTP2StreamDelegate.swift
[1527/1578] Compiling NIOHTTP2 HTTP2StreamID.swift
[1528/1578] Compiling NIOHTTP2 DOSHeuristics.swift
[1533/1578] Compiling NIOHTTP2 OutboundFrameBuffer.swift
[1534/1578] Compiling NIOHTTP2 GlitchesMonitor.swift
[1535/1578] Compiling NIOHTTP2 HPACKHeaders+Validation.swift
[1536/1578] Compiling NIOHTTP2 HTTP2ChannelHandler+InboundStreamMultiplexer.swift
[1556/1595] Compiling NIOHTTP2 HTTP2ChannelHandler+InlineStreamMultiplexer.swift
[1557/1595] Compiling NIOHTTP2 HTTP2ChannelHandler.swift
[1558/1595] Compiling NIOHTTP2 HTTP2CommonInboundStreamMultiplexer.swift
[1559/1595] Compiling NIOHTTP2 HTTP2ConnectionStateChange.swift
[1560/1595] Compiling NIOHTTP2 HTTP2Error.swift
[1561/1595] Compiling NIOHTTP2 HTTP2ErrorCode.swift
[1562/1595] Compiling NIOHTTP2 HTTP2FlowControlWindow.swift
[1563/1595] Compiling NIOHTTP2 HTTP2Frame.swift
[1564/1595] Compiling NIOHTTP2 HTTP2FrameEncoder.swift
[1565/1595] Compiling SwiftDiagnostics DiagnosticDecorator.swift
[1566/1639] Compiling SwiftDiagnostics Message.swift
[1568/1639] Compiling SwiftBasicFormat Syntax+Extensions.swift
[1569/1639] Compiling SwiftDiagnostics GroupedDiagnostics.swift
[1570/1639] Compiling SwiftDiagnostics Note.swift
[1571/1639] Compiling SwiftDiagnostics FixIt.swift
[1572/1639] Compiling SwiftBasicFormat SyntaxProtocol+Formatted.swift
[1573/1639] Compiling SwiftBasicFormat Trivia+FormatExtensions.swift
[1574/1639] Compiling SwiftBasicFormat InferIndentation.swift
[1575/1639] Compiling SwiftBasicFormat Indenter.swift
[1576/1639] Emitting module SwiftDiagnostics
[1577/1639] Compiling SwiftDiagnostics DiagnosticsFormatter.swift
[1578/1639] Compiling SwiftParser Directives.swift
[1579/1639] Compiling SwiftParser ExpressionInterpretedAsVersionTuple.swift
[1580/1639] Compiling SwiftParser Expressions.swift
[1581/1639] Compiling SwiftParser IncrementalParseTransition.swift
[1583/1703] Emitting module SwiftBasicFormat
[1584/1703] Compiling SwiftBasicFormat BasicFormat.swift
[1586/1703] Compiling AsyncHTTPClient HTTPConnectionPool.swift
[1587/1703] Compiling AsyncHTTPClient HTTPExecutableRequest.swift
[1588/1703] Compiling AsyncHTTPClient HTTPRequestStateMachine+Demand.swift
[1589/1703] Compiling AsyncHTTPClient HTTPRequestStateMachine.swift
[1590/1703] Compiling AsyncHTTPClient RequestBodyLength.swift
[1591/1703] Compiling AsyncHTTPClient RequestFramingMetadata.swift
[1592/1708] Compiling AsyncHTTPClient HTTPClientRequest+Prepared.swift
[1593/1708] Compiling AsyncHTTPClient HTTPClientRequest+auth.swift
[1594/1708] Compiling AsyncHTTPClient HTTPClientRequest.swift
[1595/1708] Compiling AsyncHTTPClient HTTPClientResponse.swift
[1596/1708] Compiling AsyncHTTPClient SingleIteratorPrecondition.swift
[1597/1708] Compiling AsyncHTTPClient Transaction+StateMachine.swift
[1598/1708] Compiling AsyncHTTPClient RequestOptions.swift
[1599/1708] Compiling AsyncHTTPClient HTTPConnectionPool+Backoff.swift
[1600/1708] Compiling AsyncHTTPClient HTTPConnectionPool+HTTP1Connections.swift
[1601/1708] Compiling AsyncHTTPClient HTTPConnectionPool+HTTP1StateMachine.swift
[1602/1708] Compiling AsyncHTTPClient HTTPConnectionPool+HTTP2Connections.swift
[1603/1708] Compiling AsyncHTTPClient LRUCache.swift
[1604/1708] Compiling AsyncHTTPClient NIOLoopBound+Execute.swift
[1605/1708] Compiling AsyncHTTPClient NWErrorHandler.swift
[1606/1708] Compiling AsyncHTTPClient NWWaitingHandler.swift
[1607/1708] Compiling AsyncHTTPClient TLSConfiguration.swift
[1608/1708] Compiling AsyncHTTPClient RedirectState.swift
[1609/1708] Compiling AsyncHTTPClient RequestBag+StateMachine.swift
[1610/1708] Compiling AsyncHTTPClient RequestBag+Tracing.swift
[1611/1708] Compiling AsyncHTTPClient RequestBag.swift
[1612/1708] Compiling AsyncHTTPClient HTTPConnectionEvent.swift
[1613/1708] Compiling AsyncHTTPClient HTTPConnectionPool+Factory.swift
[1614/1708] Compiling AsyncHTTPClient HTTPConnectionPool+Manager.swift
[1615/1708] Emitting module AsyncHTTPClient
[1616/1716] Compiling AsyncHTTPClient Transaction.swift
[1617/1716] Compiling AsyncHTTPClient Base64.swift
[1618/1716] Compiling AsyncHTTPClient BasicAuth.swift
[1619/1716] Compiling AsyncHTTPClient BestEffortHashableTLSConfiguration.swift
[1620/1716] Compiling AsyncHTTPClient Configuration+BrowserLike.swift
[1621/1716] Compiling AsyncHTTPClient ConnectionPool.swift
[1622/1716] Emitting module SwiftParser
[1623/1716] Compiling AsyncHTTPClient AnyAsyncSequence.swift
[1624/1716] Compiling AsyncHTTPClient AnyAsyncSequenceProucerDelete.swift
[1625/1716] Compiling AsyncHTTPClient AsyncLazySequence.swift
[1626/1716] Compiling AsyncHTTPClient HTTPClient+execute.swift
[1627/1716] Compiling AsyncHTTPClient HTTPClient+shutdown.swift
[1628/1716] Compiling AsyncHTTPClient HTTPClient+tracing.swift
[1656/1716] Compiling SwiftParser ExperimentalFeatures.swift
[1657/1716] Compiling SwiftParser IsLexerClassified.swift
[1658/1716] Compiling SwiftParser LayoutNodes+Parsable.swift
[1659/1716] Compiling SwiftParser Parser+TokenSpecSet.swift
[1660/1716] Compiling SwiftParser TokenSpecStaticMembers.swift
[1661/1716] Compiling AsyncHTTPClient RequestValidation.swift
[1662/1716] Compiling AsyncHTTPClient SSLContextCache.swift
[1663/1716] Compiling AsyncHTTPClient Scheme.swift
[1664/1716] Compiling AsyncHTTPClient Singleton.swift
[1665/1716] Compiling AsyncHTTPClient StringConvertibleInstances.swift
[1666/1716] Compiling AsyncHTTPClient StructuredConcurrencyHelpers.swift
[1667/1716] Compiling AsyncHTTPClient TracingSupport.swift
[1668/1716] Compiling AsyncHTTPClient Utils.swift
[1670/1716] Compiling AsyncHTTPClient HTTP1ProxyConnectHandler.swift
[1671/1716] Compiling AsyncHTTPClient SOCKSEventsHandler.swift
[1672/1716] Compiling AsyncHTTPClient TLSEventsHandler.swift
[1673/1716] Compiling AsyncHTTPClient HTTP1ClientChannelHandler.swift
[1674/1716] Compiling AsyncHTTPClient HTTP1Connection.swift
[1675/1716] Compiling AsyncHTTPClient HTTP1ConnectionStateMachine.swift
[1676/1716] Compiling AsyncHTTPClient HTTP2ClientRequestHandler.swift
[1677/1716] Compiling AsyncHTTPClient HTTP2Connection.swift
[1678/1716] Compiling AsyncHTTPClient HTTP2IdleHandler.swift
[1688/1739] Compiling SwiftOperators PrecedenceGroup.swift
[1689/1739] Compiling SwiftOperators PrecedenceGraph.swift
[1690/1740] Compiling SwiftParserDiagnostics SyntaxKindNameForDiagnostics.swift
[1691/1741] Emitting module SwiftOperators
[1692/1741] Compiling SwiftOperators OperatorTable.swift
[1693/1741] Compiling SwiftOperators OperatorTable+Folding.swift
[1694/1741] Compiling SwiftOperators SyntaxSynthesis.swift
[1695/1741] Compiling SwiftParserDiagnostics DiagnosticExtensions.swift
[1696/1741] Compiling SwiftParserDiagnostics LexerDiagnosticMessages.swift
[1697/1741] Compiling SwiftParserDiagnostics TokenNameForDiagnostics.swift
[1698/1741] Compiling SwiftOperators OperatorTable+Semantics.swift
[1699/1741] Compiling SwiftParserDiagnostics ParserDiagnosticMessages.swift
[1700/1741] Compiling SwiftParserDiagnostics PresenceUtils.swift
[1711/1742] Compiling AsyncHTTPClient FileDownloadDelegate.swift
[1712/1742] Compiling AsyncHTTPClient FoundationExtensions.swift
[1713/1742] Compiling AsyncHTTPClient HTTPClient+HTTPCookie.swift
[1714/1742] Compiling AsyncHTTPClient HTTPClient+Proxy.swift
[1715/1742] Compiling AsyncHTTPClient HTTPClient+StructuredConcurrency.swift
[1716/1742] Compiling AsyncHTTPClient HTTPClient.swift
[1717/1742] Compiling AsyncHTTPClient HTTPClientConfiguration+SwiftConfiguration.swift
[1718/1742] Compiling AsyncHTTPClient HTTPHandler.swift
[1720/1742] Compiling SwiftParserDiagnostics SyntaxExtensions.swift
[1721/1742] Compiling SwiftParserDiagnostics Utils.swift
[1722/1742] Compiling SwiftParserDiagnostics ChildNameForDiagnostics.swift
[1726/1826] Compiling Vapor CORSMiddleware+AllowOriginSetting.swift
[1727/1826] Compiling Vapor CORSMiddleware+Configuration+exposedHeaders.swift
[1728/1826] Emitting module SwiftParserDiagnostics
[1729/1913] Compiling Vapor Abort.swift
[1730/1913] Compiling Vapor AbortError.swift
[1731/1913] Compiling Vapor Validatable+validate.swift
[1732/1913] Compiling Vapor Environment+Process.swift
[1734/1928] Compiling SwiftSyntaxBuilder ResultBuilderExtensions.swift
[1735/1928] Compiling SwiftSyntaxBuilder SwiftSyntaxBuilderCompatibility.swift
[1736/1929] Compiling SwiftSyntaxBuilder ConvenienceInitializers.swift
[1737/1929] Compiling SwiftSyntaxBuilder DeclSyntaxParseable.swift
[1738/1929] Compiling SwiftSyntaxBuilder SyntaxExpressibleByStringInterpolationConformances.swift
[1739/1929] Emitting module SwiftSyntaxBuilder
[1740/1929] Compiling SwiftSyntaxBuilder Indenter.swift
[1741/1929] Compiling SwiftSyntaxBuilder ListBuilder.swift
[1742/1929] Compiling SwiftSyntaxBuilder Syntax+StringInterpolation.swift
[1743/1929] Compiling SwiftSyntaxBuilder SyntaxNodeWithBody.swift
[1744/1929] Compiling SwiftSyntaxBuilder WithTrailingCommaSyntax+EnsuringTrailingComma.swift
[1745/1929] Compiling SwiftSyntaxBuilder BuildableNodes.swift
[1746/1929] Compiling SwiftSyntaxBuilder SyntaxParsable+ExpressibleByStringInterpolation.swift
[1747/1929] Compiling SwiftSyntaxBuilder ValidatingSyntaxNodes.swift
[1748/1929] Compiling SwiftSyntaxBuilder RenamedChildrenBuilderCompatibility.swift
[1749/1929] Compiling SwiftSyntaxBuilder ResultBuilders.swift
[1765/1929] Compiling Vapor Exports.swift
[1766/1929] Compiling Vapor Application+HTTP.swift
[1767/1929] Compiling Vapor BasicResponder.swift
[1768/1929] Compiling Vapor BodyStream.swift
[1769/1929] Compiling Vapor Application+HTTP+Client.swift
[1770/1929] Compiling Vapor EventLoopHTTPClient.swift
[1771/1929] Compiling Vapor EndpointCache.swift
[1772/1929] Compiling Vapor HTTPMethod+String.swift
[1773/1929] Compiling Vapor HTTPStatus.swift
[1774/1929] Compiling Vapor HTTPCookies.swift
[1775/1968] Compiling SwiftIfConfig SyntaxProtocol+IfConfig.swift
[1776/1968] Compiling SwiftIfConfig VersionTuple+Parsing.swift
[1777/1968] Compiling SwiftIfConfig StaticBuildConfiguration.swift
[1778/1968] Compiling SwiftIfConfig SyntaxLiteralUtils.swift
[1779/1969] Compiling Vapor Application.swift
[1780/1969] Compiling Vapor AuthenticationCache.swift
[1781/1969] Compiling Vapor Authenticator.swift
[1782/1969] Compiling Vapor BasicAuthorization.swift
[1783/1969] Compiling Vapor BearerAuthorization.swift
[1784/1969] Compiling Vapor GuardMiddleware.swift
[1785/1969] Compiling SwiftIfConfig VersionTuple.swift
[1786/1969] Compiling Vapor RedirectMiddleware.swift
[1787/1969] Compiling Vapor SessionAuthenticatable.swift
[1788/1969] Compiling Vapor Bcrypt.swift
[1789/1969] Compiling Vapor Application+Cache.swift
[1790/1969] Compiling Vapor Cache.swift
[1791/1969] Compiling Vapor CacheExpirationTime.swift
[1792/1969] Compiling Vapor MemoryCache.swift
[1793/1969] Compiling Vapor Request+Cache.swift
[1794/1969] Compiling Vapor Application+Clients.swift
[1795/1969] Compiling Vapor Client.swift
[1796/1969] Compiling Vapor ClientRequest.swift
[1797/1969] Compiling Vapor ClientResponse.swift
[1798/1969] Compiling Vapor Request+Client.swift
[1799/1969] Compiling Vapor BootCommand.swift
[1800/1969] Compiling Vapor CommandContext+Application.swift
[1801/1969] Compiling Vapor RoutesCommand.swift
[1802/1969] Compiling Vapor ServeCommand.swift
[1803/1969] Compiling Vapor AnyResponse+Concurrency.swift
[1804/1969] Compiling Vapor AsyncBasicResponder.swift
[1805/1980] Compiling SwiftIfConfig IfConfigFunctions.swift
[1806/1981] Compiling SwiftIfConfig IfConfigRegionState.swift
[1807/1981] Compiling SwiftIfConfig ConfiguredRegions.swift
[1808/1981] Compiling SwiftIfConfig IfConfigDecl+IfConfig.swift
[1809/1984] Compiling SwiftIfConfig IfConfigDiagnostic.swift
[1810/1984] Compiling SwiftIfConfig IfConfigEvaluation.swift
[1811/1984] Compiling SwiftIfConfig ActiveSyntaxVisitor.swift
[1812/1984] Compiling SwiftIfConfig BuildConfiguration.swift
[1813/1993] Emitting module SwiftIfConfig
[1814/1993] Compiling SwiftIfConfig ActiveClauseEvaluator.swift
[1815/1993] Compiling SwiftIfConfig ActiveSyntaxRewriter.swift
[1817/2010] Compiling SwiftSyntaxMacros FreestandingMacro.swift
[1818/2010] Compiling SwiftSyntaxMacros Macro+Format.swift
[1819/2012] Compiling SwiftSyntaxMacros MemberMacro.swift
[1820/2012] Compiling SwiftSyntaxMacros PeerMacro.swift
[1821/2012] Compiling SwiftSyntaxMacros Macro.swift
[1822/2012] Compiling SwiftSyntaxMacros MemberAttributeMacro.swift
[1823/2012] Emitting module SwiftSyntaxMacros
[1824/2012] Compiling SwiftSyntaxMacros AccessorMacro.swift
[1825/2012] Compiling SwiftSyntaxMacros AttachedMacro.swift
[1826/2012] Compiling SwiftSyntaxMacros BodyMacro.swift
[1827/2012] Compiling SwiftSyntaxMacros CodeItemMacro.swift
[1828/2012] Compiling SwiftSyntaxMacros DeclarationMacro.swift
[1829/2012] Compiling SwiftSyntaxMacros AbstractSourceLocation.swift
[1830/2012] Compiling SwiftSyntaxMacros MacroExpansionContext.swift
[1831/2012] Compiling SwiftSyntaxMacros MacroExpansionDiagnosticMessages.swift
[1832/2012] Compiling SwiftSyntaxMacros ExpressionMacro.swift
[1833/2012] Compiling SwiftSyntaxMacros ExtensionMacro.swift
[1834/2012] Compiling SwiftSyntaxMacros PreambleMacro.swift
[1835/2012] Compiling SwiftSyntaxMacros Syntax+LexicalContext.swift
[1837/2012] Emitting module Vapor
[1838/2021] Compiling Vapor Validator.swift
[1839/2021] Compiling Vapor ValidatorResult.swift
[1840/2021] Compiling Vapor And.swift
[1841/2021] Compiling Vapor Case.swift
[1842/2021] Compiling Vapor CharacterSet.swift
[1843/2021] Compiling Vapor Count.swift
[1844/2021] Compiling Vapor Custom.swift
[1845/2021] Compiling Vapor Email.swift
[1846/2021] Compiling Vapor Empty.swift
[1847/2021] Compiling Vapor In.swift
[1848/2021] Compiling Vapor Nil.swift
[1849/2021] Compiling Vapor NilIgnoring.swift
[1850/2021] Compiling Vapor Not.swift
[1851/2021] Compiling Vapor Or.swift
[1852/2021] Compiling Vapor Pattern.swift
[1853/2021] Compiling Vapor Range.swift
[1854/2021] Compiling Vapor URL.swift
[1855/2021] Compiling Vapor Valid.swift
[1856/2021] Compiling Vapor Application+Views.swift
[1857/2021] Compiling Vapor PlaintextRenderer.swift
[1858/2021] Compiling Vapor Request+View.swift
[1859/2021] Compiling Vapor View.swift
[1860/2021] Compiling Vapor ViewRenderer.swift
[1861/2021] Compiling Vapor _Deprecations.swift
[1862/2021] Compiling SwiftSyntaxMacroExpansion MacroSpec.swift
[1863/2022] Emitting module SwiftSyntaxMacroExpansion
[1864/2022] Compiling SwiftSyntaxMacroExpansion MacroArgument.swift
[1865/2022] Compiling SwiftSyntaxMacroExpansion MacroExpansion.swift
[1866/2022] Compiling SwiftSyntaxMacroExpansion BasicMacroExpansionContext.swift
[1867/2022] Compiling SwiftSyntaxMacroExpansion FunctionParameterUtils.swift
[1868/2022] Compiling SwiftSyntaxMacroExpansion MacroExpansionDiagnosticMessages.swift
[1869/2022] Compiling SwiftSyntaxMacroExpansion IndentationUtils.swift
[1870/2022] Compiling SwiftSyntaxMacroExpansion MacroReplacement.swift
[1871/2022] Compiling SwiftSyntaxMacroExpansion MacroSystem.swift
[1872/2023] Compiling Vapor Bytes+SecureCompare.swift
[1873/2023] Compiling Vapor Collection+Safe.swift
[1874/2023] Compiling Vapor DataProtocol+Copy.swift
[1875/2023] Compiling Vapor DecoderUnwrapper.swift
[1876/2023] Compiling Vapor DirectoryConfiguration.swift
[1877/2023] Compiling Vapor DotEnv.swift
[1878/2023] Compiling Vapor Extendable.swift
[1879/2023] Compiling Vapor File.swift
[1880/2023] Compiling Vapor FileIO.swift
[1881/2023] Compiling Vapor LifecycleHandler.swift
[1882/2023] Compiling Vapor OptionalType.swift
[1883/2023] Compiling Vapor RFC1123.swift
[1884/2023] Compiling Vapor SocketAddress+Hostname.swift
[1885/2023] Compiling Vapor Storage.swift
[1886/2023] Compiling Vapor String+IsIPAddress.swift
[1887/2023] Compiling Vapor Thread.swift
[1888/2023] Compiling Vapor URI.swift
[1889/2023] Compiling Vapor VaporSendableMetadataType.swift
[1890/2023] Compiling Vapor RangeResult.swift
[1891/2023] Compiling Vapor Validatable.swift
[1892/2023] Compiling Vapor Validation.swift
[1893/2023] Compiling Vapor ValidationKey.swift
[1894/2023] Compiling Vapor Validations.swift
[1895/2023] Compiling Vapor ValidationsError.swift
[1897/2034] Compiling SwiftCompilerPluginMessageHandling LRUCache.swift
[1898/2034] Compiling SwiftCompilerPluginMessageHandling Macros.swift
[1899/2035] Compiling SwiftCompilerPluginMessageHandling PluginMacroExpansionContext.swift
[1900/2035] Compiling SwiftCompilerPluginMessageHandling StandardIOMessageConnection.swift
[1901/2035] Compiling SwiftCompilerPluginMessageHandling PluginMessages.swift
[1902/2035] Compiling SwiftCompilerPluginMessageHandling PluginMessageCompatibility.swift
[1903/2035] Compiling SwiftCompilerPluginMessageHandling JSONDecoding.swift
[1904/2035] Compiling SwiftCompilerPluginMessageHandling JSONEncoding.swift
[1905/2035] Compiling SwiftCompilerPluginMessageHandling CompilerPluginMessageHandler.swift
[1906/2035] Compiling SwiftCompilerPluginMessageHandling Diagnostics.swift
[1907/2035] Compiling SwiftCompilerPluginMessageHandling CodingUtilities.swift
[1908/2035] Compiling SwiftCompilerPluginMessageHandling JSON.swift
[1909/2035] Emitting module SwiftCompilerPluginMessageHandling
[1911/2037] Compiling Vapor HTTPHeaderCacheControl.swift
[1912/2037] Compiling Vapor HTTPHeaderExpires.swift
[1913/2037] Compiling Vapor HTTPHeaderLastModified.swift
[1914/2037] Compiling Vapor HTTPHeaders+Cache.swift
[1915/2037] Compiling Vapor HTTPHeaders+Connection.swift
[1916/2037] Compiling Vapor HTTPHeaders+ContentDisposition.swift
[1917/2037] Compiling Vapor HTTPHeaders+ContentRange.swift
[1918/2037] Compiling Vapor HTTPHeaders+Directive.swift
[1919/2037] Compiling Vapor HTTPHeaders+Forwarded.swift
[1920/2037] Compiling Vapor HTTPHeaders+Link.swift
[1921/2037] Compiling Vapor HTTPHeaders+Name.swift
[1922/2037] Compiling Vapor HTTPHeaders+ResponseCompression.swift
[1923/2037] Compiling Vapor HTTPHeaders.swift
[1924/2037] Compiling Vapor HTTPMediaType.swift
[1925/2037] Compiling Vapor HTTPMediaTypePreference.swift
[1926/2037] Compiling Vapor Responder.swift
[1927/2037] Compiling Vapor Application+HTTP+Server.swift
[1928/2037] Compiling Vapor HTTPServer.swift
[1929/2037] Compiling Vapor HTTPServerConfiguration+RequestDecompressionConfiguration.swift
[1930/2037] Compiling Vapor HTTPServerConfiguration+ResponseCompressionConfiguration.swift
[1931/2037] Compiling Vapor HTTPServerHandler.swift
[1932/2037] Compiling Vapor HTTPServerRequestDecoder.swift
[1933/2037] Compiling Vapor HTTPServerResponseEncoder.swift
[1934/2037] Compiling Vapor HTTPServerUpgradeHandler.swift
[1935/2037] Compiling Vapor Logger+Report.swift
[1936/2037] Compiling Vapor LoggingSystem+Environment.swift
[1937/2037] Compiling Vapor Application+Middleware.swift
[1938/2037] Compiling Vapor CORSMiddleware.swift
[1939/2037] Compiling Vapor ErrorMiddleware.swift
[1940/2037] Compiling Vapor FileMiddleware.swift
[1941/2037] Compiling Vapor Middleware.swift
[1942/2037] Compiling Vapor MiddlewareConfiguration.swift
[1943/2037] Compiling Vapor ResponseCompressionMiddleware.swift
[1944/2037] Compiling Vapor RouteLoggingMiddleware.swift
[1945/2037] Compiling Vapor TracingMiddleware.swift
[1946/2037] Compiling Vapor File+Multipart.swift
[1947/2037] Compiling Vapor FormDataDecoder+Content.swift
[1948/2037] Compiling Vapor FormDataEncoder+Content.swift
[1949/2037] Compiling Vapor Application+Password.swift
[1950/2037] Compiling Vapor Application+Passwords.swift
[1951/2037] Compiling Vapor AsyncPasswordHasher.swift
[1952/2037] Compiling Vapor BcryptHasher.swift
[1953/2037] Compiling Vapor PasswordHasher.swift
[1954/2037] Compiling Vapor PlaintextHasher.swift
[1955/2037] Compiling Vapor Request+Password.swift
[1956/2037] Compiling Vapor Redirect.swift
[1957/2037] Compiling Vapor Request+Body.swift
[1958/2037] Compiling Vapor Request+BodyStream.swift
[1959/2037] Compiling Vapor Request.swift
[1960/2037] Compiling Vapor Application+Responder.swift
[1961/2037] Compiling Vapor DefaultResponder.swift
[1962/2037] Compiling Vapor Response+Body.swift
[1963/2037] Compiling Vapor Response.swift
[1964/2037] Compiling Vapor ResponseCodable.swift
[1965/2037] Compiling Vapor Application+Routes.swift
[1966/2037] Compiling Vapor Parameters+Require.swift
[1967/2037] Compiling Vapor Request+WebSocket.swift
[1968/2037] Compiling Vapor Route.swift
[1969/2037] Compiling Vapor RouteCollection.swift
[1970/2037] Compiling Vapor Routes.swift
[1971/2037] Compiling Vapor RoutesBuilder+Group.swift
[1972/2037] Compiling Vapor RoutesBuilder+Method.swift
[1973/2037] Compiling Vapor RoutesBuilder+Middleware.swift
[1974/2037] Compiling Vapor RoutesBuilder+WebSocket.swift
[1975/2037] Compiling Vapor RoutesBuilder.swift
[1976/2037] Compiling Vapor OTP.swift
[1977/2037] Compiling Vapor ValidatedCertificateChain.swift
[1978/2037] Compiling Vapor Application+Servers.swift
[1979/2037] Compiling Vapor Server.swift
[1980/2037] Compiling Vapor App+Service.swift
[1981/2037] Compiling Vapor Req+Service.swift
[1982/2037] Compiling Vapor Service.swift
[1983/2037] Compiling Vapor Application+Sessions.swift
[1984/2037] Compiling Vapor MemorySessions.swift
[1985/2037] Compiling Vapor Request+Session.swift
[1986/2037] Compiling Vapor Session.swift
[1987/2037] Compiling Vapor SessionCache.swift
[1988/2037] Compiling Vapor SessionData.swift
[1989/2037] Compiling Vapor SessionDriver.swift
[1990/2037] Compiling Vapor SessionsConfiguration.swift
[1991/2037] Compiling Vapor SessionsMiddleware.swift
[1992/2037] Compiling Vapor URLEncodedFormData.swift
[1993/2037] Compiling Vapor URLEncodedFormDecoder.swift
[1994/2037] Compiling Vapor URLEncodedFormEncoder.swift
[1995/2037] Compiling Vapor URLEncodedFormError.swift
[1996/2037] Compiling Vapor URLEncodedFormParser.swift
[1997/2037] Compiling Vapor URLEncodedFormSerializer.swift
[1998/2037] Compiling Vapor URLQueryFragmentConvertible.swift
[1999/2037] Compiling Vapor AnyResponse.swift
[2000/2037] Compiling Vapor Array+Random.swift
[2001/2037] Compiling Vapor Base32.swift
[2002/2037] Compiling Vapor Base64.swift
[2003/2037] Compiling Vapor BaseN.swift
[2004/2037] Compiling Vapor BasicCodingKey.swift
[2005/2037] Compiling Vapor ByteCount.swift
[2006/2037] Compiling Vapor Bytes+Hex.swift
[2007/2037] Compiling Vapor AsyncMiddleware.swift
[2008/2037] Compiling Vapor AsyncPasswordHasher+Concurrency.swift
[2009/2037] Compiling Vapor AsyncSessionDriver.swift
[2010/2037] Compiling Vapor Authentication+Concurrency.swift
[2011/2037] Compiling Vapor Cache+Concurrency.swift
[2012/2037] Compiling Vapor Client+Concurrency.swift
[2013/2037] Compiling Vapor RequestBody+Concurrency.swift
[2014/2037] Compiling Vapor Responder+Concurrency.swift
[2015/2037] Compiling Vapor ResponseCodable+Concurrency.swift
[2016/2037] Compiling Vapor RoutesBuilder+Concurrency.swift
[2017/2037] Compiling Vapor ViewRenderer+Concurrency.swift
[2018/2037] Compiling Vapor WebSocket+Concurrency.swift
[2019/2037] Compiling Vapor ContainerGetPathExecutor.swift
[2020/2037] Compiling Vapor Content.swift
[2021/2037] Compiling Vapor ContentCoders.swift
[2022/2037] Compiling Vapor ContentConfiguration.swift
[2023/2037] Compiling Vapor ContentContainer.swift
[2024/2037] Compiling Vapor JSONCoder+Custom.swift
[2025/2037] Compiling Vapor JSONCoders+Content.swift
[2026/2037] Compiling Vapor PlaintextDecoder.swift
[2027/2037] Compiling Vapor PlaintextEncoder.swift
[2028/2037] Compiling Vapor URLQueryCoders.swift
[2029/2037] Compiling Vapor URLQueryContainer.swift
[2030/2037] Compiling Vapor Core.swift
[2031/2037] Compiling Vapor Running.swift
[2032/2037] Compiling SwiftCompilerPlugin CompilerPlugin.swift
[2033/2037] Emitting module SwiftCompilerPlugin
[2036/2042] Compiling SwiftOpenAPIMacros StringError.swift
[2037/2042] Compiling SwiftOpenAPIMacros SyntaxExt.swift
[2038/2042] Emitting module SwiftOpenAPIMacros
[2039/2042] Compiling SwiftOpenAPIMacros OpenAPIDescriptionMacro.swift
[2040/2042] Write Objects.LinkFileList
[2041/2042] Linking SwiftOpenAPIMacros-tool
error: emit-module command failed with exit code 1 (use -v to see invocation)
[2043/2108] Compiling SwiftOpenAPI AnyRange.swift
/host/spi-builder-workspace/.build/checkouts/SwiftOpenAPI/Sources/SwiftOpenAPI/Common/Locks.swift:40:8: error: Unsupported runtime
 38 | import Musl
 39 | #else
 40 | #error("Unsupported runtime")
    |        `- error: Unsupported runtime
 41 | #endif
 42 |
/host/spi-builder-workspace/.build/checkouts/SwiftOpenAPI/Sources/SwiftOpenAPI/Common/Locks.swift:58:47: error: cannot find type 'pthread_rwlock_t' in scope
 56 | 	fileprivate var shared = true
 57 | 	#else
 58 | 	fileprivate let rwlock: UnsafeMutablePointer<pthread_rwlock_t> =
    |                                               `- error: cannot find type 'pthread_rwlock_t' in scope
 59 | 		UnsafeMutablePointer.allocate(capacity: 1)
 60 | 	#endif
/host/spi-builder-workspace/.build/checkouts/SwiftOpenAPI/Sources/SwiftOpenAPI/Common/Locks.swift:69:13: error: cannot find 'pthread_rwlock_init' in scope
 67 | 		InitializeSRWLock(rwlock)
 68 | 		#else
 69 | 		let err = pthread_rwlock_init(rwlock, nil)
    |             `- error: cannot find 'pthread_rwlock_init' in scope
 70 | 		precondition(err == 0, "\(#function) failed in pthread_rwlock with error \(err)")
 71 | 		#endif
/host/spi-builder-workspace/.build/checkouts/SwiftOpenAPI/Sources/SwiftOpenAPI/Common/Locks.swift:69:41: error: 'nil' requires a contextual type
 67 | 		InitializeSRWLock(rwlock)
 68 | 		#else
 69 | 		let err = pthread_rwlock_init(rwlock, nil)
    |                                         `- error: 'nil' requires a contextual type
 70 | 		precondition(err == 0, "\(#function) failed in pthread_rwlock with error \(err)")
 71 | 		#endif
/host/spi-builder-workspace/.build/checkouts/SwiftOpenAPI/Sources/SwiftOpenAPI/Common/Locks.swift:81:13: error: cannot find 'pthread_rwlock_destroy' in scope
 79 | 		self.rwlock.deallocate()
 80 | 		#else
 81 | 		let err = pthread_rwlock_destroy(self.rwlock)
    |             `- error: cannot find 'pthread_rwlock_destroy' in scope
 82 | 		precondition(err == 0, "\(#function) failed in pthread_rwlock with error \(err)")
 83 | 		self.rwlock.deallocate()
/host/spi-builder-workspace/.build/checkouts/SwiftOpenAPI/Sources/SwiftOpenAPI/Common/Locks.swift:98:13: error: cannot find 'pthread_rwlock_rdlock' in scope
 96 | 		shared = true
 97 | 		#else
 98 | 		let err = pthread_rwlock_rdlock(rwlock)
    |             `- error: cannot find 'pthread_rwlock_rdlock' in scope
 99 | 		precondition(err == 0, "\(#function) failed in pthread_rwlock with error \(err)")
100 | 		#endif
/host/spi-builder-workspace/.build/checkouts/SwiftOpenAPI/Sources/SwiftOpenAPI/Common/Locks.swift:114:13: error: cannot find 'pthread_rwlock_wrlock' in scope
112 | 		shared = false
113 | 		#else
114 | 		let err = pthread_rwlock_wrlock(rwlock)
    |             `- error: cannot find 'pthread_rwlock_wrlock' in scope
115 | 		precondition(err == 0, "\(#function) failed in pthread_rwlock with error \(err)")
116 | 		#endif
/host/spi-builder-workspace/.build/checkouts/SwiftOpenAPI/Sources/SwiftOpenAPI/Common/Locks.swift:134:13: error: cannot find 'pthread_rwlock_unlock' in scope
132 | 		}
133 | 		#else
134 | 		let err = pthread_rwlock_unlock(rwlock)
    |             `- error: cannot find 'pthread_rwlock_unlock' in scope
135 | 		precondition(err == 0, "\(#function) failed in pthread_rwlock with error \(err)")
136 | 		#endif
[2044/2108] Compiling SwiftOpenAPI Bool++.swift
/host/spi-builder-workspace/.build/checkouts/SwiftOpenAPI/Sources/SwiftOpenAPI/Common/Locks.swift:40:8: error: Unsupported runtime
 38 | import Musl
 39 | #else
 40 | #error("Unsupported runtime")
    |        `- error: Unsupported runtime
 41 | #endif
 42 |
/host/spi-builder-workspace/.build/checkouts/SwiftOpenAPI/Sources/SwiftOpenAPI/Common/Locks.swift:58:47: error: cannot find type 'pthread_rwlock_t' in scope
 56 | 	fileprivate var shared = true
 57 | 	#else
 58 | 	fileprivate let rwlock: UnsafeMutablePointer<pthread_rwlock_t> =
    |                                               `- error: cannot find type 'pthread_rwlock_t' in scope
 59 | 		UnsafeMutablePointer.allocate(capacity: 1)
 60 | 	#endif
/host/spi-builder-workspace/.build/checkouts/SwiftOpenAPI/Sources/SwiftOpenAPI/Common/Locks.swift:69:13: error: cannot find 'pthread_rwlock_init' in scope
 67 | 		InitializeSRWLock(rwlock)
 68 | 		#else
 69 | 		let err = pthread_rwlock_init(rwlock, nil)
    |             `- error: cannot find 'pthread_rwlock_init' in scope
 70 | 		precondition(err == 0, "\(#function) failed in pthread_rwlock with error \(err)")
 71 | 		#endif
/host/spi-builder-workspace/.build/checkouts/SwiftOpenAPI/Sources/SwiftOpenAPI/Common/Locks.swift:69:41: error: 'nil' requires a contextual type
 67 | 		InitializeSRWLock(rwlock)
 68 | 		#else
 69 | 		let err = pthread_rwlock_init(rwlock, nil)
    |                                         `- error: 'nil' requires a contextual type
 70 | 		precondition(err == 0, "\(#function) failed in pthread_rwlock with error \(err)")
 71 | 		#endif
/host/spi-builder-workspace/.build/checkouts/SwiftOpenAPI/Sources/SwiftOpenAPI/Common/Locks.swift:81:13: error: cannot find 'pthread_rwlock_destroy' in scope
 79 | 		self.rwlock.deallocate()
 80 | 		#else
 81 | 		let err = pthread_rwlock_destroy(self.rwlock)
    |             `- error: cannot find 'pthread_rwlock_destroy' in scope
 82 | 		precondition(err == 0, "\(#function) failed in pthread_rwlock with error \(err)")
 83 | 		self.rwlock.deallocate()
/host/spi-builder-workspace/.build/checkouts/SwiftOpenAPI/Sources/SwiftOpenAPI/Common/Locks.swift:98:13: error: cannot find 'pthread_rwlock_rdlock' in scope
 96 | 		shared = true
 97 | 		#else
 98 | 		let err = pthread_rwlock_rdlock(rwlock)
    |             `- error: cannot find 'pthread_rwlock_rdlock' in scope
 99 | 		precondition(err == 0, "\(#function) failed in pthread_rwlock with error \(err)")
100 | 		#endif
/host/spi-builder-workspace/.build/checkouts/SwiftOpenAPI/Sources/SwiftOpenAPI/Common/Locks.swift:114:13: error: cannot find 'pthread_rwlock_wrlock' in scope
112 | 		shared = false
113 | 		#else
114 | 		let err = pthread_rwlock_wrlock(rwlock)
    |             `- error: cannot find 'pthread_rwlock_wrlock' in scope
115 | 		precondition(err == 0, "\(#function) failed in pthread_rwlock with error \(err)")
116 | 		#endif
/host/spi-builder-workspace/.build/checkouts/SwiftOpenAPI/Sources/SwiftOpenAPI/Common/Locks.swift:134:13: error: cannot find 'pthread_rwlock_unlock' in scope
132 | 		}
133 | 		#else
134 | 		let err = pthread_rwlock_unlock(rwlock)
    |             `- error: cannot find 'pthread_rwlock_unlock' in scope
135 | 		precondition(err == 0, "\(#function) failed in pthread_rwlock with error \(err)")
136 | 		#endif
[2045/2108] Compiling SwiftOpenAPI Codable++.swift
/host/spi-builder-workspace/.build/checkouts/SwiftOpenAPI/Sources/SwiftOpenAPI/Common/Locks.swift:40:8: error: Unsupported runtime
 38 | import Musl
 39 | #else
 40 | #error("Unsupported runtime")
    |        `- error: Unsupported runtime
 41 | #endif
 42 |
/host/spi-builder-workspace/.build/checkouts/SwiftOpenAPI/Sources/SwiftOpenAPI/Common/Locks.swift:58:47: error: cannot find type 'pthread_rwlock_t' in scope
 56 | 	fileprivate var shared = true
 57 | 	#else
 58 | 	fileprivate let rwlock: UnsafeMutablePointer<pthread_rwlock_t> =
    |                                               `- error: cannot find type 'pthread_rwlock_t' in scope
 59 | 		UnsafeMutablePointer.allocate(capacity: 1)
 60 | 	#endif
/host/spi-builder-workspace/.build/checkouts/SwiftOpenAPI/Sources/SwiftOpenAPI/Common/Locks.swift:69:13: error: cannot find 'pthread_rwlock_init' in scope
 67 | 		InitializeSRWLock(rwlock)
 68 | 		#else
 69 | 		let err = pthread_rwlock_init(rwlock, nil)
    |             `- error: cannot find 'pthread_rwlock_init' in scope
 70 | 		precondition(err == 0, "\(#function) failed in pthread_rwlock with error \(err)")
 71 | 		#endif
/host/spi-builder-workspace/.build/checkouts/SwiftOpenAPI/Sources/SwiftOpenAPI/Common/Locks.swift:69:41: error: 'nil' requires a contextual type
 67 | 		InitializeSRWLock(rwlock)
 68 | 		#else
 69 | 		let err = pthread_rwlock_init(rwlock, nil)
    |                                         `- error: 'nil' requires a contextual type
 70 | 		precondition(err == 0, "\(#function) failed in pthread_rwlock with error \(err)")
 71 | 		#endif
/host/spi-builder-workspace/.build/checkouts/SwiftOpenAPI/Sources/SwiftOpenAPI/Common/Locks.swift:81:13: error: cannot find 'pthread_rwlock_destroy' in scope
 79 | 		self.rwlock.deallocate()
 80 | 		#else
 81 | 		let err = pthread_rwlock_destroy(self.rwlock)
    |             `- error: cannot find 'pthread_rwlock_destroy' in scope
 82 | 		precondition(err == 0, "\(#function) failed in pthread_rwlock with error \(err)")
 83 | 		self.rwlock.deallocate()
/host/spi-builder-workspace/.build/checkouts/SwiftOpenAPI/Sources/SwiftOpenAPI/Common/Locks.swift:98:13: error: cannot find 'pthread_rwlock_rdlock' in scope
 96 | 		shared = true
 97 | 		#else
 98 | 		let err = pthread_rwlock_rdlock(rwlock)
    |             `- error: cannot find 'pthread_rwlock_rdlock' in scope
 99 | 		precondition(err == 0, "\(#function) failed in pthread_rwlock with error \(err)")
100 | 		#endif
/host/spi-builder-workspace/.build/checkouts/SwiftOpenAPI/Sources/SwiftOpenAPI/Common/Locks.swift:114:13: error: cannot find 'pthread_rwlock_wrlock' in scope
112 | 		shared = false
113 | 		#else
114 | 		let err = pthread_rwlock_wrlock(rwlock)
    |             `- error: cannot find 'pthread_rwlock_wrlock' in scope
115 | 		precondition(err == 0, "\(#function) failed in pthread_rwlock with error \(err)")
116 | 		#endif
/host/spi-builder-workspace/.build/checkouts/SwiftOpenAPI/Sources/SwiftOpenAPI/Common/Locks.swift:134:13: error: cannot find 'pthread_rwlock_unlock' in scope
132 | 		}
133 | 		#else
134 | 		let err = pthread_rwlock_unlock(rwlock)
    |             `- error: cannot find 'pthread_rwlock_unlock' in scope
135 | 		precondition(err == 0, "\(#function) failed in pthread_rwlock with error \(err)")
136 | 		#endif
[2046/2108] Compiling SwiftOpenAPI CodingKeys.swift
/host/spi-builder-workspace/.build/checkouts/SwiftOpenAPI/Sources/SwiftOpenAPI/Common/Locks.swift:40:8: error: Unsupported runtime
 38 | import Musl
 39 | #else
 40 | #error("Unsupported runtime")
    |        `- error: Unsupported runtime
 41 | #endif
 42 |
/host/spi-builder-workspace/.build/checkouts/SwiftOpenAPI/Sources/SwiftOpenAPI/Common/Locks.swift:58:47: error: cannot find type 'pthread_rwlock_t' in scope
 56 | 	fileprivate var shared = true
 57 | 	#else
 58 | 	fileprivate let rwlock: UnsafeMutablePointer<pthread_rwlock_t> =
    |                                               `- error: cannot find type 'pthread_rwlock_t' in scope
 59 | 		UnsafeMutablePointer.allocate(capacity: 1)
 60 | 	#endif
/host/spi-builder-workspace/.build/checkouts/SwiftOpenAPI/Sources/SwiftOpenAPI/Common/Locks.swift:69:13: error: cannot find 'pthread_rwlock_init' in scope
 67 | 		InitializeSRWLock(rwlock)
 68 | 		#else
 69 | 		let err = pthread_rwlock_init(rwlock, nil)
    |             `- error: cannot find 'pthread_rwlock_init' in scope
 70 | 		precondition(err == 0, "\(#function) failed in pthread_rwlock with error \(err)")
 71 | 		#endif
/host/spi-builder-workspace/.build/checkouts/SwiftOpenAPI/Sources/SwiftOpenAPI/Common/Locks.swift:69:41: error: 'nil' requires a contextual type
 67 | 		InitializeSRWLock(rwlock)
 68 | 		#else
 69 | 		let err = pthread_rwlock_init(rwlock, nil)
    |                                         `- error: 'nil' requires a contextual type
 70 | 		precondition(err == 0, "\(#function) failed in pthread_rwlock with error \(err)")
 71 | 		#endif
/host/spi-builder-workspace/.build/checkouts/SwiftOpenAPI/Sources/SwiftOpenAPI/Common/Locks.swift:81:13: error: cannot find 'pthread_rwlock_destroy' in scope
 79 | 		self.rwlock.deallocate()
 80 | 		#else
 81 | 		let err = pthread_rwlock_destroy(self.rwlock)
    |             `- error: cannot find 'pthread_rwlock_destroy' in scope
 82 | 		precondition(err == 0, "\(#function) failed in pthread_rwlock with error \(err)")
 83 | 		self.rwlock.deallocate()
/host/spi-builder-workspace/.build/checkouts/SwiftOpenAPI/Sources/SwiftOpenAPI/Common/Locks.swift:98:13: error: cannot find 'pthread_rwlock_rdlock' in scope
 96 | 		shared = true
 97 | 		#else
 98 | 		let err = pthread_rwlock_rdlock(rwlock)
    |             `- error: cannot find 'pthread_rwlock_rdlock' in scope
 99 | 		precondition(err == 0, "\(#function) failed in pthread_rwlock with error \(err)")
100 | 		#endif
/host/spi-builder-workspace/.build/checkouts/SwiftOpenAPI/Sources/SwiftOpenAPI/Common/Locks.swift:114:13: error: cannot find 'pthread_rwlock_wrlock' in scope
112 | 		shared = false
113 | 		#else
114 | 		let err = pthread_rwlock_wrlock(rwlock)
    |             `- error: cannot find 'pthread_rwlock_wrlock' in scope
115 | 		precondition(err == 0, "\(#function) failed in pthread_rwlock with error \(err)")
116 | 		#endif
/host/spi-builder-workspace/.build/checkouts/SwiftOpenAPI/Sources/SwiftOpenAPI/Common/Locks.swift:134:13: error: cannot find 'pthread_rwlock_unlock' in scope
132 | 		}
133 | 		#else
134 | 		let err = pthread_rwlock_unlock(rwlock)
    |             `- error: cannot find 'pthread_rwlock_unlock' in scope
135 | 		precondition(err == 0, "\(#function) failed in pthread_rwlock with error \(err)")
136 | 		#endif
[2047/2108] Compiling SwiftOpenAPI Collection++.swift
/host/spi-builder-workspace/.build/checkouts/SwiftOpenAPI/Sources/SwiftOpenAPI/Common/Locks.swift:40:8: error: Unsupported runtime
 38 | import Musl
 39 | #else
 40 | #error("Unsupported runtime")
    |        `- error: Unsupported runtime
 41 | #endif
 42 |
/host/spi-builder-workspace/.build/checkouts/SwiftOpenAPI/Sources/SwiftOpenAPI/Common/Locks.swift:58:47: error: cannot find type 'pthread_rwlock_t' in scope
 56 | 	fileprivate var shared = true
 57 | 	#else
 58 | 	fileprivate let rwlock: UnsafeMutablePointer<pthread_rwlock_t> =
    |                                               `- error: cannot find type 'pthread_rwlock_t' in scope
 59 | 		UnsafeMutablePointer.allocate(capacity: 1)
 60 | 	#endif
/host/spi-builder-workspace/.build/checkouts/SwiftOpenAPI/Sources/SwiftOpenAPI/Common/Locks.swift:69:13: error: cannot find 'pthread_rwlock_init' in scope
 67 | 		InitializeSRWLock(rwlock)
 68 | 		#else
 69 | 		let err = pthread_rwlock_init(rwlock, nil)
    |             `- error: cannot find 'pthread_rwlock_init' in scope
 70 | 		precondition(err == 0, "\(#function) failed in pthread_rwlock with error \(err)")
 71 | 		#endif
/host/spi-builder-workspace/.build/checkouts/SwiftOpenAPI/Sources/SwiftOpenAPI/Common/Locks.swift:69:41: error: 'nil' requires a contextual type
 67 | 		InitializeSRWLock(rwlock)
 68 | 		#else
 69 | 		let err = pthread_rwlock_init(rwlock, nil)
    |                                         `- error: 'nil' requires a contextual type
 70 | 		precondition(err == 0, "\(#function) failed in pthread_rwlock with error \(err)")
 71 | 		#endif
/host/spi-builder-workspace/.build/checkouts/SwiftOpenAPI/Sources/SwiftOpenAPI/Common/Locks.swift:81:13: error: cannot find 'pthread_rwlock_destroy' in scope
 79 | 		self.rwlock.deallocate()
 80 | 		#else
 81 | 		let err = pthread_rwlock_destroy(self.rwlock)
    |             `- error: cannot find 'pthread_rwlock_destroy' in scope
 82 | 		precondition(err == 0, "\(#function) failed in pthread_rwlock with error \(err)")
 83 | 		self.rwlock.deallocate()
/host/spi-builder-workspace/.build/checkouts/SwiftOpenAPI/Sources/SwiftOpenAPI/Common/Locks.swift:98:13: error: cannot find 'pthread_rwlock_rdlock' in scope
 96 | 		shared = true
 97 | 		#else
 98 | 		let err = pthread_rwlock_rdlock(rwlock)
    |             `- error: cannot find 'pthread_rwlock_rdlock' in scope
 99 | 		precondition(err == 0, "\(#function) failed in pthread_rwlock with error \(err)")
100 | 		#endif
/host/spi-builder-workspace/.build/checkouts/SwiftOpenAPI/Sources/SwiftOpenAPI/Common/Locks.swift:114:13: error: cannot find 'pthread_rwlock_wrlock' in scope
112 | 		shared = false
113 | 		#else
114 | 		let err = pthread_rwlock_wrlock(rwlock)
    |             `- error: cannot find 'pthread_rwlock_wrlock' in scope
115 | 		precondition(err == 0, "\(#function) failed in pthread_rwlock with error \(err)")
116 | 		#endif
/host/spi-builder-workspace/.build/checkouts/SwiftOpenAPI/Sources/SwiftOpenAPI/Common/Locks.swift:134:13: error: cannot find 'pthread_rwlock_unlock' in scope
132 | 		}
133 | 		#else
134 | 		let err = pthread_rwlock_unlock(rwlock)
    |             `- error: cannot find 'pthread_rwlock_unlock' in scope
135 | 		precondition(err == 0, "\(#function) failed in pthread_rwlock with error \(err)")
136 | 		#endif
[2048/2108] Compiling SwiftOpenAPI Decimal++.swift
/host/spi-builder-workspace/.build/checkouts/SwiftOpenAPI/Sources/SwiftOpenAPI/Common/Locks.swift:40:8: error: Unsupported runtime
 38 | import Musl
 39 | #else
 40 | #error("Unsupported runtime")
    |        `- error: Unsupported runtime
 41 | #endif
 42 |
/host/spi-builder-workspace/.build/checkouts/SwiftOpenAPI/Sources/SwiftOpenAPI/Common/Locks.swift:58:47: error: cannot find type 'pthread_rwlock_t' in scope
 56 | 	fileprivate var shared = true
 57 | 	#else
 58 | 	fileprivate let rwlock: UnsafeMutablePointer<pthread_rwlock_t> =
    |                                               `- error: cannot find type 'pthread_rwlock_t' in scope
 59 | 		UnsafeMutablePointer.allocate(capacity: 1)
 60 | 	#endif
/host/spi-builder-workspace/.build/checkouts/SwiftOpenAPI/Sources/SwiftOpenAPI/Common/Locks.swift:69:13: error: cannot find 'pthread_rwlock_init' in scope
 67 | 		InitializeSRWLock(rwlock)
 68 | 		#else
 69 | 		let err = pthread_rwlock_init(rwlock, nil)
    |             `- error: cannot find 'pthread_rwlock_init' in scope
 70 | 		precondition(err == 0, "\(#function) failed in pthread_rwlock with error \(err)")
 71 | 		#endif
/host/spi-builder-workspace/.build/checkouts/SwiftOpenAPI/Sources/SwiftOpenAPI/Common/Locks.swift:69:41: error: 'nil' requires a contextual type
 67 | 		InitializeSRWLock(rwlock)
 68 | 		#else
 69 | 		let err = pthread_rwlock_init(rwlock, nil)
    |                                         `- error: 'nil' requires a contextual type
 70 | 		precondition(err == 0, "\(#function) failed in pthread_rwlock with error \(err)")
 71 | 		#endif
/host/spi-builder-workspace/.build/checkouts/SwiftOpenAPI/Sources/SwiftOpenAPI/Common/Locks.swift:81:13: error: cannot find 'pthread_rwlock_destroy' in scope
 79 | 		self.rwlock.deallocate()
 80 | 		#else
 81 | 		let err = pthread_rwlock_destroy(self.rwlock)
    |             `- error: cannot find 'pthread_rwlock_destroy' in scope
 82 | 		precondition(err == 0, "\(#function) failed in pthread_rwlock with error \(err)")
 83 | 		self.rwlock.deallocate()
/host/spi-builder-workspace/.build/checkouts/SwiftOpenAPI/Sources/SwiftOpenAPI/Common/Locks.swift:98:13: error: cannot find 'pthread_rwlock_rdlock' in scope
 96 | 		shared = true
 97 | 		#else
 98 | 		let err = pthread_rwlock_rdlock(rwlock)
    |             `- error: cannot find 'pthread_rwlock_rdlock' in scope
 99 | 		precondition(err == 0, "\(#function) failed in pthread_rwlock with error \(err)")
100 | 		#endif
/host/spi-builder-workspace/.build/checkouts/SwiftOpenAPI/Sources/SwiftOpenAPI/Common/Locks.swift:114:13: error: cannot find 'pthread_rwlock_wrlock' in scope
112 | 		shared = false
113 | 		#else
114 | 		let err = pthread_rwlock_wrlock(rwlock)
    |             `- error: cannot find 'pthread_rwlock_wrlock' in scope
115 | 		precondition(err == 0, "\(#function) failed in pthread_rwlock with error \(err)")
116 | 		#endif
/host/spi-builder-workspace/.build/checkouts/SwiftOpenAPI/Sources/SwiftOpenAPI/Common/Locks.swift:134:13: error: cannot find 'pthread_rwlock_unlock' in scope
132 | 		}
133 | 		#else
134 | 		let err = pthread_rwlock_unlock(rwlock)
    |             `- error: cannot find 'pthread_rwlock_unlock' in scope
135 | 		precondition(err == 0, "\(#function) failed in pthread_rwlock with error \(err)")
136 | 		#endif
[2049/2108] Compiling SwiftOpenAPI ExpressibleBy.swift
/host/spi-builder-workspace/.build/checkouts/SwiftOpenAPI/Sources/SwiftOpenAPI/Common/Locks.swift:40:8: error: Unsupported runtime
 38 | import Musl
 39 | #else
 40 | #error("Unsupported runtime")
    |        `- error: Unsupported runtime
 41 | #endif
 42 |
/host/spi-builder-workspace/.build/checkouts/SwiftOpenAPI/Sources/SwiftOpenAPI/Common/Locks.swift:58:47: error: cannot find type 'pthread_rwlock_t' in scope
 56 | 	fileprivate var shared = true
 57 | 	#else
 58 | 	fileprivate let rwlock: UnsafeMutablePointer<pthread_rwlock_t> =
    |                                               `- error: cannot find type 'pthread_rwlock_t' in scope
 59 | 		UnsafeMutablePointer.allocate(capacity: 1)
 60 | 	#endif
/host/spi-builder-workspace/.build/checkouts/SwiftOpenAPI/Sources/SwiftOpenAPI/Common/Locks.swift:69:13: error: cannot find 'pthread_rwlock_init' in scope
 67 | 		InitializeSRWLock(rwlock)
 68 | 		#else
 69 | 		let err = pthread_rwlock_init(rwlock, nil)
    |             `- error: cannot find 'pthread_rwlock_init' in scope
 70 | 		precondition(err == 0, "\(#function) failed in pthread_rwlock with error \(err)")
 71 | 		#endif
/host/spi-builder-workspace/.build/checkouts/SwiftOpenAPI/Sources/SwiftOpenAPI/Common/Locks.swift:69:41: error: 'nil' requires a contextual type
 67 | 		InitializeSRWLock(rwlock)
 68 | 		#else
 69 | 		let err = pthread_rwlock_init(rwlock, nil)
    |                                         `- error: 'nil' requires a contextual type
 70 | 		precondition(err == 0, "\(#function) failed in pthread_rwlock with error \(err)")
 71 | 		#endif
/host/spi-builder-workspace/.build/checkouts/SwiftOpenAPI/Sources/SwiftOpenAPI/Common/Locks.swift:81:13: error: cannot find 'pthread_rwlock_destroy' in scope
 79 | 		self.rwlock.deallocate()
 80 | 		#else
 81 | 		let err = pthread_rwlock_destroy(self.rwlock)
    |             `- error: cannot find 'pthread_rwlock_destroy' in scope
 82 | 		precondition(err == 0, "\(#function) failed in pthread_rwlock with error \(err)")
 83 | 		self.rwlock.deallocate()
/host/spi-builder-workspace/.build/checkouts/SwiftOpenAPI/Sources/SwiftOpenAPI/Common/Locks.swift:98:13: error: cannot find 'pthread_rwlock_rdlock' in scope
 96 | 		shared = true
 97 | 		#else
 98 | 		let err = pthread_rwlock_rdlock(rwlock)
    |             `- error: cannot find 'pthread_rwlock_rdlock' in scope
 99 | 		precondition(err == 0, "\(#function) failed in pthread_rwlock with error \(err)")
100 | 		#endif
/host/spi-builder-workspace/.build/checkouts/SwiftOpenAPI/Sources/SwiftOpenAPI/Common/Locks.swift:114:13: error: cannot find 'pthread_rwlock_wrlock' in scope
112 | 		shared = false
113 | 		#else
114 | 		let err = pthread_rwlock_wrlock(rwlock)
    |             `- error: cannot find 'pthread_rwlock_wrlock' in scope
115 | 		precondition(err == 0, "\(#function) failed in pthread_rwlock with error \(err)")
116 | 		#endif
/host/spi-builder-workspace/.build/checkouts/SwiftOpenAPI/Sources/SwiftOpenAPI/Common/Locks.swift:134:13: error: cannot find 'pthread_rwlock_unlock' in scope
132 | 		}
133 | 		#else
134 | 		let err = pthread_rwlock_unlock(rwlock)
    |             `- error: cannot find 'pthread_rwlock_unlock' in scope
135 | 		precondition(err == 0, "\(#function) failed in pthread_rwlock with error \(err)")
136 | 		#endif
[2050/2108] Compiling SwiftOpenAPI Locks.swift
/host/spi-builder-workspace/.build/checkouts/SwiftOpenAPI/Sources/SwiftOpenAPI/Common/Locks.swift:40:8: error: Unsupported runtime
 38 | import Musl
 39 | #else
 40 | #error("Unsupported runtime")
    |        `- error: Unsupported runtime
 41 | #endif
 42 |
/host/spi-builder-workspace/.build/checkouts/SwiftOpenAPI/Sources/SwiftOpenAPI/Common/Locks.swift:58:47: error: cannot find type 'pthread_rwlock_t' in scope
 56 | 	fileprivate var shared = true
 57 | 	#else
 58 | 	fileprivate let rwlock: UnsafeMutablePointer<pthread_rwlock_t> =
    |                                               `- error: cannot find type 'pthread_rwlock_t' in scope
 59 | 		UnsafeMutablePointer.allocate(capacity: 1)
 60 | 	#endif
/host/spi-builder-workspace/.build/checkouts/SwiftOpenAPI/Sources/SwiftOpenAPI/Common/Locks.swift:69:13: error: cannot find 'pthread_rwlock_init' in scope
 67 | 		InitializeSRWLock(rwlock)
 68 | 		#else
 69 | 		let err = pthread_rwlock_init(rwlock, nil)
    |             `- error: cannot find 'pthread_rwlock_init' in scope
 70 | 		precondition(err == 0, "\(#function) failed in pthread_rwlock with error \(err)")
 71 | 		#endif
/host/spi-builder-workspace/.build/checkouts/SwiftOpenAPI/Sources/SwiftOpenAPI/Common/Locks.swift:69:41: error: 'nil' requires a contextual type
 67 | 		InitializeSRWLock(rwlock)
 68 | 		#else
 69 | 		let err = pthread_rwlock_init(rwlock, nil)
    |                                         `- error: 'nil' requires a contextual type
 70 | 		precondition(err == 0, "\(#function) failed in pthread_rwlock with error \(err)")
 71 | 		#endif
/host/spi-builder-workspace/.build/checkouts/SwiftOpenAPI/Sources/SwiftOpenAPI/Common/Locks.swift:81:13: error: cannot find 'pthread_rwlock_destroy' in scope
 79 | 		self.rwlock.deallocate()
 80 | 		#else
 81 | 		let err = pthread_rwlock_destroy(self.rwlock)
    |             `- error: cannot find 'pthread_rwlock_destroy' in scope
 82 | 		precondition(err == 0, "\(#function) failed in pthread_rwlock with error \(err)")
 83 | 		self.rwlock.deallocate()
/host/spi-builder-workspace/.build/checkouts/SwiftOpenAPI/Sources/SwiftOpenAPI/Common/Locks.swift:98:13: error: cannot find 'pthread_rwlock_rdlock' in scope
 96 | 		shared = true
 97 | 		#else
 98 | 		let err = pthread_rwlock_rdlock(rwlock)
    |             `- error: cannot find 'pthread_rwlock_rdlock' in scope
 99 | 		precondition(err == 0, "\(#function) failed in pthread_rwlock with error \(err)")
100 | 		#endif
/host/spi-builder-workspace/.build/checkouts/SwiftOpenAPI/Sources/SwiftOpenAPI/Common/Locks.swift:114:13: error: cannot find 'pthread_rwlock_wrlock' in scope
112 | 		shared = false
113 | 		#else
114 | 		let err = pthread_rwlock_wrlock(rwlock)
    |             `- error: cannot find 'pthread_rwlock_wrlock' in scope
115 | 		precondition(err == 0, "\(#function) failed in pthread_rwlock with error \(err)")
116 | 		#endif
/host/spi-builder-workspace/.build/checkouts/SwiftOpenAPI/Sources/SwiftOpenAPI/Common/Locks.swift:134:13: error: cannot find 'pthread_rwlock_unlock' in scope
132 | 		}
133 | 		#else
134 | 		let err = pthread_rwlock_unlock(rwlock)
    |             `- error: cannot find 'pthread_rwlock_unlock' in scope
135 | 		precondition(err == 0, "\(#function) failed in pthread_rwlock with error \(err)")
136 | 		#endif
[2051/2108] Compiling SwiftOpenAPI OrderedDictionary.swift
/host/spi-builder-workspace/.build/checkouts/SwiftOpenAPI/Sources/SwiftOpenAPI/Common/Locks.swift:40:8: error: Unsupported runtime
 38 | import Musl
 39 | #else
 40 | #error("Unsupported runtime")
    |        `- error: Unsupported runtime
 41 | #endif
 42 |
/host/spi-builder-workspace/.build/checkouts/SwiftOpenAPI/Sources/SwiftOpenAPI/Common/Locks.swift:58:47: error: cannot find type 'pthread_rwlock_t' in scope
 56 | 	fileprivate var shared = true
 57 | 	#else
 58 | 	fileprivate let rwlock: UnsafeMutablePointer<pthread_rwlock_t> =
    |                                               `- error: cannot find type 'pthread_rwlock_t' in scope
 59 | 		UnsafeMutablePointer.allocate(capacity: 1)
 60 | 	#endif
/host/spi-builder-workspace/.build/checkouts/SwiftOpenAPI/Sources/SwiftOpenAPI/Common/Locks.swift:69:13: error: cannot find 'pthread_rwlock_init' in scope
 67 | 		InitializeSRWLock(rwlock)
 68 | 		#else
 69 | 		let err = pthread_rwlock_init(rwlock, nil)
    |             `- error: cannot find 'pthread_rwlock_init' in scope
 70 | 		precondition(err == 0, "\(#function) failed in pthread_rwlock with error \(err)")
 71 | 		#endif
/host/spi-builder-workspace/.build/checkouts/SwiftOpenAPI/Sources/SwiftOpenAPI/Common/Locks.swift:69:41: error: 'nil' requires a contextual type
 67 | 		InitializeSRWLock(rwlock)
 68 | 		#else
 69 | 		let err = pthread_rwlock_init(rwlock, nil)
    |                                         `- error: 'nil' requires a contextual type
 70 | 		precondition(err == 0, "\(#function) failed in pthread_rwlock with error \(err)")
 71 | 		#endif
/host/spi-builder-workspace/.build/checkouts/SwiftOpenAPI/Sources/SwiftOpenAPI/Common/Locks.swift:81:13: error: cannot find 'pthread_rwlock_destroy' in scope
 79 | 		self.rwlock.deallocate()
 80 | 		#else
 81 | 		let err = pthread_rwlock_destroy(self.rwlock)
    |             `- error: cannot find 'pthread_rwlock_destroy' in scope
 82 | 		precondition(err == 0, "\(#function) failed in pthread_rwlock with error \(err)")
 83 | 		self.rwlock.deallocate()
/host/spi-builder-workspace/.build/checkouts/SwiftOpenAPI/Sources/SwiftOpenAPI/Common/Locks.swift:98:13: error: cannot find 'pthread_rwlock_rdlock' in scope
 96 | 		shared = true
 97 | 		#else
 98 | 		let err = pthread_rwlock_rdlock(rwlock)
    |             `- error: cannot find 'pthread_rwlock_rdlock' in scope
 99 | 		precondition(err == 0, "\(#function) failed in pthread_rwlock with error \(err)")
100 | 		#endif
/host/spi-builder-workspace/.build/checkouts/SwiftOpenAPI/Sources/SwiftOpenAPI/Common/Locks.swift:114:13: error: cannot find 'pthread_rwlock_wrlock' in scope
112 | 		shared = false
113 | 		#else
114 | 		let err = pthread_rwlock_wrlock(rwlock)
    |             `- error: cannot find 'pthread_rwlock_wrlock' in scope
115 | 		precondition(err == 0, "\(#function) failed in pthread_rwlock with error \(err)")
116 | 		#endif
/host/spi-builder-workspace/.build/checkouts/SwiftOpenAPI/Sources/SwiftOpenAPI/Common/Locks.swift:134:13: error: cannot find 'pthread_rwlock_unlock' in scope
132 | 		}
133 | 		#else
134 | 		let err = pthread_rwlock_unlock(rwlock)
    |             `- error: cannot find 'pthread_rwlock_unlock' in scope
135 | 		precondition(err == 0, "\(#function) failed in pthread_rwlock with error \(err)")
136 | 		#endif
[2052/2108] Compiling SwiftOpenAPI StringConvertibleHintProvider.swift
/host/spi-builder-workspace/.build/checkouts/SwiftOpenAPI/Sources/SwiftOpenAPI/Common/Locks.swift:40:8: error: Unsupported runtime
 38 | import Musl
 39 | #else
 40 | #error("Unsupported runtime")
    |        `- error: Unsupported runtime
 41 | #endif
 42 |
/host/spi-builder-workspace/.build/checkouts/SwiftOpenAPI/Sources/SwiftOpenAPI/Common/Locks.swift:58:47: error: cannot find type 'pthread_rwlock_t' in scope
 56 | 	fileprivate var shared = true
 57 | 	#else
 58 | 	fileprivate let rwlock: UnsafeMutablePointer<pthread_rwlock_t> =
    |                                               `- error: cannot find type 'pthread_rwlock_t' in scope
 59 | 		UnsafeMutablePointer.allocate(capacity: 1)
 60 | 	#endif
/host/spi-builder-workspace/.build/checkouts/SwiftOpenAPI/Sources/SwiftOpenAPI/Common/Locks.swift:69:13: error: cannot find 'pthread_rwlock_init' in scope
 67 | 		InitializeSRWLock(rwlock)
 68 | 		#else
 69 | 		let err = pthread_rwlock_init(rwlock, nil)
    |             `- error: cannot find 'pthread_rwlock_init' in scope
 70 | 		precondition(err == 0, "\(#function) failed in pthread_rwlock with error \(err)")
 71 | 		#endif
/host/spi-builder-workspace/.build/checkouts/SwiftOpenAPI/Sources/SwiftOpenAPI/Common/Locks.swift:69:41: error: 'nil' requires a contextual type
 67 | 		InitializeSRWLock(rwlock)
 68 | 		#else
 69 | 		let err = pthread_rwlock_init(rwlock, nil)
    |                                         `- error: 'nil' requires a contextual type
 70 | 		precondition(err == 0, "\(#function) failed in pthread_rwlock with error \(err)")
 71 | 		#endif
/host/spi-builder-workspace/.build/checkouts/SwiftOpenAPI/Sources/SwiftOpenAPI/Common/Locks.swift:81:13: error: cannot find 'pthread_rwlock_destroy' in scope
 79 | 		self.rwlock.deallocate()
 80 | 		#else
 81 | 		let err = pthread_rwlock_destroy(self.rwlock)
    |             `- error: cannot find 'pthread_rwlock_destroy' in scope
 82 | 		precondition(err == 0, "\(#function) failed in pthread_rwlock with error \(err)")
 83 | 		self.rwlock.deallocate()
/host/spi-builder-workspace/.build/checkouts/SwiftOpenAPI/Sources/SwiftOpenAPI/Common/Locks.swift:98:13: error: cannot find 'pthread_rwlock_rdlock' in scope
 96 | 		shared = true
 97 | 		#else
 98 | 		let err = pthread_rwlock_rdlock(rwlock)
    |             `- error: cannot find 'pthread_rwlock_rdlock' in scope
 99 | 		precondition(err == 0, "\(#function) failed in pthread_rwlock with error \(err)")
100 | 		#endif
/host/spi-builder-workspace/.build/checkouts/SwiftOpenAPI/Sources/SwiftOpenAPI/Common/Locks.swift:114:13: error: cannot find 'pthread_rwlock_wrlock' in scope
112 | 		shared = false
113 | 		#else
114 | 		let err = pthread_rwlock_wrlock(rwlock)
    |             `- error: cannot find 'pthread_rwlock_wrlock' in scope
115 | 		precondition(err == 0, "\(#function) failed in pthread_rwlock with error \(err)")
116 | 		#endif
/host/spi-builder-workspace/.build/checkouts/SwiftOpenAPI/Sources/SwiftOpenAPI/Common/Locks.swift:134:13: error: cannot find 'pthread_rwlock_unlock' in scope
132 | 		}
133 | 		#else
134 | 		let err = pthread_rwlock_unlock(rwlock)
    |             `- error: cannot find 'pthread_rwlock_unlock' in scope
135 | 		precondition(err == 0, "\(#function) failed in pthread_rwlock with error \(err)")
136 | 		#endif
[2053/2108] Emitting module SwiftOpenAPI
/host/spi-builder-workspace/.build/checkouts/SwiftOpenAPI/Sources/SwiftOpenAPI/Common/Locks.swift:40:8: error: Unsupported runtime
 38 | import Musl
 39 | #else
 40 | #error("Unsupported runtime")
    |        `- error: Unsupported runtime
 41 | #endif
 42 |
/host/spi-builder-workspace/.build/checkouts/SwiftOpenAPI/Sources/SwiftOpenAPI/Common/Locks.swift:58:47: error: cannot find type 'pthread_rwlock_t' in scope
 56 | 	fileprivate var shared = true
 57 | 	#else
 58 | 	fileprivate let rwlock: UnsafeMutablePointer<pthread_rwlock_t> =
    |                                               `- error: cannot find type 'pthread_rwlock_t' in scope
 59 | 		UnsafeMutablePointer.allocate(capacity: 1)
 60 | 	#endif
[2054/2117] Compiling SwiftOpenAPI OAuthFlowObject.swift
[2055/2117] Compiling SwiftOpenAPI OAuthFlowsObject.swift
[2056/2117] Compiling SwiftOpenAPI OpenAPIObject.swift
[2057/2117] Compiling SwiftOpenAPI OperationObject.swift
[2058/2117] Compiling SwiftOpenAPI ParameterObject.swift
[2059/2117] Compiling SwiftOpenAPI Path.swift
[2060/2117] Compiling SwiftOpenAPI PathItemObject.swift
[2061/2117] Compiling SwiftOpenAPI PathsObject.swift
[2062/2117] Compiling SwiftOpenAPI ReferenceObject.swift
[2063/2117] Compiling SwiftOpenAPI String++.swift
[2064/2117] Compiling SwiftOpenAPI AnyValueEncoder.swift
[2065/2117] Compiling SwiftOpenAPI CheckAllKeysDecoder.swift
[2066/2117] Compiling SwiftOpenAPI DateEncodingFormat.swift
[2067/2117] Compiling SwiftOpenAPI HeadersEncoder.swift
[2068/2117] Compiling SwiftOpenAPI KeyEncodingStrategy.swift
[2069/2117] Compiling SwiftOpenAPI ParametersEncoder.swift
[2070/2117] Compiling SwiftOpenAPI Ref.swift
[2071/2117] Compiling SwiftOpenAPI SchemeEncoder.swift
[2072/2117] Compiling SwiftOpenAPI CodableTypes.swift
[2073/2117] Compiling SwiftOpenAPI TypeRevision.swift
[2074/2117] Compiling SwiftOpenAPI TypeRevisionDecoder.swift
[2075/2117] Compiling SwiftOpenAPI TypeRevisionEncoder.swift
[2076/2117] Compiling SwiftOpenAPI AnyValue.swift
[2077/2117] Compiling SwiftOpenAPI CallbackObject.swift
[2078/2117] Compiling SwiftOpenAPI ComponentsObject.swift
[2079/2117] Compiling SwiftOpenAPI CompositeType.swift
[2080/2117] Compiling SwiftOpenAPI ContactObject.swift
[2081/2117] Compiling SwiftOpenAPI ContentObject.swift
[2082/2117] Compiling SwiftOpenAPI ReferenceOr.swift
[2083/2117] Compiling SwiftOpenAPI RequestBodyObject.swift
[2084/2117] Compiling SwiftOpenAPI ResponseObject.swift
[2085/2117] Compiling SwiftOpenAPI ResponsesObject.swift
[2086/2117] Compiling SwiftOpenAPI RuntimeExpression.swift
[2087/2117] Compiling SwiftOpenAPI RuntimeExpressionOr.swift
[2088/2117] Compiling SwiftOpenAPI SecurityRequirementObject.swift
[2089/2117] Compiling SwiftOpenAPI SecuritySchemeObject.swift
[2090/2117] Compiling SwiftOpenAPI ServerObject.swift
[2091/2117] Compiling SwiftOpenAPI EncodingObject.swift
[2092/2117] Compiling SwiftOpenAPI ExampleObject.swift
[2093/2117] Compiling SwiftOpenAPI ExternalDocumentationObject.swift
[2094/2117] Compiling SwiftOpenAPI HeaderObject.swift
[2095/2117] Compiling SwiftOpenAPI InfoObject.swift
[2096/2117] Compiling SwiftOpenAPI AdditionalProperties.swift
[2097/2117] Compiling SwiftOpenAPI DataFormat.swift
[2098/2117] Compiling SwiftOpenAPI DataType.swift
[2099/2117] Compiling SwiftOpenAPI DiscriminatorObject.swift
[2100/2117] Compiling SwiftOpenAPI ExpressibleBySchemaObject.swift
[2101/2117] Compiling SwiftOpenAPI SchemaContexts.swift
[2102/2117] Compiling SwiftOpenAPI SchemaObjec+deprecated.swift
[2103/2117] Compiling SwiftOpenAPI SchemaObject++.swift
[2104/2117] Compiling SwiftOpenAPI SchemaObject.swift
[2105/2117] Compiling SwiftOpenAPI LicenseObject.swift
[2106/2117] Compiling SwiftOpenAPI LinkObject.swift
[2107/2117] Compiling SwiftOpenAPI MediaType.swift
[2108/2117] Compiling SwiftOpenAPI MediaTypeObject.swift
[2109/2117] Compiling SwiftOpenAPI ServerVariableObject.swift
[2110/2117] Compiling SwiftOpenAPI SpecificationExtendable.swift
[2111/2117] Compiling SwiftOpenAPI TagObject.swift
[2112/2117] Compiling SwiftOpenAPI Version.swift
[2113/2117] Compiling SwiftOpenAPI XMLObject.swift
[2114/2117] Compiling SwiftOpenAPI OpenAPIDescriptable.swift
[2115/2117] Compiling SwiftOpenAPI OpenAPIDescription.swift
[2116/2117] Compiling SwiftOpenAPI OpenAPIType.swift
[2117/2117] Compiling SwiftOpenAPI refactor.swift
BUILD FAILURE 6.1 android