Build Information
Failed to build snap-settings-service, reference main (4104e5), with Swift 6.3 for Linux on 6 Jul 2026 15:49:49 UTC.
Build Command
bash -c docker run --pull=always --rm -v "checkouts-53886769-0":/host -w "$PWD" -e JAVA_HOME="/root/.sdkman/candidates/java/current" -e SPI_BUILD="1" -e SPI_PROCESSING="1" registry.gitlab.com/saguaro1/spi-images:basic-6.3-latest swift build --triple x86_64-unknown-linux-gnu 2>&1Build Log
========================================
RunAll
========================================
Builder version: 0e64495ecc1688c3b3e031a5ef1348b5c05091ae
Interrupt handler set up.
========================================
Checkout
========================================
Clone URL: https://github.com/simonnickel/snap-settings-service.git
Reference: main
Initialized empty Git repository in /host/spi-builder-workspace/.git/
hint: Using 'master' as the name for the initial branch. This default branch name
hint: is subject to change. To configure the initial branch name to use in all
hint: of your new repositories, which will suppress this warning, call:
hint:
hint: git config --global init.defaultBranch <name>
hint:
hint: Names commonly chosen instead of 'master' are 'main', 'trunk' and
hint: 'development'. The just-created branch can be renamed via this command:
hint:
hint: git branch -m <name>
From https://github.com/simonnickel/snap-settings-service
* branch main -> FETCH_HEAD
* [new branch] main -> origin/main
HEAD is now at 4104e5e Update agent setup
Cloned https://github.com/simonnickel/snap-settings-service.git
Revision (git rev-parse @):
4104e5e0dc4c8eaed625bbddd779c0b3723c8c84
SPI manifest file found: $PWD/.spi.yml
SUCCESS checkout https://github.com/simonnickel/snap-settings-service.git at main
========================================
Build
========================================
Selected platform: linux
Swift version: 6.3
Building package at path: $PWD
https://github.com/simonnickel/snap-settings-service.git
Running build ...
bash -c docker run --pull=always --rm -v "checkouts-53886769-0":/host -w "$PWD" -e JAVA_HOME="/root/.sdkman/candidates/java/current" -e SPI_BUILD="1" -e SPI_PROCESSING="1" registry.gitlab.com/saguaro1/spi-images:basic-6.3-latest swift build --triple x86_64-unknown-linux-gnu 2>&1
basic-6.3-latest: Pulling from saguaro1/spi-images
Digest: sha256:518d581a7f3cc0f988d8921e0dce92c3361f942cd4cc7d944cb46f8707e06c63
Status: Image is up to date for registry.gitlab.com/saguaro1/spi-images:basic-6.3-latest
Fetching https://github.com/simonnickel/snap-core.git
[1/494] Fetching snap-core
Fetched https://github.com/simonnickel/snap-core.git from cache (0.35s)
Fetching https://github.com/simonnickel/snap-foundation.git
[1/257] Fetching snap-foundation
Fetched https://github.com/simonnickel/snap-foundation.git from cache (0.42s)
Creating working copy for https://github.com/simonnickel/snap-foundation.git
Working copy of https://github.com/simonnickel/snap-foundation.git resolved at main (5dcd584)
Creating working copy for https://github.com/simonnickel/snap-core.git
Working copy of https://github.com/simonnickel/snap-core.git resolved at main (b35b73d)
Building for debugging...
[0/4] Write sources
[3/4] Write swift-version-24593BA9C3E375BF.txt
[5/24] Compiling SnapFoundation FontDesign+CaseIterable.swift
/host/spi-builder-workspace/.build/checkouts/snap-foundation/Sources/SnapFoundation/OSLog+Logger.swift:7:8: error: no such module 'OSLog'
5 |
6 | import Foundation
7 | import OSLog
| `- error: no such module 'OSLog'
8 |
9 | public extension Logger {
[6/24] Compiling SnapFoundation FontDesign+Description.swift
/host/spi-builder-workspace/.build/checkouts/snap-foundation/Sources/SnapFoundation/OSLog+Logger.swift:7:8: error: no such module 'OSLog'
5 |
6 | import Foundation
7 | import OSLog
| `- error: no such module 'OSLog'
8 |
9 | public extension Logger {
[7/26] Compiling SnapFoundation Font.Design+UIFont.Design.swift
/host/spi-builder-workspace/.build/checkouts/snap-foundation/Sources/SnapFoundation/OSLog+Logger.swift:7:8: error: no such module 'OSLog'
5 |
6 | import Foundation
7 | import OSLog
| `- error: no such module 'OSLog'
8 |
9 | public extension Logger {
[8/26] Compiling SnapFoundation Font.Weight+UIFont.Weight.swift
/host/spi-builder-workspace/.build/checkouts/snap-foundation/Sources/SnapFoundation/OSLog+Logger.swift:7:8: error: no such module 'OSLog'
5 |
6 | import Foundation
7 | import OSLog
| `- error: no such module 'OSLog'
8 |
9 | public extension Logger {
[9/26] Compiling SnapFoundation Font.Width+UIFont.Width.swift
/host/spi-builder-workspace/.build/checkouts/snap-foundation/Sources/SnapFoundation/OSLog+Logger.swift:7:8: error: no such module 'OSLog'
5 |
6 | import Foundation
7 | import OSLog
| `- error: no such module 'OSLog'
8 |
9 | public extension Logger {
[10/26] Compiling SnapFoundation View+ColorScheme.swift
/host/spi-builder-workspace/.build/checkouts/snap-foundation/Sources/SnapFoundation/OSLog+Logger.swift:7:8: error: no such module 'OSLog'
5 |
6 | import Foundation
7 | import OSLog
| `- error: no such module 'OSLog'
8 |
9 | public extension Logger {
[11/26] Compiling SnapFoundation ViewModifierConditional.swift
/host/spi-builder-workspace/.build/checkouts/snap-foundation/Sources/SnapFoundation/OSLog+Logger.swift:7:8: error: no such module 'OSLog'
5 |
6 | import Foundation
7 | import OSLog
| `- error: no such module 'OSLog'
8 |
9 | public extension Logger {
[12/26] Compiling SnapFoundation Set+Insert.swift
/host/spi-builder-workspace/.build/checkouts/snap-foundation/Sources/SnapFoundation/OSLog+Logger.swift:7:8: error: no such module 'OSLog'
5 |
6 | import Foundation
7 | import OSLog
| `- error: no such module 'OSLog'
8 |
9 | public extension Logger {
[13/26] Compiling SnapFoundation OSLog+Logger.swift
/host/spi-builder-workspace/.build/checkouts/snap-foundation/Sources/SnapFoundation/OSLog+Logger.swift:7:8: error: no such module 'OSLog'
5 |
6 | import Foundation
7 | import OSLog
| `- error: no such module 'OSLog'
8 |
9 | public extension Logger {
[14/26] Compiling SnapFoundation ProcessInfo+isPreview.swift
/host/spi-builder-workspace/.build/checkouts/snap-foundation/Sources/SnapFoundation/OSLog+Logger.swift:7:8: error: no such module 'OSLog'
5 |
6 | import Foundation
7 | import OSLog
| `- error: no such module 'OSLog'
8 |
9 | public extension Logger {
error: emit-module command failed with exit code 1 (use -v to see invocation)
[15/26] Emitting module SnapFoundation
/host/spi-builder-workspace/.build/checkouts/snap-foundation/Sources/SnapFoundation/OSLog+Logger.swift:7:8: error: no such module 'OSLog'
5 |
6 | import Foundation
7 | import OSLog
| `- error: no such module 'OSLog'
8 |
9 | public extension Logger {
[16/26] Compiling SnapFoundation CGFloat+Rounding.swift
/host/spi-builder-workspace/.build/checkouts/snap-foundation/Sources/SnapFoundation/OSLog+Logger.swift:7:8: error: no such module 'OSLog'
5 |
6 | import Foundation
7 | import OSLog
| `- error: no such module 'OSLog'
8 |
9 | public extension Logger {
[17/26] Compiling SnapFoundation CGSize+Adjusted.swift
/host/spi-builder-workspace/.build/checkouts/snap-foundation/Sources/SnapFoundation/OSLog+Logger.swift:7:8: error: no such module 'OSLog'
5 |
6 | import Foundation
7 | import OSLog
| `- error: no such module 'OSLog'
8 |
9 | public extension Logger {
[18/26] Compiling SnapFoundation CGSize+Description.swift
/host/spi-builder-workspace/.build/checkouts/snap-foundation/Sources/SnapFoundation/OSLog+Logger.swift:7:8: error: no such module 'OSLog'
5 |
6 | import Foundation
7 | import OSLog
| `- error: no such module 'OSLog'
8 |
9 | public extension Logger {
[19/26] Compiling SnapFoundation FontWidth+CaseIterable.swift
/host/spi-builder-workspace/.build/checkouts/snap-foundation/Sources/SnapFoundation/OSLog+Logger.swift:7:8: error: no such module 'OSLog'
5 |
6 | import Foundation
7 | import OSLog
| `- error: no such module 'OSLog'
8 |
9 | public extension Logger {
[20/26] Compiling SnapFoundation FontWidth+Description.swift
/host/spi-builder-workspace/.build/checkouts/snap-foundation/Sources/SnapFoundation/OSLog+Logger.swift:7:8: error: no such module 'OSLog'
5 |
6 | import Foundation
7 | import OSLog
| `- error: no such module 'OSLog'
8 |
9 | public extension Logger {
[21/26] Compiling SnapFoundation AnyInsettableShape.swift
/host/spi-builder-workspace/.build/checkouts/snap-foundation/Sources/SnapFoundation/OSLog+Logger.swift:7:8: error: no such module 'OSLog'
5 |
6 | import Foundation
7 | import OSLog
| `- error: no such module 'OSLog'
8 |
9 | public extension Logger {
[22/26] Compiling SnapFoundation CGRect+Inset.swift
/host/spi-builder-workspace/.build/checkouts/snap-foundation/Sources/SnapFoundation/OSLog+Logger.swift:7:8: error: no such module 'OSLog'
5 |
6 | import Foundation
7 | import OSLog
| `- error: no such module 'OSLog'
8 |
9 | public extension Logger {
[23/26] Compiling SnapFoundation EdgeInsets+Helper.swift
/host/spi-builder-workspace/.build/checkouts/snap-foundation/Sources/SnapFoundation/OSLog+Logger.swift:7:8: error: no such module 'OSLog'
5 |
6 | import Foundation
7 | import OSLog
| `- error: no such module 'OSLog'
8 |
9 | public extension Logger {
[24/26] Compiling SnapFoundation Array+Unique.swift
/host/spi-builder-workspace/.build/checkouts/snap-foundation/Sources/SnapFoundation/OSLog+Logger.swift:7:8: error: no such module 'OSLog'
5 |
6 | import Foundation
7 | import OSLog
| `- error: no such module 'OSLog'
8 |
9 | public extension Logger {
[25/26] Compiling SnapFoundation Collection+Helper.swift
/host/spi-builder-workspace/.build/checkouts/snap-foundation/Sources/SnapFoundation/OSLog+Logger.swift:7:8: error: no such module 'OSLog'
5 |
6 | import Foundation
7 | import OSLog
| `- error: no such module 'OSLog'
8 |
9 | public extension Logger {
[26/26] Compiling SnapFoundation Dictionary+Updated.swift
/host/spi-builder-workspace/.build/checkouts/snap-foundation/Sources/SnapFoundation/OSLog+Logger.swift:7:8: error: no such module 'OSLog'
5 |
6 | import Foundation
7 | import OSLog
| `- error: no such module 'OSLog'
8 |
9 | public extension Logger {
BUILD FAILURE 6.3 linux