Build Information
Failed to build skip-fuse, reference 1.0.3 (8b69bb), with Swift 6.1 for Wasm on 20 Aug 2026 01:51:17 UTC.
Build Command
bash -c docker run --pull=always --rm -v "checkouts-54344845-0":/host -w "$PWD" -e JAVA_HOME="/root/.sdkman/candidates/java/current" -e SPI_BUILD="1" -e SPI_PROCESSING="1" registry.gitlab.com/saguaro1/spi-images:wasm-6.1-latest swift build --swift-sdk wasm32-unknown-wasi 2>&1Build Log
========================================
RunAll
========================================
Builder version: 5.0.2
Interrupt handler set up.
========================================
Checkout
========================================
Clone URL: https://github.com/skiptools/skip-fuse.git
Reference: 1.0.3
Initialized empty Git repository in /host/spi-builder-workspace/.git/
hint: Using 'master' as the name for the initial branch. This default branch name
hint: is subject to change. To configure the initial branch name to use in all
hint: of your new repositories, which will suppress this warning, call:
hint:
hint: git config --global init.defaultBranch <name>
hint:
hint: Names commonly chosen instead of 'master' are 'main', 'trunk' and
hint: 'development'. The just-created branch can be renamed via this command:
hint:
hint: git branch -m <name>
From https://github.com/skiptools/skip-fuse
* tag 1.0.3 -> FETCH_HEAD
HEAD is now at 8b69bb0
Cloned https://github.com/skiptools/skip-fuse.git
Revision (git rev-parse @):
8b69bb0b5be7df880b8f9b3d2eb6659909a5b5c5
SPI manifest file found: $PWD/.spi.yml
SUCCESS checkout https://github.com/skiptools/skip-fuse.git at 1.0.3
========================================
Build
========================================
Selected platform: wasm
Swift version: 6.1
Building package at path: $PWD
https://github.com/skiptools/skip-fuse.git
https://github.com/skiptools/skip-fuse.git
WARNING: environment variable SUPPRESS_SWIFT_6_FLAGS is not set
Running build ...
bash -c docker run --pull=always --rm -v "checkouts-54344845-0":/host -w "$PWD" -e JAVA_HOME="/root/.sdkman/candidates/java/current" -e SPI_BUILD="1" -e SPI_PROCESSING="1" registry.gitlab.com/saguaro1/spi-images:wasm-6.1-latest swift build --swift-sdk wasm32-unknown-wasi -Xswiftc -Xfrontend -Xswiftc -stats-output-dir -Xswiftc -Xfrontend -Xswiftc .stats -Xswiftc -strict-concurrency=complete -Xswiftc -enable-upcoming-feature -Xswiftc StrictConcurrency -Xswiftc -enable-upcoming-feature -Xswiftc DisableOutwardActorInference -Xswiftc -enable-upcoming-feature -Xswiftc GlobalActorIsolatedTypesUsability -Xswiftc -enable-upcoming-feature -Xswiftc InferSendableFromCaptures 2>&1
wasm-6.1-latest: Pulling from saguaro1/spi-images
Digest: sha256:290f441d1f5b7bf0dbbe61e8b7514208804cdcb507d57b3c762463ad036298f7
Status: Image is up to date for registry.gitlab.com/saguaro1/spi-images:wasm-6.1-latest
Fetching https://github.com/skiptools/skip-android-bridge.git
Fetching https://github.com/skiptools/swift-jni.git
[1/840] Fetching skip-android-bridge
[841/1118] Fetching skip-android-bridge, swift-jni
Fetched https://github.com/skiptools/swift-jni.git from cache (0.51s)
Fetched https://github.com/skiptools/skip-android-bridge.git from cache (0.51s)
Computing version for https://github.com/skiptools/swift-jni.git
Computed https://github.com/skiptools/swift-jni.git at 0.5.0 (0.75s)
Computing version for https://github.com/skiptools/skip-android-bridge.git
Computed https://github.com/skiptools/skip-android-bridge.git at 0.6.5 (0.24s)
Fetching https://github.com/skiptools/skip-bridge.git
Fetching https://github.com/skiptools/skip-foundation.git
Fetching https://github.com/skiptools/skip.git
Fetching https://github.com/skiptools/swift-android-native.git
[1/2830] Fetching skip-bridge
[2831/12092] Fetching skip-bridge, skip
[4777/16459] Fetching skip-bridge, skip, skip-foundation
[13927/17362] Fetching skip-bridge, skip, skip-foundation, swift-android-native
Fetched https://github.com/skiptools/swift-android-native.git from cache (0.57s)
[14514/16459] Fetching skip-bridge, skip, skip-foundation
Fetched https://github.com/skiptools/skip-bridge.git from cache (0.57s)
[12055/13629] Fetching skip, skip-foundation
Fetched https://github.com/skiptools/skip-foundation.git from cache (0.57s)
[7966/9262] Fetching skip
Fetched https://github.com/skiptools/skip.git from cache (0.63s)
Computing version for https://github.com/skiptools/swift-android-native.git
Computed https://github.com/skiptools/swift-android-native.git at 1.5.1 (0.89s)
Computing version for https://github.com/skiptools/skip-bridge.git
Computed https://github.com/skiptools/skip-bridge.git at 0.17.3 (0.22s)
Fetching https://github.com/skiptools/skip-lib.git
[1/1847] Fetching skip-lib
Fetched https://github.com/skiptools/skip-lib.git from cache (1.02s)
Computing version for https://github.com/skiptools/skip-foundation.git
Computed https://github.com/skiptools/skip-foundation.git at 1.4.3 (1.26s)
Computing version for https://github.com/skiptools/skip.git
Computed https://github.com/skiptools/skip.git at 1.9.6 (0.24s)
Computing version for https://github.com/skiptools/skip-lib.git
Computed https://github.com/skiptools/skip-lib.git at 1.4.1 (0.22s)
Fetching https://github.com/skiptools/skip-unit.git
[1/1133] Fetching skip-unit
Fetched https://github.com/skiptools/skip-unit.git from cache (0.44s)
Computing version for https://github.com/skiptools/skip-unit.git
Computed https://github.com/skiptools/skip-unit.git at 1.7.1 (0.66s)
Creating working copy for https://github.com/skiptools/skip.git
Working copy of https://github.com/skiptools/skip.git resolved at 1.9.6
Creating working copy for https://github.com/skiptools/skip-android-bridge.git
Working copy of https://github.com/skiptools/skip-android-bridge.git resolved at 0.6.5
Creating working copy for https://github.com/skiptools/skip-unit.git
Working copy of https://github.com/skiptools/skip-unit.git resolved at 1.7.1
Creating working copy for https://github.com/skiptools/swift-android-native.git
Working copy of https://github.com/skiptools/swift-android-native.git resolved at 1.5.1
Creating working copy for https://github.com/skiptools/swift-jni.git
Working copy of https://github.com/skiptools/swift-jni.git resolved at 0.5.0
Creating working copy for https://github.com/skiptools/skip-lib.git
Working copy of https://github.com/skiptools/skip-lib.git resolved at 1.4.1
Creating working copy for https://github.com/skiptools/skip-bridge.git
Working copy of https://github.com/skiptools/skip-bridge.git resolved at 0.17.3
Creating working copy for https://github.com/skiptools/skip-foundation.git
Working copy of https://github.com/skiptools/skip-foundation.git resolved at 1.4.3
Downloading binary artifact https://github.com/skiptools/skip/releases/download/1.9.6/skip-linux.zip
[6350/167260475] Downloading https://github.com/skiptools/skip/releases/download/1.9.6/skip-linux.zip
Downloaded https://github.com/skiptools/skip/releases/download/1.9.6/skip-linux.zip (8.34s)
warning: 'swift-android-native': 'swift-android-native' dependency on 'https://source.skip.tools/swift-jni.git' conflicts with dependency on 'https://github.com/skiptools/swift-jni.git' which has the same identity 'swift-jni'. this will be escalated to an error in future versions of SwiftPM.
[1/1] Compiling plugin Create SkipLink
[2/2] Compiling plugin skipstone
Building for debugging...
[2/38] Write sources
[3/38] Copying Info.plist
[6/38] Write sources
[9/38] Copying Info.plist
[11/38] Compiling CJNI cjni.c
note: Skip 1.9.6: skipstone plugin to: /host/spi-builder-workspace/.build/plugins/outputs/skip-unit/SkipUnit/destination/skipstone/SkipUnit/src/main at 01:51:03
/host/spi-builder-workspace/.build/checkouts/skip-unit/Sources/SkipUnit/Skip/skip.yml: note: loading skip.yml from /host/spi-builder-workspace/.build/checkouts/skip-unit/Sources/SkipUnit/Skip/skip.yml
note: skip.yml aggregate created (567 ms) for modules: ["SkipUnit"]
/host/spi-builder-workspace/.build/checkouts/skip-unit/Sources/SkipUnit/Skip/XCTest.kt: note: SkipUnit/src/main/kotlin/skip/unit/XCTest.kt override linked from project source /host/spi-builder-workspace/.build/checkouts/skip-unit/Sources/SkipUnit/Skip/XCTest.kt
/host/spi-builder-workspace/.build/plugins/outputs/skip-unit/SkipUnit/destination/skipstone/SkipUnit.skipcode.json: note: SkipUnit.skipcode.json (24 KB) codebase written
/host/spi-builder-workspace/.build/plugins/outputs/skip-unit/SkipUnit/destination/skipstone/gradle/wrapper/gradle-wrapper.properties: note: gradle/wrapper/gradle-wrapper.properties (80 bytes) gradle wrapper written
/host/spi-builder-workspace/.build/plugins/outputs/skip-unit/SkipUnit/destination/skipstone/SkipUnit/proguard-rules.pro: note: SkipUnit/proguard-rules.pro (350 bytes) proguard written
/host/spi-builder-workspace/.build/plugins/outputs/skip-unit/SkipUnit/destination/skipstone/SkipUnit/build.gradle.kts: note: SkipUnit/build.gradle.kts (3 KB) gradle project written
/host/spi-builder-workspace/.build/plugins/outputs/skip-unit/SkipUnit/destination/skipstone/gradle.properties: note: gradle.properties (79 bytes) gradle config written
/host/spi-builder-workspace/.build/plugins/outputs/skip-unit/SkipUnit/destination/skipstone/settings.gradle.kts: note: settings.gradle.kts (3 KB) gradle settings written
/host/spi-builder-workspace/.build/plugins/outputs/skip-unit/SkipUnit/destination/skipstone/.SkipUnit.sourcehash: note: .SkipUnit.sourcehash (287 bytes) sourcehash written
[12/38] Skip SkipUnit
[13/38] Write swift-version-24593BA9C3E375BF.txt
[14/38] Copying .SkipUnit.sourcehash
note: Skip 1.9.6: skipstone plugin to: /host/spi-builder-workspace/.build/plugins/outputs/skip-lib/SkipLib/destination/skipstone/SkipLib/src/main at 01:51:04
/host/spi-builder-workspace/.build/checkouts/skip-lib/Sources/SkipLib/Skip/skip.yml: note: loading skip.yml from /host/spi-builder-workspace/.build/checkouts/skip-lib/Sources/SkipLib/Skip/skip.yml
/host/spi-builder-workspace/.build/checkouts/skip-unit/Sources/SkipUnit/Skip/skip.yml: note: SkipUnit skip.yml config loaded (589 ms)
note: skip.yml aggregate created (601 ms) for modules: ["SkipLib", "SkipUnit"]
/host/spi-builder-workspace/.build/plugins/outputs/skip-unit/SkipUnit/destination/skipstone/SkipUnit.skipcode.json: note: SkipUnit.skipcode.json codebase (24 KB) loaded (9 ms) for SkipUnit
/host/spi-builder-workspace/.build/checkouts/skip-lib/Sources/SkipLib/Skip/Hashable.kt: note: SkipLib/src/main/kotlin/skip/lib/Hashable.kt override linked from project source /host/spi-builder-workspace/.build/checkouts/skip-lib/Sources/SkipLib/Skip/Hashable.kt
/host/spi-builder-workspace/.build/checkouts/skip-lib/Sources/SkipLib/Skip/Duration.kt: note: SkipLib/src/main/kotlin/skip/lib/Duration.kt override linked from project source /host/spi-builder-workspace/.build/checkouts/skip-lib/Sources/SkipLib/Skip/Duration.kt
/host/spi-builder-workspace/.build/checkouts/skip-lib/Sources/SkipLib/Skip/Codable.kt: note: SkipLib/src/main/kotlin/skip/lib/Codable.kt override linked from project source /host/spi-builder-workspace/.build/checkouts/skip-lib/Sources/SkipLib/Skip/Codable.kt
/host/spi-builder-workspace/.build/checkouts/skip-lib/Sources/SkipLib/Skip/CaseIterable.kt: note: SkipLib/src/main/kotlin/skip/lib/CaseIterable.kt override linked from project source /host/spi-builder-workspace/.build/checkouts/skip-lib/Sources/SkipLib/Skip/CaseIterable.kt
/host/spi-builder-workspace/.build/checkouts/skip-lib/Sources/SkipLib/Skip/SetAlgebra.kt: note: SkipLib/src/main/kotlin/skip/lib/SetAlgebra.kt override linked from project source /host/spi-builder-workspace/.build/checkouts/skip-lib/Sources/SkipLib/Skip/SetAlgebra.kt
/host/spi-builder-workspace/.build/checkouts/skip-lib/Sources/SkipLib/Skip/Copyable.kt: note: SkipLib/src/main/kotlin/skip/lib/Copyable.kt override linked from project source /host/spi-builder-workspace/.build/checkouts/skip-lib/Sources/SkipLib/Skip/Copyable.kt
/host/spi-builder-workspace/.build/checkouts/skip-lib/Sources/SkipLib/Skip/InOut.kt: note: SkipLib/src/main/kotlin/skip/lib/InOut.kt override linked from project source /host/spi-builder-workspace/.build/checkouts/skip-lib/Sources/SkipLib/Skip/InOut.kt
/host/spi-builder-workspace/.build/checkouts/skip-lib/Sources/SkipLib/Skip/Error.kt: note: SkipLib/src/main/kotlin/skip/lib/Error.kt override linked from project source /host/spi-builder-workspace/.build/checkouts/skip-lib/Sources/SkipLib/Skip/Error.kt
/host/spi-builder-workspace/.build/checkouts/skip-lib/Sources/SkipLib/Skip/Dictionary.kt: note: SkipLib/src/main/kotlin/skip/lib/Dictionary.kt override linked from project source /host/spi-builder-workspace/.build/checkouts/skip-lib/Sources/SkipLib/Skip/Dictionary.kt
/host/spi-builder-workspace/.build/checkouts/skip-lib/Sources/SkipLib/Skip/IntSet.kt: note: SkipLib/src/main/kotlin/skip/lib/IntSet.kt override linked from project source /host/spi-builder-workspace/.build/checkouts/skip-lib/Sources/SkipLib/Skip/IntSet.kt
/host/spi-builder-workspace/.build/checkouts/skip-lib/Sources/SkipLib/Skip/Equatable.kt: note: SkipLib/src/main/kotlin/skip/lib/Equatable.kt override linked from project source /host/spi-builder-workspace/.build/checkouts/skip-lib/Sources/SkipLib/Skip/Equatable.kt
/host/spi-builder-workspace/.build/checkouts/skip-lib/Sources/SkipLib/Skip/Lambda.kt: note: SkipLib/src/main/kotlin/skip/lib/Lambda.kt override linked from project source /host/spi-builder-workspace/.build/checkouts/skip-lib/Sources/SkipLib/Skip/Lambda.kt
/host/spi-builder-workspace/.build/checkouts/skip-lib/Sources/SkipLib/Skip/Numbers.kt: note: SkipLib/src/main/kotlin/skip/lib/Numbers.kt override linked from project source /host/spi-builder-workspace/.build/checkouts/skip-lib/Sources/SkipLib/Skip/Numbers.kt
/host/spi-builder-workspace/.build/checkouts/skip-lib/Sources/SkipLib/Skip/Tuple.kt: note: SkipLib/src/main/kotlin/skip/lib/Tuple.kt override linked from project source /host/spi-builder-workspace/.build/checkouts/skip-lib/Sources/SkipLib/Skip/Tuple.kt
/host/spi-builder-workspace/.build/checkouts/skip-lib/Sources/SkipLib/Skip/KotlinSupport.kt: note: SkipLib/src/main/kotlin/skip/lib/KotlinSupport.kt override linked from project source /host/spi-builder-workspace/.build/checkouts/skip-lib/Sources/SkipLib/Skip/KotlinSupport.kt
/host/spi-builder-workspace/.build/checkouts/skip-lib/Sources/SkipLib/Skip/Set.kt: note: SkipLib/src/main/kotlin/skip/lib/Set.kt override linked from project source /host/spi-builder-workspace/.build/checkouts/skip-lib/Sources/SkipLib/Skip/Set.kt
/host/spi-builder-workspace/.build/checkouts/skip-lib/Sources/SkipLib/Skip/Optional.kt: note: SkipLib/src/main/kotlin/skip/lib/Optional.kt override linked from project source /host/spi-builder-workspace/.build/checkouts/skip-lib/Sources/SkipLib/Skip/Optional.kt
/host/spi-builder-workspace/.build/checkouts/skip-lib/Sources/SkipLib/Skip/StringInterpolationProtocol.kt: note: SkipLib/src/main/kotlin/skip/lib/StringInterpolationProtocol.kt override linked from project source /host/spi-builder-workspace/.build/checkouts/skip-lib/Sources/SkipLib/Skip/StringInterpolationProtocol.kt
/host/spi-builder-workspace/.build/checkouts/skip-lib/Sources/SkipLib/Skip/Bool.kt: note: SkipLib/src/main/kotlin/skip/lib/Bool.kt override linked from project source /host/spi-builder-workspace/.build/checkouts/skip-lib/Sources/SkipLib/Skip/Bool.kt
/host/spi-builder-workspace/.build/checkouts/skip-lib/Sources/SkipLib/Skip/Struct.kt: note: SkipLib/src/main/kotlin/skip/lib/Struct.kt override linked from project source /host/spi-builder-workspace/.build/checkouts/skip-lib/Sources/SkipLib/Skip/Struct.kt
/host/spi-builder-workspace/.build/checkouts/skip-lib/Sources/SkipLib/Skip/Clock.kt: note: SkipLib/src/main/kotlin/skip/lib/Clock.kt override linked from project source /host/spi-builder-workspace/.build/checkouts/skip-lib/Sources/SkipLib/Skip/Clock.kt
/host/spi-builder-workspace/.build/checkouts/skip-lib/Sources/SkipLib/Skip/Concurrency.kt: note: SkipLib/src/main/kotlin/skip/lib/Concurrency.kt override linked from project source /host/spi-builder-workspace/.build/checkouts/skip-lib/Sources/SkipLib/Skip/Concurrency.kt
/host/spi-builder-workspace/.build/checkouts/skip-lib/Sources/SkipLib/Skip/CustomStringConvertible.kt: note: SkipLib/src/main/kotlin/skip/lib/CustomStringConvertible.kt override linked from project source /host/spi-builder-workspace/.build/checkouts/skip-lib/Sources/SkipLib/Skip/CustomStringConvertible.kt
/host/spi-builder-workspace/.build/checkouts/skip-lib/Sources/SkipLib/Skip/String.kt: note: SkipLib/src/main/kotlin/skip/lib/String.kt override linked from project source /host/spi-builder-workspace/.build/checkouts/skip-lib/Sources/SkipLib/Skip/String.kt
/host/spi-builder-workspace/.build/checkouts/skip-lib/Sources/SkipLib/Skip/OptionSet.kt: note: SkipLib/src/main/kotlin/skip/lib/OptionSet.kt override linked from project source /host/spi-builder-workspace/.build/checkouts/skip-lib/Sources/SkipLib/Skip/OptionSet.kt
/host/spi-builder-workspace/.build/checkouts/skip-lib/Sources/SkipLib/Skip/Array.kt: note: SkipLib/src/main/kotlin/skip/lib/Array.kt override linked from project source /host/spi-builder-workspace/.build/checkouts/skip-lib/Sources/SkipLib/Skip/Array.kt
/host/spi-builder-workspace/.build/checkouts/skip-lib/Sources/SkipLib/Skip/Globals.kt: note: SkipLib/src/main/kotlin/skip/lib/Globals.kt override linked from project source /host/spi-builder-workspace/.build/checkouts/skip-lib/Sources/SkipLib/Skip/Globals.kt
/host/spi-builder-workspace/.build/checkouts/skip-lib/Sources/SkipLib/Skip/Collections.kt: note: SkipLib/src/main/kotlin/skip/lib/Collections.kt override linked from project source /host/spi-builder-workspace/.build/checkouts/skip-lib/Sources/SkipLib/Skip/Collections.kt
/host/spi-builder-workspace/.build/plugins/outputs/skip-lib/SkipLib/destination/skipstone/SkipLib/src/main/kotlin/skip/lib/BridgeSupport.kt: note: SkipLib/src/main/kotlin/skip/lib/BridgeSupport.kt (849 bytes) transpilation saved from BridgeSupport.swift (845 bytes) in 2 ms
/host/spi-builder-workspace/.build/plugins/outputs/skip-lib/SkipLib/destination/skipstone/SkipLib/src/main/kotlin/skip/lib/RawRepresentable.kt: note: SkipLib/src/main/kotlin/skip/lib/RawRepresentable.kt (207 bytes) transpilation saved from RawRepresentable.swift (237 bytes) in 1 ms
/host/spi-builder-workspace/.build/plugins/outputs/skip-lib/SkipLib/destination/skipstone/SkipLib/src/main/kotlin/skip/lib/SkipLib.kt: note: SkipLib/src/main/kotlin/skip/lib/SkipLib.kt (196 bytes) transpilation saved from SkipLib.swift (217 bytes) in 0 ms
/host/spi-builder-workspace/.build/plugins/outputs/skip-lib/SkipLib/destination/skipstone/SkipLib/src/main/kotlin/skip/lib/Pointer.kt: note: SkipLib/src/main/kotlin/skip/lib/Pointer.kt (5 KB) transpilation saved from Pointer.swift (2 KB) in 3 ms
/host/spi-builder-workspace/.build/plugins/outputs/skip-lib/SkipLib/destination/skipstone/SkipLib/src/main/kotlin/skip/lib/Identifiable.kt: note: SkipLib/src/main/kotlin/skip/lib/Identifiable.kt (228 bytes) transpilation saved from Identifiable.swift (320 bytes) in 4 ms
/host/spi-builder-workspace/.build/plugins/outputs/skip-lib/SkipLib/destination/skipstone/SkipLib/src/main/kotlin/skip/lib/ObjectIdentifier.kt: note: SkipLib/src/main/kotlin/skip/lib/ObjectIdentifier.kt (647 bytes) transpilation saved from ObjectIdentifier.swift (282 bytes) in 4 ms
/host/spi-builder-workspace/.build/plugins/outputs/skip-lib/SkipLib/destination/skipstone/SkipLib/src/main/kotlin/skip/lib/Random.kt: note: SkipLib/src/main/kotlin/skip/lib/Random.kt (1 KB) transpilation saved from Random.swift (3 KB) in 7 ms
/host/spi-builder-workspace/.build/plugins/outputs/skip-lib/SkipLib/destination/skipstone/SkipLib/src/main/kotlin/skip/lib/Result.kt: note: SkipLib/src/main/kotlin/skip/lib/Result.kt (3 KB) transpilation saved from Result.swift (2 KB) in 8 ms
/host/spi-builder-workspace/.build/plugins/outputs/skip-lib/SkipLib/destination/skipstone/SkipLib/src/main/kotlin/skip/lib/CodableSupport.kt: note: SkipLib/src/main/kotlin/skip/lib/CodableSupport.kt (4 KB) transpilation saved from CodableSupport.swift (3 KB) in 11 ms
/host/spi-builder-workspace/.build/plugins/outputs/skip-lib/SkipLib/destination/skipstone/SkipLib/src/main/kotlin/skip/lib/Regex.kt: note: SkipLib/src/main/kotlin/skip/lib/Regex.kt (3 KB) transpilation saved from Regex.swift (3 KB) in 13 ms
/host/spi-builder-workspace/.build/plugins/outputs/skip-lib/SkipLib/destination/skipstone/SkipLib/src/main/kotlin/skip/lib/CoreGraphics.kt: note: SkipLib/src/main/kotlin/skip/lib/CoreGraphics.kt (15 KB) transpilation saved from CoreGraphics.swift (9 KB) in 34 ms
/host/spi-builder-workspace/.build/plugins/outputs/skip-lib/SkipLib/destination/skipstone/SkipLib/src/main/kotlin/skip/lib/Math.kt: note: SkipLib/src/main/kotlin/skip/lib/Math.kt (28 KB) transpilation saved from Math.swift (15 KB) in 38 ms
/host/spi-builder-workspace/.build/plugins/outputs/skip-lib/SkipLib/destination/skipstone/SkipLib/src/main/kotlin/skip/lib/AsyncStream.kt: note: SkipLib/src/main/kotlin/skip/lib/AsyncStream.kt (26 KB) transpilation saved from AsyncStream.swift (18 KB) in 63 ms
/host/spi-builder-workspace/.build/plugins/outputs/skip-lib/SkipLib/destination/skipstone/SkipLib/src/main/kotlin/skip/lib/PackageSupport.kt: note: SkipLib/src/main/kotlin/skip/lib/PackageSupport.kt (740 bytes) transpilation saved from PackageSupport.swift (Zero KB) in 0 ms
/host/spi-builder-workspace/.build/plugins/outputs/skip-lib/SkipLib/destination/skipstone/SkipLib.skipcode.json: note: SkipLib.skipcode.json (717 KB) codebase written
/host/spi-builder-workspace/.build/plugins/outputs/skip-lib/SkipLib/destination/skipstone/gradle/wrapper/gradle-wrapper.properties: note: gradle/wrapper/gradle-wrapper.properties (80 bytes) gradle wrapper written
/host/spi-builder-workspace/.build/plugins/outputs/skip-lib/SkipLib/destination/skipstone/SkipLib/proguard-rules.pro: note: SkipLib/proguard-rules.pro (349 bytes) proguard written
/host/spi-builder-workspace/.build/plugins/outputs/skip-lib/SkipLib/destination/skipstone/SkipLib/build.gradle.kts: note: SkipLib/build.gradle.kts (3 KB) gradle project written
/host/spi-builder-workspace/.build/plugins/outputs/skip-lib/SkipLib/destination/skipstone/gradle.properties: note: gradle.properties (79 bytes) gradle config written
/host/spi-builder-workspace/.build/plugins/outputs/skip-lib/SkipLib/destination/skipstone/settings.gradle.kts: note: settings.gradle.kts (3 KB) gradle settings written
/host/spi-builder-workspace/.build/plugins/outputs/skip-lib/SkipLib/destination/skipstone/.SkipLib.sourcehash: note: .SkipLib.sourcehash (6 KB) sourcehash written
[15/43] Skip SkipLib
[16/43] Copying .SkipLib.sourcehash
note: Skip 1.9.6: skipstone plugin to: /host/spi-builder-workspace/.build/plugins/outputs/skip-bridge/SkipBridge/destination/skipstone/SkipBridge/src/main at 01:51:05
/host/spi-builder-workspace/.build/checkouts/skip-bridge/Sources/SkipBridge/Skip/skip.yml: note: loading skip.yml from /host/spi-builder-workspace/.build/checkouts/skip-bridge/Sources/SkipBridge/Skip/skip.yml
/host/spi-builder-workspace/.build/checkouts/skip-lib/Sources/SkipLib/Skip/skip.yml: note: SkipLib skip.yml config loaded (9 ms)
/host/spi-builder-workspace/.build/checkouts/skip-unit/Sources/SkipUnit/Skip/skip.yml: note: SkipUnit skip.yml config loaded (605 ms)
note: skip.yml aggregate created (1111 ms) for modules: ["SkipBridge", "SkipLib", "SkipUnit"]
/host/spi-builder-workspace/.build/plugins/outputs/skip-lib/SkipLib/destination/skipstone/SkipLib.skipcode.json: note: SkipLib.skipcode.json codebase (717 KB) loaded (204 ms) for SkipLib
/host/spi-builder-workspace/.build/plugins/outputs/skip-unit/SkipUnit/destination/skipstone/SkipUnit.skipcode.json: note: SkipUnit.skipcode.json codebase (24 KB) loaded (8 ms) for SkipUnit
/host/spi-builder-workspace/.build/checkouts/skip-bridge/Sources/SkipBridge/Skip/Reflector.kt: note: SkipBridge/src/main/kotlin/skip/bridge/Reflector.kt override linked from project source /host/spi-builder-workspace/.build/checkouts/skip-bridge/Sources/SkipBridge/Skip/Reflector.kt
/host/spi-builder-workspace/.build/checkouts/skip-bridge/Sources/SkipBridge/Skip/AndroidManifest.xml: note: SkipBridge/src/main/AndroidManifest.xml override linked from project source /host/spi-builder-workspace/.build/checkouts/skip-bridge/Sources/SkipBridge/Skip/AndroidManifest.xml
/host/spi-builder-workspace/.build/plugins/outputs/skip-bridge/SkipBridge/destination/skipstone/SkipBridge/src/main/kotlin/skip/bridge/BridgeSupport.kt: note: SkipBridge/src/main/kotlin/skip/bridge/BridgeSupport.kt (1 KB) transpilation saved from BridgeSupport.swift (9 KB) in 14 ms
/host/spi-builder-workspace/.build/plugins/outputs/skip-bridge/SkipBridge/destination/skipstone/SkipBridge/src/main/kotlin/skip/bridge/SwiftEquatable.kt: note: SkipBridge/src/main/kotlin/skip/bridge/SwiftEquatable.kt (1 KB) transpilation saved from SwiftEquatable.swift (5 KB) in 16 ms
/host/spi-builder-workspace/.build/plugins/outputs/skip-bridge/SkipBridge/destination/skipstone/SkipBridge/src/main/kotlin/skip/bridge/SwiftHashable.kt: note: SkipBridge/src/main/kotlin/skip/bridge/SwiftHashable.kt (1 KB) transpilation saved from SwiftHashable.swift (5 KB) in 14 ms
/host/spi-builder-workspace/.build/plugins/outputs/skip-bridge/SkipBridge/destination/skipstone/SkipBridge/src/main/kotlin/skip/bridge/System.kt: note: SkipBridge/src/main/kotlin/skip/bridge/System.kt (4 KB) transpilation saved from System.swift (9 KB) in 18 ms
/host/spi-builder-workspace/.build/plugins/outputs/skip-bridge/SkipBridge/destination/skipstone/SkipBridge/src/main/kotlin/skip/bridge/BridgedTypes.kt: note: SkipBridge/src/main/kotlin/skip/bridge/BridgedTypes.kt (3 KB) transpilation saved from BridgedTypes.swift (51 KB) in 39 ms
/host/spi-builder-workspace/.build/plugins/outputs/skip-bridge/SkipBridge/destination/skipstone/SkipBridge/src/main/kotlin/skip/bridge/Closures.kt: note: SkipBridge/src/main/kotlin/skip/bridge/Closures.kt (13 KB) transpilation saved from Closures.swift (86 KB) in 136 ms
/host/spi-builder-workspace/.build/plugins/outputs/skip-bridge/SkipBridge/destination/skipstone/SkipBridge.skipcode.json: note: SkipBridge.skipcode.json (63 KB) codebase written
/host/spi-builder-workspace/.build/plugins/outputs/skip-bridge/SkipBridge/destination/skipstone/SkipBridge/src/main/swift/Package.swift: note: SkipBridge/src/main/swift/Package.swift (5 KB) skippackage written
/host/spi-builder-workspace/.build/plugins/outputs/skip-bridge/SkipBridge/destination/skipstone/gradle/wrapper/gradle-wrapper.properties: note: gradle/wrapper/gradle-wrapper.properties (80 bytes) gradle wrapper written
/host/spi-builder-workspace/.build/plugins/outputs/skip-bridge/SkipBridge/destination/skipstone/SkipBridge/proguard-rules.pro: note: SkipBridge/proguard-rules.pro (352 bytes) proguard written
/host/spi-builder-workspace/.build/plugins/outputs/skip-bridge/SkipBridge/destination/skipstone/SkipBridge/build.gradle.kts: note: SkipBridge/build.gradle.kts (6 KB) gradle project written
/host/spi-builder-workspace/.build/plugins/outputs/skip-bridge/SkipBridge/destination/skipstone/gradle.properties: note: gradle.properties (79 bytes) gradle config written
/host/spi-builder-workspace/.build/plugins/outputs/skip-bridge/SkipBridge/destination/skipstone/settings.gradle.kts: note: settings.gradle.kts (3 KB) gradle settings written
/host/spi-builder-workspace/.build/plugins/outputs/skip-bridge/SkipBridge/destination/skipstone/.SkipBridge.sourcehash: note: .SkipBridge.sourcehash (998 bytes) sourcehash written
[17/43] Skip SkipBridge
[18/43] Copying .SkipBridge.sourcehash
[20/43] Compiling SwiftJNI SwiftJNI.swift
/host/spi-builder-workspace/.build/checkouts/swift-jni/Sources/SwiftJNI/SwiftJNI.swift:1479:23: error: cannot find 'dlopen' in scope
1477 | for libname in [nil, "libnativehelper.so", "libart.so", "libdvm.so"] {
1478 | // Windows TODO: need to use LoadLibraryW (see https://github.com/swiftlang/sourcekit-lsp/blob/main/Sources/SourceKitD/dlopen.swift)
1479 | let lib = dlopen(libname, RTLD_NOW)
| `- error: cannot find 'dlopen' in scope
1480 | typealias JavaVMPtr = UnsafeMutablePointer<JavaVM?>
1481 | typealias GetCreatedJavaVMs = @convention(c) (_ pvm: UnsafeMutablePointer<JavaVMPtr?>, _ count: Int32, _ num: UnsafeMutablePointer<Int32>) -> jint
/host/spi-builder-workspace/.build/checkouts/swift-jni/Sources/SwiftJNI/SwiftJNI.swift:1479:39: error: cannot find 'RTLD_NOW' in scope
1477 | for libname in [nil, "libnativehelper.so", "libart.so", "libdvm.so"] {
1478 | // Windows TODO: need to use LoadLibraryW (see https://github.com/swiftlang/sourcekit-lsp/blob/main/Sources/SourceKitD/dlopen.swift)
1479 | let lib = dlopen(libname, RTLD_NOW)
| `- error: cannot find 'RTLD_NOW' in scope
1480 | typealias JavaVMPtr = UnsafeMutablePointer<JavaVM?>
1481 | typealias GetCreatedJavaVMs = @convention(c) (_ pvm: UnsafeMutablePointer<JavaVMPtr?>, _ count: Int32, _ num: UnsafeMutablePointer<Int32>) -> jint
/host/spi-builder-workspace/.build/checkouts/swift-jni/Sources/SwiftJNI/SwiftJNI.swift:1484:43: error: cannot find 'dlsym' in scope
1482 |
1483 | // Windows TODO: need to use GetProcAddress
1484 | guard let getCreatedJavaVMs = dlsym(lib, "JNI_GetCreatedJavaVMs").map({ unsafeBitCast($0, to: (GetCreatedJavaVMs).self) }) else {
| `- error: cannot find 'dlsym' in scope
1485 | continue
1486 | }
/host/spi-builder-workspace/.build/checkouts/swift-jni/Sources/SwiftJNI/SwiftJNI.swift:1519:44: error: cannot find 'dlsym' in scope
1517 | typealias CreateJavaVM = @convention(c) (_ pvm: UnsafeMutablePointer<UnsafeMutablePointer<JavaVM?>?>?, _ penv: UnsafeMutablePointer<UnsafeMutablePointer<JNIEnv?>?>?, _ args: UnsafeMutableRawPointer) -> jint
1518 |
1519 | guard let JNI_CreateJavaVM_dlsym = dlsym(library, "JNI_CreateJavaVM").map({ unsafeBitCast($0, to: (CreateJavaVM).self) }) else {
| `- error: cannot find 'dlsym' in scope
1520 | throw JVMError(description: "Unable to dlsym JNI_CreateJavaVM")
1521 | }
/host/spi-builder-workspace/.build/checkouts/swift-jni/Sources/SwiftJNI/SwiftJNI.swift:1568:12: error: cannot find 'getenv' in scope
1566 |
1567 | // if JAVA_HOME is unset, default to the Homebrew installation
1568 | if getenv("JAVA_HOME") == nil {
| `- error: cannot find 'getenv' in scope
1569 | if FileManager.default.fileExists(atPath: "/opt/homebrew/opt/java") {
1570 | setenv("JAVA_HOME", "/opt/homebrew/opt/java", 0) // Homebrew ARM location
/host/spi-builder-workspace/.build/checkouts/swift-jni/Sources/SwiftJNI/SwiftJNI.swift:1570:17: error: cannot find 'setenv' in scope
1568 | if getenv("JAVA_HOME") == nil {
1569 | if FileManager.default.fileExists(atPath: "/opt/homebrew/opt/java") {
1570 | setenv("JAVA_HOME", "/opt/homebrew/opt/java", 0) // Homebrew ARM location
| `- error: cannot find 'setenv' in scope
1571 | } else if FileManager.default.fileExists(atPath: "/usr/local/opt/java") {
1572 | setenv("JAVA_HOME", "/usr/local/opt/java", 0) // Homebrew Intel location
/host/spi-builder-workspace/.build/checkouts/swift-jni/Sources/SwiftJNI/SwiftJNI.swift:1572:17: error: cannot find 'setenv' in scope
1570 | setenv("JAVA_HOME", "/opt/homebrew/opt/java", 0) // Homebrew ARM location
1571 | } else if FileManager.default.fileExists(atPath: "/usr/local/opt/java") {
1572 | setenv("JAVA_HOME", "/usr/local/opt/java", 0) // Homebrew Intel location
| `- error: cannot find 'setenv' in scope
1573 | } else {
1574 | throw JVMError(description: "No JAVA_HOME set, and could not locate default Java installation")
/host/spi-builder-workspace/.build/checkouts/swift-jni/Sources/SwiftJNI/SwiftJNI.swift:1577:25: error: cannot find 'getenv' in scope
1575 | }
1576 | }
1577 | let JAVA_HOME = getenv("JAVA_HOME")!
| `- error: cannot find 'getenv' in scope
1578 | let javaHome = URL(fileURLWithPath: String(validatingUTF8: JAVA_HOME)!)
1579 |
/host/spi-builder-workspace/.build/checkouts/swift-jni/Sources/SwiftJNI/SwiftJNI.swift:1598:79: error: cannot infer key path type from context; consider explicitly specifying a root type
1596 |
1597 | guard let lib = libs.first(where: { FileManager.default.isReadableFile(atPath: $0.path) }) else {
1598 | throw JVMError(description: "Could not find libjvm in: \(libs.map(\.path))")
| `- error: cannot infer key path type from context; consider explicitly specifying a root type
1599 | }
1600 |
/host/spi-builder-workspace/.build/checkouts/swift-jni/Sources/SwiftJNI/SwiftJNI.swift:1602:27: error: cannot find 'dlopen' in scope
1600 |
1601 | // TODO: on macOS, reduce signal interception debugging issues by locating libjsig.dylib and adding it to DYLD_INSERT_LIBRARIES
1602 | guard let dylib = dlopen(lib.path, RTLD_NOW) else {
| `- error: cannot find 'dlopen' in scope
1603 | if let error = dlerror() {
1604 | throw JVMError(description: "dlopen error: \(String(cString: error))")
/host/spi-builder-workspace/.build/checkouts/swift-jni/Sources/SwiftJNI/SwiftJNI.swift:1602:44: error: cannot find 'RTLD_NOW' in scope
1600 |
1601 | // TODO: on macOS, reduce signal interception debugging issues by locating libjsig.dylib and adding it to DYLD_INSERT_LIBRARIES
1602 | guard let dylib = dlopen(lib.path, RTLD_NOW) else {
| `- error: cannot find 'RTLD_NOW' in scope
1603 | if let error = dlerror() {
1604 | throw JVMError(description: "dlopen error: \(String(cString: error))")
/host/spi-builder-workspace/.build/checkouts/swift-jni/Sources/SwiftJNI/SwiftJNI.swift:1603:28: error: cannot find 'dlerror' in scope
1601 | // TODO: on macOS, reduce signal interception debugging issues by locating libjsig.dylib and adding it to DYLD_INSERT_LIBRARIES
1602 | guard let dylib = dlopen(lib.path, RTLD_NOW) else {
1603 | if let error = dlerror() {
| `- error: cannot find 'dlerror' in scope
1604 | throw JVMError(description: "dlopen error: \(String(cString: error))")
1605 | } else {
/host/spi-builder-workspace/.build/checkouts/swift-jni/Sources/SwiftJNI/SwiftJNI.swift:1621:27: error: cannot find 'strlen' in scope
1619 | init(_ string: String) {
1620 | (length, buffer) = string.withCString {
1621 | let len = Int(strlen($0) + 1)
| `- error: cannot find 'strlen' in scope
1622 | let dst = UnsafePointer(strcpy(UnsafeMutablePointer<CChar>.allocate(capacity: len), $0))
1623 | return (len, dst!)
/host/spi-builder-workspace/.build/checkouts/swift-jni/Sources/SwiftJNI/SwiftJNI.swift:1622:37: error: cannot find 'strcpy' in scope
1620 | (length, buffer) = string.withCString {
1621 | let len = Int(strlen($0) + 1)
1622 | let dst = UnsafePointer(strcpy(UnsafeMutablePointer<CChar>.allocate(capacity: len), $0))
| `- error: cannot find 'strcpy' in scope
1623 | return (len, dst!)
1624 | }
error: emit-module command failed with exit code 1 (use -v to see invocation)
[21/43] Emitting module SwiftJNI
/host/spi-builder-workspace/.build/checkouts/swift-jni/Sources/SwiftJNI/SwiftJNI.swift:1479:23: error: cannot find 'dlopen' in scope
1477 | for libname in [nil, "libnativehelper.so", "libart.so", "libdvm.so"] {
1478 | // Windows TODO: need to use LoadLibraryW (see https://github.com/swiftlang/sourcekit-lsp/blob/main/Sources/SourceKitD/dlopen.swift)
1479 | let lib = dlopen(libname, RTLD_NOW)
| `- error: cannot find 'dlopen' in scope
1480 | typealias JavaVMPtr = UnsafeMutablePointer<JavaVM?>
1481 | typealias GetCreatedJavaVMs = @convention(c) (_ pvm: UnsafeMutablePointer<JavaVMPtr?>, _ count: Int32, _ num: UnsafeMutablePointer<Int32>) -> jint
/host/spi-builder-workspace/.build/checkouts/swift-jni/Sources/SwiftJNI/SwiftJNI.swift:1479:39: error: cannot find 'RTLD_NOW' in scope
1477 | for libname in [nil, "libnativehelper.so", "libart.so", "libdvm.so"] {
1478 | // Windows TODO: need to use LoadLibraryW (see https://github.com/swiftlang/sourcekit-lsp/blob/main/Sources/SourceKitD/dlopen.swift)
1479 | let lib = dlopen(libname, RTLD_NOW)
| `- error: cannot find 'RTLD_NOW' in scope
1480 | typealias JavaVMPtr = UnsafeMutablePointer<JavaVM?>
1481 | typealias GetCreatedJavaVMs = @convention(c) (_ pvm: UnsafeMutablePointer<JavaVMPtr?>, _ count: Int32, _ num: UnsafeMutablePointer<Int32>) -> jint
/host/spi-builder-workspace/.build/checkouts/swift-jni/Sources/SwiftJNI/SwiftJNI.swift:1484:43: error: cannot find 'dlsym' in scope
1482 |
1483 | // Windows TODO: need to use GetProcAddress
1484 | guard let getCreatedJavaVMs = dlsym(lib, "JNI_GetCreatedJavaVMs").map({ unsafeBitCast($0, to: (GetCreatedJavaVMs).self) }) else {
| `- error: cannot find 'dlsym' in scope
1485 | continue
1486 | }
/host/spi-builder-workspace/.build/checkouts/swift-jni/Sources/SwiftJNI/SwiftJNI.swift:1519:44: error: cannot find 'dlsym' in scope
1517 | typealias CreateJavaVM = @convention(c) (_ pvm: UnsafeMutablePointer<UnsafeMutablePointer<JavaVM?>?>?, _ penv: UnsafeMutablePointer<UnsafeMutablePointer<JNIEnv?>?>?, _ args: UnsafeMutableRawPointer) -> jint
1518 |
1519 | guard let JNI_CreateJavaVM_dlsym = dlsym(library, "JNI_CreateJavaVM").map({ unsafeBitCast($0, to: (CreateJavaVM).self) }) else {
| `- error: cannot find 'dlsym' in scope
1520 | throw JVMError(description: "Unable to dlsym JNI_CreateJavaVM")
1521 | }
note: Skip 1.9.6: skipstone plugin to: /host/spi-builder-workspace/.build/plugins/outputs/skip-foundation/SkipFoundation/destination/skipstone/SkipFoundation/src/main at 01:51:05
/host/spi-builder-workspace/.build/checkouts/skip-foundation/Sources/SkipFoundation/Skip/skip.yml: note: loading skip.yml from /host/spi-builder-workspace/.build/checkouts/skip-foundation/Sources/SkipFoundation/Skip/skip.yml
/host/spi-builder-workspace/.build/checkouts/skip-lib/Sources/SkipLib/Skip/skip.yml: note: SkipLib skip.yml config loaded (9 ms)
/host/spi-builder-workspace/.build/checkouts/skip-unit/Sources/SkipUnit/Skip/skip.yml: note: SkipUnit skip.yml config loaded (565 ms)
note: skip.yml aggregate created (593 ms) for modules: ["SkipFoundation", "SkipLib", "SkipUnit"]
/host/spi-builder-workspace/.build/plugins/outputs/skip-lib/SkipLib/destination/skipstone/SkipLib.skipcode.json: note: SkipLib.skipcode.json codebase (717 KB) loaded (190 ms) for SkipLib
/host/spi-builder-workspace/.build/plugins/outputs/skip-unit/SkipUnit/destination/skipstone/SkipUnit.skipcode.json: note: SkipUnit.skipcode.json codebase (24 KB) loaded (5 ms) for SkipUnit
/host/spi-builder-workspace/.build/checkouts/skip-foundation/Sources/SkipFoundation/Skip/UrlEncoderUtil.kt: note: SkipFoundation/src/main/kotlin/skip/foundation/UrlEncoderUtil.kt override linked from project source /host/spi-builder-workspace/.build/checkouts/skip-foundation/Sources/SkipFoundation/Skip/UrlEncoderUtil.kt
/host/spi-builder-workspace/.build/plugins/outputs/skip-foundation/SkipFoundation/destination/skipstone/SkipFoundation/src/main/kotlin/skip/foundation/DateComponentsFormatter.kt: note: SkipFoundation/src/main/kotlin/skip/foundation/DateComponentsFormatter.kt (480 bytes) transpilation saved from DateComponentsFormatter.swift (153 bytes) in 1 ms
/host/spi-builder-workspace/.build/plugins/outputs/skip-foundation/SkipFoundation/destination/skipstone/SkipFoundation/src/main/kotlin/skip/foundation/DateIntervalFormatter.kt: note: SkipFoundation/src/main/kotlin/skip/foundation/DateIntervalFormatter.kt (478 bytes) transpilation saved from DateIntervalFormatter.swift (151 bytes) in 0 ms
/host/spi-builder-workspace/.build/plugins/outputs/skip-foundation/SkipFoundation/destination/skipstone/SkipFoundation/src/main/kotlin/skip/foundation/ComparisonResult.kt: note: SkipFoundation/src/main/kotlin/skip/foundation/ComparisonResult.kt (1 KB) transpilation saved from ComparisonResult.swift (449 bytes) in 5 ms
/host/spi-builder-workspace/.build/plugins/outputs/skip-foundation/SkipFoundation/destination/skipstone/SkipFoundation/src/main/kotlin/skip/foundation/DateInterval.kt: note: SkipFoundation/src/main/kotlin/skip/foundation/DateInterval.kt (4 KB) transpilation saved from DateInterval.swift (2 KB) in 13 ms
/host/spi-builder-workspace/.build/plugins/outputs/skip-foundation/SkipFoundation/destination/skipstone/SkipFoundation/src/main/kotlin/skip/foundation/AttributedString.kt: note: SkipFoundation/src/main/kotlin/skip/foundation/AttributedString.kt (2 KB) transpilation saved from AttributedString.swift (2 KB) in 15 ms
/host/spi-builder-workspace/.build/plugins/outputs/skip-foundation/SkipFoundation/destination/skipstone/SkipFoundation/src/main/kotlin/skip/foundation/Formatter.kt: note: SkipFoundation/src/main/kotlin/skip/foundation/Formatter.kt (5 KB) transpilation saved from Formatter.swift (2 KB) in 16 ms
/host/spi-builder-workspace/.build/plugins/outputs/skip-foundation/SkipFoundation/destination/skipstone/SkipFoundation/src/main/kotlin/skip/foundation/IndexSet.kt: note: SkipFoundation/src/main/kotlin/skip/foundation/IndexSet.kt (140 bytes) transpilation saved from IndexSet.swift (119 bytes) in 0 ms
/host/spi-builder-workspace/.build/plugins/outputs/skip-foundation/SkipFoundation/destination/skipstone/SkipFoundation/src/main/kotlin/skip/foundation/Dispatch.kt: note: SkipFoundation/src/main/kotlin/skip/foundation/Dispatch.kt (11 KB) transpilation saved from Dispatch.swift (6 KB) in 15 ms
/host/spi-builder-workspace/.build/plugins/outputs/skip-foundation/SkipFoundation/destination/skipstone/SkipFoundation/src/main/kotlin/skip/foundation/CharacterSet.kt: note: SkipFoundation/src/main/kotlin/skip/foundation/CharacterSet.kt (19 KB) transpilation saved from CharacterSet.swift (10 KB) in 45 ms
/host/spi-builder-workspace/.build/plugins/outputs/skip-foundation/SkipFoundation/destination/skipstone/SkipFoundation/src/main/kotlin/skip/foundation/DateFormatter.kt: note: SkipFoundation/src/main/kotlin/skip/foundation/DateFormatter.kt (24 KB) transpilation saved from DateFormatter.swift (10 KB) in 65 ms
[21/43] Skip SkipFoundation
[22/43] Compiling SkipUnit XCTest.swift
<unknown>:0: warning: upcoming feature 'InferSendableFromCaptures' is already enabled as of Swift version 6
<unknown>:0: warning: upcoming feature 'GlobalActorIsolatedTypesUsability' is already enabled as of Swift version 6
<unknown>:0: warning: upcoming feature 'DisableOutwardActorInference' is already enabled as of Swift version 6
[23/43] Emitting module SkipUnit
<unknown>:0: warning: upcoming feature 'InferSendableFromCaptures' is already enabled as of Swift version 6
<unknown>:0: warning: upcoming feature 'GlobalActorIsolatedTypesUsability' is already enabled as of Swift version 6
<unknown>:0: warning: upcoming feature 'DisableOutwardActorInference' is already enabled as of Swift version 6
<unknown>:0: warning: upcoming feature 'InferSendableFromCaptures' is already enabled as of Swift version 6
<unknown>:0: warning: upcoming feature 'GlobalActorIsolatedTypesUsability' is already enabled as of Swift version 6
<unknown>:0: warning: upcoming feature 'DisableOutwardActorInference' is already enabled as of Swift version 6
Running build ...
bash -c docker run --pull=always --rm -v "checkouts-54344845-0":/host -w "$PWD" -e JAVA_HOME="/root/.sdkman/candidates/java/current" -e SPI_BUILD="1" -e SPI_PROCESSING="1" registry.gitlab.com/saguaro1/spi-images:wasm-6.1-latest swift build --swift-sdk wasm32-unknown-wasi 2>&1
wasm-6.1-latest: Pulling from saguaro1/spi-images
Digest: sha256:290f441d1f5b7bf0dbbe61e8b7514208804cdcb507d57b3c762463ad036298f7
Status: Image is up to date for registry.gitlab.com/saguaro1/spi-images:wasm-6.1-latest
warning: 'swift-android-native': 'swift-android-native' dependency on 'https://source.skip.tools/swift-jni.git' conflicts with dependency on 'https://github.com/skiptools/swift-jni.git' which has the same identity 'swift-jni'. this will be escalated to an error in future versions of SwiftPM.
[0/1] Planning build
[1/1] Compiling plugin Create SkipLink
[2/2] Compiling plugin skipstone
Building for debugging...
[2/22] Write swift-version-24593BA9C3E375BF.txt
[4/27] Compiling SkipUnit XCTest.swift
[5/27] Compiling SkipUnit resource_bundle_accessor.swift
[6/27] Emitting module SkipUnit
[7/28] Wrapping AST for SkipUnit for debugging
error: emit-module command failed with exit code 1 (use -v to see invocation)
[9/61] Emitting module SwiftJNI
/host/spi-builder-workspace/.build/checkouts/swift-jni/Sources/SwiftJNI/SwiftJNI.swift:1479:23: error: cannot find 'dlopen' in scope
1477 | for libname in [nil, "libnativehelper.so", "libart.so", "libdvm.so"] {
1478 | // Windows TODO: need to use LoadLibraryW (see https://github.com/swiftlang/sourcekit-lsp/blob/main/Sources/SourceKitD/dlopen.swift)
1479 | let lib = dlopen(libname, RTLD_NOW)
| `- error: cannot find 'dlopen' in scope
1480 | typealias JavaVMPtr = UnsafeMutablePointer<JavaVM?>
1481 | typealias GetCreatedJavaVMs = @convention(c) (_ pvm: UnsafeMutablePointer<JavaVMPtr?>, _ count: Int32, _ num: UnsafeMutablePointer<Int32>) -> jint
/host/spi-builder-workspace/.build/checkouts/swift-jni/Sources/SwiftJNI/SwiftJNI.swift:1479:39: error: cannot find 'RTLD_NOW' in scope
1477 | for libname in [nil, "libnativehelper.so", "libart.so", "libdvm.so"] {
1478 | // Windows TODO: need to use LoadLibraryW (see https://github.com/swiftlang/sourcekit-lsp/blob/main/Sources/SourceKitD/dlopen.swift)
1479 | let lib = dlopen(libname, RTLD_NOW)
| `- error: cannot find 'RTLD_NOW' in scope
1480 | typealias JavaVMPtr = UnsafeMutablePointer<JavaVM?>
1481 | typealias GetCreatedJavaVMs = @convention(c) (_ pvm: UnsafeMutablePointer<JavaVMPtr?>, _ count: Int32, _ num: UnsafeMutablePointer<Int32>) -> jint
/host/spi-builder-workspace/.build/checkouts/swift-jni/Sources/SwiftJNI/SwiftJNI.swift:1484:43: error: cannot find 'dlsym' in scope
1482 |
1483 | // Windows TODO: need to use GetProcAddress
1484 | guard let getCreatedJavaVMs = dlsym(lib, "JNI_GetCreatedJavaVMs").map({ unsafeBitCast($0, to: (GetCreatedJavaVMs).self) }) else {
| `- error: cannot find 'dlsym' in scope
1485 | continue
1486 | }
/host/spi-builder-workspace/.build/checkouts/swift-jni/Sources/SwiftJNI/SwiftJNI.swift:1519:44: error: cannot find 'dlsym' in scope
1517 | typealias CreateJavaVM = @convention(c) (_ pvm: UnsafeMutablePointer<UnsafeMutablePointer<JavaVM?>?>?, _ penv: UnsafeMutablePointer<UnsafeMutablePointer<JNIEnv?>?>?, _ args: UnsafeMutableRawPointer) -> jint
1518 |
1519 | guard let JNI_CreateJavaVM_dlsym = dlsym(library, "JNI_CreateJavaVM").map({ unsafeBitCast($0, to: (CreateJavaVM).self) }) else {
| `- error: cannot find 'dlsym' in scope
1520 | throw JVMError(description: "Unable to dlsym JNI_CreateJavaVM")
1521 | }
[10/61] Compiling SwiftJNI SwiftJNI.swift
/host/spi-builder-workspace/.build/checkouts/swift-jni/Sources/SwiftJNI/SwiftJNI.swift:1479:23: error: cannot find 'dlopen' in scope
1477 | for libname in [nil, "libnativehelper.so", "libart.so", "libdvm.so"] {
1478 | // Windows TODO: need to use LoadLibraryW (see https://github.com/swiftlang/sourcekit-lsp/blob/main/Sources/SourceKitD/dlopen.swift)
1479 | let lib = dlopen(libname, RTLD_NOW)
| `- error: cannot find 'dlopen' in scope
1480 | typealias JavaVMPtr = UnsafeMutablePointer<JavaVM?>
1481 | typealias GetCreatedJavaVMs = @convention(c) (_ pvm: UnsafeMutablePointer<JavaVMPtr?>, _ count: Int32, _ num: UnsafeMutablePointer<Int32>) -> jint
/host/spi-builder-workspace/.build/checkouts/swift-jni/Sources/SwiftJNI/SwiftJNI.swift:1479:39: error: cannot find 'RTLD_NOW' in scope
1477 | for libname in [nil, "libnativehelper.so", "libart.so", "libdvm.so"] {
1478 | // Windows TODO: need to use LoadLibraryW (see https://github.com/swiftlang/sourcekit-lsp/blob/main/Sources/SourceKitD/dlopen.swift)
1479 | let lib = dlopen(libname, RTLD_NOW)
| `- error: cannot find 'RTLD_NOW' in scope
1480 | typealias JavaVMPtr = UnsafeMutablePointer<JavaVM?>
1481 | typealias GetCreatedJavaVMs = @convention(c) (_ pvm: UnsafeMutablePointer<JavaVMPtr?>, _ count: Int32, _ num: UnsafeMutablePointer<Int32>) -> jint
/host/spi-builder-workspace/.build/checkouts/swift-jni/Sources/SwiftJNI/SwiftJNI.swift:1484:43: error: cannot find 'dlsym' in scope
1482 |
1483 | // Windows TODO: need to use GetProcAddress
1484 | guard let getCreatedJavaVMs = dlsym(lib, "JNI_GetCreatedJavaVMs").map({ unsafeBitCast($0, to: (GetCreatedJavaVMs).self) }) else {
| `- error: cannot find 'dlsym' in scope
1485 | continue
1486 | }
/host/spi-builder-workspace/.build/checkouts/swift-jni/Sources/SwiftJNI/SwiftJNI.swift:1519:44: error: cannot find 'dlsym' in scope
1517 | typealias CreateJavaVM = @convention(c) (_ pvm: UnsafeMutablePointer<UnsafeMutablePointer<JavaVM?>?>?, _ penv: UnsafeMutablePointer<UnsafeMutablePointer<JNIEnv?>?>?, _ args: UnsafeMutableRawPointer) -> jint
1518 |
1519 | guard let JNI_CreateJavaVM_dlsym = dlsym(library, "JNI_CreateJavaVM").map({ unsafeBitCast($0, to: (CreateJavaVM).self) }) else {
| `- error: cannot find 'dlsym' in scope
1520 | throw JVMError(description: "Unable to dlsym JNI_CreateJavaVM")
1521 | }
/host/spi-builder-workspace/.build/checkouts/swift-jni/Sources/SwiftJNI/SwiftJNI.swift:1568:12: error: cannot find 'getenv' in scope
1566 |
1567 | // if JAVA_HOME is unset, default to the Homebrew installation
1568 | if getenv("JAVA_HOME") == nil {
| `- error: cannot find 'getenv' in scope
1569 | if FileManager.default.fileExists(atPath: "/opt/homebrew/opt/java") {
1570 | setenv("JAVA_HOME", "/opt/homebrew/opt/java", 0) // Homebrew ARM location
/host/spi-builder-workspace/.build/checkouts/swift-jni/Sources/SwiftJNI/SwiftJNI.swift:1570:17: error: cannot find 'setenv' in scope
1568 | if getenv("JAVA_HOME") == nil {
1569 | if FileManager.default.fileExists(atPath: "/opt/homebrew/opt/java") {
1570 | setenv("JAVA_HOME", "/opt/homebrew/opt/java", 0) // Homebrew ARM location
| `- error: cannot find 'setenv' in scope
1571 | } else if FileManager.default.fileExists(atPath: "/usr/local/opt/java") {
1572 | setenv("JAVA_HOME", "/usr/local/opt/java", 0) // Homebrew Intel location
/host/spi-builder-workspace/.build/checkouts/swift-jni/Sources/SwiftJNI/SwiftJNI.swift:1572:17: error: cannot find 'setenv' in scope
1570 | setenv("JAVA_HOME", "/opt/homebrew/opt/java", 0) // Homebrew ARM location
1571 | } else if FileManager.default.fileExists(atPath: "/usr/local/opt/java") {
1572 | setenv("JAVA_HOME", "/usr/local/opt/java", 0) // Homebrew Intel location
| `- error: cannot find 'setenv' in scope
1573 | } else {
1574 | throw JVMError(description: "No JAVA_HOME set, and could not locate default Java installation")
/host/spi-builder-workspace/.build/checkouts/swift-jni/Sources/SwiftJNI/SwiftJNI.swift:1577:25: error: cannot find 'getenv' in scope
1575 | }
1576 | }
1577 | let JAVA_HOME = getenv("JAVA_HOME")!
| `- error: cannot find 'getenv' in scope
1578 | let javaHome = URL(fileURLWithPath: String(validatingUTF8: JAVA_HOME)!)
1579 |
/host/spi-builder-workspace/.build/checkouts/swift-jni/Sources/SwiftJNI/SwiftJNI.swift:1598:79: error: cannot infer key path type from context; consider explicitly specifying a root type
1596 |
1597 | guard let lib = libs.first(where: { FileManager.default.isReadableFile(atPath: $0.path) }) else {
1598 | throw JVMError(description: "Could not find libjvm in: \(libs.map(\.path))")
| `- error: cannot infer key path type from context; consider explicitly specifying a root type
1599 | }
1600 |
/host/spi-builder-workspace/.build/checkouts/swift-jni/Sources/SwiftJNI/SwiftJNI.swift:1602:27: error: cannot find 'dlopen' in scope
1600 |
1601 | // TODO: on macOS, reduce signal interception debugging issues by locating libjsig.dylib and adding it to DYLD_INSERT_LIBRARIES
1602 | guard let dylib = dlopen(lib.path, RTLD_NOW) else {
| `- error: cannot find 'dlopen' in scope
1603 | if let error = dlerror() {
1604 | throw JVMError(description: "dlopen error: \(String(cString: error))")
/host/spi-builder-workspace/.build/checkouts/swift-jni/Sources/SwiftJNI/SwiftJNI.swift:1602:44: error: cannot find 'RTLD_NOW' in scope
1600 |
1601 | // TODO: on macOS, reduce signal interception debugging issues by locating libjsig.dylib and adding it to DYLD_INSERT_LIBRARIES
1602 | guard let dylib = dlopen(lib.path, RTLD_NOW) else {
| `- error: cannot find 'RTLD_NOW' in scope
1603 | if let error = dlerror() {
1604 | throw JVMError(description: "dlopen error: \(String(cString: error))")
/host/spi-builder-workspace/.build/checkouts/swift-jni/Sources/SwiftJNI/SwiftJNI.swift:1603:28: error: cannot find 'dlerror' in scope
1601 | // TODO: on macOS, reduce signal interception debugging issues by locating libjsig.dylib and adding it to DYLD_INSERT_LIBRARIES
1602 | guard let dylib = dlopen(lib.path, RTLD_NOW) else {
1603 | if let error = dlerror() {
| `- error: cannot find 'dlerror' in scope
1604 | throw JVMError(description: "dlopen error: \(String(cString: error))")
1605 | } else {
/host/spi-builder-workspace/.build/checkouts/swift-jni/Sources/SwiftJNI/SwiftJNI.swift:1621:27: error: cannot find 'strlen' in scope
1619 | init(_ string: String) {
1620 | (length, buffer) = string.withCString {
1621 | let len = Int(strlen($0) + 1)
| `- error: cannot find 'strlen' in scope
1622 | let dst = UnsafePointer(strcpy(UnsafeMutablePointer<CChar>.allocate(capacity: len), $0))
1623 | return (len, dst!)
/host/spi-builder-workspace/.build/checkouts/swift-jni/Sources/SwiftJNI/SwiftJNI.swift:1622:37: error: cannot find 'strcpy' in scope
1620 | (length, buffer) = string.withCString {
1621 | let len = Int(strlen($0) + 1)
1622 | let dst = UnsafePointer(strcpy(UnsafeMutablePointer<CChar>.allocate(capacity: len), $0))
| `- error: cannot find 'strcpy' in scope
1623 | return (len, dst!)
1624 | }
note: Skip 1.9.6: skipstone plugin to: /host/spi-builder-workspace/.build/plugins/outputs/skip-foundation/SkipFoundation/destination/skipstone/SkipFoundation/src/main at 01:51:16
/host/spi-builder-workspace/.build/checkouts/skip-foundation/Sources/SkipFoundation/Skip/skip.yml: note: loading skip.yml from /host/spi-builder-workspace/.build/checkouts/skip-foundation/Sources/SkipFoundation/Skip/skip.yml
/host/spi-builder-workspace/.build/checkouts/skip-lib/Sources/SkipLib/Skip/skip.yml: note: SkipLib skip.yml config loaded (9 ms)
[10/61] Skip SkipFoundation
BUILD FAILURE 6.1 wasm